01-03 09:33:51.793 13829 13829 E CameraHal: camera_get_number_of_cameras(854): Open /dev/video5 failed! strr: No such file or directory
01-03 09:33:51.793 13829 13829 E CameraHal: camera_get_number_of_cameras(854): Open /dev/video6 failed! strr: No such file or directory
01-03 09:33:51.793 13829 13829 E CameraHal: camera_get_number_of_cameras(854): Open /dev/video7 failed! strr: No such file or directory
01-03 09:33:51.793 13829 13829 E CameraHal: camera_get_number_of_cameras(854): Open /dev/video8 failed! strr: No such file or directory
01-03 09:33:51.793 13829 13829 E CameraHal: camera_get_number_of_cameras(854): Open /dev/video9 failed! strr: No such file or directory
01-03 09:33:51.794 13829 13829 D CameraHal: camera_get_number_of_cameras(1246): camera_get_number_of_cameras(1246): Current board have 0 cameras attached.
01-03 09:33:51.794 13829 13829 D CameraHal: camera_get_number_of_cameras(1249): meida_profiles_xml_control time (7529)us01-03 09:33:51.795 13829 13829 D CameraHal: createInstance(1035): open xml file(/etc/cam_board.xml) success
01-03 09:33:51.795 13829 13829 E CameraHal: cam_board.xml version(v0x0.0x0.0x0) != xml parser version(v0x0.0xf.0x0)
01-03 09:33:51.795 13829 13829 D CameraHal:
01-03 09:33:51.795 13829 13829 D CameraHal:
01-03 09:33:51.795 13829 13829 D CameraHal:
01-03 09:33:51.795 13829 13829 D CameraHal: Cam_board.xml Version Check:
01-03 09:33:51.795 13829 13829 D CameraHal: /etc/cam_board.xml : v0.0xf.0
01-03 09:33:51.795 13829 13829 D CameraHal: CameraHal_board_xml_parser: v0x0.0xf.0x0
01-03 09:33:51.796 13829 13829 D CameraHal: ParserSensorInfo(190): SensorName(OV8858)
01-03 09:33:51.796 13829 13829 D CameraHal: ParserSensorInfo(196): lensName(LG-9569A2)
01-03 09:33:51.796 13829 13829 D CameraHal: ParserSensorInfo(198): SensorDevID(CAMSYS_DEVID_SENSOR_1B)
01-03 09:33:51.796 13829 13829 D CameraHal: ParserSensorInfo(209): SensorDevID(33554432)
01-03 09:33:51.796 13829 13829 D CameraHal: ParserSensorInfo(211): SensorHostDevID(CAMSYS_DEVID_MARVIN)
01-03 09:33:51.796 13829 13829 D CameraHal: ParserSensorInfo(226): Sensori2cBusNum(3)
01-03 09:33:51.796 13829 13829 D CameraHal: ParserSensorInfo(229): SensorI2cAddrByte(2)
01-03 09:33:51.796 13829 13829 D CameraHal: ParserSensorInfo(232): SensorI2cRate(100000)
01-03 09:33:51.796 13829 13829 D CameraHal: ParserSensorInfo(240): SensorAvdd(NC) min(0) max(0)
01-03 09:33:51.796 13829 13829 D CameraHal: ParserSensorInfo(254): SensorDvdd(NC) min(0) max(0)
01-03 09:33:51.796 13829 13829 D CameraHal: ParserSensorInfo(247): SensorDovdd(NC) min(18000000) max(18000000)
01-03 09:33:51.796 13829 13829 D CameraHal: ParserSensorInfo(235): SensorMclk(24000000)
01-03 09:33:51.796 13829 13829 D CameraHal: ParserSensorInfo(285): SensorGpioPwen(RK30_PIN0_PC1) active(1)
01-03 09:33:51.796 13829 13829 D CameraHal: ParserSensorInfo(279): SensorGpioRst(RK30_PIN2_PB5) active(0)
01-03 09:33:51.796 13829 13829 D CameraHal: ParserSensorInfo(261): SensorGpioPwdn(RK30_PIN2_PB7) active(0)
01-03 09:33:51.796 13829 13829 D CameraHal: ParserSensorInfo(291): SensorFacing(front)
01-03 09:33:51.796 13829 13829 D CameraHal: ParserSensorInfo(300): SensorInterface(MIPI)
01-03 09:33:51.796 13829 13829 D CameraHal: ParserSensorInfo(313): SensorMirrorFlip(0)
01-03 09:33:51.796 13829 13829 D CameraHal: ParserSensorInfo(316): SensorOrientation(0)
01-03 09:33:51.796 13829 13829 D CameraHal: ParserSensorInfo(435): SensorFovParemeter fov_h(60.0)(60.000000) fov_v(60.0)(60.000000)
01-03 09:33:51.796 13829 13829 D CameraHal: ParserSensorInfo(438): SensorAWB_Frame_Skip fps(15)
01-03 09:33:51.796 13829 13829 D CameraHal: ParserSensorInfo(397): SensorGpioPwdn(RK30_PIN2_PB7) active(0)
01-03 09:33:51.796 13829 13829 D CameraHal: ParserSensorInfo(405): SensorPhy: MIPI lane: 4 phyindex: 0 fmt: 0x2b
01-03 09:33:51.796 13829 13829 D CameraHal: ParserVCMInfo(450): VCMDrvName(BuiltInSensor)
01-03 09:33:51.796 13829 13829 D CameraHal: ParserVCMInfo(453): VCMName(NC)
01-03 09:33:51.796 13829 13829 D CameraHal: ParserVCMInfo(456): VCMI2cBusNum(3)
01-03 09:33:51.796 13829 13829 D CameraHal: ParserVCMInfo(459): VCMI2cAddrByte(2)
01-03 09:33:51.796 13829 13829 D CameraHal: ParserVCMInfo(462): VCMI2cRate(0)
01-03 09:33:51.796 13829 13829 D CameraHal: ParserVCMInfo(477): VCMVdd(NC) min(0) max(0)
01-03 09:33:51.796 13829 13829 D CameraHal: ParserVCMInfo(471): VCMGpioPower(RK30_PIN7_PA5) active(1)
01-03 09:33:51.796 13829 13829 D CameraHal: ParserVCMInfo(465): VCMGpioPwdn(NC) active(0)
01-03 09:33:51.796 13829 13829 D CameraHal: ParserVCMInfo(490): start current(0) rated current(100) vcm max(100) step mode(4) drv max(100)
01-03 09:33:51.796 13829 13829 D CameraHal: ParserFlashInfo(509): FlashName(Internal)
01-03 09:33:51.796 13829 13829 D CameraHal: ParserFlashInfo(512): FlashI2cBusNum(0)
01-03 09:33:51.796 13829 13829 D CameraHal: ParserFlashInfo(515): FlashI2cAddrByte(0)
01-03 09:33:51.796 13829 13829 D CameraHal: ParserFlashInfo(518): FlashI2cRate(0)
01-03 09:33:51.796 13829 13829 D CameraHal: ParserFlashInfo(521): FlashTrigger(NC) active(0)
01-03 09:33:51.796 13829 13829 D CameraHal: ParserFlashInfo(525): FlashEn(NC) active(0)
01-03 09:33:51.796 13829 13829 D CameraHal: ParserFlashInfo(532): FlashLuminance(0)
01-03 09:33:51.796 13829 13829 D CameraHal: ParserFlashInfo(535): FlashColorTemp(0)
01-03 09:33:51.797 13829 13829 D CameraHal: StartElementHandler(964): HDR(1)!
01-03 09:33:51.797 13829 13829 D CameraHal: StartElementHandler(968): ZSL(1)!
01-03 09:33:51.797 13829 13829 D CameraHal: StartElementHandler(972): zoom(1)!
01-03 09:33:51.797 13829 13829 D CameraHal: StartElementHandler(1014): Continue_SnapShot(1)!
01-03 09:33:51.797 13829 13829 D CameraHal: StartElementHandler(1017): InterpolationRes(0)!
01-03 09:33:51.797 13829 13829 D CameraHal: StartElementHandler(1002): PreviewSize(0x0)!
01-03 09:33:51.797 13829 13829 D CameraHal: StartElementHandler(1005): Preview_Minimum_FrameRate(0)!
01-03 09:33:51.797 13829 13829 D CameraHal: StartElementHandler(998): face detect config(0),max face num is (1)!
01-03 09:33:51.797 13829 13829 D CameraHal: StartElementHandler(993): Gammaout support 0(mGamma:1.000000,mOffSet:0)!
01-03 09:33:51.797 13829 13829 D CameraHal: ParserDVConfig(802): DV_QCIF(qcif) resolution(176x144) fps(10) support(1)
01-03 09:33:51.797 13829 13829 D CameraHal: ParserDVConfig(814): DV_QVGA(qvga) resolution(320x240) fps(10) support(1)
01-03 09:33:51.797 13829 13829 D CameraHal: ParserDVConfig(826): DV_CIF(cif) resolution(352x288) fps(10) support(1)
01-03 09:33:51.797 13829 13829 D CameraHal: ParserDVConfig(838): DV_VGA(480p) resolution(640x480) fps(10) support(0)
01-03 09:33:51.797 13829 13829 D CameraHal: ParserDVConfig(850): DV_480P(480p) resolution(720x480) fps(10) support(0)
01-03 09:33:51.797 13829 13829 D CameraHal: ParserDVConfig(874): DV_720P(720p) resolution(1280x720) fps(10) support(1)
01-03 09:33:51.797 13829 13829 D CameraHal: ParserDVConfig(886): DV_1080P(1080p) resolution(1920x1080) fps(10) support(1)
01-03 09:33:51.797 13829 13829 D CameraHal: ParserSensorInfo(190): SensorName(GC2145)
01-03 09:33:51.797 13829 13829 D CameraHal: ParserSensorInfo(198): SensorDevID(CAMSYS_DEVID_SENSOR_1A)
01-03 09:33:51.797 13829 13829 D CameraHal: ParserSensorInfo(209): SensorDevID(16777216)
01-03 09:33:51.798 13829 13829 D CameraHal: ParserVCMInfo(462): VCMI2cRate(0)
01-03 09:33:51.798 13829 13829 D CameraHal: ParserVCMInfo(477): VCMVdd(NC) min(0) max(0)
01-03 09:33:51.798 13829 13829 D CameraHal: ParserVCMInfo(471): VCMGpioPower(NC) active(0)
01-03 09:33:51.798 13829 13829 D CameraHal: ParserVCMInfo(465): VCMGpioPwdn(NC) active(0)
01-03 09:33:51.798 13829 13829 D CameraHal: ParserVCMInfo(490): start current(20) rated current(80) vcm max(100) step mode(13) drv max(100)
01-03 09:33:51.798 13829 13829 D CameraHal: ParserFlashInfo(509): FlashName(NC)
01-03 09:33:51.798 13829 13829 D CameraHal: ParserFlashInfo(512): FlashI2cBusNum(0)
01-03 09:33:51.798 13829 13829 D CameraHal: ParserFlashInfo(515): FlashI2cAddrByte(0)
01-03 09:33:51.798 13829 13829 D CameraHal: ParserFlashInfo(518): FlashI2cRate(0)
01-03 09:33:51.798 13829 13829 D CameraHal: ParserFlashInfo(521): FlashTrigger(NC) active(1)
01-03 09:33:51.798 13829 13829 D CameraHal: ParserFlashInfo(525): FlashEn(NC) active(1)
01-03 09:33:51.798 13829 13829 D CameraHal: ParserFlashInfo(532): FlashLuminance(0)
01-03 09:33:51.798 13829 13829 D CameraHal: ParserFlashInfo(535): FlashColorTemp(0)
01-03 09:33:51.798 13829 13829 D CameraHal: StartElementHandler(964): HDR(1)!
01-03 09:33:51.798 13829 13829 D CameraHal: StartElementHandler(968): ZSL(1)!
01-03 09:33:51.798 13829 13829 D CameraHal: StartElementHandler(972): zoom(1)!
01-03 09:33:51.798 13829 13829 D CameraHal: StartElementHandler(1014): Continue_SnapShot(1)!
01-03 09:33:51.798 13829 13829 D CameraHal: StartElementHandler(1017): InterpolationRes(0)!
01-03 09:33:51.798 13829 13829 D CameraHal: StartElementHandler(1002): PreviewSize(800x600)!
01-03 09:33:51.798 13829 13829 D CameraHal: StartElementHandler(998): face detect config(0),max face num is (0)!
01-03 09:33:51.798 13829 13829 D CameraHal: ParserDVConfig(826): DV_CIF(cif) resolution(352x288) fps(10) support(1)
01-03 09:33:51.798 13829 13829 D CameraHal: ParserDVConfig(838): DV_VGA(480p) resolution(640x480) fps(10) support(1)
01-03 09:33:51.798 13829 13829 D CameraHal: ParserDVConfig(850): DV_480P(480p) resolution(720x480) fps(10) support(0)
01-03 09:33:51.798 13829 13829 D CameraHal: ParserDVConfig(874): DV_720P(720p) resolution(1280x720) fps(10) support(0)
01-03 09:33:51.798 13829 13829 D CameraHal: ParserDVConfig(886): DV_1080P(1080p) resolution(1920x1080) fps(10) support(0)
01-03 09:33:51.799 13829 13829 D CameraHal: number of camdevice (2)
01-03 09:33:51.799 13829 13829 D CameraHal: now DV size(7)
01-03 09:33:51.799 13829 13829 E CameraHal: camera_get_number_of_cameras(789): board profiles cam num 2
01-03 09:33:51.850 13828 13828 D ICU : No timezone override file found: /data/misc/zoneinfo/current/icu/icu_tzdata.dat
01-03 09:33:51.851 13829 13829 I ServiceManager: Waiting for service media.camera.proxy...
01-03 09:33:51.878 13828 13828 E memtrack: Couldn't load memtrack module (No such file or directory)
01-03 09:33:51.878 13828 13828 E android.os.Debug: failed to load memtrack module: -2
01-03 09:33:51.879 13828 13828 I Radio-JNI: register_android_hardware_Radio DONE
01-03 09:33:51.882 13828 13828 I SamplingProfilerIntegration: Profiling disabled.
01-03 09:33:51.882 13828 13828 D Zygote : begin preload
01-03 09:33:51.883 13828 13828 I Zygote : Installing ICU cache reference pinning...
01-03 09:33:51.883 13828 13828 I Zygote : Preloading ICU data...
01-03 09:33:51.898 13828 13828 I Zygote : Preloading classes...
01-03 09:33:51.901 13828 13828 W Zygote : Class not found for preloading: [Landroid.view.Display$ColorTransform;
01-03 09:33:51.901 13829 13829 I ServiceManager: Waiting for service media.camera.proxy...
01-03 09:33:51.952 13829 13829 I ServiceManager: Waiting for service media.camera.proxy...
01-03 09:33:51.990 13828 13828 E Typeface: Error mapping font file /system/fonts/DroidSansFallback.ttf
01-03 09:33:52.002 13829 13829 I ServiceManager: Waiting for service media.camera.proxy...
01-03 09:33:52.052 13829 13829 I ServiceManager: Waiting for service media.camera.proxy...
01-03 09:33:52.102 13829 13829 I ServiceManager: Waiting for service media.camera.proxy...
01-03 09:33:52.108 13828 13828 I art : Thread[1,tid=13828,Native,Thread*=0xa6e85400,peer=0x12c060d0,"main"] recursive attempt to load library "/system/lib/libmedia_jni.so"
01-03 09:33:52.108 13828 13828 D MtpDeviceJNI: register_android_mtp_MtpDevice
01-03 09:33:52.108 13828 13828 I art : Thread[1,tid=13828,Native,Thread*=0xa6e85400,peer=0x12c060d0,"main"] recursive attempt to load library "/system/lib/libmedia_jni.so"
01-03 09:33:52.108 13828 13828 I art : Thread[1,tid=13828,Native,Thread*=0xa6e85400,peer=0x12c060d0,"main"] recursive attempt to load library "/system/lib/libmedia_jni.so"
01-03 09:33:52.110 13828 13828 D MediaProfiles: CameraGroupFound(622): media_profiles_id: 0x0
01-03 09:33:52.110 13828 13828 D MediaProfiles: THIS IS RIGHT: getInstance(697): cameraHal version(0x1.0x51.0x1) before(0.3.33),so don't have file(/data/camera/media_profiles.xml)
01-03 09:33:52.110 13828 13828 W MediaProfiles: could not find media config xml file
01-03 09:33:52.135 13930 13930 I vpu_api : dlclose vpu lib
01-03 09:33:52.151 13828 13828 W Zygote : Class not found for preloading: android.view.Display$ColorTransform
01-03 09:33:52.151 13828 13828 W Zygote : Class not found for preloading: android.view.Display$ColorTransform$1
01-03 09:33:52.153 13829 13829 I ServiceManager: Waiting for service media.camera.proxy...
01-03 09:33:52.203 13829 13829 I ServiceManager: Waiting for service media.camera.proxy...
01-03 09:33:52.247 13828 13828 I System : Loaded time zone names for "" in 36ms (34ms in ICU)
01-03 09:33:52.253 13829 13829 I ServiceManager: Waiting for service media.camera.proxy...
01-03 09:33:52.268 13828 13828 I System : Loaded time zone names for "en_US" in 20ms (19ms in ICU)
01-03 09:33:52.293 13828 13828 I Zygote : ...preloaded 4158 classes in 395ms.
01-03 09:33:52.293 13828 13828 I art : VMRuntime.preloadDexCaches starting
01-03 09:33:52.303 13829 13829 I ServiceManager: Waiting for service media.camera.proxy...
01-03 09:33:52.354 13829 13829 I ServiceManager: Waiting for service media.camera.proxy...
01-03 09:33:52.404 13829 13829 I ServiceManager: Waiting for service media.camera.proxy...
01-03 09:33:52.424 13828 13828 I art : VMRuntime.preloadDexCaches strings total=286204 before=39874 after=39874
01-03 09:33:52.424 13828 13828 I art : VMRuntime.preloadDexCaches types total=23761 before=7889 after=7917
01-03 09:33:52.424 13828 13828 I art : VMRuntime.preloadDexCaches fields total=113006 before=41100 after=41317
01-03 09:33:52.424 13828 13828 I art : VMRuntime.preloadDexCaches methods total=199176 before=82707 after=83273
01-03 09:33:52.424 13828 13828 I art : VMRuntime.preloadDexCaches finished
01-03 09:33:52.425 13828 13828 I Zygote : Preloading resources...
01-03 09:33:52.442 13828 13828 W Resources: Preloaded drawable resource #0x108025c (android:drawable/dialog_background_material) that varies with configuration!!
01-03 09:33:52.442 13828 13828 W Resources: Preloaded drawable resource #0x1080298 (android:drawable/editbox_dropdown_background_dark) that varies with configuration!!
01-03 09:33:52.445 13828 13828 W Resources: Preloaded color resource #0x10600ea (android:color/material_grey_800) that varies with configuration!!
01-03 09:33:52.445 13828 13828 W Resources: Preloaded drawable resource #0x10802c9 (android:drawable/floating_popup_background_dark) that varies with configuration!!
01-03 09:33:52.451 13828 13828 W Resources: Preloaded drawable resource #0x108030b (android:drawable/ic_clear_disabled) that varies with configuration!!
01-03 09:33:52.452 13828 13828 W Resources: Preloaded drawable resource #0x1080310 (android:drawable/ic_clear_normal) that varies with configuration!!
01-03 09:33:52.453 13828 13828 W Resources: Preloaded drawable resource #0x1080359 (android:drawable/ic_go) that varies with configuration!!
01-03 09:33:52.454 13829 13829 I ServiceManager: Waiting for service media.camera.proxy...
01-03 09:33:52.456 13828 13828 W Resources: Preloaded drawable resource #0x1080038 (android:drawable/ic_menu_close_clear_cancel) that varies with configuration!!
01-03 09:33:52.458 13828 13828 W Resources: Preloaded drawable resource #0x1080045 (android:drawable/ic_menu_more) that varies with configuration!!
01-03 09:33:52.465 13828 13828 W Resources: Preloaded drawable resource #0x10804eb (android:drawable/menu_background_fill_parent_width) that varies with configuration!!
01-03 09:33:52.494 13828 13828 W Resources: Preloaded drawable resource #0x1080783 (android:drawable/text_edit_paste_window) that varies with configuration!!
01-03 09:33:52.496 13828 13828 W Resources: Preloaded drawable resource #0x1080096 (android:drawable/toast_frame) that varies with configuration!!
01-03 09:33:52.496 13828 13828 I Zygote : ...preloaded 114 resources in 70ms.
01-03 09:33:52.500 13828 13828 W Resources: Preloaded color resource #0x1060114 (android:color/background_cache_hint_selector_material_dark) that varies with configuration!!
01-03 09:33:52.500 13828 13828 W Resources: Preloaded color resource #0x1060119 (android:color/btn_default_material_dark) that varies with configuration!!
01-03 09:33:52.501 13828 13828 I Zygote : ...preloaded 41 resources in 5ms.
01-03 09:33:52.504 13829 13829 I ServiceManager: Waiting for service media.camera.proxy...
01-03 09:33:52.511 13828 13828 D libEGL : loaded /vendor/lib/egl/libGLES_mali.so
01-03 09:33:52.534 13828 13828 I Zygote : Preloading shared libraries...
01-03 09:33:52.544 13828 13828 I Zygote : Uninstalled ICU cache reference pinning...
01-03 09:33:52.545 13828 13828 I Zygote : Installed AndroidKeyStoreProvider in 2ms.
01-03 09:33:52.555 13829 13829 I ServiceManager: Waiting for service media.camera.proxy...
01-03 09:33:52.559 13828 13828 I Zygote : Warmed up JCA providers in 14ms.
01-03 09:33:52.559 13828 13828 D Zygote : end preload
01-03 09:33:52.559 13828 13828 I art : Starting a blocking GC Explicit
01-03 09:33:52.582 13828 13828 I art : Explicit concurrent mark sweep GC freed 38990(5MB) AllocSpace objects, 133(2MB) LOS objects, 40% free, 2MB/4MB, paused 167us total 21.946ms
01-03 09:33:52.584 13828 13828 I art : Starting a blocking GC Explicit
01-03 09:33:52.594 13828 13828 I art : Explicit concurrent mark sweep GC freed 4869(197KB) AllocSpace objects, 0(0B) LOS objects, 39% free, 2MB/3MB, paused 158us total 9.672ms
01-03 09:33:52.605 13829 13829 I ServiceManager: Waiting for service media.camera.proxy...
01-03 09:33:52.629 13828 13901 I art : Starting a blocking GC HeapTrim
01-03 09:33:52.631 13828 13828 I art : Starting a blocking GC Background
01-03 09:33:52.655 13829 13829 I ServiceManager: Waiting for service media.camera.proxy...
01-03 09:33:52.666 13828 13828 I Zygote : System server process 13987 has been created
01-03 09:33:52.667 13828 13828 I Zygote : Accepting command socket connections
01-03 09:33:52.672 13987 13987 I InstallerConnection: connecting...
01-03 09:33:52.673 29763 29763 I : new connection
01-03 09:33:52.676 13987 13987 I InstallerConnection: disconnecting...
01-03 09:33:52.676 29763 29763 E : eof
01-03 09:33:52.676 29763 29763 E : failed to read size
01-03 09:33:52.677 29763 29763 I : closing connection
01-03 09:33:52.688 13987 13987 I SystemServer: Entered the Android system server!
01-03 09:33:52.705 13829 13829 I ServiceManager: Waiting for service media.camera.proxy...
01-03 09:33:52.726 13987 13987 I GpioService-JNI: register_android_server_GpioService...DONE
01-03 09:33:52.727 13987 13987 I BarcodeService-JNI: register_android_server_BarcodeService...DONE
01-03 09:33:52.731 13987 13987 I SystemServiceManager: Starting com.android.server.pm.Installer
01-03 09:33:52.732 13987 13987 I Installer: Waiting for installd to be ready.
01-03 09:33:52.732 13987 13987 I InstallerConnection: connecting...
01-03 09:33:52.732 29763 29763 I : new connection
01-03 09:33:52.733 13987 13987 I SystemServiceManager: Starting com.android.server.am.ActivityManagerService$Lifecycle
01-03 09:33:52.742 13987 13987 I ActivityManager: Memory class: 192
01-03 09:33:52.752 13987 13987 D BatteryStatsImpl: Reading daily items from /data/system/batterystats-daily.xml
01-03 09:33:52.756 13829 13829 I ServiceManager: Waiting for service media.camera.proxy...
01-03 09:33:52.806 13829 13829 I ServiceManager: Waiting for service media.camera.proxy...
01-03 09:33:52.856 13829 13829 I ServiceManager: Waiting for service media.camera.proxy...
01-03 09:33:52.870 13987 13987 W ProcessCpuTracker: Skipping unknown process pid 14017
01-03 09:33:52.876 13987 13987 I IntentFirewall: Read new rules (A:0 B:0 S:0)
01-03 09:33:52.886 13987 13987 D AppOps : AppOpsService published
01-03 09:33:52.887 13987 13987 I SystemServiceManager: Starting com.android.server.power.PowerManagerService
01-03 09:33:52.892 13987 14025 W ProcessCpuTracker: Skipping unknown process pid 14020
01-03 09:33:52.892 13987 13987 D RKPowerHAL: rk3288: power hal version 4.0
01-03 09:33:52.892 13987 13987 I RKPowerHAL: cpu_clus0_freqs:126000 216000 408000 600000 696000 816000 1008000 1200000 1416000 1512000 1608000
01-03 09:33:52.892 13987 13987 I RKPowerHAL:
01-03 09:33:52.892 13987 13987 I RKPowerHAL: cpu_clust0 available freq[0]:126000
01-03 09:33:52.893 13987 13987 I RKPowerHAL: cpu_clust0 available freq[1]:216000
01-03 09:33:52.893 13987 13987 I RKPowerHAL: cpu_clust0 available freq[2]:408000
01-03 09:33:52.893 13987 13987 I RKPowerHAL: cpu_clust0 available freq[3]:600000
01-03 09:33:52.893 13987 13987 I RKPowerHAL: cpu_clust0 available freq[4]:696000
01-03 09:33:52.893 13987 13987 I RKPowerHAL: cpu_clust0 available freq[5]:816000
01-03 09:33:52.893 13987 13987 I RKPowerHAL: cpu_clust0 available freq[6]:1008000
01-03 09:33:52.893 13987 13987 I RKPowerHAL: cpu_clust0 available freq[7]:1200000
01-03 09:33:52.893 13987 13987 I RKPowerHAL: cpu_clust0 available freq[8]:1416000
01-03 09:33:52.893 13987 13987 I RKPowerHAL: cpu_clust0 available freq[9]:1512000
01-03 09:33:52.893 13987 13987 I RKPowerHAL: cpu_clust0 available freq[10]:1608000
01-03 09:33:52.893 13987 13987 I RKPowerHAL: cpu_clust0 available freq[11]:
01-03 09:33:52.893 13987 13987 I RKPowerHAL:
01-03 09:33:52.893 13987 13987 I RKPowerHAL: cpu_clust0_max_index:10
01-03 09:33:52.893 13987 13987 I RKPowerHAL: gpu_freqs:100000000 200000000 300000000 420000000 500000000
01-03 09:33:52.893 13987 13987 I RKPowerHAL:
01-03 09:33:52.893 13987 13987 I RKPowerHAL: gpu available freq[0]:100000000
01-03 09:33:52.893 13987 13987 I RKPowerHAL: gpu available freq[1]:200000000
01-03 09:33:52.893 13987 13987 I RKPowerHAL: gpu available freq[2]:300000000
01-03 09:33:52.893 13987 13987 I RKPowerHAL: gpu available freq[3]:420000000
01-03 09:33:52.893 13987 13987 I RKPowerHAL: gpu available freq[4]:500000000
01-03 09:33:52.893 13987 13987 I RKPowerHAL:
01-03 09:33:52.893 13987 13987 I RKPowerHAL: gpu_max_index:4
01-03 09:33:52.893 13987 13987 W libsuspend: Error writing 'on' to /sys/power/state: Invalid argument
01-03 09:33:52.893 13987 13987 I libsuspend: Selected wakeup count
01-03 09:33:52.893 13987 13987 D RKPowerHAL: power_set_interactive: 1
01-03 09:33:52.893 13987 13987 D RKPowerHAL: power_set_interactive: 1 done
01-03 09:33:52.894 13987 14010 E BluetoothAdapter: Bluetooth binder is null
01-03 09:33:52.897 13987 14010 E BatteryStatsService: no controller energy info supplied
01-03 09:33:52.899 13987 13987 I SystemServiceManager: Starting com.android.server.lights.LightsService
01-03 09:33:52.900 13987 13987 I Lights Hal: >>> Enter light_device_open:backlight
01-03 09:33:52.900 13987 13987 I Lights Hal: >>> Enter light_device_open:keyboard
01-03 09:33:52.900 13987 13987 I Lights Hal: >>> Enter light_device_open:buttons
01-03 09:33:52.900 13987 13987 I Lights Hal: >>> Enter light_device_open:battery
01-03 09:33:52.900 13987 13987 I Lights Hal: >>> Enter light_device_open:notifications
01-03 09:33:52.900 13987 13987 I Lights Hal: >>> Enter light_device_open:attention
01-03 09:33:52.900 13987 13987 I Lights Hal: >>> Enter light_device_open:bluetooth
01-03 09:33:52.900 13987 13987 I Lights Hal: >>> undefine light id
01-03 09:33:52.900 13987 13987 I Lights Hal: >>> Enter light_device_open:wifi
01-03 09:33:52.900 13987 13987 I Lights Hal: >>> undefine light id
01-03 09:33:52.900 13987 13987 I SystemServiceManager: Starting com.android.server.display.DisplayManagerService
01-03 09:33:52.905 13987 13987 I SystemServiceManager: Starting phase 100
01-03 09:33:52.906 13829 13829 I ServiceManager: Waiting for service media.camera.proxy...
01-03 09:33:52.907 13987 14024 I DisplayManagerService: Display device added: DisplayDeviceInfo{"Built-in Screen": uniqueId="local:0", 1366 x 768, modeId 1, defaultModeId 1, supportedModes [{id=1, width=1366, height=768, fps=59.0}], colorMode 0, supportedColorModes [0], HdrCapabilities android.view.Display$HdrCapabilities@a69d6308, density 160, 213.0 x 213.0 dpi, appVsyncOff 1000000, presDeadline 16949152, touch INTERNAL, rotation 0, type BUILT_IN, state UNKNOWN, FLAG_DEFAULT_DISPLAY, FLAG_ROTATES_WITH_CONTENT, FLAG_SECURE, FLAG_SUPPORTS_PROTECTED_BUFFERS}
01-03 09:33:52.908 203 203 D SurfaceFlinger: Set power mode=2, type=0 flinger=0xac1b2000
01-03 09:33:52.908 203 203 D SurfaceFlinger: Screen type=0 is already mode=2
01-03 09:33:52.909 13987 13987 I SystemServer: StartPackageManagerService
01-03 09:33:52.909 13987 14024 I DisplayManagerService: Display device added: DisplayDeviceInfo{"HDMI Screen": uniqueId="local:1", 1024 x 768, modeId 2, defaultModeId 2, supportedModes [{id=2, width=1024, height=768, fps=60.000004}], colorMode 0, supportedColorModes [0], HdrCapabilities android.view.Display$HdrCapabilities@a69d6308, density 227, 227.0 x 227.0 dpi, appVsyncOff 1000000, presDeadline 16666666, touch EXTERNAL, rotation 0, type HDMI, state UNKNOWN, FLAG_SECURE, FLAG_SUPPORTS_PROTECTED_BUFFERS, FLAG_PRESENTATION}
01-03 09:33:52.909 203 203 D SurfaceFlinger: Set power mode=2, type=1 flinger=0xac1b2000
01-03 09:33:52.909 203 203 D SurfaceFlinger: Screen type=1 is already mode=2
01-03 09:33:52.910 13987 14024 I DisplayManagerService: Display device changed state: "Built-in Screen", ON
01-03 09:33:52.910 13987 14024 I DisplayManagerService: Display device changed state: "HDMI Screen", ON
01-03 09:33:52.944 13987 13987 D SELinuxMMAC: Using policy file /system/etc/security/mac_permissions.xml
01-03 09:33:52.956 13829 13829 I ServiceManager: Waiting for service media.camera.proxy...
01-03 09:33:52.960 13987 13987 D PackageSettings: Read domain verification for package: com.google.android.youtube
01-03 09:33:52.963 13987 13987 D PackageSettings: Read domain verification for package: com.google.android.googlequicksearchbox
01-03 09:33:52.969 13987 13987 D PackageSettings: Read domain verification for package: com.android.vending
01-03 09:33:52.979 13987 13987 D PackageSettings: Read domain verification for package: com.google.android.apps.docs
01-03 09:33:52.990 13987 13987 D PackageSettings: Read domain verification for package: com.google.android.gms
01-03 09:33:53.002 13987 13987 D PackageSettings: Read domain verification for package: com.teamviewer.quicksupport.market
01-03 09:33:53.007 13829 13829 I ServiceManager: Waiting for service media.camera.proxy...
01-03 09:33:53.057 13829 13829 I ServiceManager: Waiting for service media.camera.proxy...
01-03 09:33:53.107 13829 13829 I ServiceManager: Waiting for service media.camera.proxy...
01-03 09:33:53.127 13987 13987 E art : DexFile_getDexOptNeeded file '/system/framework/org.apache.http.legacy.jar' does not exist
01-03 09:33:53.128 13987 13987 W PackageManager: Library not found: /system/framework/org.apache.http.legacy.jar
01-03 09:33:53.129 13987 13987 D PackageManager: No files in app dir /vendor/overlay
01-03 09:33:53.132 13987 13987 W PackageManager: Failed to parse /system/framework/arm: Missing base APK in /system/framework/arm
01-03 09:33:53.137 13830 13830 V NatController: runCmd(/system/bin/iptables -w -F natctrl_FORWARD) res=0
01-03 09:33:53.147 13830 13830 V NatController: runCmd(/system/bin/ip6tables -w -F natctrl_FORWARD) res=0
01-03 09:33:53.156 13830 13830 V NatController: runCmd(/system/bin/iptables -w -A natctrl_FORWARD -j DROP) res=0
01-03 09:33:53.157 13829 13829 I ServiceManager: Waiting for service media.camera.proxy...
01-03 09:33:53.165 13830 13830 V NatController: runCmd(/system/bin/iptables -w -t nat -F natctrl_nat_POSTROUTING) res=0
01-03 09:33:53.167 13987 13987 W PackageManager: Failed to parse /system/framework/oat: Missing base APK in /system/framework/oat
01-03 09:33:53.174 13830 13830 V NatController: runCmd(/system/bin/ip6tables -w -t raw -F natctrl_raw_PREROUTING) res=0
01-03 09:33:53.183 13830 13830 V NatController: runCmd(/system/bin/iptables -w -F natctrl_tether_counters) res=0
01-03 09:33:53.193 13830 13830 V NatController: runCmd(/system/bin/ip6tables -w -F natctrl_tether_counters) res=0
01-03 09:33:53.196 13987 13987 W PackageParser: No actions in intent filter at /system/priv-app/Contacts/Contacts.apk Binary XML file line #409
01-03 09:33:53.202 13830 13830 V NatController: runCmd(/system/bin/iptables -w -X natctrl_tether_counters) res=0
01-03 09:33:53.208 13829 13829 I ServiceManager: Waiting for service media.camera.proxy...
01-03 09:33:53.212 13830 13830 V NatController: runCmd(/system/bin/ip6tables -w -X natctrl_tether_counters) res=0
01-03 09:33:53.222 13830 13830 V NatController: runCmd(/system/bin/iptables -w -N natctrl_tether_counters) res=0
01-03 09:33:53.232 13987 13987 W PackageManager: Permission android.permission.DOWNLOAD_WITHOUT_NOTIFICATION from package com.android.providers.downloads in an unknown group android.permission-group.NETWORK
01-03 09:33:53.232 13830 13830 V NatController: runCmd(/system/bin/ip6tables -w -N natctrl_tether_counters) res=0
01-03 09:33:53.244 13830 13830 V NatController: runCmd(/system/bin/iptables -w -t mangle -A natctrl_mangle_FORWARD -p tcp --tcp-flags SYN SYN -j TCPMSS --clamp-mss-to-pmtu) res=0
01-03 09:33:53.258 13829 13829 I ServiceManager: Waiting for service media.camera.proxy...
01-03 09:33:53.308 13829 13829 I ServiceManager: Waiting for service media.camera.proxy...
01-03 09:33:53.325 13987 13987 W PackageManager: Failed to parse /system/priv-app/GmsCore: Package com.google.android.gms at /system/priv-app/GmsCore ignored: updated version 233414015 better than this 11951430
01-03 09:33:53.337 13987 13987 W PackageParser: Unknown element under : uses-library at /system/priv-app/GoogleFeedback/GoogleFeedback.apk Binary XML file line #33
01-03 09:33:53.358 13829 13829 I ServiceManager: Waiting for service media.camera.proxy...
01-03 09:33:53.362 13987 13987 W PackageParser: Ignoring duplicate uses-permissions/uses-permissions-sdk-m: com.google.android.providers.gsf.permission.READ_GSERVICES in package: com.google.android.partnersetup at: Binary XML file line #32