01-03 09:33:48.563 10359 11358 E JavaBinder: at com.android.server.accounts.AccountManagerService.setUserdataInternalLocked(AccountManagerService.java:2234)
01-03 09:33:48.563 10359 11358 E JavaBinder: at com.android.server.accounts.AccountManagerService.setUserData(AccountManagerService.java:2188)
01-03 09:33:48.563 10359 11358 E JavaBinder: at android.accounts.IAccountManager$Stub.onTransact(IAccountManager.java:367)
01-03 09:33:48.563 10359 11358 E JavaBinder: at com.android.server.accounts.AccountManagerService.onTransact(AccountManagerService.java:513)
01-03 09:33:48.563 10359 11358 E JavaBinder: at android.os.Binder.execTransact(Binder.java:565)
01-03 09:33:48.564 10359 11374 E CursorWindow: Could not allocate CursorWindow '/data/system_de/0/accounts_de.db' of size 2097152 due to error -24.
01-03 09:33:48.564 10359 11374 E AccountManagerService: Account Manager Crash
01-03 09:33:48.564 10359 11374 E AccountManagerService: android.database.CursorWindowAllocationException: Cursor window allocation of 2048 kb failed.
01-03 09:33:48.564 10359 11374 E AccountManagerService: at android.database.CursorWindow.(CursorWindow.java:108)
01-03 09:33:48.564 10359 11374 E AccountManagerService: at android.database.AbstractWindowedCursor.clearOrCreateWindow(AbstractWindowedCursor.java:198)
01-03 09:33:48.564 10359 11374 E AccountManagerService: at android.database.sqlite.SQLiteCursor.fillWindow(SQLiteCursor.java:138)
01-03 09:33:48.564 10359 11374 E AccountManagerService: at android.database.sqlite.SQLiteCursor.getCount(SQLiteCursor.java:132)
01-03 09:33:48.564 10359 11374 E AccountManagerService: at android.database.AbstractCursor.moveToPosition(AbstractCursor.java:219)
01-03 09:33:48.564 10359 11374 E AccountManagerService: at android.database.AbstractCursor.moveToNext(AbstractCursor.java:268)
01-03 09:33:48.564 10359 11374 E AccountManagerService: at com.android.server.accounts.AccountManagerService.invalidateAuthTokenLocked(AccountManagerService.java:1931)
01-03 09:33:48.564 10359 11374 E AccountManagerService: at com.android.server.accounts.AccountManagerService.invalidateAuthToken(AccountManagerService.java:1891)
01-03 09:33:48.564 10359 11374 E AccountManagerService: at android.accounts.IAccountManager$Stub.onTransact(IAccountManager.java:284)
01-03 09:33:48.564 10359 11374 E AccountManagerService: at com.android.server.accounts.AccountManagerService.onTransact(AccountManagerService.java:513)
01-03 09:33:48.564 10359 11374 E AccountManagerService: at android.os.Binder.execTransact(Binder.java:565)
01-03 09:33:48.565 10359 11374 E JavaBinder: *** Uncaught remote exception! (Exceptions are not yet supported across processes.)
01-03 09:33:48.565 10359 11374 E JavaBinder: android.database.CursorWindowAllocationException: Cursor window allocation of 2048 kb failed.
01-03 09:33:48.565 10359 11374 E JavaBinder: at android.database.CursorWindow.(CursorWindow.java:108)
01-03 09:33:48.565 10359 11374 E JavaBinder: at android.database.AbstractWindowedCursor.clearOrCreateWindow(AbstractWindowedCursor.java:198)
01-03 09:33:48.565 10359 11374 E JavaBinder: at android.database.sqlite.SQLiteCursor.fillWindow(SQLiteCursor.java:138)
01-03 09:33:48.565 10359 11374 E JavaBinder: at android.database.sqlite.SQLiteCursor.getCount(SQLiteCursor.java:132)
01-03 09:33:48.565 10359 11374 E JavaBinder: at android.database.AbstractCursor.moveToPosition(AbstractCursor.java:219)
01-03 09:33:48.565 10359 11374 E JavaBinder: at android.database.AbstractCursor.moveToNext(AbstractCursor.java:268)
01-03 09:33:48.565 10359 11374 E JavaBinder: at com.android.server.accounts.AccountManagerService.invalidateAuthTokenLocked(AccountManagerService.java:1931)
01-03 09:33:48.565 10359 11374 E JavaBinder: at com.android.server.accounts.AccountManagerService.invalidateAuthToken(AccountManagerService.java:1891)
01-03 09:33:48.565 10359 11374 E JavaBinder: at android.accounts.IAccountManager$Stub.onTransact(IAccountManager.java:284)
01-03 09:33:48.565 10359 11374 E JavaBinder: at com.android.server.accounts.AccountManagerService.onTransact(AccountManagerService.java:513)
01-03 09:33:48.565 10359 11374 E JavaBinder: at android.os.Binder.execTransact(Binder.java:565)
01-03 09:33:48.566 13517 13563 I SystemLPSourceImpl: Parsed system partition LanguagePack metadata file: /system/usr/srec/en-US/metadata
01-03 09:33:48.570 13517 13564 I SystemLPSourceImpl: Parsed system partition LanguagePack metadata file: /system/usr/srec/en-US/metadata
01-03 09:33:48.574 10792 13581 I SemanticLocation: (REDACTED) [Scheduler] Periodic Task %s.%s is scheduled to run %s
01-03 09:33:48.577 10792 13581 I SemanticLocation: (REDACTED) [Scheduler] Periodic Task %s.%s is scheduled to run %s
01-03 09:33:48.613 13167 13178 I FontLog : (REDACTED) Updating from directory version %d to %d from disk
01-03 09:33:48.615 13167 13178 I FontLog : (REDACTED) Received query %s, URI %s
01-03 09:33:48.633 10359 11374 E SchedPolicy: set_timerslack_ns prctl failed: Invalid argument
01-03 09:33:48.634 10359 11374 E SchedPolicy: set_timerslack_ns prctl failed: Invalid argument
01-03 09:33:48.634 10359 11374 E SchedPolicy: set_timerslack_ns prctl failed: Invalid argument
01-03 09:33:48.634 10359 11374 E SchedPolicy: set_timerslack_ns prctl failed: Invalid argument
01-03 09:33:48.634 10359 11358 E SchedPolicy: set_timerslack_ns prctl failed: Invalid argument
01-03 09:33:48.634 10359 11358 E SchedPolicy: set_timerslack_ns prctl failed: Invalid argument
01-03 09:33:48.635 10359 11358 E SchedPolicy: set_timerslack_ns prctl failed: Invalid argument
01-03 09:33:48.635 10359 10371 E SQLiteLog: (14) cannot open file at line 32456 of [bda77dda96]
01-03 09:33:48.635 10359 10371 E SQLiteLog: (14) os_unix.c:32456: (24) open(/data/system_de/0/accounts_de.db-mjD303CA965) -
01-03 09:33:48.636 10359 10371 E AccountManagerService: Account Manager Crash
01-03 09:33:48.636 10359 10371 E AccountManagerService: android.database.sqlite.SQLiteCantOpenDatabaseException: unable to open database file (code 14)
01-03 09:33:48.636 10359 10371 E AccountManagerService: at android.database.sqlite.SQLiteConnection.nativeExecute(Native Method)
01-03 09:33:48.636 10359 10371 E AccountManagerService: at android.database.sqlite.SQLiteConnection.execute(SQLiteConnection.java:555)
01-03 09:33:48.636 10359 10371 E AccountManagerService: at android.database.sqlite.SQLiteSession.endTransactionUnchecked(SQLiteSession.java:437)
01-03 09:33:48.636 10359 10371 E AccountManagerService: at android.database.sqlite.SQLiteSession.endTransaction(SQLiteSession.java:401)
01-03 09:33:48.636 10359 10371 E AccountManagerService: at android.database.sqlite.SQLiteDatabase.endTransaction(SQLiteDatabase.java:524)
01-03 09:33:48.636 10359 10371 E AccountManagerService: at com.android.server.accounts.AccountManagerService.saveAuthTokenToDatabase(AccountManagerService.java:1997)
01-03 09:33:48.636 10359 10371 E AccountManagerService: at com.android.server.accounts.AccountManagerService.setAuthToken(AccountManagerService.java:2057)
01-03 09:33:48.636 10359 10371 E AccountManagerService: at android.accounts.IAccountManager$Stub.onTransact(IAccountManager.java:319)
01-03 09:33:48.636 10359 10371 E AccountManagerService: at com.android.server.accounts.AccountManagerService.onTransact(AccountManagerService.java:513)
01-03 09:33:48.636 10359 10371 E AccountManagerService: at android.os.Binder.execTransact(Binder.java:565)
01-03 09:33:48.637 10359 10371 E JavaBinder: *** Uncaught remote exception! (Exceptions are not yet supported across processes.)
01-03 09:33:48.637 10359 10371 E JavaBinder: android.database.sqlite.SQLiteCantOpenDatabaseException: unable to open database file (code 14)
01-03 09:33:48.637 10359 10371 E JavaBinder: at android.database.sqlite.SQLiteConnection.nativeExecute(Native Method)01-03 09:33:48.637 10359 10371 E JavaBinder: at android.database.sqlite.SQLiteConnection.execute(SQLiteConnection.java:555)
01-03 09:33:48.637 10359 10371 E JavaBinder: at android.database.sqlite.SQLiteSession.endTransactionUnchecked(SQLiteSession.java:437)
01-03 09:33:48.637 10359 10371 E JavaBinder: at android.database.sqlite.SQLiteSession.endTransaction(SQLiteSession.java:401)
01-03 09:33:48.637 10359 10371 E JavaBinder: at android.database.sqlite.SQLiteDatabase.endTransaction(SQLiteDatabase.java:524)
01-03 09:33:48.637 10359 10371 E JavaBinder: at com.android.server.accounts.AccountManagerService.saveAuthTokenToDatabase(AccountManagerService.java:1997)
01-03 09:33:48.637 10359 10371 E JavaBinder: at com.android.server.accounts.AccountManagerService.setAuthToken(AccountManagerService.java:2057)
01-03 09:33:48.637 10359 10371 E JavaBinder: at android.accounts.IAccountManager$Stub.onTransact(IAccountManager.java:319)
01-03 09:33:48.637 10359 10371 E JavaBinder: at com.android.server.accounts.AccountManagerService.onTransact(AccountManagerService.java:513)
01-03 09:33:48.637 10359 10371 E JavaBinder: at android.os.Binder.execTransact(Binder.java:565)
01-03 09:33:48.641 10359 10377 E DropBoxManagerService: Can't write: system_server_wtf
01-03 09:33:48.641 10359 10377 E DropBoxManagerService: java.io.FileNotFoundException: /data/system/dropbox/drop16.tmp (Too many open files)
01-03 09:33:48.641 10359 10377 E DropBoxManagerService: at java.io.FileOutputStream.open(Native Method)
01-03 09:33:48.641 10359 10377 E DropBoxManagerService: at java.io.FileOutputStream.(FileOutputStream.java:221)
01-03 09:33:48.641 10359 10377 E DropBoxManagerService: at java.io.FileOutputStream.(FileOutputStream.java:169)
01-03 09:33:48.641 10359 10377 E DropBoxManagerService: at com.android.server.DropBoxManagerService.add(DropBoxManagerService.java:250)
01-03 09:33:48.641 10359 10377 E DropBoxManagerService: at com.android.server.DropBoxManagerService$2.add(DropBoxManagerService.java:129)
01-03 09:33:48.641 10359 10377 E DropBoxManagerService: at android.os.DropBoxManager.addText(DropBoxManager.java:282)
01-03 09:33:48.641 10359 10377 E DropBoxManagerService: at com.android.server.am.ActivityManagerService$22.run(ActivityManagerService.java:14153)
01-03 09:33:48.641 10359 10377 E DropBoxManagerService: at com.android.server.am.ActivityManagerService.addErrorToDropBox(ActivityManagerService.java:14160)
01-03 09:33:48.641 10359 10377 E DropBoxManagerService: at com.android.server.am.ActivityManagerService.handleApplicationWtfInner(ActivityManagerService.java:13950)
01-03 09:33:48.641 10359 10377 E DropBoxManagerService: at com.android.server.am.ActivityManagerService$21.run(ActivityManagerService.java:13922)
01-03 09:33:48.641 10359 10377 E DropBoxManagerService: at android.os.Handler.handleCallback(Handler.java:758)
01-03 09:33:48.641 10359 10377 E DropBoxManagerService: at android.os.Handler.dispatchMessage(Handler.java:95)
01-03 09:33:48.641 10359 10377 E DropBoxManagerService: at android.os.Looper.loop(Looper.java:154)
01-03 09:33:48.641 10359 10377 E DropBoxManagerService: at android.os.HandlerThread.run(HandlerThread.java:61)
01-03 09:33:48.641 10359 10377 E DropBoxManagerService: at com.android.server.ServiceThread.run(ServiceThread.java:46)
01-03 09:33:48.641 10359 11358 E SchedPolicy: set_timerslack_ns prctl failed: Invalid argument
01-03 09:33:48.642 10359 11358 E SchedPolicy: set_timerslack_ns prctl failed: Invalid argument
01-03 09:33:48.649 13167 13177 I art : Background sticky concurrent mark sweep GC freed 50541(2MB) AllocSpace objects, 15(300KB) LOS objects, 22% free, 11MB/14MB, paused 7.957ms total 169.233ms
01-03 09:33:48.650 10359 10371 E SQLiteLog: (14) cannot open file at line 32456 of [bda77dda96]
01-03 09:33:48.650 10359 10371 E SQLiteLog: (14) os_unix.c:32456: (24) open(/data/system_de/0/accounts_de.db-mj967C4A9E6) -
01-03 09:33:48.650 10359 10371 E AccountManagerService: Account Manager Crash
01-03 09:33:48.650 10359 10371 E AccountManagerService: android.database.sqlite.SQLiteCantOpenDatabaseException: unable to open database file (code 14)
01-03 09:33:48.650 10359 10371 E AccountManagerService: at android.database.sqlite.SQLiteConnection.nativeExecute(Native Method)
01-03 09:33:48.650 10359 10371 E AccountManagerService: at android.database.sqlite.SQLiteConnection.execute(SQLiteConnection.java:555)
01-03 09:33:48.650 10359 10371 E AccountManagerService: at android.database.sqlite.SQLiteSession.endTransactionUnchecked(SQLiteSession.java:437)
01-03 09:33:48.650 10359 10371 E AccountManagerService: at android.database.sqlite.SQLiteSession.endTransaction(SQLiteSession.java:401)
01-03 09:33:48.650 10359 10371 E AccountManagerService: at android.database.sqlite.SQLiteDatabase.endTransaction(SQLiteDatabase.java:524)
01-03 09:33:48.650 10359 10371 E AccountManagerService: at com.android.server.accounts.AccountManagerService.setUserdataInternalLocked(AccountManagerService.java:2234)
01-03 09:33:48.650 10359 10371 E AccountManagerService: at com.android.server.accounts.AccountManagerService.setUserData(AccountManagerService.java:2188)
01-03 09:33:48.650 10359 10371 E AccountManagerService: at android.accounts.IAccountManager$Stub.onTransact(IAccountManager.java:367)
01-03 09:33:48.650 10359 10371 E AccountManagerService: at com.android.server.accounts.AccountManagerService.onTransact(AccountManagerService.java:513)
01-03 09:33:48.650 10359 10371 E AccountManagerService: at android.os.Binder.execTransact(Binder.java:565)
01-03 09:33:48.651 10359 10371 E JavaBinder: *** Uncaught remote exception! (Exceptions are not yet supported across processes.)
01-03 09:33:48.651 10359 10371 E JavaBinder: android.database.sqlite.SQLiteCantOpenDatabaseException: unable to open database file (code 14)
01-03 09:33:48.651 10359 10371 E JavaBinder: at android.database.sqlite.SQLiteConnection.nativeExecute(Native Method)01-03 09:33:48.651 10359 10371 E JavaBinder: at android.database.sqlite.SQLiteConnection.execute(SQLiteConnection.java:555)
01-03 09:33:48.651 10359 10371 E JavaBinder: at android.database.sqlite.SQLiteSession.endTransactionUnchecked(SQLiteSession.java:437)
01-03 09:33:48.651 10359 10371 E JavaBinder: at android.database.sqlite.SQLiteSession.endTransaction(SQLiteSession.java:401)
01-03 09:33:48.651 10359 10371 E JavaBinder: at android.database.sqlite.SQLiteDatabase.endTransaction(SQLiteDatabase.java:524)
01-03 09:33:48.651 10359 10371 E JavaBinder: at com.android.server.accounts.AccountManagerService.setUserdataInternalLocked(AccountManagerService.java:2234)
01-03 09:33:48.651 10359 10371 E JavaBinder: at com.android.server.accounts.AccountManagerService.setUserData(AccountManagerService.java:2188)
01-03 09:33:48.651 10359 10371 E JavaBinder: at android.accounts.IAccountManager$Stub.onTransact(IAccountManager.java:367)
01-03 09:33:48.651 10359 10371 E JavaBinder: at com.android.server.accounts.AccountManagerService.onTransact(AccountManagerService.java:513)
01-03 09:33:48.651 10359 10371 E JavaBinder: at android.os.Binder.execTransact(Binder.java:565)
01-03 09:33:48.663 10792 13581 I SemanticLocation: (REDACTED) [Scheduler] Periodic Task %s.%s is scheduled to run %s
01-03 09:33:48.664 10792 13581 I SemanticLocation: (REDACTED) [Scheduler] Periodic Task %s.%s is scheduled to run %s
01-03 09:33:48.667 10792 13581 I SemanticLocation: (REDACTED) [Scheduler] Periodic Task %s.%s is scheduled to run %s
01-03 09:33:48.668 10792 13581 I SemanticLocation: (REDACTED) [Scheduler] Periodic Task %s.%s is scheduled to run %s
01-03 09:33:48.669 10359 11374 I ActivityManager: Existing provider com.google.android.gsf/.gservices.GservicesProvider is crashing; detaching ProcessRecord{6c17482 13593:com.google.android.youtube/u0a72}
01-03 09:33:48.669 10359 11374 I ActivityManager: Process com.google.process.gapps (pid 13613) has died
01-03 09:33:48.669 10359 11374 D ActivityManager: cleanUpApplicationRecord -- 13613
01-03 09:33:48.674 13167 13418 I FontLog : (REDACTED) Using directory in FlatBuffer format
01-03 09:33:48.678 13167 13175 E System : Uncaught exception thrown by finalizer
01-03 09:33:48.679 13167 13175 E System : java.lang.IllegalStateException: Lock wasn't released correctly
01-03 09:33:48.679 13167 13175 E System : at baos.finalize(:com.google.android.gms@233414015@23.34.14 (040300-560151436):12)
01-03 09:33:48.679 13167 13175 E System : at java.lang.Daemons$FinalizerDaemon.doFinalize(Daemons.java:222)
01-03 09:33:48.679 13167 13175 E System : at java.lang.Daemons$FinalizerDaemon.run(Daemons.java:209)
01-03 09:33:48.679 13167 13175 E System : at java.lang.Thread.run(Thread.java:761)
01-03 09:33:48.679 10792 13581 I SemanticLocation: (REDACTED) [Scheduler] Periodic Task %s.%s is scheduled to run %s
01-03 09:33:48.681 10359 11374 I ActivityManager: Start proc 13655:com.google.process.gapps/u0a10 for content provider com.google.android.gsf/.gservices.GservicesProvider
01-03 09:33:48.681 10792 13581 I SemanticLocation: (REDACTED) [Scheduler] Periodic Task %s.%s is scheduled to run %s
01-03 09:33:48.682 10792 13581 I SemanticLocation: (REDACTED) [Scheduler] Periodic Task %s.%s is scheduled to run %s
01-03 09:33:48.684 10792 13581 I SemanticLocation: (REDACTED) [Scheduler] Periodic Task %s.%s is scheduled to run %s
01-03 09:33:48.685 10792 13581 I SemanticLocation: (REDACTED) [Scheduler] Periodic Task %s.%s is scheduled to run %s
01-03 09:33:48.702 10359 12284 E SchedPolicy: set_timerslack_ns prctl failed: Invalid argument
01-03 09:33:48.702 10792 13581 I SemanticLocation: (REDACTED) [Scheduler] Periodic Task %s.%s is scheduled to run %s
01-03 09:33:48.703 10359 11358 E SchedPolicy: set_timerslack_ns prctl failed: Invalid argument
01-03 09:33:48.708 10792 13581 I SemanticLocation: (REDACTED) [Scheduler] Periodic Task %s.%s is scheduled to run %s
01-03 09:33:48.709 10792 13581 I SemanticLocation: (REDACTED) [Scheduler] Periodic Task %s.%s is scheduled to run %s
01-03 09:33:48.711 10792 13581 I SemanticLocation: (REDACTED) [Scheduler] Periodic Task %s.%s is scheduled to run %s
01-03 09:33:48.712 10792 13581 I SemanticLocation: (REDACTED) [Scheduler] Periodic Task %s.%s is scheduled to run %s
01-03 09:33:48.713 10792 13581 I SemanticLocation: (REDACTED) [Scheduler] Periodic Task %s.%s is scheduled to run %s
01-03 09:33:48.714 10792 13581 I SemanticLocation: (REDACTED) [Scheduler] Periodic Task %s.%s is scheduled to run %s
01-03 09:33:48.715 10792 13581 I SemanticLocation: (REDACTED) [Scheduler] Periodic Task %s.%s is scheduled to run %s
01-03 09:33:48.715 13517 13564 W art : Verification of boolean gyv.a(int) took 100.328ms
01-03 09:33:48.718 13655 13655 I art : Starting a blocking GC AddRemoveAppImageSpace
01-03 09:33:48.719 13655 13655 W System : ClassLoader referenced unknown path: /system/priv-app/GoogleServicesFramework/lib/arm
01-03 09:33:48.722 10792 13581 I SemanticLocation: (REDACTED) [Scheduler] Periodic Task %s.%s is scheduled to run %s
01-03 09:33:48.724 10792 13581 I SemanticLocation: (REDACTED) [Scheduler] Periodic Task %s.%s is scheduled to run %s
01-03 09:33:48.725 10792 13581 I SemanticLocation: (REDACTED) [Scheduler] Periodic Task %s.%s is scheduled to run %s
01-03 09:33:48.727 10792 13581 I SemanticLocation: (REDACTED) [Scheduler] Periodic Task %s.%s is scheduled to run %s
01-03 09:33:48.728 10792 13581 I SemanticLocation: (REDACTED) [Scheduler] Periodic Task %s.%s is scheduled to run %s
01-03 09:33:48.729 10792 13581 I SemanticLocation: (REDACTED) [Scheduler] Periodic Task %s.%s is scheduled to run %s
01-03 09:33:48.736 10359 11358 E SchedPolicy: set_timerslack_ns prctl failed: Invalid argument
01-03 09:33:48.736 10359 12284 E SchedPolicy: set_timerslack_ns prctl failed: Invalid argument
01-03 09:33:48.738 10359 12284 E SchedPolicy: set_timerslack_ns prctl failed: Invalid argument
01-03 09:33:48.738 10359 12435 E SchedPolicy: set_timerslack_ns prctl failed: Invalid argument
01-03 09:33:48.746 10792 13581 I LocationHistory: [ModuleInit] Triggering settings sync one off task [CONTEXT service_id=314 ]
01-03 09:33:48.753 13655 13655 I GservicesProvider: Gservices pushing to system: true; secure/global: true
01-03 09:33:48.756 13167 13178 I FontLog : (REDACTED) Query [%s] resolved to %s
01-03 09:33:48.819 13167 13386 W art : Before Android 4.1, method double java.util.concurrent.ThreadLocalRandom.internalNextDouble(double, double) would have incorrectly overridden the package-private method in java.util.Random
01-03 09:33:48.819 13167 13386 W art : Before Android 4.1, method int java.util.concurrent.ThreadLocalRandom.internalNextInt(int, int) would have incorrectly overridden the package-private method in java.util.Random
01-03 09:33:48.819 13167 13386 W art : Before Android 4.1, method long java.util.concurrent.ThreadLocalRandom.internalNextLong(long, long) would have incorrectly overridden the package-private method in java.util.Random
01-03 09:33:48.850 13655 13655 I GoogleHttpClient: GMS http client unavailable, use old client
01-03 09:33:48.853 13517 13528 W art : Suspending all threads took: 40.118ms
01-03 09:33:48.861 13593 13603 W art : Suspending all threads took: 33.666ms
01-03 09:33:48.880 13167 13178 I FontLog : (REDACTED) Font PFD returned from cache for %s
01-03 09:33:48.880 13167 13178 I FontLog : (REDACTED) Fetch %s end status %s
01-03 09:33:48.896 10359 11022 E SchedPolicy: set_timerslack_ns prctl failed: Invalid argument
01-03 09:33:48.966 13167 13644 I FontLog : (REDACTED) Pulling font file for id = %d, cache size = %d
01-03 09:33:48.993 10359 11358 E SchedPolicy: set_timerslack_ns prctl failed: Invalid argument
01-03 09:33:48.993 10359 11358 E SchedPolicy: set_timerslack_ns prctl failed: Invalid argument
01-03 09:33:48.993 10359 11358 E SchedPolicy: set_timerslack_ns prctl failed: Invalid argument
01-03 09:33:48.993 10359 11358 E SchedPolicy: set_timerslack_ns prctl failed: Invalid argument
01-03 09:33:48.993 10359 11358 E SchedPolicy: set_timerslack_ns prctl failed: Invalid argument
01-03 09:33:48.993 10359 11358 E SchedPolicy: set_timerslack_ns prctl failed: Invalid argument
01-03 09:33:48.993 10359 11358 E SchedPolicy: set_timerslack_ns prctl failed: Invalid argument
01-03 09:33:48.993 10359 11358 E SchedPolicy: set_timerslack_ns prctl failed: Invalid argument
01-03 09:33:48.993 10359 11358 E SchedPolicy: set_timerslack_ns prctl failed: Invalid argument
01-03 09:33:48.993 10359 11358 E SchedPolicy: set_timerslack_ns prctl failed: Invalid argument
01-03 09:33:48.993 10359 11358 E SchedPolicy: set_timerslack_ns prctl failed: Invalid argument
01-03 09:33:48.993 10359 11358 E SchedPolicy: set_timerslack_ns prctl failed: Invalid argument
01-03 09:33:48.993 10359 11358 E SchedPolicy: set_timerslack_ns prctl failed: Invalid argument
01-03 09:33:48.993 10359 11358 E SchedPolicy: set_timerslack_ns prctl failed: Invalid argument
01-03 09:33:48.993 10359 11358 E SchedPolicy: set_timerslack_ns prctl failed: Invalid argument
01-03 09:33:49.000 10792 12311 I FacsCacheGmsModule: API connection successful!
01-03 09:33:49.013 13593 13632 D StrictMode: StrictMode policy violation: android.os.StrictMode$StrictModeNetworkViolation: policy=65556 violation=4
01-03 09:33:49.013 13593 13632 D StrictMode: at android.os.StrictMode$AndroidBlockGuardPolicy.onNetwork(StrictMode.java:1309)
01-03 09:33:49.013 13593 13632 D StrictMode: at java.net.Inet6AddressImpl.lookupHostByName(Inet6AddressImpl.java:86)
01-03 09:33:49.013 13593 13632 D StrictMode: at java.net.Inet6AddressImpl.lookupAllHostAddr(Inet6AddressImpl.java:74)01-03 09:33:49.013 13593 13632 D StrictMode: at java.net.InetAddress.getByName(InetAddress.java:708)
01-03 09:33:49.013 13593 13632 D StrictMode: at lsv.P(PG:4)
01-03 09:33:49.013 13593 13632 D StrictMode: at ejz.run(PG:13)
01-03 09:33:49.013 13593 13632 D StrictMode: at szj.run(PG:7)
01-03 09:33:49.013 13593 13632 D StrictMode: at nsk.run(PG:5)
01-03 09:33:49.013 13593 13632 D StrictMode: at nso.run(PG:23)
01-03 09:33:49.013 13593 13632 D StrictMode: at ntg.run(PG:62)
01-03 09:33:49.013 13593 13632 D StrictMode: at mwy.run(PG:7)
01-03 09:33:49.013 13593 13632 D StrictMode: at com.google.android.apps.youtube.embeddedplayer.service.jar.client.r.run(PG:5)
01-03 09:33:49.013 13593 13632 D StrictMode: at java.lang.Thread.run(Thread.java:761)
01-03 09:33:49.019 10792 13572 I SmartDevice: [CleanBufferedLogsService] Periodic task upload_buffered_logs_periodic scheduled!
01-03 09:33:49.029 10792 10815 E System : Uncaught exception thrown by finalizer
01-03 09:33:49.029 10792 10815 E System : java.lang.IllegalStateException: Lock wasn't released correctly
01-03 09:33:49.029 10792 10815 E System : at baos.finalize(:com.google.android.gms@233414015@23.34.14 (040300-560151436):12)
01-03 09:33:49.029 10792 10815 E System : at java.lang.Daemons$FinalizerDaemon.doFinalize(Daemons.java:222)
01-03 09:33:49.029 10792 10815 E System : at java.lang.Daemons$FinalizerDaemon.run(Daemons.java:209)
01-03 09:33:49.029 10792 10815 E System : at java.lang.Thread.run(Thread.java:761)
01-03 09:33:49.030 13167 13210 I FontLog : (REDACTED) Received query %s, URI %s
01-03 09:33:49.031 10792 10815 E System : Uncaught exception thrown by finalizer
01-03 09:33:49.031 10792 10815 E System : java.lang.IllegalStateException: Lock wasn't released correctly
01-03 09:33:49.031 10792 10815 E System : at baos.finalize(:com.google.android.gms@233414015@23.34.14 (040300-560151436):12)
01-03 09:33:49.031 10792 10815 E System : at java.lang.Daemons$FinalizerDaemon.doFinalize(Daemons.java:222)
01-03 09:33:49.031 10792 10815 E System : at java.lang.Daemons$FinalizerDaemon.run(Daemons.java:209)
01-03 09:33:49.031 10792 10815 E System : at java.lang.Thread.run(Thread.java:761)
01-03 09:33:49.035 10792 10815 E System : Uncaught exception thrown by finalizer
01-03 09:33:49.035 10792 10815 E System : java.lang.IllegalStateException: Lock wasn't released correctly
01-03 09:33:49.035 10792 10815 E System : at baos.finalize(:com.google.android.gms@233414015@23.34.14 (040300-560151436):12)
01-03 09:33:49.035 10792 10815 E System : at java.lang.Daemons$FinalizerDaemon.doFinalize(Daemons.java:222)
01-03 09:33:49.035 10792 10815 E System : at java.lang.Daemons$FinalizerDaemon.run(Daemons.java:209)
01-03 09:33:49.035 10792 10815 E System : at java.lang.Thread.run(Thread.java:761)
01-03 09:33:49.035 13517 13563 W art : Verification of gau epw.a(gtj) took 314.146ms
01-03 09:33:49.036 10792 10815 E System : Uncaught exception thrown by finalizer
01-03 09:33:49.036 10792 10815 E System : java.lang.IllegalStateException: Lock wasn't released correctly
01-03 09:33:49.036 10792 10815 E System : at baos.finalize(:com.google.android.gms@233414015@23.34.14 (040300-560151436):12)
01-03 09:33:49.036 10792 10815 E System : at java.lang.Daemons$FinalizerDaemon.doFinalize(Daemons.java:222)
01-03 09:33:49.036 10792 10815 E System : at java.lang.Daemons$FinalizerDaemon.run(Daemons.java:209)
01-03 09:33:49.036 10792 10815 E System : at java.lang.Thread.run(Thread.java:761)
01-03 09:33:49.037 13167 13210 I FontLog : (REDACTED) Query [%s] resolved to %s
01-03 09:33:49.045 10359 11022 D ConnectivityService: listenForNetwork for uid/pid:10010/13167 NetworkRequest [ LISTEN id=17, [ Capabilities: INTERNET&NOT_RESTRICTED&TRUSTED] ]
01-03 09:33:49.045 10359 10478 D ConnectivityService: rematching NetworkAgentInfo [Ethernet () - 100]
01-03 09:33:49.045 10359 10478 D ConnectivityService: network has: [ Transports: ETHERNET Capabilities: INTERNET&NOT_RESTRICTED&TRUSTED&NOT_VPN&VALIDATED&FOREGROUND LinkUpBandwidth>=100000Kbps LinkDnBandwidth>=100000Kbps]
01-03 09:33:49.045 10359 10478 D ConnectivityService: Network NetworkAgentInfo [Ethernet () - 100] was already satisfying request 15. No change.
01-03 09:33:49.045 10359 10478 D ConnectivityService: Network NetworkAgentInfo [Ethernet () - 100] was already satisfying request 1. No change.
01-03 09:33:49.045 10359 10478 D ConnectivityService: Network NetworkAgentInfo [Ethernet () - 100] was already satisfying request 13. No change.
01-03 09:33:49.046 10359 10478 D ConnectivityService: sending notification AVAILABLE for NetworkRequest [ LISTEN id=17, [ Capabilities: INTERNET&NOT_RESTRICTED&TRUSTED] ]
01-03 09:33:49.063 13593 13603 W art : Suspending all threads took: 15.458ms
01-03 09:33:49.064 13167 13435 I NearbySharing: (REDACTED) Failed to log test code %d, due to checkbox consent is not opt in.
01-03 09:33:49.065 13167 13210 I FontLog : (REDACTED) Font PFD returned from cache for %s
01-03 09:33:49.075 13167 13210 I FontLog : (REDACTED) Fetch %s end status %s
01-03 09:33:49.077 10359 11358 E SchedPolicy: set_timerslack_ns prctl failed: Invalid argument
01-03 09:33:49.077 10359 11358 E SchedPolicy: set_timerslack_ns prctl failed: Invalid argument
01-03 09:33:49.078 10359 11022 E SchedPolicy: set_timerslack_ns prctl failed: Invalid argument
01-03 09:33:49.078 10359 11022 E SchedPolicy: set_timerslack_ns prctl failed: Invalid argument
01-03 09:33:49.078 10359 11022 E SchedPolicy: set_timerslack_ns prctl failed: Invalid argument
01-03 09:33:49.078 10359 11022 E SchedPolicy: set_timerslack_ns prctl failed: Invalid argument
01-03 09:33:49.078 10359 11022 E SchedPolicy: set_timerslack_ns prctl failed: Invalid argument
01-03 09:33:49.078 10359 11022 E SchedPolicy: set_timerslack_ns prctl failed: Invalid argument
01-03 09:33:49.078 10359 11022 E SchedPolicy: set_timerslack_ns prctl failed: Invalid argument
01-03 09:33:49.078 10359 11022 E SchedPolicy: set_timerslack_ns prctl failed: Invalid argument
01-03 09:33:49.078 10359 11022 E SchedPolicy: set_timerslack_ns prctl failed: Invalid argument
01-03 09:33:49.078 10359 11022 E SchedPolicy: set_timerslack_ns prctl failed: Invalid argument
01-03 09:33:49.078 10359 11022 E SchedPolicy: set_timerslack_ns prctl failed: Invalid argument
01-03 09:33:49.078 10359 11022 E SchedPolicy: set_timerslack_ns prctl failed: Invalid argument
01-03 09:33:49.078 10359 11358 E SchedPolicy: set_timerslack_ns prctl failed: Invalid argument
01-03 09:33:49.078 10359 11022 E SchedPolicy: set_timerslack_ns prctl failed: Invalid argument
01-03 09:33:49.078 10359 11022 E SchedPolicy: set_timerslack_ns prctl failed: Invalid argument
01-03 09:33:49.078 10359 11022 E SchedPolicy: set_timerslack_ns prctl failed: Invalid argument
01-03 09:33:49.079 10359 11022 E SchedPolicy: set_timerslack_ns prctl failed: Invalid argument
01-03 09:33:49.088 10359 11022 E SchedPolicy: set_timerslack_ns prctl failed: Invalid argument
01-03 09:33:49.092 13167 13210 I FontLog : (REDACTED) Pulling font file for id = %d, cache size = %d
01-03 09:33:49.093 10359 10370 E SchedPolicy: set_timerslack_ns prctl failed: Invalid argument
01-03 09:33:49.100 10359 10370 E SchedPolicy: set_timerslack_ns prctl failed: Invalid argument
01-03 09:33:49.102 10359 10370 E SchedPolicy: set_timerslack_ns prctl failed: Invalid argument
01-03 09:33:49.102 10359 10370 E SchedPolicy: set_timerslack_ns prctl failed: Invalid argument
01-03 09:33:49.102 10359 10370 E SchedPolicy: set_timerslack_ns prctl failed: Invalid argument
01-03 09:33:49.102 10359 10370 E SchedPolicy: set_timerslack_ns prctl failed: Invalid argument
01-03 09:33:49.102 10359 10370 E SchedPolicy: set_timerslack_ns prctl failed: Invalid argument
01-03 09:33:49.102 10359 10370 E SchedPolicy: set_timerslack_ns prctl failed: Invalid argument
01-03 09:33:49.102 10359 10370 E SchedPolicy: set_timerslack_ns prctl failed: Invalid argument
01-03 09:33:49.102 10359 10370 E SchedPolicy: set_timerslack_ns prctl failed: Invalid argument
01-03 09:33:49.102 10359 10370 E SchedPolicy: set_timerslack_ns prctl failed: Invalid argument
01-03 09:33:49.102 10359 10370 E SchedPolicy: set_timerslack_ns prctl failed: Invalid argument
01-03 09:33:49.102 10359 10370 E SchedPolicy: set_timerslack_ns prctl failed: Invalid argument
01-03 09:33:49.102 10359 10370 E SchedPolicy: set_timerslack_ns prctl failed: Invalid argument
01-03 09:33:49.102 10359 10370 E SchedPolicy: set_timerslack_ns prctl failed: Invalid argument
01-03 09:33:49.102 10359 10370 E SchedPolicy: set_timerslack_ns prctl failed: Invalid argument
01-03 09:33:49.102 10359 10370 E SchedPolicy: set_timerslack_ns prctl failed: Invalid argument
01-03 09:33:49.109 10359 11358 E SchedPolicy: set_timerslack_ns prctl failed: Invalid argument
01-03 09:33:49.119 13167 13214 I cr_CronetLibraryLoader: Cronet version: 114.0.5735.33, arch: armv7l
01-03 09:33:49.135 13167 13644 I FontLog : (REDACTED) Received query %s, URI %s
01-03 09:33:49.136 13167 13644 I FontLog : (REDACTED) Query [%s] resolved to %s
01-03 09:33:49.150 13167 13677 W ResourceType: ResTable_typeSpec entry count inconsistent: given 88, previously 90
01-03 09:33:49.150 13167 13677 W ResourceType: ResTable_typeSpec entry count inconsistent: given 168, previously 172
01-03 09:33:49.150 13167 13677 W ResourceType: ResTable_typeSpec entry count inconsistent: given 3481, previously 3501
01-03 09:33:49.170 10359 11358 D ConnectivityService: listenForNetwork for uid/pid:10072/13593 NetworkRequest [ LISTEN id=18, [ Capabilities: INTERNET&NOT_RESTRICTED&TRUSTED&FOREGROUND] ]
01-03 09:33:49.172 10359 10478 D ConnectivityService: rematching NetworkAgentInfo [Ethernet () - 100]
01-03 09:33:49.172 10359 10478 D ConnectivityService: network has: [ Transports: ETHERNET Capabilities: INTERNET&NOT_RESTRICTED&TRUSTED&NOT_VPN&VALIDATED&FOREGROUND LinkUpBandwidth>=100000Kbps LinkDnBandwidth>=100000Kbps]
01-03 09:33:49.172 10359 10478 D ConnectivityService: Network NetworkAgentInfo [Ethernet () - 100] was already satisfying request 15. No change.
01-03 09:33:49.172 10359 10478 D ConnectivityService: Network NetworkAgentInfo [Ethernet () - 100] was already satisfying request 1. No change.
01-03 09:33:49.172 10359 10478 D ConnectivityService: Network NetworkAgentInfo [Ethernet () - 100] was already satisfying request 13. No change.
01-03 09:33:49.172 10359 10478 D ConnectivityService: sending notification AVAILABLE for NetworkRequest [ LISTEN id=18, [ Capabilities: INTERNET&NOT_RESTRICTED&TRUSTED&FOREGROUND] ]
01-03 09:33:49.175 10359 11358 E SchedPolicy: set_timerslack_ns prctl failed: Invalid argument
01-03 09:33:49.186 13167 13167 D BoundBrokerSvc: onBind: Intent { act=com.google.android.gms.pseudonymous.service.START dat=chimera-action: cmp=com.google.android.gms/.chimera.PersistentApiService }
01-03 09:33:49.186 13167 13167 D BoundBrokerSvc: Loading bound service for intent: Intent { act=com.google.android.gms.pseudonymous.service.START dat=chimera-action: cmp=com.google.android.gms/.chimera.PersistentApiService }
01-03 09:33:49.204 13517 13528 W art : Suspending all threads took: 38.562ms
01-03 09:33:49.205 13517 13536 W art : Verification of void hkn.() took 151.824ms
01-03 09:33:49.217 13167 13386 W DataCollectionRegistryC: missing CollectionDefinition for nearbysharing-pa.googleapis.com/location.nearby.sharing.v1.NearbySharingService/ListMyDevices
01-03 09:33:49.218 13167 13644 I FontLog : (REDACTED) Font PFD returned from cache for %s
01-03 09:33:49.218 13167 13644 I FontLog : (REDACTED) Fetch %s end status %s
01-03 09:33:49.253 13167 13304 I NetworkScheduler.Stats: (REDACTED) Task %s/%s started execution. cause:%s exec_start_elapsed_seconds: %s
01-03 09:33:49.255 13167 13304 I NetworkScheduler.Stats: (REDACTED) Task %s/%s finished executing. cause:%s result: %s elapsed_millis: %s uptime_millis: %s exec_start_elapsed_seconds: %s
01-03 09:33:49.257 10792 10792 D BoundBrokerSvc: onUnbind: Intent { act=com.google.android.gms.findmydevice.spot.service.locationreport.START dat=chimera-action: cmp=com.google.android.gms/.chimera.GmsApiService }
01-03 09:33:49.258 10359 10830 E SchedPolicy: set_timerslack_ns prctl failed: Invalid argument
01-03 09:33:49.273 13167 13582 I FontLog : (REDACTED) Pulling font file for id = %d, cache size = %d
01-03 09:33:49.275 13517 13611 I LPRequestState: [ManagerRequests] #resolveDesiredLanguagePacks
01-03 09:33:49.289 10359 11022 E SchedPolicy: set_timerslack_ns prctl failed: Invalid argument
01-03 09:33:49.299 10359 11022 E SchedPolicy: set_timerslack_ns prctl failed: Invalid argument
01-03 09:33:49.303 13517 13564 I SystemLPSourceImpl: Parsed system partition LanguagePack metadata file: /system/usr/srec/en-US/metadata
01-03 09:33:49.341 10359 10830 E SchedPolicy: set_timerslack_ns prctl failed: Invalid argument
01-03 09:33:49.350 13517 13563 I SystemLPSourceImpl: Parsed system partition LanguagePack metadata file: /system/usr/srec/en-US/metadata
01-03 09:33:49.355 10359 10370 E SchedPolicy: set_timerslack_ns prctl failed: Invalid argument
01-03 09:33:49.355 10359 10830 E SchedPolicy: set_timerslack_ns prctl failed: Invalid argument
01-03 09:33:49.370 10359 11440 E SchedPolicy: set_timerslack_ns prctl failed: Invalid argument
01-03 09:33:49.372 10792 10792 D BoundBrokerSvc: onUnbind: Intent { act=com.google.android.gms.findmydevice.spot.service.management.START dat=chimera-action: cmp=com.google.android.gms/.chimera.GmsApiService }
01-03 09:33:49.373 10359 10370 E SchedPolicy: set_timerslack_ns prctl failed: Invalid argument
01-03 09:33:49.375 10792 13581 I SubscribedFeeds: (REDACTED) Collected %d certs in %dms
01-03 09:33:49.378 10359 10370 E SchedPolicy: set_timerslack_ns prctl failed: Invalid argument
01-03 09:33:49.383 10792 13572 I TelephonySpamInit: onModuleUpdated TelephonySpam module initialized [CONTEXT service_id=150 ]
01-03 09:33:49.383 10792 13572 I SpamListSync: scheduleSyncTasks [CONTEXT service_id=150 ]
01-03 09:33:49.385 10792 13572 I SpamListSync: schedulePeriodicTask [CONTEXT service_id=150 ]
01-03 09:33:49.401 13167 13569 W Conscrypt: Could not set socket write timeout: java.net.SocketException: Socket closed
01-03 09:33:49.401 13167 13569 W Conscrypt: at com.google.android.gms.org.conscrypt.Platform.setSocketWriteTimeout(:com.google.android.gms@233414015@23.34.14 (040300-560151436):226)
01-03 09:33:49.401 13167 13569 W Conscrypt: at com.google.android.gms.org.conscrypt.ConscryptFileDescriptorSocket.setSoWriteTimeout(:com.google.android.gms@233414015@23.34.14 (040300-560151436):4)
01-03 09:33:49.513 10792 13572 I SpamListSync: scheduleOneTimeTask [CONTEXT service_id=150 ]
01-03 09:33:49.515 10792 13581 I ThreadNetworkModuleInit: (REDACTED) Initializing runtime states: %d
01-03 09:33:49.525 10792 13581 I ThreadNetworkModuleInit: (REDACTED) %s component %s
01-03 09:33:49.527 10792 13581 I ThreadBrSynchronizer: (REDACTED) Cancelled periodic Border Router sync task: %s
01-03 09:33:49.581 13167 13569 W Conscrypt: Could not set socket write timeout: java.net.SocketException: Socket closed
01-03 09:33:49.581 13167 13569 W Conscrypt: at com.google.android.gms.org.conscrypt.Platform.setSocketWriteTimeout(:com.google.android.gms@233414015@23.34.14 (040300-560151436):226)
01-03 09:33:49.581 13167 13569 W Conscrypt: at com.google.android.gms.org.conscrypt.ConscryptFileDescriptorSocket.setSoWriteTimeout(:com.google.android.gms@233414015@23.34.14 (040300-560151436):4)
01-03 09:33:49.640 10359 11440 E SchedPolicy: set_timerslack_ns prctl failed: Invalid argument
01-03 09:33:49.640 10359 11440 E SchedPolicy: set_timerslack_ns prctl failed: Invalid argument
01-03 09:33:49.640 10359 11440 E SchedPolicy: set_timerslack_ns prctl failed: Invalid argument
01-03 09:33:49.640 10359 11440 E SchedPolicy: set_timerslack_ns prctl failed: Invalid argument
01-03 09:33:49.640 10359 11440 E SchedPolicy: set_timerslack_ns prctl failed: Invalid argument
01-03 09:33:49.640 10359 11440 E SchedPolicy: set_timerslack_ns prctl failed: Invalid argument
01-03 09:33:49.640 10359 11440 E SchedPolicy: set_timerslack_ns prctl failed: Invalid argument
01-03 09:33:49.640 10359 11440 E SchedPolicy: set_timerslack_ns prctl failed: Invalid argument
01-03 09:33:49.640 10359 11440 E SchedPolicy: set_timerslack_ns prctl failed: Invalid argument
01-03 09:33:49.640 10359 11440 E SchedPolicy: set_timerslack_ns prctl failed: Invalid argument
01-03 09:33:49.640 10359 11440 E SchedPolicy: set_timerslack_ns prctl failed: Invalid argument
01-03 09:33:49.640 10359 11440 E SchedPolicy: set_timerslack_ns prctl failed: Invalid argument
01-03 09:33:49.640 10359 11440 E SchedPolicy: set_timerslack_ns prctl failed: Invalid argument
01-03 09:33:49.640 10359 11440 E SchedPolicy: set_timerslack_ns prctl failed: Invalid argument
01-03 09:33:49.640 10359 11440 E SchedPolicy: set_timerslack_ns prctl failed: Invalid argument
01-03 09:33:49.649 10359 10370 E SchedPolicy: set_timerslack_ns prctl failed: Invalid argument
01-03 09:33:49.649 10359 10370 E SchedPolicy: set_timerslack_ns prctl failed: Invalid argument
01-03 09:33:49.649 10359 10370 E SchedPolicy: set_timerslack_ns prctl failed: Invalid argument
01-03 09:33:49.649 10359 10370 E SchedPolicy: set_timerslack_ns prctl failed: Invalid argument
01-03 09:33:49.649 10359 10370 E SchedPolicy: set_timerslack_ns prctl failed: Invalid argument
01-03 09:33:49.649 10359 10370 E SchedPolicy: set_timerslack_ns prctl failed: Invalid argument
01-03 09:33:49.649 10359 10370 E SchedPolicy: set_timerslack_ns prctl failed: Invalid argument
01-03 09:33:49.649 10359 10370 E SchedPolicy: set_timerslack_ns prctl failed: Invalid argument
01-03 09:33:49.649 10359 10370 E SchedPolicy: set_timerslack_ns prctl failed: Invalid argument
01-03 09:33:49.649 10359 10370 E SchedPolicy: set_timerslack_ns prctl failed: Invalid argument
01-03 09:33:49.649 10359 10370 E SchedPolicy: set_timerslack_ns prctl failed: Invalid argument
01-03 09:33:49.649 10359 10370 E SchedPolicy: set_timerslack_ns prctl failed: Invalid argument
01-03 09:33:49.649 10359 10370 E SchedPolicy: set_timerslack_ns prctl failed: Invalid argument
01-03 09:33:49.649 10359 10370 E SchedPolicy: set_timerslack_ns prctl failed: Invalid argument
01-03 09:33:49.649 10359 10370 E SchedPolicy: set_timerslack_ns prctl failed: Invalid argument
01-03 09:33:49.659 13167 13578 I UsageReportingOptionsSt: (REDACTED) User 0 is opted-in? %b
01-03 09:33:49.660 13167 13578 I UsageReportingOptionsSt: (REDACTED) Updating global setting to %b
01-03 09:33:49.705 13517 13591 I WM-WorkerWrapper: Worker result SUCCESS for Work [ id=56b312a1-4b2e-4a79-a269-47cf2fb25abe, tags={ com.google.apps.tiktok.contrib.work.TikTokListenableWorker, TikTokWorker#com.google.apps.tiktok.sync.impl.workmanager.SyncWorker } ]
01-03 09:33:49.729 13167 13304 I NetworkScheduler.Stats: (REDACTED) Task %s/%s started execution. cause:%s exec_start_elapsed_seconds: %s
01-03 09:33:49.746 13167 13171 I art : Compiler allocated 6MB to compile int dswl.a(java.lang.Object)
01-03 09:33:49.777 13167 13177 I art : Background sticky concurrent mark sweep GC freed 54035(3MB) AllocSpace objects, 11(228KB) LOS objects, 13% free, 12MB/14MB, paused 12.641ms total 357.558ms
01-03 09:33:49.798 10359 11440 E SchedPolicy: set_timerslack_ns prctl failed: Invalid argument
01-03 09:33:49.798 10359 11358 E SchedPolicy: set_timerslack_ns prctl failed: Invalid argument
01-03 09:33:49.802 10359 10830 I ActivityManager: Killing 12139:com.google.android.apps.inputmethod.hindi/u0a51 (adj 906): empty #17
01-03 09:33:49.806 10359 11358 E SchedPolicy: set_timerslack_ns prctl failed: Invalid argument
01-03 09:33:49.814 10792 13572 I Wear_Controller: Wearable module requires a companion app to be installed.
01-03 09:33:49.814 10792 13572 I Wear_Controller: onStartup - Wear is not available on this device.
01-03 09:33:49.857 10359 11022 E SchedPolicy: set_timerslack_ns prctl failed: Invalid argument
01-03 09:33:49.857 10359 12398 E SchedPolicy: set_timerslack_ns prctl failed: Invalid argument
01-03 09:33:49.857 10359 10370 E SchedPolicy: set_timerslack_ns prctl failed: Invalid argument
01-03 09:33:49.857 10359 10370 E SchedPolicy: set_timerslack_ns prctl failed: Invalid argument
01-03 09:33:49.857 10359 10370 E SchedPolicy: set_timerslack_ns prctl failed: Invalid argument
01-03 09:33:49.857 10359 10370 E SchedPolicy: set_timerslack_ns prctl failed: Invalid argument
01-03 09:33:49.857 10359 10370 E SchedPolicy: set_timerslack_ns prctl failed: Invalid argument
01-03 09:33:49.857 10359 11022 D ActivityManager: cleanUpApplicationRecord -- 12139
01-03 09:33:49.906 10359 11022 E SchedPolicy: set_timerslack_ns prctl failed: Invalid argument
01-03 09:33:49.906 10359 11022 E SchedPolicy: set_timerslack_ns prctl failed: Invalid argument
01-03 09:33:49.906 10359 11022 E SchedPolicy: set_timerslack_ns prctl failed: Invalid argument
01-03 09:33:49.906 10359 11022 E SchedPolicy: set_timerslack_ns prctl failed: Invalid argument
01-03 09:33:49.906 10359 11022 E SchedPolicy: set_timerslack_ns prctl failed: Invalid argument
01-03 09:33:49.907 10359 11022 E SchedPolicy: set_timerslack_ns prctl failed: Invalid argument
01-03 09:33:49.907 10359 11022 E SchedPolicy: set_timerslack_ns prctl failed: Invalid argument
01-03 09:33:49.907 10359 11022 E SchedPolicy: set_timerslack_ns prctl failed: Invalid argument
01-03 09:33:49.907 10359 11022 E SchedPolicy: set_timerslack_ns prctl failed: Invalid argument
01-03 09:33:49.907 10359 11022 E SchedPolicy: set_timerslack_ns prctl failed: Invalid argument
01-03 09:33:49.907 10359 11022 E SchedPolicy: set_timerslack_ns prctl failed: Invalid argument
01-03 09:33:49.907 10359 11022 E SchedPolicy: set_timerslack_ns prctl failed: Invalid argument
01-03 09:33:49.907 10359 11022 E SchedPolicy: set_timerslack_ns prctl failed: Invalid argument
01-03 09:33:49.907 10359 11022 E SchedPolicy: set_timerslack_ns prctl failed: Invalid argument
01-03 09:33:49.907 10359 11022 E SchedPolicy: set_timerslack_ns prctl failed: Invalid argument
01-03 09:33:49.923 10359 10456 E SchedPolicy: set_timerslack_ns prctl failed: Invalid argument
01-03 09:33:49.928 10359 11022 E SchedPolicy: set_timerslack_ns prctl failed: Invalid argument
01-03 09:33:49.933 13167 13171 I art : Do full code cache collection, code=162KB, data=251KB
01-03 09:33:49.945 13167 13171 I art : Starting a blocking GC JitCodeCache
01-03 09:33:49.946 13167 13171 I art : After code cache collection, code=127KB, data=123KB
01-03 09:33:49.946 10359 11191 E SchedPolicy: set_timerslack_ns prctl failed: Invalid argument
01-03 09:33:49.947 10359 10570 E SchedPolicy: set_timerslack_ns prctl failed: Invalid argument
01-03 09:33:49.947 10359 10570 E SchedPolicy: set_timerslack_ns prctl failed: Invalid argument
01-03 09:33:49.947 10359 10570 E SchedPolicy: set_timerslack_ns prctl failed: Invalid argument
01-03 09:33:49.947 10359 10570 E SchedPolicy: set_timerslack_ns prctl failed: Invalid argument
01-03 09:33:49.947 10359 10570 E SchedPolicy: set_timerslack_ns prctl failed: Invalid argument
01-03 09:33:49.947 10359 10570 E SchedPolicy: set_timerslack_ns prctl failed: Invalid argument
01-03 09:33:49.947 10359 10570 E SchedPolicy: set_timerslack_ns prctl failed: Invalid argument
01-03 09:33:49.947 10359 10570 E SchedPolicy: set_timerslack_ns prctl failed: Invalid argument
01-03 09:33:49.947 10359 10570 E SchedPolicy: set_timerslack_ns prctl failed: Invalid argument
01-03 09:33:49.947 10359 10570 E SchedPolicy: set_timerslack_ns prctl failed: Invalid argument
01-03 09:33:49.947 10359 10570 E SchedPolicy: set_timerslack_ns prctl failed: Invalid argument
01-03 09:33:49.947 10359 10570 E SchedPolicy: set_timerslack_ns prctl failed: Invalid argument
01-03 09:33:49.947 10359 10570 E SchedPolicy: set_timerslack_ns prctl failed: Invalid argument
01-03 09:33:49.947 10359 10570 E SchedPolicy: set_timerslack_ns prctl failed: Invalid argument
01-03 09:33:49.947 10359 10570 E SchedPolicy: set_timerslack_ns prctl failed: Invalid argument
01-03 09:33:49.985 13167 13214 W IntermediateTokenStoreUtil: [GetTokenResponseHandler] Failed to get boot count
01-03 09:33:49.985 13167 13214 W IntermediateTokenStoreUtil: android.provider.Settings$SettingNotFoundException: boot_count
01-03 09:33:49.985 13167 13214 W IntermediateTokenStoreUtil: at android.provider.Settings$Global.getInt(Settings.java:9209)
01-03 09:33:49.985 13167 13214 W IntermediateTokenStoreUtil: at pmd.a(:com.google.android.gms@233414015@23.34.14 (040300-560151436):14)
01-03 09:33:49.985 13167 13214 W IntermediateTokenStoreUtil: at qby.a(:com.google.android.gms@233414015@23.34.14 (040300-560151436):857)
01-03 09:33:49.985 13167 13214 W IntermediateTokenStoreUtil: at qce.b(:com.google.android.gms@233414015@23.34.14 (040300-560151436):94)
01-03 09:33:49.985 13167 13214 W IntermediateTokenStoreUtil: at qcb.a(:com.google.android.gms@233414015@23.34.14 (040300-560151436):612)
01-03 09:33:49.985 13167 13214 W IntermediateTokenStoreUtil: at pvf.h(:com.google.android.gms@233414015@23.34.14 (040300-560151436):3)
01-03 09:33:49.985 13167 13214 W IntermediateTokenStoreUtil: at knx.m(:com.google.android.gms@233414015@23.34.14 (040300-560151436):284)
01-03 09:33:49.985 13167 13214 W IntermediateTokenStoreUtil: at knx.e(:com.google.android.gms@233414015@23.34.14 (040300-560151436):1327)
01-03 09:33:49.985 13167 13214 W IntermediateTokenStoreUtil: at knx.h(:com.google.android.gms@233414015@23.34.14 (040300-560151436):2)
01-03 09:33:49.985 13167 13214 W IntermediateTokenStoreUtil: at knx.eP(:com.google.android.gms@233414015@23.34.14 (040300-560151436):147)
01-03 09:33:49.985 13167 13214 W IntermediateTokenStoreUtil: at kla.onTransact(:com.google.android.gms@233414015@23.34.14 (040300-560151436):117)
01-03 09:33:49.985 13167 13214 W IntermediateTokenStoreUtil: at android.os.Binder.transact(Binder.java:499)
01-03 09:33:49.985 13167 13214 W IntermediateTokenStoreUtil: at ayxv.onTransact(:com.google.android.gms@233414015@23.34.14 (040300-560151436):10)
01-03 09:33:49.985 13167 13214 W IntermediateTokenStoreUtil: at android.os.Binder.transact(Binder.java:499)
01-03 09:33:49.985 13167 13214 W IntermediateTokenStoreUtil: at asxe.onTransact(:com.google.android.gms@233414015@23.34.14 (040300-560151436):147)
01-03 09:33:49.985 13167 13214 W IntermediateTokenStoreUtil: at android.os.Binder.execTransact(Binder.java:565)
01-03 09:33:49.993 13167 13167 D BoundBrokerSvc: onBind: Intent { act=com.google.android.gms.udc.service.START dat=chimera-action: cmp=com.google.android.gms/.chimera.PersistentApiService }
01-03 09:33:49.993 13167 13167 D BoundBrokerSvc: Loading bound service for intent: Intent { act=com.google.android.gms.udc.service.START dat=chimera-action: cmp=com.google.android.gms/.chimera.PersistentApiService }
