01-03 09:33:50.411 10359 10359 W PackageManager: Unable to load service info ResolveInfo{3e4e9d9 com.google.android.apps.docs/.common.sync.syncadapter.DocsSyncAdapterService m=0x108000}
01-03 09:33:50.411 10359 10359 W PackageManager: org.xmlpull.v1.XmlPullParserException: No android.content.SyncAdapter meta-data
01-03 09:33:50.411 10359 10359 W PackageManager: at android.content.pm.RegisteredServicesCache.parseServiceInfo(RegisteredServicesCache.java:594)
01-03 09:33:50.411 10359 10359 W PackageManager: at android.content.pm.RegisteredServicesCache.generateServicesMap(RegisteredServicesCache.java:435)
01-03 09:33:50.411 10359 10359 W PackageManager: at android.content.pm.RegisteredServicesCache.handlePackageEvent(RegisteredServicesCache.java:200)
01-03 09:33:50.411 10359 10359 W PackageManager: at android.content.pm.RegisteredServicesCache.-wrap0(RegisteredServicesCache.java)
01-03 09:33:50.411 10359 10359 W PackageManager: at android.content.pm.RegisteredServicesCache$1.onReceive(RegisteredServicesCache.java:209)
01-03 09:33:50.411 10359 10359 W PackageManager: at android.app.LoadedApk$ReceiverDispatcher$Args.run(LoadedApk.java:1122)
01-03 09:33:50.411 10359 10359 W PackageManager: at android.os.Handler.handleCallback(Handler.java:758)
01-03 09:33:50.411 10359 10359 W PackageManager: at android.os.Handler.dispatchMessage(Handler.java:95)
01-03 09:33:50.411 10359 10359 W PackageManager: at android.os.Looper.loop(Looper.java:154)
01-03 09:33:50.411 10359 10359 W PackageManager: at com.android.server.SystemServer.run(SystemServer.java:361)
01-03 09:33:50.411 10359 10359 W PackageManager: at com.android.server.SystemServer.main(SystemServer.java:228)
01-03 09:33:50.411 10359 10359 W PackageManager: at java.lang.reflect.Method.invoke(Native Method)
01-03 09:33:50.411 10359 10359 W PackageManager: at com.android.internal.os.ZygoteInit$MethodAndArgsCaller.run(ZygoteInit.java:914)
01-03 09:33:50.411 10359 10359 W PackageManager: at com.android.internal.os.ZygoteInit.main(ZygoteInit.java:804)
01-03 09:33:50.411 10359 10359 W ResourceType: No known package when getting value for resource number 0x7f190019
01-03 09:33:50.415 10359 10359 W PackageManager: Failure retrieving xml 0x7f190019 in package com.google.android.gms
01-03 09:33:50.415 10359 10359 W PackageManager: android.content.res.Resources$NotFoundException: Resource ID #0x7f190019
01-03 09:33:50.415 10359 10359 W PackageManager: at android.content.res.ResourcesImpl.getValue(ResourcesImpl.java:190)
01-03 09:33:50.415 10359 10359 W PackageManager: at android.content.res.Resources.loadXmlResourceParser(Resources.java:2101)
01-03 09:33:50.415 10359 10359 W PackageManager: at android.content.res.Resources.getXml(Resources.java:1164)
01-03 09:33:50.415 10359 10359 W PackageManager: at android.app.ApplicationPackageManager.getXml(ApplicationPackageManager.java:1541)
01-03 09:33:50.415 10359 10359 W PackageManager: at android.content.pm.PackageItemInfo.loadXmlMetaData(PackageItemInfo.java:343)
01-03 09:33:50.415 10359 10359 W PackageManager: at android.content.pm.RegisteredServicesCache.parseServiceInfo(RegisteredServicesCache.java:592)
01-03 09:33:50.415 10359 10359 W PackageManager: at android.content.pm.RegisteredServicesCache.generateServicesMap(RegisteredServicesCache.java:435)
01-03 09:33:50.415 10359 10359 W PackageManager: at android.content.pm.RegisteredServicesCache.handlePackageEvent(RegisteredServicesCache.java:200)
01-03 09:33:50.415 10359 10359 W PackageManager: at android.content.pm.RegisteredServicesCache.-wrap0(RegisteredServicesCache.java)
01-03 09:33:50.415 10359 10359 W PackageManager: at android.content.pm.RegisteredServicesCache$1.onReceive(RegisteredServicesCache.java:209)
01-03 09:33:50.415 10359 10359 W PackageManager: at android.app.LoadedApk$ReceiverDispatcher$Args.run(LoadedApk.java:1122)
01-03 09:33:50.415 10359 10359 W PackageManager: at android.os.Handler.handleCallback(Handler.java:758)
01-03 09:33:50.415 10359 10359 W PackageManager: at android.os.Handler.dispatchMessage(Handler.java:95)
01-03 09:33:50.415 10359 10359 W PackageManager: at android.os.Looper.loop(Looper.java:154)
01-03 09:33:50.415 10359 10359 W PackageManager: at com.android.server.SystemServer.run(SystemServer.java:361)
01-03 09:33:50.415 10359 10359 W PackageManager: at com.android.server.SystemServer.main(SystemServer.java:228)
01-03 09:33:50.415 10359 10359 W PackageManager: at java.lang.reflect.Method.invoke(Native Method)
01-03 09:33:50.415 10359 10359 W PackageManager: at com.android.internal.os.ZygoteInit$MethodAndArgsCaller.run(ZygoteInit.java:914)
01-03 09:33:50.415 10359 10359 W PackageManager: at com.android.internal.os.ZygoteInit.main(ZygoteInit.java:804)
01-03 09:33:50.416 10359 10359 W PackageManager: Unable to load service info ResolveInfo{28dda4c com.google.android.gms/.chromesync.sync.SyncService m=0x108000}
01-03 09:33:50.416 10359 10359 W PackageManager: org.xmlpull.v1.XmlPullParserException: No android.content.SyncAdapter meta-data
01-03 09:33:50.416 10359 10359 W PackageManager: at android.content.pm.RegisteredServicesCache.parseServiceInfo(RegisteredServicesCache.java:594)
01-03 09:33:50.416 10359 10359 W PackageManager: at android.content.pm.RegisteredServicesCache.generateServicesMap(RegisteredServicesCache.java:435)
01-03 09:33:50.416 10359 10359 W PackageManager: at android.content.pm.RegisteredServicesCache.handlePackageEvent(RegisteredServicesCache.java:200)
01-03 09:33:50.416 10359 10359 W PackageManager: at android.content.pm.RegisteredServicesCache.-wrap0(RegisteredServicesCache.java)
01-03 09:33:50.416 10359 10359 W PackageManager: at android.content.pm.RegisteredServicesCache$1.onReceive(RegisteredServicesCache.java:209)
01-03 09:33:50.416 10359 10359 W PackageManager: at android.app.LoadedApk$ReceiverDispatcher$Args.run(LoadedApk.java:1122)
01-03 09:33:50.416 10359 10359 W PackageManager: at android.os.Handler.handleCallback(Handler.java:758)
01-03 09:33:50.416 10359 10359 W PackageManager: at android.os.Handler.dispatchMessage(Handler.java:95)
01-03 09:33:50.416 10359 10359 W PackageManager: at android.os.Looper.loop(Looper.java:154)
01-03 09:33:50.416 10359 10359 W PackageManager: at com.android.server.SystemServer.run(SystemServer.java:361)
01-03 09:33:50.416 10359 10359 W PackageManager: at com.android.server.SystemServer.main(SystemServer.java:228)
01-03 09:33:50.416 10359 10359 W PackageManager: at java.lang.reflect.Method.invoke(Native Method)
01-03 09:33:50.416 10359 10359 W PackageManager: at com.android.internal.os.ZygoteInit$MethodAndArgsCaller.run(ZygoteInit.java:914)
01-03 09:33:50.416 10359 10359 W PackageManager: at com.android.internal.os.ZygoteInit.main(ZygoteInit.java:804)
01-03 09:33:50.416 10359 10359 W ResourceType: No known package when getting value for resource number 0x7f190047
01-03 09:33:50.416 10359 12284 E SchedPolicy: set_timerslack_ns prctl failed: Invalid argument
01-03 09:33:50.416 10359 10359 W PackageManager: Failure retrieving xml 0x7f190047 in package com.google.android.gms
01-03 09:33:50.416 10359 10359 W PackageManager: android.content.res.Resources$NotFoundException: Resource ID #0x7f190047
01-03 09:33:50.416 10359 10359 W PackageManager: at android.content.res.ResourcesImpl.getValue(ResourcesImpl.java:190)
01-03 09:33:50.416 10359 10359 W PackageManager: at android.content.res.Resources.loadXmlResourceParser(Resources.java:2101)
01-03 09:33:50.416 10359 10359 W PackageManager: at android.content.res.Resources.getXml(Resources.java:1164)
01-03 09:33:50.416 10359 10359 W PackageManager: at android.app.ApplicationPackageManager.getXml(ApplicationPackageManager.java:1541)
01-03 09:33:50.416 10359 10359 W PackageManager: at android.content.pm.PackageItemInfo.loadXmlMetaData(PackageItemInfo.java:343)
01-03 09:33:50.416 10359 10359 W PackageManager: at android.content.pm.RegisteredServicesCache.parseServiceInfo(RegisteredServicesCache.java:592)
01-03 09:33:50.416 10359 10359 W PackageManager: at android.content.pm.RegisteredServicesCache.generateServicesMap(RegisteredServicesCache.java:435)
01-03 09:33:50.416 10359 10359 W PackageManager: at android.content.pm.RegisteredServicesCache.handlePackageEvent(RegisteredServicesCache.java:200)
01-03 09:33:50.416 10359 10359 W PackageManager: at android.content.pm.RegisteredServicesCache.-wrap0(RegisteredServicesCache.java)
01-03 09:33:50.416 10359 10359 W PackageManager: at android.content.pm.RegisteredServicesCache$1.onReceive(RegisteredServicesCache.java:209)
01-03 09:33:50.416 10359 10359 W PackageManager: at android.app.LoadedApk$ReceiverDispatcher$Args.run(LoadedApk.java:1122)
01-03 09:33:50.416 10359 10359 W PackageManager: at android.os.Handler.handleCallback(Handler.java:758)
01-03 09:33:50.416 10359 10359 W PackageManager: at android.os.Handler.dispatchMessage(Handler.java:95)
01-03 09:33:50.416 10359 10359 W PackageManager: at android.os.Looper.loop(Looper.java:154)
01-03 09:33:50.416 10359 10359 W PackageManager: at com.android.server.SystemServer.run(SystemServer.java:361)
01-03 09:33:50.416 10359 10359 W PackageManager: at com.android.server.SystemServer.main(SystemServer.java:228)
01-03 09:33:50.416 10359 10359 W PackageManager: at java.lang.reflect.Method.invoke(Native Method)
01-03 09:33:50.416 10359 10359 W PackageManager: at com.android.internal.os.ZygoteInit$MethodAndArgsCaller.run(ZygoteInit.java:914)
01-03 09:33:50.416 10359 10359 W PackageManager: at com.android.internal.os.ZygoteInit.main(ZygoteInit.java:804)
01-03 09:33:50.417 10359 12284 E SchedPolicy: set_timerslack_ns prctl failed: Invalid argument
01-03 09:33:50.417 10359 10359 W PackageManager: Unable to load service info ResolveInfo{984476 com.google.android.gms/.fitness.sync.FitnessSyncAdapterService m=0x108000}
01-03 09:33:50.417 10359 10359 W PackageManager: org.xmlpull.v1.XmlPullParserException: No android.content.SyncAdapter meta-data
01-03 09:33:50.417 10359 10359 W PackageManager: at android.content.pm.RegisteredServicesCache.parseServiceInfo(RegisteredServicesCache.java:594)
01-03 09:33:50.417 10359 10359 W PackageManager: at android.content.pm.RegisteredServicesCache.generateServicesMap(RegisteredServicesCache.java:435)
01-03 09:33:50.417 10359 10359 W PackageManager: at android.content.pm.RegisteredServicesCache.handlePackageEvent(RegisteredServicesCache.java:200)
01-03 09:33:50.417 10359 10359 W PackageManager: at android.content.pm.RegisteredServicesCache.-wrap0(RegisteredServicesCache.java)
01-03 09:33:50.417 10359 10359 W PackageManager: at android.content.pm.RegisteredServicesCache$1.onReceive(RegisteredServicesCache.java:209)
01-03 09:33:50.417 10359 10359 W PackageManager: at android.app.LoadedApk$ReceiverDispatcher$Args.run(LoadedApk.java:1122)
01-03 09:33:50.417 10359 10359 W PackageManager: at android.os.Handler.handleCallback(Handler.java:758)
01-03 09:33:50.417 10359 10359 W PackageManager: at android.os.Handler.dispatchMessage(Handler.java:95)
01-03 09:33:50.417 10359 10359 W PackageManager: at android.os.Looper.loop(Looper.java:154)
01-03 09:33:50.417 10359 10359 W PackageManager: at com.android.server.SystemServer.run(SystemServer.java:361)
01-03 09:33:50.417 10359 10359 W PackageManager: at com.android.server.SystemServer.main(SystemServer.java:228)
01-03 09:33:50.417 10359 10359 W PackageManager: at java.lang.reflect.Method.invoke(Native Method)
01-03 09:33:50.417 10359 10359 W PackageManager: at com.android.internal.os.ZygoteInit$MethodAndArgsCaller.run(ZygoteInit.java:914)
01-03 09:33:50.417 10359 10359 W PackageManager: at com.android.internal.os.ZygoteInit.main(ZygoteInit.java:804)
01-03 09:33:50.417 10359 10359 W ResourceType: No known package when getting value for resource number 0x7f190048
01-03 09:33:50.418 10359 10359 W PackageManager: Failure retrieving xml 0x7f190048 in package com.google.android.gms
01-03 09:33:50.418 10359 10359 W PackageManager: android.content.res.Resources$NotFoundException: Resource ID #0x7f190048
01-03 09:33:50.418 10359 10359 W PackageManager: at android.content.res.ResourcesImpl.getValue(ResourcesImpl.java:190)
01-03 09:33:50.418 10359 10359 W PackageManager: at android.content.res.Resources.loadXmlResourceParser(Resources.java:2101)
01-03 09:33:50.418 10359 10359 W PackageManager: at android.content.res.Resources.getXml(Resources.java:1164)
01-03 09:33:50.418 10359 10359 W PackageManager: at android.app.ApplicationPackageManager.getXml(ApplicationPackageManager.java:1541)
01-03 09:33:50.418 10359 10359 W PackageManager: at android.content.pm.PackageItemInfo.loadXmlMetaData(PackageItemInfo.java:343)
01-03 09:33:50.418 10359 10359 W PackageManager: at android.content.pm.RegisteredServicesCache.parseServiceInfo(RegisteredServicesCache.java:592)
01-03 09:33:50.418 10359 10359 W PackageManager: at android.content.pm.RegisteredServicesCache.generateServicesMap(RegisteredServicesCache.java:435)
01-03 09:33:50.418 10359 10359 W PackageManager: at android.content.pm.RegisteredServicesCache.handlePackageEvent(RegisteredServicesCache.java:200)
01-03 09:33:50.418 10359 10359 W PackageManager: at android.content.pm.RegisteredServicesCache.-wrap0(RegisteredServicesCache.java)
01-03 09:33:50.418 10359 10359 W PackageManager: at android.content.pm.RegisteredServicesCache$1.onReceive(RegisteredServicesCache.java:209)
01-03 09:33:50.418 10359 10359 W PackageManager: at android.app.LoadedApk$ReceiverDispatcher$Args.run(LoadedApk.java:1122)
01-03 09:33:50.418 10359 10359 W PackageManager: at android.os.Handler.handleCallback(Handler.java:758)
01-03 09:33:50.418 10359 10359 W PackageManager: at android.os.Handler.dispatchMessage(Handler.java:95)
01-03 09:33:50.418 10359 10359 W PackageManager: at android.os.Looper.loop(Looper.java:154)
01-03 09:33:50.418 10359 10359 W PackageManager: at com.android.server.SystemServer.run(SystemServer.java:361)
01-03 09:33:50.418 10359 10359 W PackageManager: at com.android.server.SystemServer.main(SystemServer.java:228)
01-03 09:33:50.418 10359 10359 W PackageManager: at java.lang.reflect.Method.invoke(Native Method)
01-03 09:33:50.418 10359 10359 W PackageManager: at com.android.internal.os.ZygoteInit$MethodAndArgsCaller.run(ZygoteInit.java:914)
01-03 09:33:50.418 10359 10359 W PackageManager: at com.android.internal.os.ZygoteInit.main(ZygoteInit.java:804)
01-03 09:33:50.418 10359 10359 W PackageManager: Unable to load service info ResolveInfo{291374d com.google.android.gms/.games.chimera.GamesSyncServiceMainProxy m=0x108000}
01-03 09:33:50.418 10359 10359 W PackageManager: org.xmlpull.v1.XmlPullParserException: No android.content.SyncAdapter meta-data
01-03 09:33:50.418 10359 10359 W PackageManager: at android.content.pm.RegisteredServicesCache.parseServiceInfo(RegisteredServicesCache.java:594)
01-03 09:33:50.418 10359 10359 W PackageManager: at android.content.pm.RegisteredServicesCache.generateServicesMap(RegisteredServicesCache.java:435)
01-03 09:33:50.418 10359 10359 W PackageManager: at android.content.pm.RegisteredServicesCache.handlePackageEvent(RegisteredServicesCache.java:200)
01-03 09:33:50.418 10359 10359 W PackageManager: at android.content.pm.RegisteredServicesCache.-wrap0(RegisteredServicesCache.java)
01-03 09:33:50.418 10359 10359 W PackageManager: at android.content.pm.RegisteredServicesCache$1.onReceive(RegisteredServicesCache.java:209)
01-03 09:33:50.418 10359 10359 W PackageManager: at android.app.LoadedApk$ReceiverDispatcher$Args.run(LoadedApk.java:1122)
01-03 09:33:50.418 10359 10359 W PackageManager: at android.os.Handler.handleCallback(Handler.java:758)
01-03 09:33:50.418 10359 10359 W PackageManager: at android.os.Handler.dispatchMessage(Handler.java:95)
01-03 09:33:50.418 10359 10359 W PackageManager: at android.os.Looper.loop(Looper.java:154)
01-03 09:33:50.418 10359 10359 W PackageManager: at com.android.server.SystemServer.run(SystemServer.java:361)
01-03 09:33:50.418 10359 10359 W PackageManager: at com.android.server.SystemServer.main(SystemServer.java:228)
01-03 09:33:50.418 10359 10359 W PackageManager: at java.lang.reflect.Method.invoke(Native Method)
01-03 09:33:50.418 10359 10359 W PackageManager: at com.android.internal.os.ZygoteInit$MethodAndArgsCaller.run(ZygoteInit.java:914)
01-03 09:33:50.418 10359 10359 W PackageManager: at com.android.internal.os.ZygoteInit.main(ZygoteInit.java:804)
01-03 09:33:50.418 10359 10359 W ResourceType: No known package when getting value for resource number 0x7f190049
01-03 09:33:50.419 10359 10359 W PackageManager: Failure retrieving xml 0x7f190049 in package com.google.android.gms
01-03 09:33:50.419 10359 10359 W PackageManager: android.content.res.Resources$NotFoundException: Resource ID #0x7f190049
01-03 09:33:50.419 10359 10359 W PackageManager: at android.content.res.ResourcesImpl.getValue(ResourcesImpl.java:190)
01-03 09:33:50.419 10359 10359 W PackageManager: at android.content.res.Resources.loadXmlResourceParser(Resources.java:2101)
01-03 09:33:50.419 10359 10359 W PackageManager: at android.content.res.Resources.getXml(Resources.java:1164)
01-03 09:33:50.419 10359 10359 W PackageManager: at android.app.ApplicationPackageManager.getXml(ApplicationPackageManager.java:1541)
01-03 09:33:50.419 10359 10359 W PackageManager: at android.content.pm.PackageItemInfo.loadXmlMetaData(PackageItemInfo.java:343)
01-03 09:33:50.419 10359 10359 W PackageManager: at android.content.pm.RegisteredServicesCache.parseServiceInfo(RegisteredServicesCache.java:592)
01-03 09:33:50.419 10359 10359 W PackageManager: at android.content.pm.RegisteredServicesCache.generateServicesMap(RegisteredServicesCache.java:435)
01-03 09:33:50.419 10359 10359 W PackageManager: at android.content.pm.RegisteredServicesCache.handlePackageEvent(RegisteredServicesCache.java:200)
01-03 09:33:50.419 10359 10359 W PackageManager: at android.content.pm.RegisteredServicesCache.-wrap0(RegisteredServicesCache.java)
01-03 09:33:50.419 10359 10359 W PackageManager: at android.content.pm.RegisteredServicesCache$1.onReceive(RegisteredServicesCache.java:209)
01-03 09:33:50.419 10359 10359 W PackageManager: at android.app.LoadedApk$ReceiverDispatcher$Args.run(LoadedApk.java:1122)
01-03 09:33:50.419 10359 10359 W PackageManager: at android.os.Handler.handleCallback(Handler.java:758)
01-03 09:33:50.419 10359 10359 W PackageManager: at android.os.Handler.dispatchMessage(Handler.java:95)
01-03 09:33:50.419 10359 10359 W PackageManager: at android.os.Looper.loop(Looper.java:154)
01-03 09:33:50.419 10359 10359 W PackageManager: at com.android.server.SystemServer.run(SystemServer.java:361)
01-03 09:33:50.419 10359 10359 W PackageManager: at com.android.server.SystemServer.main(SystemServer.java:228)
01-03 09:33:50.419 10359 10359 W PackageManager: at java.lang.reflect.Method.invoke(Native Method)
01-03 09:33:50.419 10359 10359 W PackageManager: at com.android.internal.os.ZygoteInit$MethodAndArgsCaller.run(ZygoteInit.java:914)
01-03 09:33:50.419 10359 10359 W PackageManager: at com.android.internal.os.ZygoteInit.main(ZygoteInit.java:804)
01-03 09:33:50.419 10359 10359 W PackageManager: Unable to load service info ResolveInfo{ce5cd50 com.google.android.gms/.games.chimera.GamesSyncServiceNotificationProxy m=0x108000}
01-03 09:33:50.419 10359 10359 W PackageManager: org.xmlpull.v1.XmlPullParserException: No android.content.SyncAdapter meta-data
01-03 09:33:50.419 10359 10359 W PackageManager: at android.content.pm.RegisteredServicesCache.parseServiceInfo(RegisteredServicesCache.java:594)
01-03 09:33:50.419 10359 10359 W PackageManager: at android.content.pm.RegisteredServicesCache.generateServicesMap(RegisteredServicesCache.java:435)
01-03 09:33:50.419 10359 10359 W PackageManager: at android.content.pm.RegisteredServicesCache.handlePackageEvent(RegisteredServicesCache.java:200)
01-03 09:33:50.419 10359 10359 W PackageManager: at android.content.pm.RegisteredServicesCache.-wrap0(RegisteredServicesCache.java)
01-03 09:33:50.419 10359 10359 W PackageManager: at android.content.pm.RegisteredServicesCache$1.onReceive(RegisteredServicesCache.java:209)
01-03 09:33:50.419 10359 10359 W PackageManager: at android.app.LoadedApk$ReceiverDispatcher$Args.run(LoadedApk.java:1122)
01-03 09:33:50.419 10359 10359 W PackageManager: at android.os.Handler.handleCallback(Handler.java:758)
01-03 09:33:50.419 10359 10359 W PackageManager: at android.os.Handler.dispatchMessage(Handler.java:95)
01-03 09:33:50.419 10359 10359 W PackageManager: at android.os.Looper.loop(Looper.java:154)
01-03 09:33:50.419 10359 10359 W PackageManager: at com.android.server.SystemServer.run(SystemServer.java:361)
01-03 09:33:50.419 10359 10359 W PackageManager: at com.android.server.SystemServer.main(SystemServer.java:228)
01-03 09:33:50.419 10359 10359 W PackageManager: at java.lang.reflect.Method.invoke(Native Method)
01-03 09:33:50.419 10359 10359 W PackageManager: at com.android.internal.os.ZygoteInit$MethodAndArgsCaller.run(ZygoteInit.java:914)
01-03 09:33:50.419 10359 10359 W PackageManager: at com.android.internal.os.ZygoteInit.main(ZygoteInit.java:804)
01-03 09:33:50.419 10359 10359 W ResourceType: No known package when getting value for resource number 0x7f19007c
01-03 09:33:50.420 10359 10359 W PackageManager: Failure retrieving xml 0x7f19007c in package com.google.android.gms
01-03 09:33:50.420 10359 10359 W PackageManager: android.content.res.Resources$NotFoundException: Resource ID #0x7f19007c
01-03 09:33:50.420 10359 10359 W PackageManager: at android.content.res.ResourcesImpl.getValue(ResourcesImpl.java:190)
01-03 09:33:50.420 10359 10359 W PackageManager: at android.content.res.Resources.loadXmlResourceParser(Resources.java:2101)
01-03 09:33:50.420 10359 10359 W PackageManager: at android.content.res.Resources.getXml(Resources.java:1164)
01-03 09:33:50.420 10359 10359 W PackageManager: at android.app.ApplicationPackageManager.getXml(ApplicationPackageManager.java:1541)
01-03 09:33:50.420 10359 10359 W PackageManager: at android.content.pm.PackageItemInfo.loadXmlMetaData(PackageItemInfo.java:343)
01-03 09:33:50.420 10359 10359 W PackageManager: at android.content.pm.RegisteredServicesCache.parseServiceInfo(RegisteredServicesCache.java:592)
01-03 09:33:50.420 10359 10359 W PackageManager: at android.content.pm.RegisteredServicesCache.generateServicesMap(RegisteredServicesCache.java:435)
01-03 09:33:50.420 10359 10359 W PackageManager: at android.content.pm.RegisteredServicesCache.handlePackageEvent(RegisteredServicesCache.java:200)
01-03 09:33:50.420 10359 10359 W PackageManager: at android.content.pm.RegisteredServicesCache.-wrap0(RegisteredServicesCache.java)
01-03 09:33:50.420 10359 10359 W PackageManager: at android.content.pm.RegisteredServicesCache$1.onReceive(RegisteredServicesCache.java:209)
01-03 09:33:50.420 10359 10359 W PackageManager: at android.app.LoadedApk$ReceiverDispatcher$Args.run(LoadedApk.java:1122)
01-03 09:33:50.420 10359 10359 W PackageManager: at android.os.Handler.handleCallback(Handler.java:758)
01-03 09:33:50.420 10359 10359 W PackageManager: at android.os.Handler.dispatchMessage(Handler.java:95)
01-03 09:33:50.420 10359 10359 W PackageManager: at android.os.Looper.loop(Looper.java:154)
01-03 09:33:50.420 10359 10359 W PackageManager: at com.android.server.SystemServer.run(SystemServer.java:361)
01-03 09:33:50.420 10359 10359 W PackageManager: at com.android.server.SystemServer.main(SystemServer.java:228)
01-03 09:33:50.420 10359 10359 W PackageManager: at java.lang.reflect.Method.invoke(Native Method)
01-03 09:33:50.420 10359 10359 W PackageManager: at com.android.internal.os.ZygoteInit$MethodAndArgsCaller.run(ZygoteInit.java:914)
01-03 09:33:50.420 10359 10359 W PackageManager: at com.android.internal.os.ZygoteInit.main(ZygoteInit.java:804)
01-03 09:33:50.420 10359 10359 W PackageManager: Unable to load service info ResolveInfo{855116f com.google.android.gms/com.google.android.location.reporting.service.ReportingSyncService m=0x108000}
01-03 09:33:50.420 10359 10359 W PackageManager: org.xmlpull.v1.XmlPullParserException: No android.content.SyncAdapter meta-data
01-03 09:33:50.420 10359 10359 W PackageManager: at android.content.pm.RegisteredServicesCache.parseServiceInfo(RegisteredServicesCache.java:594)
01-03 09:33:50.420 10359 10359 W PackageManager: at android.content.pm.RegisteredServicesCache.generateServicesMap(RegisteredServicesCache.java:435)
01-03 09:33:50.420 10359 10359 W PackageManager: at android.content.pm.RegisteredServicesCache.handlePackageEvent(RegisteredServicesCache.java:200)
01-03 09:33:50.420 10359 10359 W PackageManager: at android.content.pm.RegisteredServicesCache.-wrap0(RegisteredServicesCache.java)
01-03 09:33:50.420 10359 10359 W PackageManager: at android.content.pm.RegisteredServicesCache$1.onReceive(RegisteredServicesCache.java:209)
01-03 09:33:50.420 10359 10359 W PackageManager: at android.app.LoadedApk$ReceiverDispatcher$Args.run(LoadedApk.java:1122)
01-03 09:33:50.420 10359 10359 W PackageManager: at android.os.Handler.handleCallback(Handler.java:758)
01-03 09:33:50.420 10359 10359 W PackageManager: at android.os.Handler.dispatchMessage(Handler.java:95)
01-03 09:33:50.420 10359 10359 W PackageManager: at android.os.Looper.loop(Looper.java:154)
01-03 09:33:50.420 10359 10359 W PackageManager: at com.android.server.SystemServer.run(SystemServer.java:361)
01-03 09:33:50.420 10359 10359 W PackageManager: at com.android.server.SystemServer.main(SystemServer.java:228)
01-03 09:33:50.420 10359 10359 W PackageManager: at java.lang.reflect.Method.invoke(Native Method)
01-03 09:33:50.420 10359 10359 W PackageManager: at com.android.internal.os.ZygoteInit$MethodAndArgsCaller.run(ZygoteInit.java:914)
01-03 09:33:50.420 10359 10359 W PackageManager: at com.android.internal.os.ZygoteInit.main(ZygoteInit.java:804)
01-03 09:33:50.520 13593 13593 W YT.MDX.wlh: CastAppId for type 0 not found. Defaulting to mainCastAppId.
01-03 09:33:50.546 13593 13593 W YT.MDX.wlh: CastAppId for type 0 not found. Defaulting to mainCastAppId.
01-03 09:33:50.559 13088 13108 E MendelPackageState: Failed to commit to config
01-03 09:33:50.559 13088 13108 E MendelPackageState: com.google.android.libraries.phenotype.client.a.h: 20: 20: The connection to Google Play services was lost due to service disconnection.
01-03 09:33:50.559 13088 13108 E MendelPackageState: at com.google.android.libraries.phenotype.client.a.j.apply(PG:1)01-03 09:33:50.559 13088 13108 E MendelPackageState: at com.google.common.util.concurrent.a.e(PG:2)
01-03 09:33:50.559 13088 13108 E MendelPackageState: at com.google.common.util.concurrent.c.run(PG:12)
01-03 09:33:50.559 13088 13108 E MendelPackageState: at com.google.common.util.concurrent.bf.execute(PG:1)
01-03 09:33:50.559 13088 13108 E MendelPackageState: at com.google.common.util.concurrent.d.i(PG:1)
01-03 09:33:50.559 13088 13108 E MendelPackageState: at com.google.common.util.concurrent.d.l(PG:12)
01-03 09:33:50.559 13088 13108 E MendelPackageState: at com.google.common.util.concurrent.d.o(PG:3)
01-03 09:33:50.559 13088 13108 E MendelPackageState: at com.google.android.libraries.v.c.a(PG:5)
01-03 09:33:50.559 13088 13108 E MendelPackageState: at com.google.android.gms.tasks.n.run(PG:1)
01-03 09:33:50.559 13088 13108 E MendelPackageState: at com.google.common.util.concurrent.bf.execute(PG:1)
01-03 09:33:50.559 13088 13108 E MendelPackageState: at com.google.android.gms.tasks.o.a(PG:3)
01-03 09:33:50.559 13088 13108 E MendelPackageState: at com.google.android.gms.tasks.ad.b(PG:5)
01-03 09:33:50.559 13088 13108 E MendelPackageState: at com.google.android.gms.tasks.aj.u(PG:4)
01-03 09:33:50.559 13088 13108 E MendelPackageState: at com.google.android.gms.common.api.internal.ad.a(PG:13)
01-03 09:33:50.559 13088 13108 E MendelPackageState: at com.google.android.gms.common.api.internal.bk.k(PG:7)
01-03 09:33:50.559 13088 13108 E MendelPackageState: at com.google.android.gms.common.api.internal.bk.kB(PG:2)
01-03 09:33:50.559 13088 13108 E MendelPackageState: at com.google.android.gms.common.api.internal.bk.s(PG:3)
01-03 09:33:50.559 13088 13108 E MendelPackageState: at com.google.android.gms.common.api.internal.bk.t(PG:5)
01-03 09:33:50.559 13088 13108 E MendelPackageState: at com.google.android.gms.common.api.internal.bk.f(PG:3)
01-03 09:33:50.559 13088 13108 E MendelPackageState: at com.google.android.gms.common.api.internal.bo.handleMessage(PG:95)
01-03 09:33:50.559 13088 13108 E MendelPackageState: at android.os.Handler.dispatchMessage(Handler.java:98)
01-03 09:33:50.559 13088 13108 E MendelPackageState: at android.os.Looper.loop(Looper.java:154)
01-03 09:33:50.559 13088 13108 E MendelPackageState: at android.os.HandlerThread.run(HandlerThread.java:61)
01-03 09:33:50.559 13088 13108 E MendelPackageState: Caused by: com.google.android.gms.common.api.n: 20: The connection to Google Play services was lost due to service disconnection.
01-03 09:33:50.559 13088 13108 E MendelPackageState: at com.google.android.gms.common.api.internal.ad.a(PG:12)
01-03 09:33:50.559 13088 13108 E MendelPackageState: ... 9 more
01-03 09:33:50.568 13088 13269 I GoogleAuthUtil: Error on service connection.
01-03 09:33:50.568 13088 13269 I GoogleAuthUtil: android.os.DeadObjectException
01-03 09:33:50.568 13088 13269 I GoogleAuthUtil: at android.os.BinderProxy.transactNative(Native Method)
01-03 09:33:50.568 13088 13269 I GoogleAuthUtil: at android.os.BinderProxy.transact(Binder.java:615)
01-03 09:33:50.568 13088 13269 I GoogleAuthUtil: at com.google.android.a.a.gQ(PG:2)
01-03 09:33:50.568 13088 13269 I GoogleAuthUtil: at com.google.android.gms.auth.h.a(PG:4)
01-03 09:33:50.568 13088 13269 I GoogleAuthUtil: at com.google.android.gms.auth.m.g(PG:11)
01-03 09:33:50.568 13088 13269 I GoogleAuthUtil: at com.google.android.gms.auth.m.f(PG:15)
01-03 09:33:50.568 13088 13269 I GoogleAuthUtil: at com.google.android.libraries.notifications.g.d.a.a.a.b.c(PG:3)
01-03 09:33:50.568 13088 13269 I GoogleAuthUtil: at com.google.android.libraries.notifications.g.d.a.a.a.b.b(PG:4)
01-03 09:33:50.568 13088 13269 I GoogleAuthUtil: at com.google.android.libraries.notifications.l.a.c.a(PG:8)
01-03 09:33:50.568 13088 13269 I GoogleAuthUtil: at com.google.android.libraries.notifications.l.a.a.h(PG:2)
01-03 09:33:50.568 13088 13269 I GoogleAuthUtil: at com.google.android.libraries.notifications.f.g.a.d.h(PG:9)
01-03 09:33:50.568 13088 13269 I GoogleAuthUtil: at com.google.android.libraries.notifications.f.h.a.t.a(PG:6)
01-03 09:33:50.568 13088 13269 I GoogleAuthUtil: at com.google.android.libraries.notifications.f.h.a.q.e(PG:8)
01-03 09:33:50.568 13088 13269 I GoogleAuthUtil: at com.google.android.libraries.notifications.entrypoints.scheduled.a.run(PG:1)
01-03 09:33:50.568 13088 13269 I GoogleAuthUtil: at com.google.apps.tiktok.tracing.ej.run(PG:2)
01-03 09:33:50.568 13088 13269 I GoogleAuthUtil: at com.google.android.libraries.i.ae.run(PG:1)
01-03 09:33:50.568 13088 13269 I GoogleAuthUtil: at java.util.concurrent.ThreadPoolExecutor.runWorker(ThreadPoolExecutor.java:1133)
01-03 09:33:50.568 13088 13269 I GoogleAuthUtil: at java.util.concurrent.ThreadPoolExecutor$Worker.run(ThreadPoolExecutor.java:607)
01-03 09:33:50.568 13088 13269 I GoogleAuthUtil: at com.google.android.libraries.i.i.run(PG:2)
01-03 09:33:50.568 13088 13269 I GoogleAuthUtil: at com.google.android.libraries.i.p.run(PG:4)
01-03 09:33:50.568 13088 13269 I GoogleAuthUtil: at java.lang.Thread.run(Thread.java:761)
01-03 09:33:50.606 13752 13752 W ResourceType: ResTable_typeSpec entry count inconsistent: given 88, previously 90
01-03 09:33:50.606 13752 13752 W ResourceType: ResTable_typeSpec entry count inconsistent: given 168, previously 172
01-03 09:33:50.606 13752 13752 W ResourceType: ResTable_typeSpec entry count inconsistent: given 3481, previously 3501
01-03 09:33:50.618 13088 13269 E GnpSdk : [ScheduledTaskServiceHandler] Job finished with PERMANENT_FAILURE. Job ID: '2000001001', key: 'RPC_STORE_TARGET'
01-03 09:33:50.618 13088 13269 E GnpSdk : java.io.IOException: Error on service connection.
01-03 09:33:50.618 13088 13269 E GnpSdk : at com.google.android.gms.auth.m.g(PG:13)
01-03 09:33:50.618 13088 13269 E GnpSdk : at com.google.android.gms.auth.m.f(PG:15)
01-03 09:33:50.618 13088 13269 E GnpSdk : at com.google.android.libraries.notifications.g.d.a.a.a.b.c(PG:3)
01-03 09:33:50.618 13088 13269 E GnpSdk : at com.google.android.libraries.notifications.g.d.a.a.a.b.b(PG:4)
01-03 09:33:50.618 13088 13269 E GnpSdk : at com.google.android.libraries.notifications.l.a.c.a(PG:8)
01-03 09:33:50.618 13088 13269 E GnpSdk : at com.google.android.libraries.notifications.l.a.a.h(PG:2)
01-03 09:33:50.618 13088 13269 E GnpSdk : at com.google.android.libraries.notifications.f.g.a.d.h(PG:9)
01-03 09:33:50.618 13088 13269 E GnpSdk : at com.google.android.libraries.notifications.f.h.a.t.a(PG:6)
01-03 09:33:50.618 13088 13269 E GnpSdk : at com.google.android.libraries.notifications.f.h.a.q.e(PG:8)
01-03 09:33:50.618 13088 13269 E GnpSdk : at com.google.android.libraries.notifications.entrypoints.scheduled.a.run(PG:1)
01-03 09:33:50.618 13088 13269 E GnpSdk : at com.google.apps.tiktok.tracing.ej.run(PG:2)
01-03 09:33:50.618 13088 13269 E GnpSdk : at com.google.android.libraries.i.ae.run(PG:1)
01-03 09:33:50.618 13088 13269 E GnpSdk : at java.util.concurrent.ThreadPoolExecutor.runWorker(ThreadPoolExecutor.java:1133)
01-03 09:33:50.618 13088 13269 E GnpSdk : at java.util.concurrent.ThreadPoolExecutor$Worker.run(ThreadPoolExecutor.java:607)
01-03 09:33:50.618 13088 13269 E GnpSdk : at com.google.android.libraries.i.i.run(PG:2)
01-03 09:33:50.618 13088 13269 E GnpSdk : at com.google.android.libraries.i.p.run(PG:4)
01-03 09:33:50.618 13088 13269 E GnpSdk : at java.lang.Thread.run(Thread.java:761)
01-03 09:33:50.618 13088 13269 E GnpSdk : Caused by: android.os.DeadObjectException
01-03 09:33:50.618 13088 13269 E GnpSdk : at android.os.BinderProxy.transactNative(Native Method)
01-03 09:33:50.618 13088 13269 E GnpSdk : at android.os.BinderProxy.transact(Binder.java:615)
01-03 09:33:50.618 13088 13269 E GnpSdk : at com.google.android.a.a.gQ(PG:2)
01-03 09:33:50.618 13088 13269 E GnpSdk : at com.google.android.gms.auth.h.a(PG:4)
01-03 09:33:50.618 13088 13269 E GnpSdk : at com.google.android.gms.auth.m.g(PG:11)
01-03 09:33:50.618 13088 13269 E GnpSdk : ... 16 more
01-03 09:33:50.669 13593 13603 W art : Suspending all threads took: 10.085ms
01-03 09:33:50.727 201 201 I lowmemorykiller: ActivityManager disconnected
01-03 09:33:50.727 201 201 I lowmemorykiller: Closing Activity Manager data connection
01-03 09:33:50.729 29763 29763 E : eof
01-03 09:33:50.730 29763 29763 E : failed to read size
01-03 09:33:50.730 29763 29763 I : closing connection
01-03 09:33:50.730 202 202 I ServiceManager: service 'telecom' died
01-03 09:33:50.730 202 202 I ServiceManager: service 'notification' died
01-03 09:33:50.730 202 202 I ServiceManager: service 'devicestoragemonitor' died
01-03 09:33:50.730 202 202 I ServiceManager: service 'barcode' died
01-03 09:33:50.730 202 202 I ServiceManager: service 'location' died
01-03 09:33:50.730 202 202 I ServiceManager: service 'country_detector' died
01-03 09:33:50.730 202 202 I ServiceManager: service 'search' died
01-03 09:33:50.730 202 202 I ServiceManager: service 'dropbox' died
01-03 09:33:50.730 202 202 I ServiceManager: service 'wallpaper' died
01-03 09:33:50.730 202 202 I ServiceManager: service 'audio' died
01-03 09:33:50.730 202 202 I ServiceManager: service 'DockObserver' died
01-03 09:33:50.730 202 202 I ServiceManager: service 'usb' died
01-03 09:33:50.730 10792 10818 W Sensors : sensorservice died [0xaa7bbd80]
01-03 09:33:50.730 202 202 I ServiceManager: service 'serial' died
01-03 09:33:50.730 202 202 I ServiceManager: service 'hardware_properties' died
01-03 09:33:50.730 202 202 I ServiceManager: service 'jobscheduler' died
01-03 09:33:50.730 202 202 I ServiceManager: service 'soundtrigger' died
01-03 09:33:50.730 202 202 I ServiceManager: service 'backup' died
01-03 09:33:50.731 202 202 I ServiceManager: service 'appwidget' died
01-03 09:33:50.731 202 202 I ServiceManager: service 'voiceinteraction' died
01-03 09:33:50.731 202 202 I ServiceManager: service 'diskstats' died
01-03 09:33:50.731 202 202 I ServiceManager: service 'samplingprofiler' died
01-03 09:33:50.731 202 202 I ServiceManager: service 'network_time_update_service' died
01-03 09:33:50.731 202 202 I ServiceManager: service 'commontime_management' died
01-03 09:33:50.731 202 202 I ServiceManager: service 'dreams' died
01-03 09:33:50.731 202 202 I ServiceManager: service 'assetatlas' died
01-03 09:33:50.731 202 202 I ServiceManager: service 'graphicsstats' died
01-03 09:33:50.731 202 202 I ServiceManager: service 'print' died
01-03 09:33:50.731 202 202 I ServiceManager: service 'restrictions' died
01-03 09:33:50.731 202 202 I ServiceManager: service 'media_session' died
01-03 09:33:50.731 202 202 I ServiceManager: service 'media_router' died
01-03 09:33:50.731 202 202 I ServiceManager: service 'trust' died
01-03 09:33:50.731 202 202 I ServiceManager: service 'drm_device_management' died
01-03 09:33:50.731 202 202 I ServiceManager: service 'shortcut' died
01-03 09:33:50.731 202 202 I ServiceManager: service 'launcherapps' died
01-03 09:33:50.731 202 202 I ServiceManager: service 'media_projection' died
01-03 09:33:50.731 202 202 I ServiceManager: service 'imms' died
01-03 09:33:50.731 202 202 I ServiceManager: service 'bluetooth_manager' died
01-03 09:33:50.731 202 202 I ServiceManager: service 'connectivity_metrics_logger' died
01-03 09:33:50.731 202 202 I ServiceManager: service 'connmetrics' died
01-03 09:33:50.731 202 202 I ServiceManager: service 'netd_listener' died
01-03 09:33:50.731 202 202 I ServiceManager: service 'contexthub_service' died
01-03 09:33:50.731 202 202 I ServiceManager: service 'otadexopt' died
01-03 09:33:50.731 202 202 I ServiceManager: service 'user' died
01-03 09:33:50.731 10517 10719 W Sensors : sensorservice died [0xa1cc31c0]
01-03 09:33:50.731 202 202 I ServiceManager: service 'activity' died
01-03 09:33:50.731 202 202 I ServiceManager: service 'procstats' died
01-03 09:33:50.731 202 202 I ServiceManager: service 'meminfo' died
01-03 09:33:50.731 202 202 I ServiceManager: service 'gfxinfo' died
01-03 09:33:50.731 202 202 I ServiceManager: service 'dbinfo' died
01-03 09:33:50.731 202 202 I ServiceManager: service 'cpuinfo' died
01-03 09:33:50.731 202 202 I ServiceManager: service 'permission' died
01-03 09:33:50.731 202 202 I ServiceManager: service 'processinfo' died
01-03 09:33:50.731 202 202 I ServiceManager: service 'battery' died
01-03 09:33:50.731 202 202 I ServiceManager: service 'sensorservice' died
01-03 09:33:50.731 202 202 I ServiceManager: service 'statusbar' died
01-03 09:33:50.731 202 202 I ServiceManager: service 'usagestats' died
01-03 09:33:50.731 202 202 I ServiceManager: service 'webviewupdate' died
01-03 09:33:50.731 202 202 I ServiceManager: service 'scheduling_policy' died
01-03 09:33:50.731 202 202 I ServiceManager: service 'package' died
01-03 09:33:50.731 202 202 I ServiceManager: service 'clipboard' died
01-03 09:33:50.731 202 202 I ServiceManager: service 'telephony.registry' died
01-03 09:33:50.731 202 202 I ServiceManager: service 'media.camera.proxy' died
01-03 09:33:50.731 202 202 I ServiceManager: service 'account' died
01-03 09:33:50.731 202 202 I ServiceManager: service 'content' died
01-03 09:33:50.731 202 202 I ServiceManager: service 'vibrator' died
01-03 09:33:50.731 202 202 I ServiceManager: service 'consumer_ir' died
01-03 09:33:50.731 202 202 I ServiceManager: service 'alarm' died
01-03 09:33:50.731 202 202 I ServiceManager: service 'deviceidle' died
01-03 09:33:50.731 202 202 I ServiceManager: service 'device_policy' died
01-03 09:33:50.731 202 202 I ServiceManager: service 'window' died
01-03 09:33:50.731 202 202 I ServiceManager: service 'input' died
01-03 09:33:50.731 202 202 I ServiceManager: service 'vrmanager' died
01-03 09:33:50.732 202 202 I ServiceManager: service 'batterystats' died
01-03 09:33:50.732 202 202 I ServiceManager: service 'appops' died
01-03 09:33:50.732 202 202 I ServiceManager: service 'power' died
01-03 09:33:50.732 202 202 I ServiceManager: service 'display' died
01-03 09:33:50.732 202 202 I ServiceManager: service 'pinner' died
01-03 09:33:50.732 202 202 I ServiceManager: service 'input_method' died
01-03 09:33:50.732 202 202 I ServiceManager: service 'accessibility' died
01-03 09:33:50.732 202 202 I ServiceManager: service 'mount' died
01-03 09:33:50.732 202 202 I ServiceManager: service 'uimode' died
01-03 09:33:50.732 202 202 I ServiceManager: service 'lock_settings' died
01-03 09:33:50.732 202 202 I ServiceManager: service 'network_management' died
01-03 09:33:50.732 202 202 I ServiceManager: service 'textservices' died
01-03 09:33:50.732 202 202 I ServiceManager: service 'network_score' died
01-03 09:33:50.732 202 202 I ServiceManager: service 'netstats' died
01-03 09:33:50.732 202 202 I ServiceManager: service 'netpolicy' died
01-03 09:33:50.732 202 202 I ServiceManager: service 'wifip2p' died
01-03 09:33:50.732 202 202 I ServiceManager: service 'wifi' died
01-03 09:33:50.732 202 202 I ServiceManager: service 'wifiscanner' died
01-03 09:33:50.732 202 202 I ServiceManager: service 'rttmanager' died
01-03 09:33:50.732 202 202 I ServiceManager: service 'ethernet' died
01-03 09:33:50.732 202 202 I ServiceManager: service 'connectivity' died
01-03 09:33:50.732 202 202 I ServiceManager: service 'servicediscovery' died
01-03 09:33:50.732 202 202 I ServiceManager: service 'updatelock' died
01-03 09:33:50.732 202 202 I ServiceManager: service 'recovery' died
01-03 09:33:50.736 10195 11254 W AudioFlinger: power manager service died !!!
01-03 09:33:50.736 10195 11254 W AudioFlinger: power manager service died !!!
01-03 09:33:50.736 10195 11254 W AudioFlinger: power manager service died !!!
01-03 09:33:50.744 13088 13108 E A : Encountered uncaught exception.
01-03 09:33:50.744 13088 13108 E A : DeadSystemException: The system died; earlier logs will point to the root cause
01-03 09:33:50.745 10792 10792 D AndroidRuntime: Shutting down VM
01-03 09:33:50.746 13752 13752 D AndroidRuntime: Shutting down VM
01-03 09:33:50.746 13752 13752 E AndroidRuntime: FATAL EXCEPTION: main
01-03 09:33:50.746 13752 13752 E AndroidRuntime: Process: com.google.android.gms.persistent, PID: 13752
01-03 09:33:50.746 13752 13752 E AndroidRuntime: DeadSystemException: The system died; earlier logs will point to the root cause
01-03 09:33:50.747 13752 13752 I Process : Sending signal. PID: 13752 SIG: 9
01-03 09:33:50.748 13088 13088 E JobService: Error reporting job finish to system: binder has goneaway.
01-03 09:33:50.750 13088 13187 E ErrorLoggingExecutor: Uncaught exception from runnable
01-03 09:33:50.750 13088 13187 E ErrorLoggingExecutor: java.lang.RuntimeException: android.os.DeadSystemException
01-03 09:33:50.750 13088 13187 E ErrorLoggingExecutor: at android.os.UserManager.getUserSerialNumber(UserManager.java:2048)
01-03 09:33:50.750 13088 13187 E ErrorLoggingExecutor: at android.os.UserManager.getSerialNumberForUser(UserManager.java:1247)
01-03 09:33:50.750 13088 13187 E ErrorLoggingExecutor: at com.google.android.libraries.notifications.f.g.a.ad.e(PG:2)
01-03 09:33:50.750 13088 13187 E ErrorLoggingExecutor: at com.google.android.libraries.notifications.f.g.a.ad.a(PG:11)
01-03 09:33:50.750 13088 13187 E ErrorLoggingExecutor: at com.google.android.libraries.notifications.f.b.a.b.run(PG:12)01-03 09:33:50.750 13088 13187 E ErrorLoggingExecutor: at com.google.apps.tiktok.tracing.ej.run(PG:2)
01-03 09:33:50.750 13088 13187 E ErrorLoggingExecutor: at com.google.android.libraries.i.ae.run(PG:1)
01-03 09:33:50.750 13088 13187 E ErrorLoggingExecutor: at java.util.concurrent.ThreadPoolExecutor.runWorker(ThreadPoolExecutor.java:1133)
01-03 09:33:50.750 13088 13187 E ErrorLoggingExecutor: at java.util.concurrent.ThreadPoolExecutor$Worker.run(ThreadPoolExecutor.java:607)
01-03 09:33:50.750 13088 13187 E ErrorLoggingExecutor: at com.google.android.libraries.i.i.run(PG:2)
01-03 09:33:50.750 13088 13187 E ErrorLoggingExecutor: at com.google.android.libraries.i.p.run(PG:4)
01-03 09:33:50.750 13088 13187 E ErrorLoggingExecutor: at java.lang.Thread.run(Thread.java:761)
01-03 09:33:50.750 13088 13187 E ErrorLoggingExecutor: Caused by: android.os.DeadSystemException
01-03 09:33:50.750 13088 13187 E ErrorLoggingExecutor: ... 12 more
01-03 09:33:50.750 13088 13187 E ErrorLoggingExecutor: Uncaught exception from runnable
01-03 09:33:50.750 13088 13187 E ErrorLoggingExecutor: DeadSystemException: The system died; earlier logs will point to the root cause
01-03 09:33:50.751 13088 13357 E A : Encountered uncaught exception.
01-03 09:33:50.751 13088 13357 E A : DeadSystemException: The system died; earlier logs will point to the root cause
01-03 09:33:50.755 13593 13593 D AndroidRuntime: Shutting down VM
01-03 09:33:50.757 10792 10792 I GCore-Chimera-Crash: ChoKB2Fkc19mZHIQjZyOARiBAiDAsNip0-eRBAppCgljb250YW
01-03 09:33:50.757 10792 10792 I GCore-Chimera-Crash: luZXIQ-MGmbxhAIKyx_7D3QyoJZmFzdF9wYWlyKgVnYW1lcyoJ
01-03 09:33:50.757 10792 10792 I GCore-Chimera-Crash: bWFwc19jb3JlKhBtbGtpdC5vY3IuY29tbW9uKgNwYXkqDnZpc2
01-03 09:33:50.757 10792 10792 I GCore-Chimera-Crash: lvbi5iYXJjb2RlKgp2aXNpb24ub2NyCmoKCWNvbnRhaW5lchC0
01-03 09:33:50.757 10792 10792 I GCore-Chimera-Crash: 1bJvGIABIOywsOb-QyoJZmFzdF9wYWlyKgVnYW1lcyoJbWFwc1
01-03 09:33:50.757 10792 10792 I GCore-Chimera-Crash: 9jb3JlKhBtbGtpdC5vY3IuY29tbW9uKgNwYXkqDnZpc2lvbi5i
01-03 09:33:50.757 10792 10792 I GCore-Chimera-Crash: YXJjb2RlKgp2aXNpb24ub2NyCjMKD3RmbGl0ZV9keW5hbWl0ZR
01-03 09:33:50.757 10792 10792 I GCore-Chimera-Crash: CZvo0BGIECIKzC1tLLiY8EKg90ZmxpdGVfZHluYW1pdGUgAA==
01-03 09:33:50.757 10792 10792 I GCore-Chimera-Crash: GCore-Chimera-Crash
01-03 09:33:50.757 13593 13638 I art : Rejecting re-init on previously-failed class java.lang.Class: java.lang.NoClassDefFoundError: Failed resolution of: Landroid/app/AppOpsManager$OnOpActiveChangedListener;
01-03 09:33:50.757 13593 13638 I art : at efv efv.c(android.content.Context, java.util.concurrent.Executor) (PG:1)01-03 09:33:50.757 13593 13638 I art : at void eev.u(android.content.Context, boolean) (PG:6)
01-03 09:33:50.757 13593 13638 I art : at eew eew.p(java.lang.String, android.content.Context, boolean) (PG:1)
01-03 09:33:50.757 13593 13638 I art : at void lqf.(java.lang.String, android.content.Context, boolean) (PG:6)
01-03 09:33:50.757 13593 13638 I art : at void efb.(java.lang.String, android.content.Context, boolean, boolean) (PG:21)
01-03 09:33:50.757 13593 13638 I art : at java.lang.Object rle.a() (PG:2)
01-03 09:33:50.757 13593 13638 I art : at java.lang.Object aegg.a() (PG:2)
01-03 09:33:50.757 13593 13638 I art : at java.lang.String rlf.b() (PG:2)
01-03 09:33:50.757 13593 13638 I art : at java.lang.String rlh.b() (PG:11)
01-03 09:33:50.757 13593 13638 I art : at void rlh.f() (PG:2)
01-03 09:33:50.757 13593 13638 I art : at void dxh.run() (PG:20)
01-03 09:33:50.757 13593 13638 I art : at void szj.run() (PG:7)
01-03 09:33:50.757 13593 13638 I art : at void nso.run() (PG:23)
01-03 09:33:50.757 13593 13638 I art : at void ntg.run() (PG:62)
01-03 09:33:50.757 13593 13638 I art : at void sdi.run() (PG:58)
01-03 09:33:50.757 13593 13638 I art : at void java.lang.Thread.run() (Thread.java:761)
01-03 09:33:50.757 13593 13638 I art : Caused by: java.lang.ClassNotFoundException: Didn't find class "android.app.AppOpsManager$OnOpActiveChangedListener" on path: DexPathList[[zip file "/data/app/com.google.android.youtube-1/base.apk", zip file "/data/app/com.google.android.youtube-1/split_config.armeabi_v7a.apk", zip file "/data/app/com.google.android.youtube-1/split_config.en.apk", zip file "/data/app/com.google.android.youtube-1/split_config.mdpi.apk"],nativeLibraryDirectories=[/data/app/com.google.android.youtube-1/lib/arm, /data/app/com.google.android.youtube-1/base.apk!/lib/armeabi-v7a, /data/app/com.google.android.youtube-1/split_config.armeabi_v7a.apk!/lib/armeabi-v7a, /data/app/com.google.android.youtube-1/split_config.en.apk!/lib/armeabi-v7a, /data/app/com.google.android.youtube-1/split_config.mdpi.apk!/lib/armeabi-v7a, /system/lib, /vendor/lib]]
01-03 09:33:50.757 13593 13638 I art : at java.lang.Class dalvik.system.BaseDexClassLoader.findClass(java.lang.String) (BaseDexClassLoader.java:56)
01-03 09:33:50.757 13593 13638 I art : at java.lang.Class java.lang.ClassLoader.loadClass(java.lang.String, boolean) (ClassLoader.java:380)
01-03 09:33:50.757 13593 13638 I art : at java.lang.Class java.lang.ClassLoader.loadClass(java.lang.String) (ClassLoader.java:312)
01-03 09:33:50.757 13593 13638 I art : at efv efv.c(android.content.Context, java.util.concurrent.Executor) (PG:1)01-03 09:33:50.757 13593 13638 I art : at void eev.u(android.content.Context, boolean) (PG:6)
01-03 09:33:50.757 13593 13638 I art : at eew eew.p(java.lang.String, android.content.Context, boolean) (PG:1)
01-03 09:33:50.757 13593 13638 I art : at void lqf.(java.lang.String, android.content.Context, boolean) (PG:6)
01-03 09:33:50.757 13593 13638 I art : at void efb.(java.lang.String, android.content.Context, boolean, boolean) (PG:21)
01-03 09:33:50.757 13593 13638 I art : at java.lang.Object rle.a() (PG:2)
01-03 09:33:50.757 13593 13638 I art : at java.lang.Object aegg.a() (PG:2)
01-03 09:33:50.757 13593 13638 I art : at java.lang.String rlf.b() (PG:2)
01-03 09:33:50.757 13593 13638 I art : at java.lang.String rlh.b() (PG:11)
01-03 09:33:50.757 13593 13638 I art : at void rlh.f() (PG:2)
01-03 09:33:50.757 13593 13638 I art : at void dxh.run() (PG:20)
01-03 09:33:50.757 13593 13638 I art : at void szj.run() (PG:7)
01-03 09:33:50.757 13593 13638 I art : at void nso.run() (PG:23)
01-03 09:33:50.757 13593 13638 I art : at void ntg.run() (PG:62)
01-03 09:33:50.757 13593 13638 I art : at void sdi.run() (PG:58)
01-03 09:33:50.757 13593 13638 I art : at void java.lang.Thread.run() (Thread.java:761)
01-03 09:33:50.757 13593 13638 I art :
01-03 09:33:50.758 10792 10792 I DeviceDrDatabaseHelper: Cleaning stale data from database!
