01-03 09:33:46.993 10359 10371 E SchedPolicy: set_timerslack_ns prctl failed: Invalid argument
01-03 09:33:46.993 10359 10371 E SchedPolicy: set_timerslack_ns prctl failed: Invalid argument
01-03 09:33:46.993 10359 10371 E SchedPolicy: set_timerslack_ns prctl failed: Invalid argument
01-03 09:33:46.993 10359 10371 E SchedPolicy: set_timerslack_ns prctl failed: Invalid argument
01-03 09:33:46.993 10359 10371 E SchedPolicy: set_timerslack_ns prctl failed: Invalid argument
01-03 09:33:46.993 10359 10371 E SchedPolicy: set_timerslack_ns prctl failed: Invalid argument
01-03 09:33:46.994 10359 10371 E SchedPolicy: set_timerslack_ns prctl failed: Invalid argument
01-03 09:33:46.994 10359 10371 E SchedPolicy: set_timerslack_ns prctl failed: Invalid argument
01-03 09:33:46.994 10359 10371 E SchedPolicy: set_timerslack_ns prctl failed: Invalid argument
01-03 09:33:46.994 10359 10371 E SchedPolicy: set_timerslack_ns prctl failed: Invalid argument
01-03 09:33:47.021 13167 13505 I TapAndPay: Maintaining payment bundles [CONTEXT service_id=79 ]
01-03 09:33:47.051 13167 13214 D ApplicationLoaders: ignored Vulkan layer search path /data/app/com.google.android.gms-1/lib/arm:/data/app/com.google.android.gms-1/base.apk!/lib/armeabi-v7a:/data/app/com.google.android.gms-1/split_config.en.apk!/lib/armeabi-v7a:/data/app/com.google.android.gms-1/split_config.mdpi.apk!/lib/armeabi-v7a for namespace 0xad46609001-03 09:33:47.093 11396 11396 I IntentService[D: type=1400 audit(0.0:6372): avc: denied { read_policy } for scontext=u:r:priv_app:s0:c512,c768 tcontext=u:object_r:kernel:s0 tclass=security permissive=1
01-03 09:33:47.093 13167 13505 I TapAndPay: Finished maintaining payment bundles [CONTEXT service_id=79 ]
01-03 09:33:47.099 13167 13219 I NearbyConnections: Client 12713514 requested setting downloads directory to null.
01-03 09:33:47.122 13167 13219 I NearbyConnections: Client 12713514 with package name 0p:com.google.android.gms.nearby.sharing and sdk version 233414000 has connected, downloads dir is set to null.
01-03 09:33:47.153 13088 13088 E ClientLoggingReceiver: Logging to Clearcut failed.
01-03 09:33:47.153 13088 13088 E ClientLoggingReceiver: com.google.android.gms.common.api.n: 31003: Log dropped because of storage quota exceeded.
01-03 09:33:47.153 13088 13088 E ClientLoggingReceiver: at com.google.android.libraries.v.b.a(PG:7)
01-03 09:33:47.153 13088 13088 E ClientLoggingReceiver: at com.google.android.gms.common.api.internal.t.handleMessage(PG:6)
01-03 09:33:47.153 13088 13088 E ClientLoggingReceiver: at android.os.Handler.dispatchMessage(Handler.java:102)
01-03 09:33:47.153 13088 13088 E ClientLoggingReceiver: at android.os.Looper.loop(Looper.java:154)
01-03 09:33:47.153 13088 13088 E ClientLoggingReceiver: at android.app.ActivityThread.main(ActivityThread.java:6140)
01-03 09:33:47.153 13088 13088 E ClientLoggingReceiver: at java.lang.reflect.Method.invoke(Native Method)
01-03 09:33:47.153 13088 13088 E ClientLoggingReceiver: at com.android.internal.os.ZygoteInit$MethodAndArgsCaller.run(ZygoteInit.java:914)
01-03 09:33:47.153 13088 13088 E ClientLoggingReceiver: at com.android.internal.os.ZygoteInit.main(ZygoteInit.java:804)
01-03 09:33:47.176 13593 13593 I art : Rejecting re-init on previously-failed class java.lang.Class: java.lang.NoClassDefFoundError: Failed resolution of: Landroid/window/OnBackInvokedCallback;
01-03 09:33:47.176 13593 13593 I art : at java.io.File[] qg.m(android.content.Context) (PG:-1)
01-03 09:33:47.176 13593 13593 I art : at kr aab.b(android.content.Context, java.lang.String) (PG:22)
01-03 09:33:47.176 13593 13593 I art : at void aab.attachInfo(android.content.Context, android.content.pm.ProviderInfo) (PG:10)
01-03 09:33:47.176 13593 13593 I art : at void srw.attachInfo(android.content.Context, android.content.pm.ProviderInfo) (PG:10)
01-03 09:33:47.176 13593 13593 I art : at android.app.IActivityManager$ContentProviderHolder android.app.ActivityThread.installProvider(android.content.Context, android.app.IActivityManager$ContentProviderHolder, android.content.pm.ProviderInfo, boolean, boolean, boolean) (ActivityThread.java:5874)
01-03 09:33:47.176 13593 13593 I art : at void android.app.ActivityThread.installContentProviders(android.content.Context, java.util.List) (ActivityThread.java:5466)
01-03 09:33:47.176 13593 13593 I art : at void android.app.ActivityThread.handleBindApplication(android.app.ActivityThread$AppBindData) (ActivityThread.java:5405)
01-03 09:33:47.176 13593 13593 I art : at void android.app.ActivityThread.-wrap2(android.app.ActivityThread, android.app.ActivityThread$AppBindData) (ActivityThread.java:-1)
01-03 09:33:47.176 13593 13593 I art : at void android.app.ActivityThread$H.handleMessage(android.os.Message) (ActivityThread.java:1550)
01-03 09:33:47.176 13593 13593 I art : at void android.os.Handler.dispatchMessage(android.os.Message) (Handler.java:102)
01-03 09:33:47.176 13593 13593 I art : at void android.os.Looper.loop() (Looper.java:154)
01-03 09:33:47.176 13593 13593 I art : at void android.app.ActivityThread.main(java.lang.String[]) (ActivityThread.java:6140)
01-03 09:33:47.176 13593 13593 I art : at java.lang.Object java.lang.reflect.Method.invoke!(java.lang.Object, java.lang.Object[]) (Method.java:-2)
01-03 09:33:47.176 13593 13593 I art : at void com.android.internal.os.ZygoteInit$MethodAndArgsCaller.run() (ZygoteInit.java:914)
01-03 09:33:47.176 13593 13593 I art : at void com.android.internal.os.ZygoteInit.main(java.lang.String[]) (ZygoteInit.java:804)
01-03 09:33:47.176 13593 13593 I art : Caused by: java.lang.ClassNotFoundException: Didn't find class "android.window.OnBackInvokedCallback" on path: DexPathList[[zip file "/data/app/com.google.android.youtube-1/base.apk", zip file "/data/app/com.google.android.youtube-1/split_config.armeabi_v7a.apk", zip file "/data/app/com.google.android.youtube-1/split_config.en.apk", zip file "/data/app/com.google.android.youtube-1/split_config.mdpi.apk"],nativeLibraryDirectories=[/data/app/com.google.android.youtube-1/lib/arm, /data/app/com.google.android.youtube-1/base.apk!/lib/armeabi-v7a, /data/app/com.google.android.youtube-1/split_config.armeabi_v7a.apk!/lib/armeabi-v7a, /data/app/com.google.android.youtube-1/split_config.en.apk!/lib/armeabi-v7a, /data/app/com.google.android.youtube-1/split_config.mdpi.apk!/lib/armeabi-v7a, /system/lib, /vendor/lib]]
01-03 09:33:47.176 13593 13593 I art : at java.lang.Class dalvik.system.BaseDexClassLoader.findClass(java.lang.String) (BaseDexClassLoader.java:56)
01-03 09:33:47.176 13593 13593 I art : at java.lang.Class java.lang.ClassLoader.loadClass(java.lang.String, boolean) (ClassLoader.java:380)
01-03 09:33:47.176 13593 13593 I art : at java.lang.Class java.lang.ClassLoader.loadClass(java.lang.String) (ClassLoader.java:312)
01-03 09:33:47.176 13593 13593 I art : at java.io.File[] qg.m(android.content.Context) (PG:-1)
01-03 09:33:47.176 13593 13593 I art : at kr aab.b(android.content.Context, java.lang.String) (PG:22)
01-03 09:33:47.176 13593 13593 I art : at void aab.attachInfo(android.content.Context, android.content.pm.ProviderInfo) (PG:10)
01-03 09:33:47.176 13593 13593 I art : at void srw.attachInfo(android.content.Context, android.content.pm.ProviderInfo) (PG:10)
01-03 09:33:47.176 13593 13593 I art : at android.app.IActivityManager$ContentProviderHolder android.app.ActivityThread.installProvider(android.content.Context, android.app.IActivityManager$ContentProviderHolder, android.content.pm.ProviderInfo, boolean, boolean, boolean) (ActivityThread.java:5874)
01-03 09:33:47.176 13593 13593 I art : at void android.app.ActivityThread.installContentProviders(android.content.Context, java.util.List) (ActivityThread.java:5466)
01-03 09:33:47.177 13593 13593 I art : at void android.app.ActivityThread.handleBindApplication(android.app.ActivityThread$AppBindData) (ActivityThread.java:5405)
01-03 09:33:47.177 13593 13593 I art : at void android.app.ActivityThread.-wrap2(android.app.ActivityThread, android.app.ActivityThread$AppBindData) (ActivityThread.java:-1)
01-03 09:33:47.177 13593 13593 I art : at void android.app.ActivityThread$H.handleMessage(android.os.Message) (ActivityThread.java:1550)
01-03 09:33:47.177 13593 13593 I art : at void android.os.Handler.dispatchMessage(android.os.Message) (Handler.java:102)
01-03 09:33:47.177 13593 13593 I art : at void android.os.Looper.loop() (Looper.java:154)
01-03 09:33:47.177 13593 13593 I art : at void android.app.ActivityThread.main(java.lang.String[]) (ActivityThread.java:6140)
01-03 09:33:47.177 13593 13593 I art : at java.lang.Object java.lang.reflect.Method.invoke!(java.lang.Object, java.lang.Object[]) (Method.java:-2)
01-03 09:33:47.177 13593 13593 I art : at void com.android.internal.os.ZygoteInit$MethodAndArgsCaller.run() (ZygoteInit.java:914)
01-03 09:33:47.177 13593 13593 I art : at void com.android.internal.os.ZygoteInit.main(java.lang.String[]) (ZygoteInit.java:804)
01-03 09:33:47.177 13593 13593 I art :
01-03 09:33:47.185 10359 12435 E SchedPolicy: set_timerslack_ns prctl failed: Invalid argument
01-03 09:33:47.185 10359 11358 E SchedPolicy: set_timerslack_ns prctl failed: Invalid argument
01-03 09:33:47.185 10359 11358 E SchedPolicy: set_timerslack_ns prctl failed: Invalid argument
01-03 09:33:47.185 10359 12435 E SchedPolicy: set_timerslack_ns prctl failed: Invalid argument
01-03 09:33:47.188 13167 13177 I art : Background sticky concurrent mark sweep GC freed 58814(3MB) AllocSpace objects, 10(200KB) LOS objects, 30% free, 10MB/14MB, paused 6.140ms total 173.744ms
01-03 09:33:47.218 13167 13214 W System : ClassLoader referenced unknown path: /data/user_de/0/com.google.android.gms/app_chimera/m/0000029b/n/armeabi
01-03 09:33:47.222 13088 13088 E ClientLoggingReceiver: Logging to Clearcut failed.
01-03 09:33:47.222 13088 13088 E ClientLoggingReceiver: com.google.android.gms.common.api.n: 31003: Log dropped because of storage quota exceeded.
01-03 09:33:47.222 13088 13088 E ClientLoggingReceiver: at com.google.android.libraries.v.b.a(PG:7)
01-03 09:33:47.222 13088 13088 E ClientLoggingReceiver: at com.google.android.gms.common.api.internal.t.handleMessage(PG:6)
01-03 09:33:47.222 13088 13088 E ClientLoggingReceiver: at android.os.Handler.dispatchMessage(Handler.java:102)
01-03 09:33:47.222 13088 13088 E ClientLoggingReceiver: at android.os.Looper.loop(Looper.java:154)
01-03 09:33:47.222 13088 13088 E ClientLoggingReceiver: at android.app.ActivityThread.main(ActivityThread.java:6140)
01-03 09:33:47.222 13088 13088 E ClientLoggingReceiver: at java.lang.reflect.Method.invoke(Native Method)
01-03 09:33:47.222 13088 13088 E ClientLoggingReceiver: at com.android.internal.os.ZygoteInit$MethodAndArgsCaller.run(ZygoteInit.java:914)
01-03 09:33:47.222 13088 13088 E ClientLoggingReceiver: at com.android.internal.os.ZygoteInit.main(ZygoteInit.java:804)
01-03 09:33:47.252 13088 13164 I ClearcutMetricXmitter: Transmission has failed: com.google.android.gms.common.api.n: 31003: Log dropped because of storage quota exceeded.
01-03 09:33:47.270 13088 13590 I FA : App measurement initialized, version: 80076
01-03 09:33:47.270 13088 13590 I FA : To enable debug logging run: adb shell setprop log.tag.FA VERBOSE
01-03 09:33:47.271 13088 13590 I FA : To enable faster debug mode event logging run:
01-03 09:33:47.271 13088 13590 I FA : adb shell setprop debug.firebase.analytics.app com.google.android.googlequicksearchbox
01-03 09:33:47.282 13088 13164 I ClearcutMetricXmitter: Transmission has failed: com.google.android.gms.common.api.n: 31003: Log dropped because of storage quota exceeded.
01-03 09:33:47.284 10359 11374 E SchedPolicy: set_timerslack_ns prctl failed: Invalid argument
01-03 09:33:47.314 13088 13088 E ClientLoggingReceiver: Logging to Clearcut failed.
01-03 09:33:47.314 13088 13088 E ClientLoggingReceiver: com.google.android.gms.common.api.n: 31003: Log dropped because of storage quota exceeded.
01-03 09:33:47.314 13088 13088 E ClientLoggingReceiver: at com.google.android.libraries.v.b.a(PG:7)
01-03 09:33:47.314 13088 13088 E ClientLoggingReceiver: at com.google.android.gms.common.api.internal.t.handleMessage(PG:6)
01-03 09:33:47.314 13088 13088 E ClientLoggingReceiver: at android.os.Handler.dispatchMessage(Handler.java:102)
01-03 09:33:47.314 13088 13088 E ClientLoggingReceiver: at android.os.Looper.loop(Looper.java:154)
01-03 09:33:47.314 13088 13088 E ClientLoggingReceiver: at android.app.ActivityThread.main(ActivityThread.java:6140)
01-03 09:33:47.314 13088 13088 E ClientLoggingReceiver: at java.lang.reflect.Method.invoke(Native Method)
01-03 09:33:47.314 13088 13088 E ClientLoggingReceiver: at com.android.internal.os.ZygoteInit$MethodAndArgsCaller.run(ZygoteInit.java:914)
01-03 09:33:47.314 13088 13088 E ClientLoggingReceiver: at com.android.internal.os.ZygoteInit.main(ZygoteInit.java:804)
01-03 09:33:47.317 13167 13228 E WakeLock: Wakeful StateMachine: GeofencerStateMachine should be held!
01-03 09:33:47.317 10792 13572 W Pay : Active account was null, notification task will be cancelled. [CONTEXT service_id=198 ]
01-03 09:33:47.317 10792 13572 W Pay : [eMoney txn sync] exiting without init: active tapandpay account not found! [CONTEXT service_id=198 ]
01-03 09:33:47.317 10792 13572 W Pay : Mdl not supported. Not triggering periodic MSO refresh task. [CONTEXT service_id=198 ]
01-03 09:33:47.323 13167 13228 E WakeLock: Wakeful StateMachine: GeofencerStateMachine should be held!
01-03 09:33:47.329 10792 13572 W Pay : Active account was null, notification task will be cancelled. [CONTEXT service_id=198 ]
01-03 09:33:47.329 10792 13572 W Pay : [eMoney card recovery task] exiting without init: active tapandpay account not found! [CONTEXT service_id=198 ]
01-03 09:33:47.332 10792 13572 I Pay : Requested check of feature migrations. [CONTEXT service_id=198 ]
01-03 09:33:47.345 10792 10792 D BoundBrokerSvc: onBind: Intent { act=com.google.android.gms.facs.internal.service.START dat=chimera-action: cmp=com.google.android.gms/.chimera.GmsInternalApiService }
01-03 09:33:47.345 10792 10792 D BoundBrokerSvc: Loading bound service for intent: Intent { act=com.google.android.gms.facs.internal.service.START dat=chimera-action: cmp=com.google.android.gms/.chimera.GmsInternalApiService }
01-03 09:33:47.400 10359 12284 E SchedPolicy: set_timerslack_ns prctl failed: Invalid argument
01-03 09:33:47.433 13088 13590 W FA : Failed to retrieve Firebase Instance Id
01-03 09:33:47.453 13088 13275 W A : [Download] response code: 400
01-03 09:33:47.456 13167 13219 I NearbyConnections: Client 12713514 requested setting downloads directory to Nearby Share.
01-03 09:33:47.477 10359 12284 E SchedPolicy: set_timerslack_ns prctl failed: Invalid argument
01-03 09:33:47.477 10359 12284 E SchedPolicy: set_timerslack_ns prctl failed: Invalid argument
01-03 09:33:47.477 10359 12284 E SchedPolicy: set_timerslack_ns prctl failed: Invalid argument
01-03 09:33:47.477 10359 12284 E SchedPolicy: set_timerslack_ns prctl failed: Invalid argument
01-03 09:33:47.477 10359 12284 E SchedPolicy: set_timerslack_ns prctl failed: Invalid argument
01-03 09:33:47.477 10359 12284 E SchedPolicy: set_timerslack_ns prctl failed: Invalid argument
01-03 09:33:47.477 10359 12284 E SchedPolicy: set_timerslack_ns prctl failed: Invalid argument
01-03 09:33:47.477 10359 12284 E SchedPolicy: set_timerslack_ns prctl failed: Invalid argument
01-03 09:33:47.477 10359 12284 E SchedPolicy: set_timerslack_ns prctl failed: Invalid argument
01-03 09:33:47.477 10359 12284 E SchedPolicy: set_timerslack_ns prctl failed: Invalid argument
01-03 09:33:47.477 10359 12284 E SchedPolicy: set_timerslack_ns prctl failed: Invalid argument
01-03 09:33:47.477 10359 12284 E SchedPolicy: set_timerslack_ns prctl failed: Invalid argument
01-03 09:33:47.477 10359 12284 E SchedPolicy: set_timerslack_ns prctl failed: Invalid argument
01-03 09:33:47.477 10359 12284 E SchedPolicy: set_timerslack_ns prctl failed: Invalid argument
01-03 09:33:47.477 10359 12284 E SchedPolicy: set_timerslack_ns prctl failed: Invalid argument
01-03 09:33:47.477 10359 12284 E SchedPolicy: set_timerslack_ns prctl failed: Invalid argument
01-03 09:33:47.477 10359 12284 E SchedPolicy: set_timerslack_ns prctl failed: Invalid argument
01-03 09:33:47.477 10359 12284 E SchedPolicy: set_timerslack_ns prctl failed: Invalid argument
01-03 09:33:47.477 10359 12284 E SchedPolicy: set_timerslack_ns prctl failed: Invalid argument
01-03 09:33:47.478 10359 12284 E SchedPolicy: set_timerslack_ns prctl failed: Invalid argument
01-03 09:33:47.478 10359 12284 E SchedPolicy: set_timerslack_ns prctl failed: Invalid argument
01-03 09:33:47.482 10792 13575 I FsaEntryPointSwitcher: setting component enabled=1 for com.google.android.gms.people.sync.focus.ContactsSyncAdapterService
01-03 09:33:47.483 10792 13575 I FsaEntryPointSwitcher: Setting component enabled succeeds.
01-03 09:33:47.483 10792 13575 I FsaEntryPointSwitcher: setting component enabled=2 for com.google.android.syncadapters.contacts.ContactsSyncAdapterService
01-03 09:33:47.483 10359 12284 E SchedPolicy: set_timerslack_ns prctl failed: Invalid argument
01-03 09:33:47.483 10792 13575 I FsaEntryPointSwitcher: Setting component enabled succeeds.
01-03 09:33:47.483 10359 12284 E SchedPolicy: set_timerslack_ns prctl failed: Invalid argument
01-03 09:33:47.483 10359 12284 E SchedPolicy: set_timerslack_ns prctl failed: Invalid argument
01-03 09:33:47.483 10359 11022 E SchedPolicy: set_timerslack_ns prctl failed: Invalid argument
01-03 09:33:47.483 10359 12284 E SchedPolicy: set_timerslack_ns prctl failed: Invalid argument
01-03 09:33:47.483 10359 12284 E SchedPolicy: set_timerslack_ns prctl failed: Invalid argument
01-03 09:33:47.483 10359 12284 E SchedPolicy: set_timerslack_ns prctl failed: Invalid argument
01-03 09:33:47.484 10359 11022 E SchedPolicy: set_timerslack_ns prctl failed: Invalid argument
01-03 09:33:47.484 10359 12284 E SchedPolicy: set_timerslack_ns prctl failed: Invalid argument
01-03 09:33:47.484 10359 12284 E SchedPolicy: set_timerslack_ns prctl failed: Invalid argument
01-03 09:33:47.484 10359 12284 E SchedPolicy: set_timerslack_ns prctl failed: Invalid argument
01-03 09:33:47.484 10359 12284 E SchedPolicy: set_timerslack_ns prctl failed: Invalid argument
01-03 09:33:47.484 10359 11022 E SchedPolicy: set_timerslack_ns prctl failed: Invalid argument
01-03 09:33:47.484 10359 12284 E SchedPolicy: set_timerslack_ns prctl failed: Invalid argument
01-03 09:33:47.484 10359 12284 E SchedPolicy: set_timerslack_ns prctl failed: Invalid argument
01-03 09:33:47.484 10359 12284 E SchedPolicy: set_timerslack_ns prctl failed: Invalid argument
01-03 09:33:47.484 10359 11022 E SchedPolicy: set_timerslack_ns prctl failed: Invalid argument
01-03 09:33:47.484 10359 12284 E SchedPolicy: set_timerslack_ns prctl failed: Invalid argument
01-03 09:33:47.484 10359 12284 E SchedPolicy: set_timerslack_ns prctl failed: Invalid argument
01-03 09:33:47.484 10359 12284 E SchedPolicy: set_timerslack_ns prctl failed: Invalid argument
01-03 09:33:47.484 10359 12284 E SchedPolicy: set_timerslack_ns prctl failed: Invalid argument
01-03 09:33:47.484 10359 12284 E SchedPolicy: set_timerslack_ns prctl failed: Invalid argument
01-03 09:33:47.484 10359 12284 E SchedPolicy: set_timerslack_ns prctl failed: Invalid argument
01-03 09:33:47.484 10359 12284 E SchedPolicy: set_timerslack_ns prctl failed: Invalid argument
01-03 09:33:47.484 10359 12284 E SchedPolicy: set_timerslack_ns prctl failed: Invalid argument
01-03 09:33:47.484 10359 12284 E SchedPolicy: set_timerslack_ns prctl failed: Invalid argument
01-03 09:33:47.488 10359 10371 E SchedPolicy: set_timerslack_ns prctl failed: Invalid argument
01-03 09:33:47.488 10359 10371 E SchedPolicy: set_timerslack_ns prctl failed: Invalid argument
01-03 09:33:47.488 10359 10371 E SchedPolicy: set_timerslack_ns prctl failed: Invalid argument
01-03 09:33:47.488 10359 10371 E SchedPolicy: set_timerslack_ns prctl failed: Invalid argument
01-03 09:33:47.489 10359 10371 E SchedPolicy: set_timerslack_ns prctl failed: Invalid argument
01-03 09:33:47.489 10359 10371 E SchedPolicy: set_timerslack_ns prctl failed: Invalid argument
01-03 09:33:47.489 10359 10371 E SchedPolicy: set_timerslack_ns prctl failed: Invalid argument
01-03 09:33:47.489 10359 10371 E SchedPolicy: set_timerslack_ns prctl failed: Invalid argument
01-03 09:33:47.489 10359 10371 E SchedPolicy: set_timerslack_ns prctl failed: Invalid argument
01-03 09:33:47.489 10359 10371 E SchedPolicy: set_timerslack_ns prctl failed: Invalid argument
01-03 09:33:47.489 10359 11374 E SchedPolicy: set_timerslack_ns prctl failed: Invalid argument
01-03 09:33:47.490 10359 10371 E SchedPolicy: set_timerslack_ns prctl failed: Invalid argument
01-03 09:33:47.491 10359 11022 E SchedPolicy: set_timerslack_ns prctl failed: Invalid argument
01-03 09:33:47.517 10792 13575 I GalProviderController: setting component enabled=2 for com.google.android.syncadapters.contacts.ProxyGalProvider
01-03 09:33:47.518 10792 13575 I GalProviderController: Setting component enabled succeeds.
01-03 09:33:47.527 10517 10517 D TileServices: Couldn't find tile for ComponentInfo{com.google.android.gms/com.google.android.gms.nearby.sharing.SharingTileService}
01-03 09:33:47.535 13167 13231 I NearbySharing: Broadcasting NearbySharing state change. [CONTEXT service_id=194 ]
01-03 09:33:47.542 10359 11022 E SchedPolicy: set_timerslack_ns prctl failed: Invalid argument
01-03 09:33:47.549 10792 13575 I GalProviderController: setting component enabled=1 for com.google.android.gms.people.service.galprovider.PeopleGalProvider
01-03 09:33:47.549 10359 11374 E SchedPolicy: set_timerslack_ns prctl failed: Invalid argument
01-03 09:33:47.549 10359 11022 E SchedPolicy: set_timerslack_ns prctl failed: Invalid argument
01-03 09:33:47.549 10359 11022 E SchedPolicy: set_timerslack_ns prctl failed: Invalid argument
01-03 09:33:47.549 10359 11022 E SchedPolicy: set_timerslack_ns prctl failed: Invalid argument
01-03 09:33:47.549 10359 11022 E SchedPolicy: set_timerslack_ns prctl failed: Invalid argument
01-03 09:33:47.549 10359 11022 E SchedPolicy: set_timerslack_ns prctl failed: Invalid argument
01-03 09:33:47.549 10359 11022 E SchedPolicy: set_timerslack_ns prctl failed: Invalid argument
01-03 09:33:47.549 10359 11022 E SchedPolicy: set_timerslack_ns prctl failed: Invalid argument
01-03 09:33:47.550 10359 11022 E SchedPolicy: set_timerslack_ns prctl failed: Invalid argument
01-03 09:33:47.550 10359 11022 E SchedPolicy: set_timerslack_ns prctl failed: Invalid argument
01-03 09:33:47.550 10359 11022 E SchedPolicy: set_timerslack_ns prctl failed: Invalid argument
01-03 09:33:47.550 10359 11022 E SchedPolicy: set_timerslack_ns prctl failed: Invalid argument
01-03 09:33:47.550 10359 11022 E SchedPolicy: set_timerslack_ns prctl failed: Invalid argument
01-03 09:33:47.550 10359 11022 E SchedPolicy: set_timerslack_ns prctl failed: Invalid argument
01-03 09:33:47.553 10792 13575 I GalProviderController: Setting component enabled succeeds.
01-03 09:33:47.554 10359 11374 E SchedPolicy: set_timerslack_ns prctl failed: Invalid argument
01-03 09:33:47.554 10359 11374 E SchedPolicy: set_timerslack_ns prctl failed: Invalid argument
01-03 09:33:47.554 10359 11374 E SchedPolicy: set_timerslack_ns prctl failed: Invalid argument
01-03 09:33:47.554 10359 11374 E SchedPolicy: set_timerslack_ns prctl failed: Invalid argument
01-03 09:33:47.554 10359 11374 E SchedPolicy: set_timerslack_ns prctl failed: Invalid argument
01-03 09:33:47.554 10359 11374 E SchedPolicy: set_timerslack_ns prctl failed: Invalid argument
01-03 09:33:47.554 10359 11374 E SchedPolicy: set_timerslack_ns prctl failed: Invalid argument
01-03 09:33:47.554 10359 11374 E SchedPolicy: set_timerslack_ns prctl failed: Invalid argument
01-03 09:33:47.554 10359 11374 E SchedPolicy: set_timerslack_ns prctl failed: Invalid argument
01-03 09:33:47.554 10359 11374 E SchedPolicy: set_timerslack_ns prctl failed: Invalid argument
01-03 09:33:47.556 10359 11022 E SchedPolicy: set_timerslack_ns prctl failed: Invalid argument
01-03 09:33:47.566 13167 13258 I NearbyDiscovery: DiscoveryNearbyMessagesManager failed to background unsubscribe [CONTEXT service_id=265 ]
01-03 09:33:47.566 13167 13258 I NearbyDiscovery: java.util.concurrent.TimeoutException: Timed out waiting for Task
01-03 09:33:47.566 13167 13258 I NearbyDiscovery: at cbrk.p(:com.google.android.gms@233414015@23.34.14 (040300-560151436):53)
01-03 09:33:47.566 13167 13258 I NearbyDiscovery: at bgpf.b(:com.google.android.gms@233414015@23.34.14 (040300-560151436):34)
01-03 09:33:47.566 13167 13258 I NearbyDiscovery: at bgoz.run(:com.google.android.gms@233414015@23.34.14 (040300-560151436):31)
01-03 09:33:47.566 13167 13258 I NearbyDiscovery: at dngb.handleMessage(:com.google.android.gms@233414015@23.34.14 (040300-560151436):59)
01-03 09:33:47.566 13167 13258 I NearbyDiscovery: at android.os.Handler.dispatchMessage(Handler.java:102)
01-03 09:33:47.566 13167 13258 I NearbyDiscovery: at bbcl.lk(:com.google.android.gms@233414015@23.34.14 (040300-560151436):1)
01-03 09:33:47.566 13167 13258 I NearbyDiscovery: at bbcl.dispatchMessage(:com.google.android.gms@233414015@23.34.14 (040300-560151436):143)
01-03 09:33:47.566 13167 13258 I NearbyDiscovery: at android.os.Looper.loop(Looper.java:154)
01-03 09:33:47.566 13167 13258 I NearbyDiscovery: at android.os.HandlerThread.run(HandlerThread.java:61)
01-03 09:33:47.570 13167 13231 W NearbySharing: Cannot sync on DisabledNearbySharingProvider. [CONTEXT service_id=194 ]
01-03 09:33:47.606 10359 11374 E SchedPolicy: set_timerslack_ns prctl failed: Invalid argument
01-03 09:33:47.606 10359 11374 E SchedPolicy: set_timerslack_ns prctl failed: Invalid argument
01-03 09:33:47.606 10792 10792 D BoundBrokerSvc: onBind: Intent { act=com.google.android.gms.measurement.START pkg=com.google.android.gms }
01-03 09:33:47.606 10792 10792 D BoundBrokerSvc: Loading bound service for intent: Intent { act=com.google.android.gms.measurement.START pkg=com.google.android.gms }
01-03 09:33:47.624 10359 11374 E SchedPolicy: set_timerslack_ns prctl failed: Invalid argument
01-03 09:33:47.625 10359 11374 E SchedPolicy: set_timerslack_ns prctl failed: Invalid argument
01-03 09:33:47.625 10359 11374 E SchedPolicy: set_timerslack_ns prctl failed: Invalid argument
01-03 09:33:47.625 10359 11374 E SchedPolicy: set_timerslack_ns prctl failed: Invalid argument
01-03 09:33:47.625 10359 11374 E SchedPolicy: set_timerslack_ns prctl failed: Invalid argument
01-03 09:33:47.625 10359 11374 E SchedPolicy: set_timerslack_ns prctl failed: Invalid argument
01-03 09:33:47.625 10359 11374 E SchedPolicy: set_timerslack_ns prctl failed: Invalid argument
01-03 09:33:47.625 10359 11374 E SchedPolicy: set_timerslack_ns prctl failed: Invalid argument
01-03 09:33:47.625 10359 11374 E SchedPolicy: set_timerslack_ns prctl failed: Invalid argument
01-03 09:33:47.625 10359 11374 E SchedPolicy: set_timerslack_ns prctl failed: Invalid argument
01-03 09:33:47.625 10359 11374 E SchedPolicy: set_timerslack_ns prctl failed: Invalid argument
01-03 09:33:47.625 10359 11374 E SchedPolicy: set_timerslack_ns prctl failed: Invalid argument
01-03 09:33:47.625 10359 11374 E SchedPolicy: set_timerslack_ns prctl failed: Invalid argument
01-03 09:33:47.628 10359 10371 E SchedPolicy: set_timerslack_ns prctl failed: Invalid argument
01-03 09:33:47.628 10359 10371 E SchedPolicy: set_timerslack_ns prctl failed: Invalid argument
01-03 09:33:47.628 10359 10371 E SchedPolicy: set_timerslack_ns prctl failed: Invalid argument
01-03 09:33:47.628 10359 10371 E SchedPolicy: set_timerslack_ns prctl failed: Invalid argument
01-03 09:33:47.628 10359 10371 E SchedPolicy: set_timerslack_ns prctl failed: Invalid argument
01-03 09:33:47.628 10359 10371 E SchedPolicy: set_timerslack_ns prctl failed: Invalid argument
01-03 09:33:47.628 10359 10371 E SchedPolicy: set_timerslack_ns prctl failed: Invalid argument
01-03 09:33:47.628 10359 10371 E SchedPolicy: set_timerslack_ns prctl failed: Invalid argument
01-03 09:33:47.628 10359 10371 E SchedPolicy: set_timerslack_ns prctl failed: Invalid argument
01-03 09:33:47.628 10359 10371 E SchedPolicy: set_timerslack_ns prctl failed: Invalid argument
01-03 09:33:47.628 10359 10371 E SchedPolicy: set_timerslack_ns prctl failed: Invalid argument
01-03 09:33:47.628 10359 10371 E SchedPolicy: set_timerslack_ns prctl failed: Invalid argument
01-03 09:33:47.628 10359 10371 E SchedPolicy: set_timerslack_ns prctl failed: Invalid argument
01-03 09:33:47.628 10359 10371 E SchedPolicy: set_timerslack_ns prctl failed: Invalid argument
01-03 09:33:47.628 10359 10371 E SchedPolicy: set_timerslack_ns prctl failed: Invalid argument
01-03 09:33:47.628 10359 10371 E SchedPolicy: set_timerslack_ns prctl failed: Invalid argument
01-03 09:33:47.628 10359 10371 E SchedPolicy: set_timerslack_ns prctl failed: Invalid argument
01-03 09:33:47.628 10359 10371 E SchedPolicy: set_timerslack_ns prctl failed: Invalid argument
01-03 09:33:47.628 10359 10371 E SchedPolicy: set_timerslack_ns prctl failed: Invalid argument
01-03 09:33:47.628 10359 10371 E SchedPolicy: set_timerslack_ns prctl failed: Invalid argument
01-03 09:33:47.628 10359 10371 E SchedPolicy: set_timerslack_ns prctl failed: Invalid argument
01-03 09:33:47.633 10792 13575 I DeletedNullContactsClea: Scheduling the service.
01-03 09:33:47.633 10359 11374 E SchedPolicy: set_timerslack_ns prctl failed: Invalid argument
01-03 09:33:47.633 10359 11374 E SchedPolicy: set_timerslack_ns prctl failed: Invalid argument
01-03 09:33:47.633 10359 11374 E SchedPolicy: set_timerslack_ns prctl failed: Invalid argument
01-03 09:33:47.634 10359 11374 E SchedPolicy: set_timerslack_ns prctl failed: Invalid argument
01-03 09:33:47.634 10359 11374 E SchedPolicy: set_timerslack_ns prctl failed: Invalid argument
01-03 09:33:47.634 10359 11374 E SchedPolicy: set_timerslack_ns prctl failed: Invalid argument
01-03 09:33:47.634 10359 11374 E SchedPolicy: set_timerslack_ns prctl failed: Invalid argument
01-03 09:33:47.634 10359 11374 E SchedPolicy: set_timerslack_ns prctl failed: Invalid argument
01-03 09:33:47.634 10359 11374 E SchedPolicy: set_timerslack_ns prctl failed: Invalid argument
01-03 09:33:47.634 10359 11374 E SchedPolicy: set_timerslack_ns prctl failed: Invalid argument
01-03 09:33:47.634 10359 11374 E SchedPolicy: set_timerslack_ns prctl failed: Invalid argument
01-03 09:33:47.634 10359 11374 E SchedPolicy: set_timerslack_ns prctl failed: Invalid argument
01-03 09:33:47.634 10359 11374 E SchedPolicy: set_timerslack_ns prctl failed: Invalid argument
01-03 09:33:47.634 10359 11374 E SchedPolicy: set_timerslack_ns prctl failed: Invalid argument
01-03 09:33:47.634 10359 11374 E SchedPolicy: set_timerslack_ns prctl failed: Invalid argument
01-03 09:33:47.634 10359 11374 E SchedPolicy: set_timerslack_ns prctl failed: Invalid argument
01-03 09:33:47.634 10359 11374 E SchedPolicy: set_timerslack_ns prctl failed: Invalid argument
01-03 09:33:47.634 10359 11374 E SchedPolicy: set_timerslack_ns prctl failed: Invalid argument
01-03 09:33:47.634 10359 11374 E SchedPolicy: set_timerslack_ns prctl failed: Invalid argument
01-03 09:33:47.634 10359 11374 E SchedPolicy: set_timerslack_ns prctl failed: Invalid argument
01-03 09:33:47.634 10359 11374 E SchedPolicy: set_timerslack_ns prctl failed: Invalid argument
01-03 09:33:47.638 10792 13575 I BackupAndSyncValidation: Scheduling the service.
01-03 09:33:47.640 13167 13231 W NearbySharing: Cannot set visibility on DisabledNearbySharingProvider. [CONTEXT service_id=194 ]
01-03 09:33:47.649 13088 13590 W FA : Failed to retrieve Firebase Instance Id
01-03 09:33:47.655 10792 13575 I PeopleInitIntentOp: Not initializing debuggability [CONTEXT service_id=5 ]
01-03 09:33:47.657 10792 13581 I PersonalSafety: (REDACTED) Entry under S&E status %b, %b, %b
01-03 09:33:47.695 13167 13386 I NearbySharing: (REDACTED) Incremented the RateLimitThrottler(%s) count to %d.
01-03 09:33:47.701 13517 13580 I LPAutoUpdateSynclet: #sync
01-03 09:33:47.714 10792 13581 I HeterodyneSyncScheduler: Cancel all previously scheduled polling [CONTEXT service_id=51 ]
01-03 09:33:47.719 10359 11358 W ActivityManager: Failed setting process group of 13190 to 1
01-03 09:33:47.719 10359 11358 W System.err: java.lang.RuntimeException: Unknown error
01-03 09:33:47.719 10359 11358 W System.err: at android.os.Process.setProcessGroup(Native Method)
01-03 09:33:47.719 10359 11358 W System.err: at com.android.server.am.ActivityManagerService.applyOomAdjLocked(ActivityManagerService.java:20740)
01-03 09:33:47.719 10359 11358 W System.err: at com.android.server.am.ActivityManagerService.updateOomAdjLocked(ActivityManagerService.java:21088)
01-03 09:33:47.719 10359 11358 W System.err: at com.android.server.am.ActivityManagerService.updateOomAdjLocked(ActivityManagerService.java:21166)
01-03 09:33:47.719 10359 11358 W System.err: at com.android.server.am.ActivityManagerService.getContentProviderImpl(ActivityManagerService.java:10960)
01-03 09:33:47.720 10359 11358 W System.err: at com.android.server.am.ActivityManagerService.getContentProvider(ActivityManagerService.java:11280)
01-03 09:33:47.720 10359 11358 W System.err: at android.app.ActivityManagerNative.onTransact(ActivityManagerNative.java:977)
01-03 09:33:47.720 10359 11358 W System.err: at com.android.server.am.ActivityManagerService.onTransact(ActivityManagerService.java:2911)
01-03 09:33:47.720 10359 11358 W System.err: at android.os.Binder.execTransact(Binder.java:565)
01-03 09:33:47.720 10359 11358 I ActivityManager: Existing provider com.google.android.gsf/.gservices.GservicesProvider is crashing; detaching ProcessRecord{a95c82b 13167:com.google.android.gms.persistent/u0a10}
01-03 09:33:47.720 10359 11358 I ActivityManager: Process com.google.process.gapps (pid 13190) has died
01-03 09:33:47.720 10359 11358 D ActivityManager: cleanUpApplicationRecord -- 13190
01-03 09:33:47.721 10359 11022 E SchedPolicy: set_timerslack_ns prctl failed: Invalid argument
01-03 09:33:47.723 10359 10379 W libprocessgroup: failed to open /acct/uid_10010/pid_13190/cgroup.procs: Too many open files
01-03 09:33:47.723 10359 12435 E SchedPolicy: set_timerslack_ns prctl failed: Invalid argument
01-03 09:33:47.723 10359 11374 E SchedPolicy: set_timerslack_ns prctl failed: Invalid argument
01-03 09:33:47.724 10792 13581 I HeterodyneSyncScheduler: (REDACTED) Scheduling Phenotype for first execution %d seconds from now (%d)
01-03 09:33:47.726 10359 11374 E SchedPolicy: set_timerslack_ns prctl failed: Invalid argument
01-03 09:33:47.727 10359 12284 E SchedPolicy: set_timerslack_ns prctl failed: Invalid argument
01-03 09:33:47.732 10359 11022 E SchedPolicy: set_timerslack_ns prctl failed: Invalid argument
01-03 09:33:47.732 10359 11022 E SchedPolicy: set_timerslack_ns prctl failed: Invalid argument
01-03 09:33:47.732 10359 11374 E SchedPolicy: set_timerslack_ns prctl failed: Invalid argument
01-03 09:33:47.743 10359 11358 I ActivityManager: Start proc 13613:com.google.process.gapps/u0a10 for content provider com.google.android.gsf/.gservices.GservicesProvider
01-03 09:33:47.744 10359 12435 E SchedPolicy: set_timerslack_ns prctl failed: Invalid argument
01-03 09:33:47.753 13088 13590 W FA : Failed to retrieve Firebase Instance Id
01-03 09:33:47.756 10792 10792 D BoundBrokerSvc: onBind: Intent { act=com.google.android.gms.common.BIND_SHARED_PREFS pkg=com.google.android.gms }
01-03 09:33:47.756 10792 10792 D BoundBrokerSvc: Loading bound service for intent: Intent { act=com.google.android.gms.common.BIND_SHARED_PREFS pkg=com.google.android.gms }
01-03 09:33:47.760 10792 10792 D BoundBrokerSvc: onUnbind: Intent { act=com.google.android.gms.common.BIND_SHARED_PREFS pkg=com.google.android.gms }
01-03 09:33:47.761 10359 12435 E SchedPolicy: set_timerslack_ns prctl failed: Invalid argument
01-03 09:33:47.770 10359 11374 E SchedPolicy: set_timerslack_ns prctl failed: Invalid argument
01-03 09:33:47.777 10792 10792 D BoundBrokerSvc: onBind: Intent { act=com.google.android.gms.common.BIND_SHARED_PREFS pkg=com.google.android.gms }
01-03 09:33:47.777 10792 10792 D BoundBrokerSvc: Loading bound service for intent: Intent { act=com.google.android.gms.common.BIND_SHARED_PREFS pkg=com.google.android.gms }
01-03 09:33:47.784 10359 11022 E SchedPolicy: set_timerslack_ns prctl failed: Invalid argument
01-03 09:33:47.791 10792 10792 D BoundBrokerSvc: onUnbind: Intent { act=com.google.android.gms.common.BIND_SHARED_PREFS pkg=com.google.android.gms }
01-03 09:33:47.797 13613 13613 I art : Starting a blocking GC AddRemoveAppImageSpace
01-03 09:33:47.798 13613 13613 W System : ClassLoader referenced unknown path: /system/priv-app/GoogleServicesFramework/lib/arm
01-03 09:33:47.802 10792 13581 W ResourceType: No package identifier when getting value for resource number 0x00000000
01-03 09:33:47.802 10792 13581 W InitPlatformScanner: android package/resource not found
01-03 09:33:47.815 10359 12435 E SchedPolicy: set_timerslack_ns prctl failed: Invalid argument
01-03 09:33:47.817 10359 10371 E SchedPolicy: set_timerslack_ns prctl failed: Invalid argument
01-03 09:33:47.817 10359 11022 E SchedPolicy: set_timerslack_ns prctl failed: Invalid argument
01-03 09:33:47.836 13613 13613 I GservicesProvider: Gservices pushing to system: true; secure/global: true
01-03 09:33:47.856 10792 11038 E WakeLock: Icing should be held!
01-03 09:33:47.914 10792 11029 I Icing : IndexChimeraService.getServiceInterface callingPackage=com.google.android.gms componentName=null serviceId=30
01-03 09:33:47.951 10792 11551 I PeopleGalProvider: Gal directories started.
01-03 09:33:47.974 13613 13613 I GoogleHttpClient: GMS http client unavailable, use old client
01-03 09:33:47.978 10792 11551 I PeopleGalProvider: Method 1 completed.
01-03 09:33:47.978 10792 11551 I PeopleGalProvider: Method 1 finished successfully.
01-03 09:33:47.983 10359 11374 E SchedPolicy: set_timerslack_ns prctl failed: Invalid argument
01-03 09:33:48.001 13517 13591 I VoiceLanguageHelper: #initializeLanguages
01-03 09:33:48.021 10792 11038 I Icing : Usage reports ok 0, Failed Usage reports 0, indexed 0, rejected 0
01-03 09:33:48.087 10792 11038 E WakeLock: Icing should be held!
01-03 09:33:48.105 13167 13435 I NearbySharing: (REDACTED) Failed to log test code %d, due to checkbox consent is not opt in.
01-03 09:33:48.146 10359 11374 E SchedPolicy: set_timerslack_ns prctl failed: Invalid argument
01-03 09:33:48.151 10359 11374 E SchedPolicy: set_timerslack_ns prctl failed: Invalid argument
01-03 09:33:48.151 10359 12435 E SchedPolicy: set_timerslack_ns prctl failed: Invalid argument
01-03 09:33:48.177 10359 11374 E SchedPolicy: set_timerslack_ns prctl failed: Invalid argument
01-03 09:33:48.203 10359 10368 I art : Background partial concurrent mark sweep GC freed 20829(1363KB) AllocSpace objects, 0(0B) LOS objects, 33% free, 17MB/25MB, paused 1.047ms total 210.480ms
01-03 09:33:48.229 13167 13167 I rcs : [RcsBindingManager] Checking if we should rebind to previous service. Attempt 0
01-03 09:33:48.250 10792 13575 I AlarmManager: setExactAndAllowWhileIdle [name: RemindersNSREFRESH_TIME_REMINDERS_ALARM type: 0 triggerAtMillis: 1704301200000]
01-03 09:33:48.254 13517 13611 I LPDownloadSettingsState: Defaulting LP download condition to WIFI_ONLY as user has not edited settings.
01-03 09:33:48.255 13517 13611 I DefaultLPManager: #getAvailablePackages
01-03 09:33:48.257 10792 13575 E WakeLock: IntentOp:.reminders.notification.RefreshNotificationsIntentOperation should be held!
01-03 09:33:48.258 13517 13611 I eqp : #getDownloadableLanguagePacks
01-03 09:33:48.258 10792 13166 E WakeLock: IntentOp:.reminders.notification.ScheduleTimeRemindersIntentOperation should be held!
01-03 09:33:48.265 13088 13096 E DataBuffer: Internal data leak within a DataBuffer object detected! Be sure to explicitly call release() on all DataBuffer extending objects when you are done with them. (internal object: com.google.android.gms.common.data.DataHolder@8a999c2)
01-03 09:33:48.271 13167 13167 I rcs : [RcsBindingManager] No valid settings for binding.
01-03 09:33:48.274 13517 13611 W SystemLPSourceImpl: #getAvailablePackages: Note there is not reason to call this method, as getInstalledPackages() returns the same LanguagePacks for this impl.
01-03 09:33:48.285 10359 11022 E SchedPolicy: set_timerslack_ns prctl failed: Invalid argument
01-03 09:33:48.305 10792 12311 I FacsCacheGmsModule: Receiving API connection to internal FACS API...
01-03 09:33:48.307 10359 11358 E SchedPolicy: set_timerslack_ns prctl failed: Invalid argument
01-03 09:33:48.308 13517 13611 I DefaultLPManager: #getInstalledPackages
01-03 09:33:48.310 10792 13581 I GmsSyncPolicyEngine: (REDACTED) Periodic sync %d disabled by policy, cancelled.
01-03 09:33:48.311 13517 13611 I eqp : #getInstalledPackages
01-03 09:33:48.314 10792 13581 I GmsSyncPolicyEngine: (REDACTED) Periodic sync %d disabled by policy, cancelled.
01-03 09:33:48.330 10792 13581 I GmsSyncPolicyEngine: (REDACTED) Periodic sync %d disabled by policy, cancelled.
01-03 09:33:48.339 10359 11022 E SchedPolicy: set_timerslack_ns prctl failed: Invalid argument
01-03 09:33:48.342 10359 11022 E SchedPolicy: set_timerslack_ns prctl failed: Invalid argument
01-03 09:33:48.351 10359 11374 E SchedPolicy: set_timerslack_ns prctl failed: Invalid argument
01-03 09:33:48.353 10359 11374 E SchedPolicy: set_timerslack_ns prctl failed: Invalid argument
01-03 09:33:48.362 13517 13611 I DefaultLPManager: #getInstalledPackages
01-03 09:33:48.364 13517 13611 I eqp : #getInstalledPackages
01-03 09:33:48.387 13517 13611 I DefaultLPManager: #getRequestedPackages
01-03 09:33:48.391 10359 10371 E SchedPolicy: set_timerslack_ns prctl failed: Invalid argument
01-03 09:33:48.391 10359 10371 E SchedPolicy: set_timerslack_ns prctl failed: Invalid argument
01-03 09:33:48.391 10359 10371 E SchedPolicy: set_timerslack_ns prctl failed: Invalid argument
01-03 09:33:48.391 10359 10371 E SchedPolicy: set_timerslack_ns prctl failed: Invalid argument
01-03 09:33:48.391 10359 10371 E SchedPolicy: set_timerslack_ns prctl failed: Invalid argument
01-03 09:33:48.391 10359 10371 E SchedPolicy: set_timerslack_ns prctl failed: Invalid argument
01-03 09:33:48.391 10359 10371 E SchedPolicy: set_timerslack_ns prctl failed: Invalid argument
01-03 09:33:48.392 10359 10371 E SchedPolicy: set_timerslack_ns prctl failed: Invalid argument
01-03 09:33:48.392 10359 10371 E SchedPolicy: set_timerslack_ns prctl failed: Invalid argument
01-03 09:33:48.392 10359 10371 E SchedPolicy: set_timerslack_ns prctl failed: Invalid argument
01-03 09:33:48.392 10359 10371 E SchedPolicy: set_timerslack_ns prctl failed: Invalid argument
01-03 09:33:48.392 10359 10371 E SchedPolicy: set_timerslack_ns prctl failed: Invalid argument
01-03 09:33:48.392 10359 10371 E SchedPolicy: set_timerslack_ns prctl failed: Invalid argument
01-03 09:33:48.405 13517 13611 I ZipLPPopulator: #addNewFileGroups
01-03 09:33:48.405 13517 13611 I eqp : #getDownloadableLanguagePacks
01-03 09:33:48.426 13517 13580 I LPRequestState: [ZipfileRequests] #resolveDesiredLanguagePacks
01-03 09:33:48.446 10359 10371 E SchedPolicy: set_timerslack_ns prctl failed: Invalid argument
01-03 09:33:48.448 10792 13581 W MDM : [317] beci.d: Device admin action is a no-op. Action: true
01-03 09:33:48.460 10359 12435 E SchedPolicy: set_timerslack_ns prctl failed: Invalid argument
01-03 09:33:48.460 10359 12435 E SchedPolicy: set_timerslack_ns prctl failed: Invalid argument
01-03 09:33:48.460 10359 12435 E SchedPolicy: set_timerslack_ns prctl failed: Invalid argument
01-03 09:33:48.460 10359 12435 E SchedPolicy: set_timerslack_ns prctl failed: Invalid argument
01-03 09:33:48.460 10359 12435 E SchedPolicy: set_timerslack_ns prctl failed: Invalid argument
01-03 09:33:48.460 10359 12435 E SchedPolicy: set_timerslack_ns prctl failed: Invalid argument
01-03 09:33:48.460 10359 12435 E SchedPolicy: set_timerslack_ns prctl failed: Invalid argument
01-03 09:33:48.460 10359 12435 E SchedPolicy: set_timerslack_ns prctl failed: Invalid argument
01-03 09:33:48.460 10359 12435 E SchedPolicy: set_timerslack_ns prctl failed: Invalid argument
01-03 09:33:48.460 10359 12435 E SchedPolicy: set_timerslack_ns prctl failed: Invalid argument
01-03 09:33:48.460 10359 12435 E SchedPolicy: set_timerslack_ns prctl failed: Invalid argument
01-03 09:33:48.460 10359 12435 E SchedPolicy: set_timerslack_ns prctl failed: Invalid argument
01-03 09:33:48.460 10359 12435 E SchedPolicy: set_timerslack_ns prctl failed: Invalid argument
01-03 09:33:48.479 10359 12435 E SchedPolicy: set_timerslack_ns prctl failed: Invalid argument
01-03 09:33:48.480 10359 12435 E SchedPolicy: set_timerslack_ns prctl failed: Invalid argument
01-03 09:33:48.480 10359 12435 E SchedPolicy: set_timerslack_ns prctl failed: Invalid argument
01-03 09:33:48.480 10359 12435 E SchedPolicy: set_timerslack_ns prctl failed: Invalid argument
01-03 09:33:48.480 10359 12435 E SchedPolicy: set_timerslack_ns prctl failed: Invalid argument
01-03 09:33:48.480 10359 12435 E SchedPolicy: set_timerslack_ns prctl failed: Invalid argument
01-03 09:33:48.480 10359 12435 E SchedPolicy: set_timerslack_ns prctl failed: Invalid argument
01-03 09:33:48.480 10359 12435 E SchedPolicy: set_timerslack_ns prctl failed: Invalid argument
01-03 09:33:48.480 10359 12435 E SchedPolicy: set_timerslack_ns prctl failed: Invalid argument
01-03 09:33:48.480 10359 12435 E SchedPolicy: set_timerslack_ns prctl failed: Invalid argument
01-03 09:33:48.480 10359 12435 E SchedPolicy: set_timerslack_ns prctl failed: Invalid argument
01-03 09:33:48.480 10359 12435 E SchedPolicy: set_timerslack_ns prctl failed: Invalid argument
01-03 09:33:48.480 10359 12435 E SchedPolicy: set_timerslack_ns prctl failed: Invalid argument
01-03 09:33:48.488 13517 13611 W SystemLPSourceImpl: #getRequestedPackages: There is not reason to call this method, as the result is always empty.
01-03 09:33:48.488 13517 13611 I DefaultLPManager: #getAvailablePackages
01-03 09:33:48.491 13517 13611 I eqp : #getDownloadableLanguagePacks
01-03 09:33:48.497 13517 13611 W SystemLPSourceImpl: #getAvailablePackages: Note there is not reason to call this method, as getInstalledPackages() returns the same LanguagePacks for this impl.
01-03 09:33:48.503 13517 13536 W art : Verification of java.lang.Object cvo.apply(java.lang.Object) took 172.033ms
01-03 09:33:48.515 10792 12279 I PeopleGalProvider: Gal directories started.
01-03 09:33:48.516 10792 12279 I PeopleGalProvider: Method 1 completed.
01-03 09:33:48.516 10792 12279 I PeopleGalProvider: Method 1 finished successfully.
01-03 09:33:48.536 10359 11374 E SchedPolicy: set_timerslack_ns prctl failed: Invalid argument
01-03 09:33:48.550 13167 13629 I LSR : Cancelling periodic location reporting maintenance task [CONTEXT service_id=277 ]
01-03 09:33:48.558 10359 11374 E SchedPolicy: set_timerslack_ns prctl failed: Invalid argument
01-03 09:33:48.560 10359 10371 E SchedPolicy: set_timerslack_ns prctl failed: Invalid argument
01-03 09:33:48.561 10359 11374 E SchedPolicy: set_timerslack_ns prctl failed: Invalid argument
01-03 09:33:48.561 10359 11358 E SQLiteLog: (14) cannot open file at line 32456 of [bda77dda96]
01-03 09:33:48.561 10359 11358 E SQLiteLog: (14) os_unix.c:32456: (24) open(/data/system_de/0/accounts_de.db-mj764558905) -
01-03 09:33:48.561 10359 11374 E SchedPolicy: set_timerslack_ns prctl failed: Invalid argument
01-03 09:33:48.562 10359 11358 E AccountManagerService: Account Manager Crash
01-03 09:33:48.562 10359 11358 E AccountManagerService: android.database.sqlite.SQLiteCantOpenDatabaseException: unable to open database file (code 14)
01-03 09:33:48.562 10359 11358 E AccountManagerService: at android.database.sqlite.SQLiteConnection.nativeExecute(Native Method)
01-03 09:33:48.562 10359 11358 E AccountManagerService: at android.database.sqlite.SQLiteConnection.execute(SQLiteConnection.java:555)
01-03 09:33:48.562 10359 11358 E AccountManagerService: at android.database.sqlite.SQLiteSession.endTransactionUnchecked(SQLiteSession.java:437)
01-03 09:33:48.562 10359 11358 E AccountManagerService: at android.database.sqlite.SQLiteSession.endTransaction(SQLiteSession.java:401)
01-03 09:33:48.562 10359 11358 E AccountManagerService: at android.database.sqlite.SQLiteDatabase.endTransaction(SQLiteDatabase.java:524)
01-03 09:33:48.562 10359 11358 E AccountManagerService: at com.android.server.accounts.AccountManagerService.setUserdataInternalLocked(AccountManagerService.java:2234)
01-03 09:33:48.562 10359 11358 E AccountManagerService: at com.android.server.accounts.AccountManagerService.setUserData(AccountManagerService.java:2188)
01-03 09:33:48.562 10359 11358 E AccountManagerService: at android.accounts.IAccountManager$Stub.onTransact(IAccountManager.java:367)
01-03 09:33:48.562 10359 11358 E AccountManagerService: at com.android.server.accounts.AccountManagerService.onTransact(AccountManagerService.java:513)
01-03 09:33:48.562 10359 11358 E AccountManagerService: at android.os.Binder.execTransact(Binder.java:565)
01-03 09:33:48.562 13517 13580 I eqp : #getPendingPackages
01-03 09:33:48.563 10359 11358 E JavaBinder: *** Uncaught remote exception! (Exceptions are not yet supported across processes.)
01-03 09:33:48.563 10359 11358 E JavaBinder: android.database.sqlite.SQLiteCantOpenDatabaseException: unable to open database file (code 14)
01-03 09:33:48.563 10359 11358 E JavaBinder: at android.database.sqlite.SQLiteConnection.nativeExecute(Native Method)01-03 09:33:48.563 10359 11358 E JavaBinder: at android.database.sqlite.SQLiteConnection.execute(SQLiteConnection.java:555)
01-03 09:33:48.563 10359 11358 E JavaBinder: at android.database.sqlite.SQLiteSession.endTransactionUnchecked(SQLiteSession.java:437)
01-03 09:33:48.563 10359 11358 E JavaBinder: at android.database.sqlite.SQLiteSession.endTransaction(SQLiteSession.java:401)
01-03 09:33:48.563 10359 11358 E JavaBinder: at android.database.sqlite.SQLiteDatabase.endTransaction(SQLiteDatabase.java:524)
