01-03 09:33:46.192 10196 10460 D CameraHal: ParserFlashInfo(515): FlashI2cAddrByte(0)
01-03 09:33:46.192 10196 10460 D CameraHal: ParserFlashInfo(518): FlashI2cRate(0)
01-03 09:33:46.192 10196 10460 D CameraHal: ParserFlashInfo(521): FlashTrigger(NC) active(0)
01-03 09:33:46.192 10196 10460 D CameraHal: ParserFlashInfo(525): FlashEn(NC) active(0)
01-03 09:33:46.192 10196 10460 D CameraHal: ParserFlashInfo(532): FlashLuminance(0)
01-03 09:33:46.193 10196 10460 D CameraHal: ParserFlashInfo(535): FlashColorTemp(0)
01-03 09:33:46.193 10196 10460 D CameraHal: StartElementHandler(964): HDR(1)!
01-03 09:33:46.193 10196 10460 D CameraHal: StartElementHandler(968): ZSL(1)!
01-03 09:33:46.193 10196 10460 D CameraHal: StartElementHandler(972): zoom(1)!
01-03 09:33:46.193 10196 10460 D CameraHal: StartElementHandler(1014): Continue_SnapShot(1)!
01-03 09:33:46.193 10359 10371 E SchedPolicy: set_timerslack_ns prctl failed: Invalid argument
01-03 09:33:46.193 10196 10460 D CameraHal: StartElementHandler(1017): InterpolationRes(0)!
01-03 09:33:46.193 10359 10371 E SchedPolicy: set_timerslack_ns prctl failed: Invalid argument
01-03 09:33:46.193 10196 10460 D CameraHal: StartElementHandler(1002): PreviewSize(0x0)!
01-03 09:33:46.193 10196 10460 D CameraHal: StartElementHandler(1005): Preview_Minimum_FrameRate(0)!
01-03 09:33:46.193 10196 10460 D CameraHal: StartElementHandler(998): face detect config(0),max face num is (1)!
01-03 09:33:46.193 10196 10460 D CameraHal: StartElementHandler(993): Gammaout support 0(mGamma:1.000000,mOffSet:0)!
01-03 09:33:46.193 10196 10460 D CameraHal: ParserDVConfig(802): DV_QCIF(qcif) resolution(176x144) fps(10) support(1)
01-03 09:33:46.193 10196 10460 D CameraHal: ParserDVConfig(814): DV_QVGA(qvga) resolution(320x240) fps(10) support(1)
01-03 09:33:46.193 10196 10460 D CameraHal: ParserDVConfig(826): DV_CIF(cif) resolution(352x288) fps(10) support(1)
01-03 09:33:46.193 10196 10460 D CameraHal: ParserDVConfig(838): DV_VGA(480p) resolution(640x480) fps(10) support(0)
01-03 09:33:46.193 10196 10460 D CameraHal: ParserDVConfig(850): DV_480P(480p) resolution(720x480) fps(10) support(0)
01-03 09:33:46.193 10196 10460 D CameraHal: ParserDVConfig(874): DV_720P(720p) resolution(1280x720) fps(10) support(1)
01-03 09:33:46.193 10196 10460 D CameraHal: ParserDVConfig(886): DV_1080P(1080p) resolution(1920x1080) fps(10) support(1)
01-03 09:33:46.193 10196 10460 D CameraHal: ParserSensorInfo(190): SensorName(GC2145)
01-03 09:33:46.193 10196 10460 D CameraHal: ParserSensorInfo(198): SensorDevID(CAMSYS_DEVID_SENSOR_1A)
01-03 09:33:46.193 10196 10460 D CameraHal: ParserSensorInfo(209): SensorDevID(16777216)
01-03 09:33:46.193 10196 10460 D CameraHal: ParserSensorInfo(211): SensorHostDevID(CAMSYS_DEVID_MARVIN)
01-03 09:33:46.193 10196 10460 D CameraHal: ParserSensorInfo(226): Sensori2cBusNum(3)
01-03 09:33:46.193 10196 10460 D CameraHal: ParserSensorInfo(229): SensorI2cAddrByte(2)
01-03 09:33:46.193 10196 10460 D CameraHal: ParserSensorInfo(232): SensorI2cRate(100000)
01-03 09:33:46.193 10196 10460 D CameraHal: ParserSensorInfo(240): SensorAvdd(NC) min(0) max(0)
01-03 09:33:46.193 10196 10460 D CameraHal: ParserSensorInfo(254): SensorDvdd(NC) min(0) max(0)
01-03 09:33:46.193 10196 10460 D CameraHal: ParserSensorInfo(247): SensorDovdd(NC) min(18000000) max(18000000)
01-03 09:33:46.193 10196 10460 D CameraHal: ParserSensorInfo(235): SensorMclk(24000000)
01-03 09:33:46.193 10196 10460 D CameraHal: ParserSensorInfo(261): SensorGpioPwdn(RK30_PIN2_PB6) active(1)
01-03 09:33:46.194 10196 10460 D CameraHal: ParserSensorInfo(291): SensorFacing(front)
01-03 09:33:46.194 10196 10460 D CameraHal: ParserSensorInfo(300): SensorInterface(MIPI)
01-03 09:33:46.194 10196 10460 D CameraHal: ParserSensorInfo(313): SensorMirrorFlip(0)
01-03 09:33:46.194 10196 10460 D CameraHal: ParserSensorInfo(316): SensorOrientation(0)
01-03 09:33:46.194 10196 10460 D CameraHal: ParserSensorInfo(435): SensorFovParemeter fov_h(60.0)(60.000000) fov_v(60.0)(60.000000)
01-03 09:33:46.194 10196 10460 D CameraHal: ParserSensorInfo(438): SensorAWB_Frame_Skip fps(15)
01-03 09:33:46.194 10196 10460 E CameraHal: ParserSensorInfo(355): SensorPhy laneNum wrong (1) range[1,4]
01-03 09:33:46.194 10196 10460 E CameraHal: ParserSensorInfo(388): SensorPhy: phyindex: 1,open /dev/camsys_marvin1
01-03 09:33:46.194 10196 10460 D CameraHal: ParserSensorInfo(397): SensorGpioPwdn(RK30_PIN2_PB6) active(1)
01-03 09:33:46.194 10196 10460 D CameraHal: ParserSensorInfo(405): SensorPhy: MIPI lane: 1 phyindex: 1 fmt: 0x2b
01-03 09:33:46.194 10196 10460 D CameraHal: ParserVCMInfo(450): VCMDrvName(NC)
01-03 09:33:46.194 10196 10460 D CameraHal: ParserVCMInfo(453): VCMName(NC)
01-03 09:33:46.194 10196 10460 D CameraHal: ParserVCMInfo(456): VCMI2cBusNum(0)
01-03 09:33:46.194 10196 10460 D CameraHal: ParserVCMInfo(459): VCMI2cAddrByte(0)
01-03 09:33:46.194 10196 10460 D CameraHal: ParserVCMInfo(462): VCMI2cRate(0)
01-03 09:33:46.194 10196 10460 D CameraHal: ParserVCMInfo(477): VCMVdd(NC) min(0) max(0)
01-03 09:33:46.194 10196 10460 D CameraHal: ParserVCMInfo(471): VCMGpioPower(NC) active(0)
01-03 09:33:46.194 10196 10460 D CameraHal: ParserVCMInfo(465): VCMGpioPwdn(NC) active(0)
01-03 09:33:46.194 10196 10460 D CameraHal: ParserVCMInfo(490): start current(20) rated current(80) vcm max(100) step mode(13) drv max(100)
01-03 09:33:46.194 10196 10460 D CameraHal: ParserFlashInfo(509): FlashName(NC)
01-03 09:33:46.194 10196 10460 D CameraHal: ParserFlashInfo(512): FlashI2cBusNum(0)
01-03 09:33:46.194 10196 10460 D CameraHal: ParserFlashInfo(515): FlashI2cAddrByte(0)
01-03 09:33:46.194 10196 10460 D CameraHal: ParserFlashInfo(518): FlashI2cRate(0)
01-03 09:33:46.194 10196 10460 D CameraHal: ParserFlashInfo(521): FlashTrigger(NC) active(1)
01-03 09:33:46.194 10196 10460 D CameraHal: ParserFlashInfo(525): FlashEn(NC) active(1)
01-03 09:33:46.194 10196 10460 D CameraHal: ParserFlashInfo(532): FlashLuminance(0)
01-03 09:33:46.194 10196 10460 D CameraHal: ParserFlashInfo(535): FlashColorTemp(0)
01-03 09:33:46.194 10359 10371 E SchedPolicy: set_timerslack_ns prctl failed: Invalid argument
01-03 09:33:46.194 10196 10460 D CameraHal: StartElementHandler(964): HDR(1)!
01-03 09:33:46.194 10196 10460 D CameraHal: StartElementHandler(968): ZSL(1)!
01-03 09:33:46.194 10196 10460 D CameraHal: StartElementHandler(972): zoom(1)!
01-03 09:33:46.194 10196 10460 D CameraHal: StartElementHandler(1014): Continue_SnapShot(1)!
01-03 09:33:46.194 10196 10460 D CameraHal: StartElementHandler(1017): InterpolationRes(0)!
01-03 09:33:46.194 10196 10460 D CameraHal: StartElementHandler(1002): PreviewSize(800x600)!
01-03 09:33:46.194 10196 10460 D CameraHal: StartElementHandler(998): face detect config(0),max face num is (0)!
01-03 09:33:46.194 10196 10460 D CameraHal: ParserDVConfig(802): DV_QCIF(qcif) resolution(176x144) fps(10) support(1)
01-03 09:33:46.194 10196 10460 D CameraHal: ParserDVConfig(814): DV_QVGA(qvga) resolution(320x240) fps(10) support(1)
01-03 09:33:46.194 10196 10460 D CameraHal: ParserDVConfig(826): DV_CIF(cif) resolution(352x288) fps(10) support(1)
01-03 09:33:46.194 10196 10460 D CameraHal: ParserDVConfig(838): DV_VGA(480p) resolution(640x480) fps(10) support(1)
01-03 09:33:46.194 10196 10460 D CameraHal: ParserDVConfig(850): DV_480P(480p) resolution(720x480) fps(10) support(0)
01-03 09:33:46.194 10196 10460 D CameraHal: ParserDVConfig(874): DV_720P(720p) resolution(1280x720) fps(10) support(0)
01-03 09:33:46.194 10196 10460 D CameraHal: ParserDVConfig(886): DV_1080P(1080p) resolution(1920x1080) fps(10) support(0)
01-03 09:33:46.195 10196 10460 D CameraHal: number of camdevice (2)
01-03 09:33:46.195 10196 10460 D CameraHal: now DV size(7)
01-03 09:33:46.195 10196 10460 E CameraHal: camera_get_number_of_cameras(789): board profiles cam num 2
01-03 09:33:46.195 10196 10460 D CameraHal: read cam name from xml(/data/camera/media_profiles.xml)
01-03 09:33:46.195 10196 10460 E CameraHal: is not exist, register all
01-03 09:33:46.195 10792 10815 E System : Uncaught exception thrown by finalizer
01-03 09:33:46.195 10196 10460 E CameraHal: Open (/dev/camsys_marvin) failed, error=(No such file or directory)
01-03 09:33:46.195 10196 10460 E CameraHal: OV8858 device register failed!
01-03 09:33:46.196 10792 10815 E System : java.lang.IllegalStateException: Lock wasn't released correctly
01-03 09:33:46.196 10792 10815 E System : at baos.finalize(:com.google.android.gms@233414015@23.34.14 (040300-560151436):12)
01-03 09:33:46.196 10792 10815 E System : at java.lang.Daemons$FinalizerDaemon.doFinalize(Daemons.java:222)
01-03 09:33:46.196 10792 10815 E System : at java.lang.Daemons$FinalizerDaemon.run(Daemons.java:209)
01-03 09:33:46.196 10792 10815 E System : at java.lang.Thread.run(Thread.java:761)
01-03 09:33:46.196 10196 10460 E CameraHal: Open (/dev/camsys_marvin1) failed, error=(No such file or directory),try to open /dev/camsys_marvin
01-03 09:33:46.196 10196 10460 E CameraHal: Open (/dev/camsys_marvin) failed, error=(No such file or directory)
01-03 09:33:46.196 10196 10460 E CameraHal: GC2145 device register failed!
01-03 09:33:46.196 10196 10460 E CameraHal: camera_get_number_of_cameras(796): load sensor name(OV8858) connect 0
01-03 09:33:46.196 10196 10460 E CameraHal: camera_get_number_of_cameras(796): load sensor name(GC2145) connect 0
01-03 09:33:46.196 10196 10460 E CameraHal: camera_get_number_of_cameras(854): Open /dev/video0 failed! strr: No such file or directory
01-03 09:33:46.196 10196 10460 E CameraHal: camera_get_number_of_cameras(854): Open /dev/video1 failed! strr: No such file or directory
01-03 09:33:46.196 10196 10460 E CameraHal: camera_get_number_of_cameras(854): Open /dev/video2 failed! strr: No such file or directory
01-03 09:33:46.196 10196 10460 E CameraHal: camera_get_number_of_cameras(854): Open /dev/video3 failed! strr: No such file or directory
01-03 09:33:46.197 10196 10460 E CameraHal: camera_get_number_of_cameras(854): Open /dev/video4 failed! strr: No such file or directory
01-03 09:33:46.197 10196 10460 E CameraHal: camera_get_number_of_cameras(854): Open /dev/video5 failed! strr: No such file or directory
01-03 09:33:46.197 10196 10460 E CameraHal: camera_get_number_of_cameras(854): Open /dev/video6 failed! strr: No such file or directory
01-03 09:33:46.197 10196 10460 E CameraHal: camera_get_number_of_cameras(854): Open /dev/video7 failed! strr: No such file or directory
01-03 09:33:46.197 10196 10460 E CameraHal: camera_get_number_of_cameras(854): Open /dev/video8 failed! strr: No such file or directory
01-03 09:33:46.197 10196 10460 E CameraHal: camera_get_number_of_cameras(854): Open /dev/video9 failed! strr: No such file or directory
01-03 09:33:46.197 10196 10460 D CameraHal: camera_get_number_of_cameras(1246): camera_get_number_of_cameras(1246): Current board have 0 cameras attached.
01-03 09:33:46.197 10196 10460 D CameraHal: camera_get_number_of_cameras(1249): meida_profiles_xml_control time (8096)us01-03 09:33:46.200 10196 10460 D CameraHal: createInstance(1035): open xml file(/etc/cam_board.xml) success
01-03 09:33:46.200 10196 10460 E CameraHal: cam_board.xml version(v0x0.0x0.0x0) != xml parser version(v0x0.0xf.0x0)
01-03 09:33:46.200 10196 10460 D CameraHal:
01-03 09:33:46.200 10196 10460 D CameraHal:
01-03 09:33:46.200 10196 10460 D CameraHal:
01-03 09:33:46.200 10196 10460 D CameraHal: Cam_board.xml Version Check:
01-03 09:33:46.200 10196 10460 D CameraHal: /etc/cam_board.xml : v0.0xf.0
01-03 09:33:46.200 10196 10460 D CameraHal: CameraHal_board_xml_parser: v0x0.0xf.0x0
01-03 09:33:46.200 10196 10460 D CameraHal: ParserSensorInfo(190): SensorName(OV8858)
01-03 09:33:46.200 10196 10460 D CameraHal: ParserSensorInfo(196): lensName(LG-9569A2)
01-03 09:33:46.200 10196 10460 D CameraHal: ParserSensorInfo(198): SensorDevID(CAMSYS_DEVID_SENSOR_1B)
01-03 09:33:46.200 10196 10460 D CameraHal: ParserSensorInfo(209): SensorDevID(33554432)
01-03 09:33:46.200 10196 10460 D CameraHal: ParserSensorInfo(211): SensorHostDevID(CAMSYS_DEVID_MARVIN)
01-03 09:33:46.200 10196 10460 D CameraHal: ParserSensorInfo(226): Sensori2cBusNum(3)
01-03 09:33:46.200 10196 10460 D CameraHal: ParserSensorInfo(229): SensorI2cAddrByte(2)
01-03 09:33:46.200 10196 10460 D CameraHal: ParserSensorInfo(232): SensorI2cRate(100000)
01-03 09:33:46.200 10196 10460 D CameraHal: ParserSensorInfo(240): SensorAvdd(NC) min(0) max(0)
01-03 09:33:46.200 10196 10460 D CameraHal: ParserSensorInfo(254): SensorDvdd(NC) min(0) max(0)
01-03 09:33:46.200 10196 10460 D CameraHal: ParserSensorInfo(247): SensorDovdd(NC) min(18000000) max(18000000)
01-03 09:33:46.200 10196 10460 D CameraHal: ParserSensorInfo(235): SensorMclk(24000000)
01-03 09:33:46.200 10196 10460 D CameraHal: ParserSensorInfo(285): SensorGpioPwen(RK30_PIN0_PC1) active(1)
01-03 09:33:46.200 10196 10460 D CameraHal: ParserSensorInfo(279): SensorGpioRst(RK30_PIN2_PB5) active(0)
01-03 09:33:46.200 10196 10460 D CameraHal: ParserSensorInfo(261): SensorGpioPwdn(RK30_PIN2_PB7) active(0)
01-03 09:33:46.200 10196 10460 D CameraHal: ParserSensorInfo(291): SensorFacing(front)
01-03 09:33:46.200 10196 10460 D CameraHal: ParserSensorInfo(300): SensorInterface(MIPI)
01-03 09:33:46.206 10792 13575 W PrereqChecker: No rear-facing camera detected.
01-03 09:33:46.206 10359 12284 E SchedPolicy: set_timerslack_ns prctl failed: Invalid argument
01-03 09:33:46.207 10359 12284 E SchedPolicy: set_timerslack_ns prctl failed: Invalid argument
01-03 09:33:46.207 10359 10371 E SchedPolicy: set_timerslack_ns prctl failed: Invalid argument
01-03 09:33:46.207 10792 13575 I OcrModelUpStIntentOp: Downloading text recognizer
01-03 09:33:46.228 13167 13272 E WakeLock: CMWakeLock should be held!
01-03 09:33:46.233 10359 10371 E SchedPolicy: set_timerslack_ns prctl failed: Invalid argument
01-03 09:33:46.238 10792 10792 D BoundBrokerSvc: onBind: Intent { act=com.google.android.gms.ocr.service.internal.START dat=chimera-action: cmp=com.google.android.gms/.chimera.GmsInternalApiService }
01-03 09:33:46.238 10792 10792 D BoundBrokerSvc: Loading bound service for intent: Intent { act=com.google.android.gms.ocr.service.internal.START dat=chimera-action: cmp=com.google.android.gms/.chimera.GmsInternalApiService }
01-03 09:33:46.245 10359 11022 E SchedPolicy: set_timerslack_ns prctl failed: Invalid argument
01-03 09:33:46.254 10359 12284 E SchedPolicy: set_timerslack_ns prctl failed: Invalid argument
01-03 09:33:46.268 10359 11358 E SchedPolicy: set_timerslack_ns prctl failed: Invalid argument
01-03 09:33:46.281 10359 11374 E SchedPolicy: set_timerslack_ns prctl failed: Invalid argument
01-03 09:33:46.310 13167 13228 E WakeLock: nearby:ENWearableDeviceManager should be held!
01-03 09:33:46.323 13517 13563 I art : Rejecting re-init on previously-failed class java.lang.Class: java.lang.NoClassDefFoundError: Failed resolution of: Lcom/google/android/wearable/compat/WearableActivityController$AmbientCallback;
01-03 09:33:46.323 13517 13563 I art : at bfd androidx.wear.ambient.WearableControllerProvider.a(bfe, bfj) (PG:1)
01-03 09:33:46.323 13517 13563 I art : at void bdh.c(bft[]) (PG:13)
01-03 09:33:46.323 13517 13563 I art : at void bcf.b(bam, androidx.work.impl.WorkDatabase, java.util.List) (PG:96)01-03 09:33:46.323 13517 13563 I art : at void bco.g() (PG:11)
01-03 09:33:46.323 13517 13563 I art : at void bgs.run() (PG:66)
01-03 09:33:46.323 13517 13563 I art : at void bhi.run() (PG:1)
01-03 09:33:46.323 13517 13563 I art : at void cnp.run() (PG:5)
01-03 09:33:46.323 13517 13563 I art : at void java.util.concurrent.ThreadPoolExecutor.runWorker(java.util.concurrent.ThreadPoolExecutor$Worker) (ThreadPoolExecutor.java:1133)
01-03 09:33:46.323 13517 13563 I art : at void java.util.concurrent.ThreadPoolExecutor$Worker.run() (ThreadPoolExecutor.java:607)
01-03 09:33:46.323 13517 13563 I art : at void bpg.run() (PG:24)
01-03 09:33:46.323 13517 13563 I art : at void cnc.run() (PG:3)
01-03 09:33:46.323 13517 13563 I art : at void java.lang.Thread.run() (Thread.java:761)
01-03 09:33:46.323 13517 13563 I art : Caused by: java.lang.ClassNotFoundException: Didn't find class "com.google.android.wearable.compat.WearableActivityController$AmbientCallback" on path: DexPathList[[zip file "/data/app/com.google.android.tts-1/base.apk"],nativeLibraryDirectories=[/data/app/com.google.android.tts-1/lib/arm, /data/app/com.google.android.tts-1/base.apk!/lib/armeabi-v7a, /system/lib, /vendor/lib]]
01-03 09:33:46.323 13517 13563 I art : at java.lang.Class dalvik.system.BaseDexClassLoader.findClass(java.lang.String) (BaseDexClassLoader.java:56)
01-03 09:33:46.323 13517 13563 I art : at java.lang.Class java.lang.ClassLoader.loadClass(java.lang.String, boolean) (ClassLoader.java:380)
01-03 09:33:46.323 13517 13563 I art : at java.lang.Class java.lang.ClassLoader.loadClass(java.lang.String) (ClassLoader.java:312)
01-03 09:33:46.323 13517 13563 I art : at bfd androidx.wear.ambient.WearableControllerProvider.a(bfe, bfj) (PG:1)
01-03 09:33:46.323 13517 13563 I art : at void bdh.c(bft[]) (PG:13)
01-03 09:33:46.323 13517 13563 I art : at void bcf.b(bam, androidx.work.impl.WorkDatabase, java.util.List) (PG:96)01-03 09:33:46.323 13517 13563 I art : at void bco.g() (PG:11)
01-03 09:33:46.323 13517 13563 I art : at void bgs.run() (PG:66)
01-03 09:33:46.323 13517 13563 I art : at void bhi.run() (PG:1)
01-03 09:33:46.323 13517 13563 I art : at void cnp.run() (PG:5)
01-03 09:33:46.323 13517 13563 I art : at void java.util.concurrent.ThreadPoolExecutor.runWorker(java.util.concurrent.ThreadPoolExecutor$Worker) (ThreadPoolExecutor.java:1133)
01-03 09:33:46.323 13517 13563 I art : at void java.util.concurrent.ThreadPoolExecutor$Worker.run() (ThreadPoolExecutor.java:607)
01-03 09:33:46.323 13517 13563 I art : at void bpg.run() (PG:24)
01-03 09:33:46.323 13517 13563 I art : at void cnc.run() (PG:3)
01-03 09:33:46.323 13517 13563 I art : at void java.lang.Thread.run() (Thread.java:761)
01-03 09:33:46.323 13517 13563 I art :
01-03 09:33:46.373 13167 13296 E WakeLock: *gms_scheduler*/com.google.android.gms/.tapandpay.gcmtask.TapAndPayGcmTaskService should be held!
01-03 09:33:46.381 13167 13342 I GCoreUlr: WorldUpdater:init: Ensuring that reporting is stopped because of reasons: {account#4#=[InactiveReason{mIdentifier=6, mName='ReportingNotEnabled'}, InactiveReason{mIdentifier=14, mName='HistoryNotEnabled'}]}
01-03 09:33:46.382 10359 11374 E SchedPolicy: set_timerslack_ns prctl failed: Invalid argument
01-03 09:33:46.382 10359 11374 E SchedPolicy: set_timerslack_ns prctl failed: Invalid argument
01-03 09:33:46.382 10359 11374 E SchedPolicy: set_timerslack_ns prctl failed: Invalid argument
01-03 09:33:46.382 10359 11374 E SchedPolicy: set_timerslack_ns prctl failed: Invalid argument
01-03 09:33:46.382 10359 11374 E SchedPolicy: set_timerslack_ns prctl failed: Invalid argument
01-03 09:33:46.382 10359 11374 E SchedPolicy: set_timerslack_ns prctl failed: Invalid argument
01-03 09:33:46.382 10359 11374 E SchedPolicy: set_timerslack_ns prctl failed: Invalid argument
01-03 09:33:46.382 10359 11374 E SchedPolicy: set_timerslack_ns prctl failed: Invalid argument
01-03 09:33:46.382 10359 11374 E SchedPolicy: set_timerslack_ns prctl failed: Invalid argument
01-03 09:33:46.382 10359 11374 E SchedPolicy: set_timerslack_ns prctl failed: Invalid argument
01-03 09:33:46.382 10359 11374 E SchedPolicy: set_timerslack_ns prctl failed: Invalid argument
01-03 09:33:46.382 10359 11374 E SchedPolicy: set_timerslack_ns prctl failed: Invalid argument
01-03 09:33:46.382 10359 11374 E SchedPolicy: set_timerslack_ns prctl failed: Invalid argument
01-03 09:33:46.382 10359 11374 E SchedPolicy: set_timerslack_ns prctl failed: Invalid argument
01-03 09:33:46.382 10359 11374 E SchedPolicy: set_timerslack_ns prctl failed: Invalid argument
01-03 09:33:46.382 10359 11374 E SchedPolicy: set_timerslack_ns prctl failed: Invalid argument
01-03 09:33:46.382 10359 11374 E SchedPolicy: set_timerslack_ns prctl failed: Invalid argument
01-03 09:33:46.382 10359 11374 E SchedPolicy: set_timerslack_ns prctl failed: Invalid argument
01-03 09:33:46.382 10359 11374 E SchedPolicy: set_timerslack_ns prctl failed: Invalid argument
01-03 09:33:46.383 10359 11374 E SchedPolicy: set_timerslack_ns prctl failed: Invalid argument
01-03 09:33:46.384 10359 11358 E SchedPolicy: set_timerslack_ns prctl failed: Invalid argument
01-03 09:33:46.392 13167 13342 I GCoreUlr: Unbound from all signal providers.
01-03 09:33:46.416 10359 11374 E SchedPolicy: set_timerslack_ns prctl failed: Invalid argument
01-03 09:33:46.416 10359 11374 E SchedPolicy: set_timerslack_ns prctl failed: Invalid argument
01-03 09:33:46.416 10359 11374 E SchedPolicy: set_timerslack_ns prctl failed: Invalid argument
01-03 09:33:46.416 10359 11374 E SchedPolicy: set_timerslack_ns prctl failed: Invalid argument
01-03 09:33:46.416 10359 11374 E SchedPolicy: set_timerslack_ns prctl failed: Invalid argument
01-03 09:33:46.416 10359 11374 E SchedPolicy: set_timerslack_ns prctl failed: Invalid argument
01-03 09:33:46.416 10359 11374 E SchedPolicy: set_timerslack_ns prctl failed: Invalid argument
01-03 09:33:46.416 10359 11374 E SchedPolicy: set_timerslack_ns prctl failed: Invalid argument
01-03 09:33:46.416 10359 11374 E SchedPolicy: set_timerslack_ns prctl failed: Invalid argument
01-03 09:33:46.416 10359 11374 E SchedPolicy: set_timerslack_ns prctl failed: Invalid argument
01-03 09:33:46.416 10359 11374 E SchedPolicy: set_timerslack_ns prctl failed: Invalid argument
01-03 09:33:46.416 10359 11374 E SchedPolicy: set_timerslack_ns prctl failed: Invalid argument
01-03 09:33:46.416 10359 11374 E SchedPolicy: set_timerslack_ns prctl failed: Invalid argument
01-03 09:33:46.416 10359 11374 E SchedPolicy: set_timerslack_ns prctl failed: Invalid argument
01-03 09:33:46.416 10359 11374 E SchedPolicy: set_timerslack_ns prctl failed: Invalid argument
01-03 09:33:46.416 10359 11374 E SchedPolicy: set_timerslack_ns prctl failed: Invalid argument
01-03 09:33:46.416 10359 11374 E SchedPolicy: set_timerslack_ns prctl failed: Invalid argument
01-03 09:33:46.416 10359 11374 E SchedPolicy: set_timerslack_ns prctl failed: Invalid argument
01-03 09:33:46.416 10359 11374 E SchedPolicy: set_timerslack_ns prctl failed: Invalid argument
01-03 09:33:46.417 10359 11374 E SchedPolicy: set_timerslack_ns prctl failed: Invalid argument
01-03 09:33:46.457 13167 13258 I Nearby : (REDACTED) is blocked device type %s, isAuto=%s, isIot=%s, isLatchsky=%s, isChinaWearable=%s, isTv=%s, isWearable=%s (supportWearOs=%s), isChromeOsDevice=%s (supportChromeOs=%s)
01-03 09:33:46.470 13167 13258 I NearbyDiscovery: (REDACTED) DiscoveryController, showNotification, itemSize=%s
01-03 09:33:46.471 13167 13258 I NearbyDiscovery: (REDACTED) Show notifications: %d total, no changes since last shown, no-op.
01-03 09:33:46.476 10359 11358 E SchedPolicy: set_timerslack_ns prctl failed: Invalid argument
01-03 09:33:46.476 10359 11358 E SchedPolicy: set_timerslack_ns prctl failed: Invalid argument
01-03 09:33:46.476 10359 11358 E SchedPolicy: set_timerslack_ns prctl failed: Invalid argument
01-03 09:33:46.476 10359 11358 E SchedPolicy: set_timerslack_ns prctl failed: Invalid argument
01-03 09:33:46.476 10359 11358 E SchedPolicy: set_timerslack_ns prctl failed: Invalid argument
01-03 09:33:46.476 10359 11358 E SchedPolicy: set_timerslack_ns prctl failed: Invalid argument
01-03 09:33:46.476 10359 11358 E SchedPolicy: set_timerslack_ns prctl failed: Invalid argument
01-03 09:33:46.477 10359 11358 E SchedPolicy: set_timerslack_ns prctl failed: Invalid argument
01-03 09:33:46.477 10359 11358 E SchedPolicy: set_timerslack_ns prctl failed: Invalid argument
01-03 09:33:46.477 10359 11358 E SchedPolicy: set_timerslack_ns prctl failed: Invalid argument
01-03 09:33:46.477 10359 11358 E SchedPolicy: set_timerslack_ns prctl failed: Invalid argument
01-03 09:33:46.477 10359 11358 E SchedPolicy: set_timerslack_ns prctl failed: Invalid argument
01-03 09:33:46.477 10359 11358 E SchedPolicy: set_timerslack_ns prctl failed: Invalid argument
01-03 09:33:46.477 10359 11358 E SchedPolicy: set_timerslack_ns prctl failed: Invalid argument
01-03 09:33:46.477 10359 11358 E SchedPolicy: set_timerslack_ns prctl failed: Invalid argument
01-03 09:33:46.477 10359 11358 E SchedPolicy: set_timerslack_ns prctl failed: Invalid argument
01-03 09:33:46.477 10359 11358 E SchedPolicy: set_timerslack_ns prctl failed: Invalid argument
01-03 09:33:46.477 10359 11358 E SchedPolicy: set_timerslack_ns prctl failed: Invalid argument
01-03 09:33:46.477 10359 11358 E SchedPolicy: set_timerslack_ns prctl failed: Invalid argument
01-03 09:33:46.477 10359 11358 E SchedPolicy: set_timerslack_ns prctl failed: Invalid argument
01-03 09:33:46.497 10359 10371 E SchedPolicy: set_timerslack_ns prctl failed: Invalid argument
01-03 09:33:46.535 13517 13523 I art : Do partial code cache collection, code=23KB, data=29KB
01-03 09:33:46.551 13517 13523 I art : After code cache collection, code=23KB, data=29KB
01-03 09:33:46.551 13517 13523 I art : Increasing code cache capacity to 128KB
01-03 09:33:46.576 13167 13219 I NearbySharing: (REDACTED) A new client has bound to the NearbySharingService ClientBridge for calling package %s
01-03 09:33:46.594 10359 12284 E SchedPolicy: set_timerslack_ns prctl failed: Invalid argument
01-03 09:33:46.594 10359 12284 E SchedPolicy: set_timerslack_ns prctl failed: Invalid argument
01-03 09:33:46.594 10359 12284 E SchedPolicy: set_timerslack_ns prctl failed: Invalid argument
01-03 09:33:46.594 10359 12284 E SchedPolicy: set_timerslack_ns prctl failed: Invalid argument
01-03 09:33:46.594 10359 12284 E SchedPolicy: set_timerslack_ns prctl failed: Invalid argument
01-03 09:33:46.594 10359 12284 E SchedPolicy: set_timerslack_ns prctl failed: Invalid argument
01-03 09:33:46.594 10359 12284 E SchedPolicy: set_timerslack_ns prctl failed: Invalid argument
01-03 09:33:46.594 10359 12284 E SchedPolicy: set_timerslack_ns prctl failed: Invalid argument
01-03 09:33:46.594 10359 12284 E SchedPolicy: set_timerslack_ns prctl failed: Invalid argument
01-03 09:33:46.594 10359 12284 E SchedPolicy: set_timerslack_ns prctl failed: Invalid argument
01-03 09:33:46.594 10359 12284 E SchedPolicy: set_timerslack_ns prctl failed: Invalid argument
01-03 09:33:46.594 10359 12284 E SchedPolicy: set_timerslack_ns prctl failed: Invalid argument
01-03 09:33:46.594 10359 12284 E SchedPolicy: set_timerslack_ns prctl failed: Invalid argument
01-03 09:33:46.594 10359 12284 E SchedPolicy: set_timerslack_ns prctl failed: Invalid argument
01-03 09:33:46.594 10359 12284 E SchedPolicy: set_timerslack_ns prctl failed: Invalid argument
01-03 09:33:46.594 10359 12284 E SchedPolicy: set_timerslack_ns prctl failed: Invalid argument
01-03 09:33:46.594 10359 12284 E SchedPolicy: set_timerslack_ns prctl failed: Invalid argument
01-03 09:33:46.594 10359 12284 E SchedPolicy: set_timerslack_ns prctl failed: Invalid argument
01-03 09:33:46.594 10359 12284 E SchedPolicy: set_timerslack_ns prctl failed: Invalid argument
01-03 09:33:46.594 10359 12284 E SchedPolicy: set_timerslack_ns prctl failed: Invalid argument
01-03 09:33:46.612 13088 13588 I DynamiteModule: Considering local module com.google.android.gms.measurement.dynamite:74 and remote module com.google.android.gms.measurement.dynamite:93
01-03 09:33:46.612 13088 13588 I DynamiteModule: Selected remote version of com.google.android.gms.measurement.dynamite, version >= 93
01-03 09:33:46.612 13088 13588 V DynamiteModule: Dynamite loader version >= 2, using loadModule2NoCrashUtils
01-03 09:33:46.619 10359 10371 E SchedPolicy: set_timerslack_ns prctl failed: Invalid argument
01-03 09:33:46.622 13088 13588 W System : ClassLoader referenced unknown path:
01-03 09:33:46.623 13088 13588 D ApplicationLoaders: ignored Vulkan layer search path /data/app/com.google.android.gms-1/lib/arm:/data/app/com.google.android.gms-1/base.apk!/lib/armeabi-v7a:/data/app/com.google.android.gms-1/split_config.en.apk!/lib/armeabi-v7a:/data/app/com.google.android.gms-1/split_config.mdpi.apk!/lib/armeabi-v7a for namespace 0xad27e09001-03 09:33:46.634 13088 13588 W ResourceType: ResTable_typeSpec entry count inconsistent: given 88, previously 90
01-03 09:33:46.634 13088 13588 W ResourceType: ResTable_typeSpec entry count inconsistent: given 168, previously 172
01-03 09:33:46.634 13088 13588 W ResourceType: ResTable_typeSpec entry count inconsistent: given 3481, previously 3501
01-03 09:33:46.652 13088 13588 W System : ClassLoader referenced unknown path: /data/user_de/0/com.google.android.gms/app_chimera/m/000002a1/n/armeabi-v7a
01-03 09:33:46.652 13088 13588 W System : ClassLoader referenced unknown path: /data/user_de/0/com.google.android.gms/app_chimera/m/000002a1/n/armeabi
01-03 09:33:46.663 10359 10371 E SchedPolicy: set_timerslack_ns prctl failed: Invalid argument
01-03 09:33:46.663 10359 10371 E SchedPolicy: set_timerslack_ns prctl failed: Invalid argument
01-03 09:33:46.663 10359 10371 E SchedPolicy: set_timerslack_ns prctl failed: Invalid argument
01-03 09:33:46.663 10359 10371 E SchedPolicy: set_timerslack_ns prctl failed: Invalid argument
01-03 09:33:46.663 10359 10371 E SchedPolicy: set_timerslack_ns prctl failed: Invalid argument
01-03 09:33:46.663 10359 10371 E SchedPolicy: set_timerslack_ns prctl failed: Invalid argument
01-03 09:33:46.663 10359 10371 E SchedPolicy: set_timerslack_ns prctl failed: Invalid argument
01-03 09:33:46.663 10359 10371 E SchedPolicy: set_timerslack_ns prctl failed: Invalid argument
01-03 09:33:46.663 10359 10371 E SchedPolicy: set_timerslack_ns prctl failed: Invalid argument
01-03 09:33:46.663 10359 10371 E SchedPolicy: set_timerslack_ns prctl failed: Invalid argument
01-03 09:33:46.663 10359 10371 E SchedPolicy: set_timerslack_ns prctl failed: Invalid argument
01-03 09:33:46.663 10359 10371 E SchedPolicy: set_timerslack_ns prctl failed: Invalid argument
01-03 09:33:46.663 10359 10371 E SchedPolicy: set_timerslack_ns prctl failed: Invalid argument
01-03 09:33:46.663 10359 10371 E SchedPolicy: set_timerslack_ns prctl failed: Invalid argument
01-03 09:33:46.664 10359 10371 E SchedPolicy: set_timerslack_ns prctl failed: Invalid argument
01-03 09:33:46.664 10359 10371 E SchedPolicy: set_timerslack_ns prctl failed: Invalid argument
01-03 09:33:46.664 10359 10371 E SchedPolicy: set_timerslack_ns prctl failed: Invalid argument
01-03 09:33:46.664 10359 10371 E SchedPolicy: set_timerslack_ns prctl failed: Invalid argument
01-03 09:33:46.664 10359 10371 E SchedPolicy: set_timerslack_ns prctl failed: Invalid argument
01-03 09:33:46.664 10359 10371 E SchedPolicy: set_timerslack_ns prctl failed: Invalid argument
01-03 09:33:46.666 10359 12284 E SchedPolicy: set_timerslack_ns prctl failed: Invalid argument
01-03 09:33:46.666 10359 12284 E SchedPolicy: set_timerslack_ns prctl failed: Invalid argument
01-03 09:33:46.666 10359 12284 E SchedPolicy: set_timerslack_ns prctl failed: Invalid argument
01-03 09:33:46.666 10359 12284 E SchedPolicy: set_timerslack_ns prctl failed: Invalid argument
01-03 09:33:46.666 10359 12284 E SchedPolicy: set_timerslack_ns prctl failed: Invalid argument
01-03 09:33:46.666 10792 11038 I Pay : Performing id card operation [CONTEXT service_id=198 ]
01-03 09:33:46.666 10359 12284 E SchedPolicy: set_timerslack_ns prctl failed: Invalid argument
01-03 09:33:46.666 10359 12284 E SchedPolicy: set_timerslack_ns prctl failed: Invalid argument
01-03 09:33:46.666 10359 12284 E SchedPolicy: set_timerslack_ns prctl failed: Invalid argument
01-03 09:33:46.667 10359 12284 E SchedPolicy: set_timerslack_ns prctl failed: Invalid argument
01-03 09:33:46.667 10359 12284 E SchedPolicy: set_timerslack_ns prctl failed: Invalid argument
01-03 09:33:46.667 10359 12284 E SchedPolicy: set_timerslack_ns prctl failed: Invalid argument
01-03 09:33:46.667 10359 12284 E SchedPolicy: set_timerslack_ns prctl failed: Invalid argument
01-03 09:33:46.667 10359 12284 E SchedPolicy: set_timerslack_ns prctl failed: Invalid argument
01-03 09:33:46.667 10359 12284 E SchedPolicy: set_timerslack_ns prctl failed: Invalid argument
01-03 09:33:46.667 10359 12284 E SchedPolicy: set_timerslack_ns prctl failed: Invalid argument
01-03 09:33:46.667 10359 12284 E SchedPolicy: set_timerslack_ns prctl failed: Invalid argument
01-03 09:33:46.667 10359 12284 E SchedPolicy: set_timerslack_ns prctl failed: Invalid argument
01-03 09:33:46.667 10359 12284 E SchedPolicy: set_timerslack_ns prctl failed: Invalid argument
01-03 09:33:46.667 10359 12284 E SchedPolicy: set_timerslack_ns prctl failed: Invalid argument
01-03 09:33:46.667 10359 12284 E SchedPolicy: set_timerslack_ns prctl failed: Invalid argument
01-03 09:33:46.668 10792 11038 W Pay : PerformIdCardOperation failed [CONTEXT service_id=198 ]
01-03 09:33:46.668 10792 11038 W Pay : java.lang.IllegalStateException: m.kgv must be set
01-03 09:33:46.668 10792 11038 W Pay : at dagger.internal.Preconditions.a(:com.google.android.gms.optional_pay@233414044@23.34.14 (040300-0):20)
01-03 09:33:46.668 10792 11038 W Pay : at m.rhi.a(:com.google.android.gms.optional_pay@233414044@23.34.14 (040300-0):8)
01-03 09:33:46.668 10792 11038 W Pay : at m.red.c(:com.google.android.gms.optional_pay@233414044@23.34.14 (040300-0):128)
01-03 09:33:46.668 10792 11038 W Pay : at m.gwu.a(:com.google.android.gms.optional_pay@233414044@23.34.14 (040300-0):1)
01-03 09:33:46.668 10792 11038 W Pay : at m.gxa.run(:com.google.android.gms.optional_pay@233414044@23.34.14 (040300-0):138)
01-03 09:33:46.668 10792 11038 W Pay : at m.zat.run(:com.google.android.gms.optional_pay@233414044@23.34.14 (040300-0):13)
01-03 09:33:46.668 10792 11038 W Pay : at m.ewr.c(:com.google.android.gms.optional_pay@233414044@23.34.14 (040300-0):50)
01-03 09:33:46.668 10792 11038 W Pay : at m.ewr.run(:com.google.android.gms.optional_pay@233414044@23.34.14 (040300-0):76)
01-03 09:33:46.668 10792 11038 W Pay : at java.util.concurrent.ThreadPoolExecutor.runWorker(ThreadPoolExecutor.java:1133)
01-03 09:33:46.668 10792 11038 W Pay : at java.util.concurrent.ThreadPoolExecutor$Worker.run(ThreadPoolExecutor.java:607)
01-03 09:33:46.668 10792 11038 W Pay : at ahnh.run(:com.google.android.gms@233414015@23.34.14 (040300-560151436):8)
01-03 09:33:46.668 10792 11038 W Pay : at java.lang.Thread.run(Thread.java:761)
01-03 09:33:46.737 10359 11374 I ActivityManager: Start proc 13593:com.google.android.youtube/u0a72 for broadcast com.google.android.youtube/com.google.android.libraries.notifications.entrypoints.restart.RestartReceiver
01-03 09:33:46.745 10359 10371 E SchedPolicy: set_timerslack_ns prctl failed: Invalid argument
01-03 09:33:46.746 10359 10371 E SchedPolicy: set_timerslack_ns prctl failed: Invalid argument
01-03 09:33:46.746 10359 10371 E SchedPolicy: set_timerslack_ns prctl failed: Invalid argument
01-03 09:33:46.746 10359 10371 E SchedPolicy: set_timerslack_ns prctl failed: Invalid argument
01-03 09:33:46.746 10359 10371 E SchedPolicy: set_timerslack_ns prctl failed: Invalid argument
01-03 09:33:46.746 10359 10371 E SchedPolicy: set_timerslack_ns prctl failed: Invalid argument
01-03 09:33:46.746 10359 10371 E SchedPolicy: set_timerslack_ns prctl failed: Invalid argument
01-03 09:33:46.746 10359 10371 E SchedPolicy: set_timerslack_ns prctl failed: Invalid argument
01-03 09:33:46.746 10359 10371 E SchedPolicy: set_timerslack_ns prctl failed: Invalid argument
01-03 09:33:46.746 10359 10371 E SchedPolicy: set_timerslack_ns prctl failed: Invalid argument
01-03 09:33:46.746 10359 10371 E SchedPolicy: set_timerslack_ns prctl failed: Invalid argument
01-03 09:33:46.746 10359 10371 E SchedPolicy: set_timerslack_ns prctl failed: Invalid argument
01-03 09:33:46.746 10359 10371 E SchedPolicy: set_timerslack_ns prctl failed: Invalid argument
01-03 09:33:46.746 10359 10371 E SchedPolicy: set_timerslack_ns prctl failed: Invalid argument
01-03 09:33:46.746 10359 10371 E SchedPolicy: set_timerslack_ns prctl failed: Invalid argument
01-03 09:33:46.746 10359 10371 E SchedPolicy: set_timerslack_ns prctl failed: Invalid argument
01-03 09:33:46.746 10359 10371 E SchedPolicy: set_timerslack_ns prctl failed: Invalid argument
01-03 09:33:46.746 10359 10371 E SchedPolicy: set_timerslack_ns prctl failed: Invalid argument
01-03 09:33:46.746 10359 10371 E SchedPolicy: set_timerslack_ns prctl failed: Invalid argument
01-03 09:33:46.746 10359 10371 E SchedPolicy: set_timerslack_ns prctl failed: Invalid argument
01-03 09:33:46.748 10359 10371 E SchedPolicy: set_timerslack_ns prctl failed: Invalid argument
01-03 09:33:46.754 10359 11358 W ActivityManager: Failed setting process group of 13190 to 1
01-03 09:33:46.754 10359 11358 W System.err: java.lang.RuntimeException: Unknown error
01-03 09:33:46.754 10359 11358 W System.err: at android.os.Process.setProcessGroup(Native Method)
01-03 09:33:46.754 10359 11358 W System.err: at com.android.server.am.ActivityManagerService.applyOomAdjLocked(ActivityManagerService.java:20740)
01-03 09:33:46.754 10359 11358 W System.err: at com.android.server.am.ActivityManagerService.updateOomAdjLocked(ActivityManagerService.java:21088)
01-03 09:33:46.754 10359 11358 W System.err: at com.android.server.am.ActivityManagerService.updateOomAdjLocked(ActivityManagerService.java:21166)
01-03 09:33:46.754 10359 11358 W System.err: at com.android.server.am.ActivityManagerService.getContentProviderImpl(ActivityManagerService.java:10960)
01-03 09:33:46.754 10359 11358 W System.err: at com.android.server.am.ActivityManagerService.getContentProvider(ActivityManagerService.java:11280)
01-03 09:33:46.754 10359 11358 W System.err: at android.app.ActivityManagerNative.onTransact(ActivityManagerNative.java:977)
01-03 09:33:46.754 10359 11358 W System.err: at com.android.server.am.ActivityManagerService.onTransact(ActivityManagerService.java:2911)
01-03 09:33:46.754 10359 11358 W System.err: at android.os.Binder.execTransact(Binder.java:565)
01-03 09:33:46.754 13167 13386 I TapAndPay: Initialize tapandpay [CONTEXT service_id=79 ]
01-03 09:33:46.761 10359 11374 E SchedPolicy: set_timerslack_ns prctl failed: Invalid argument
01-03 09:33:46.762 13167 13386 W TapAndPay: Error in deviceSupportsHce; blocking tapandpay [CONTEXT service_id=79 ]
01-03 09:33:46.763 13167 13386 I TapAndPay: Not enabling TapAndPay HCE service; device does not support tapandpay [CONTEXT service_id=79 ]
01-03 09:33:46.772 10359 11358 E SchedPolicy: set_timerslack_ns prctl failed: Invalid argument
01-03 09:33:46.775 10359 11358 E SchedPolicy: set_timerslack_ns prctl failed: Invalid argument
01-03 09:33:46.781 10359 11358 E SchedPolicy: set_timerslack_ns prctl failed: Invalid argument
01-03 09:33:46.781 10359 11358 E SchedPolicy: set_timerslack_ns prctl failed: Invalid argument
01-03 09:33:46.781 10359 11358 E SchedPolicy: set_timerslack_ns prctl failed: Invalid argument
01-03 09:33:46.782 10359 11358 E SchedPolicy: set_timerslack_ns prctl failed: Invalid argument
01-03 09:33:46.782 10359 11358 E SchedPolicy: set_timerslack_ns prctl failed: Invalid argument
01-03 09:33:46.782 10359 11358 E SchedPolicy: set_timerslack_ns prctl failed: Invalid argument
01-03 09:33:46.782 10359 11358 E SchedPolicy: set_timerslack_ns prctl failed: Invalid argument
01-03 09:33:46.782 10359 11358 E SchedPolicy: set_timerslack_ns prctl failed: Invalid argument
01-03 09:33:46.782 10359 11358 E SchedPolicy: set_timerslack_ns prctl failed: Invalid argument
01-03 09:33:46.782 10359 11358 E SchedPolicy: set_timerslack_ns prctl failed: Invalid argument
01-03 09:33:46.782 10359 11358 E SchedPolicy: set_timerslack_ns prctl failed: Invalid argument
01-03 09:33:46.782 10359 11358 E SchedPolicy: set_timerslack_ns prctl failed: Invalid argument
01-03 09:33:46.782 10359 11358 E SchedPolicy: set_timerslack_ns prctl failed: Invalid argument
01-03 09:33:46.782 10359 11358 E SchedPolicy: set_timerslack_ns prctl failed: Invalid argument
01-03 09:33:46.782 10359 11358 E SchedPolicy: set_timerslack_ns prctl failed: Invalid argument
01-03 09:33:46.782 10359 11358 E SchedPolicy: set_timerslack_ns prctl failed: Invalid argument
01-03 09:33:46.782 10359 11358 E SchedPolicy: set_timerslack_ns prctl failed: Invalid argument
01-03 09:33:46.782 10359 11358 E SchedPolicy: set_timerslack_ns prctl failed: Invalid argument
01-03 09:33:46.782 10359 11358 E SchedPolicy: set_timerslack_ns prctl failed: Invalid argument
01-03 09:33:46.782 10359 11358 E SchedPolicy: set_timerslack_ns prctl failed: Invalid argument
01-03 09:33:46.793 10359 11358 E SchedPolicy: set_timerslack_ns prctl failed: Invalid argument
01-03 09:33:46.793 10359 11374 E SchedPolicy: set_timerslack_ns prctl failed: Invalid argument
01-03 09:33:46.793 10359 11358 E SchedPolicy: set_timerslack_ns prctl failed: Invalid argument
01-03 09:33:46.793 10359 11358 E SchedPolicy: set_timerslack_ns prctl failed: Invalid argument
01-03 09:33:46.793 10359 11358 E SchedPolicy: set_timerslack_ns prctl failed: Invalid argument
01-03 09:33:46.794 10359 11358 E SchedPolicy: set_timerslack_ns prctl failed: Invalid argument
01-03 09:33:46.794 10359 11358 E SchedPolicy: set_timerslack_ns prctl failed: Invalid argument
01-03 09:33:46.794 10359 11358 E SchedPolicy: set_timerslack_ns prctl failed: Invalid argument
01-03 09:33:46.794 10359 11358 E SchedPolicy: set_timerslack_ns prctl failed: Invalid argument
01-03 09:33:46.794 10359 11358 E SchedPolicy: set_timerslack_ns prctl failed: Invalid argument
01-03 09:33:46.833 10792 11544 I Checkin : [CheckinApiChimeraService] onGetService
01-03 09:33:46.855 13593 13593 W ResourceType: ResTable_typeSpec entry count inconsistent: given 3017, previously 3020
01-03 09:33:46.856 13593 13593 W ResourceType: ResTable_typeSpec entry count inconsistent: given 3143, previously 3147
01-03 09:33:46.873 10359 11374 E SchedPolicy: set_timerslack_ns prctl failed: Invalid argument
01-03 09:33:46.876 13167 13271 I FacsCacheGmsModule: API connection successful!
01-03 09:33:46.891 13167 13578 I AlarmManager: set [name: SystemMemoryCache type: 2 triggerAtMillis: 315851251946 windowMillis: -1 intervalMillis: 0]
01-03 09:33:46.893 10359 12284 E SchedPolicy: set_timerslack_ns prctl failed: Invalid argument
01-03 09:33:46.896 10359 10359 E SchedPolicy: set_timerslack_ns prctl failed: Invalid argument
01-03 09:33:46.896 10359 10359 E SchedPolicy: set_timerslack_ns prctl failed: Invalid argument
01-03 09:33:46.896 10359 10359 E SchedPolicy: set_timerslack_ns prctl failed: Invalid argument
01-03 09:33:46.896 10359 10359 E SchedPolicy: set_timerslack_ns prctl failed: Invalid argument
01-03 09:33:46.896 10359 10359 E SchedPolicy: set_timerslack_ns prctl failed: Invalid argument
01-03 09:33:46.896 10359 10359 E SchedPolicy: set_timerslack_ns prctl failed: Invalid argument
01-03 09:33:46.896 10359 10359 E SchedPolicy: set_timerslack_ns prctl failed: Invalid argument
01-03 09:33:46.896 10359 10359 E SchedPolicy: set_timerslack_ns prctl failed: Invalid argument
01-03 09:33:46.897 10359 10359 E SchedPolicy: set_timerslack_ns prctl failed: Invalid argument
01-03 09:33:46.897 10359 10359 E SchedPolicy: set_timerslack_ns prctl failed: Invalid argument
01-03 09:33:46.897 10359 10359 E SchedPolicy: set_timerslack_ns prctl failed: Invalid argument
01-03 09:33:46.897 10359 10359 E SchedPolicy: set_timerslack_ns prctl failed: Invalid argument
01-03 09:33:46.897 10359 10359 E SchedPolicy: set_timerslack_ns prctl failed: Invalid argument
01-03 09:33:46.897 10359 10359 E SchedPolicy: set_timerslack_ns prctl failed: Invalid argument
01-03 09:33:46.897 10359 10359 E SchedPolicy: set_timerslack_ns prctl failed: Invalid argument
01-03 09:33:46.897 10359 10359 E SchedPolicy: set_timerslack_ns prctl failed: Invalid argument
01-03 09:33:46.905 13167 13214 I DynamiteModule: Considering local module com.google.android.gms.cronet_dynamite:0 and remote module com.google.android.gms.cronet_dynamite:2411
01-03 09:33:46.905 13167 13214 I DynamiteModule: Selected remote version of com.google.android.gms.cronet_dynamite, version >= 2411
01-03 09:33:46.905 10359 11374 E SchedPolicy: set_timerslack_ns prctl failed: Invalid argument
01-03 09:33:46.907 13167 13578 I TapAndPay: getInstance: new instance created [CONTEXT service_id=79 ]
01-03 09:33:46.928 10359 11374 E SchedPolicy: set_timerslack_ns prctl failed: Invalid argument
01-03 09:33:46.928 10359 11374 E SchedPolicy: set_timerslack_ns prctl failed: Invalid argument
01-03 09:33:46.928 10359 11374 E SchedPolicy: set_timerslack_ns prctl failed: Invalid argument
01-03 09:33:46.928 10359 10371 E SchedPolicy: set_timerslack_ns prctl failed: Invalid argument
01-03 09:33:46.928 10359 11374 E SchedPolicy: set_timerslack_ns prctl failed: Invalid argument
01-03 09:33:46.928 10359 11374 E SchedPolicy: set_timerslack_ns prctl failed: Invalid argument
01-03 09:33:46.928 10359 11374 E SchedPolicy: set_timerslack_ns prctl failed: Invalid argument
01-03 09:33:46.928 10359 11374 E SchedPolicy: set_timerslack_ns prctl failed: Invalid argument
01-03 09:33:46.928 10359 11374 E SchedPolicy: set_timerslack_ns prctl failed: Invalid argument
01-03 09:33:46.928 10359 11374 E SchedPolicy: set_timerslack_ns prctl failed: Invalid argument
01-03 09:33:46.928 10359 11374 E SchedPolicy: set_timerslack_ns prctl failed: Invalid argument
01-03 09:33:46.928 10359 11374 E SchedPolicy: set_timerslack_ns prctl failed: Invalid argument
01-03 09:33:46.928 10359 11374 E SchedPolicy: set_timerslack_ns prctl failed: Invalid argument
01-03 09:33:46.928 10359 11374 E SchedPolicy: set_timerslack_ns prctl failed: Invalid argument
01-03 09:33:46.928 10359 11374 E SchedPolicy: set_timerslack_ns prctl failed: Invalid argument
01-03 09:33:46.928 10359 11374 E SchedPolicy: set_timerslack_ns prctl failed: Invalid argument
01-03 09:33:46.928 10359 11374 E SchedPolicy: set_timerslack_ns prctl failed: Invalid argument
01-03 09:33:46.928 10359 11374 E SchedPolicy: set_timerslack_ns prctl failed: Invalid argument
01-03 09:33:46.928 10359 11374 E SchedPolicy: set_timerslack_ns prctl failed: Invalid argument
01-03 09:33:46.928 10359 11374 E SchedPolicy: set_timerslack_ns prctl failed: Invalid argument
01-03 09:33:46.928 10359 11374 E SchedPolicy: set_timerslack_ns prctl failed: Invalid argument
01-03 09:33:46.928 10359 11374 E SchedPolicy: set_timerslack_ns prctl failed: Invalid argument
01-03 09:33:46.929 10359 11374 E SchedPolicy: set_timerslack_ns prctl failed: Invalid argument
01-03 09:33:46.929 10359 11374 E SchedPolicy: set_timerslack_ns prctl failed: Invalid argument
01-03 09:33:46.932 10359 11374 E SchedPolicy: set_timerslack_ns prctl failed: Invalid argument
01-03 09:33:46.932 10359 11374 E SchedPolicy: set_timerslack_ns prctl failed: Invalid argument
01-03 09:33:46.932 10359 11374 E SchedPolicy: set_timerslack_ns prctl failed: Invalid argument
01-03 09:33:46.932 10359 11374 E SchedPolicy: set_timerslack_ns prctl failed: Invalid argument
01-03 09:33:46.932 10359 11374 E SchedPolicy: set_timerslack_ns prctl failed: Invalid argument
01-03 09:33:46.933 10359 11374 E SchedPolicy: set_timerslack_ns prctl failed: Invalid argument
01-03 09:33:46.933 10359 11374 E SchedPolicy: set_timerslack_ns prctl failed: Invalid argument
01-03 09:33:46.933 10359 11374 E SchedPolicy: set_timerslack_ns prctl failed: Invalid argument
01-03 09:33:46.933 10359 11374 E SchedPolicy: set_timerslack_ns prctl failed: Invalid argument
01-03 09:33:46.933 10359 11374 E SchedPolicy: set_timerslack_ns prctl failed: Invalid argument
01-03 09:33:46.933 10359 11374 E SchedPolicy: set_timerslack_ns prctl failed: Invalid argument
01-03 09:33:46.933 10359 11374 E SchedPolicy: set_timerslack_ns prctl failed: Invalid argument
01-03 09:33:46.933 10359 11374 E SchedPolicy: set_timerslack_ns prctl failed: Invalid argument
01-03 09:33:46.933 10359 11374 E SchedPolicy: set_timerslack_ns prctl failed: Invalid argument
01-03 09:33:46.933 10359 11374 E SchedPolicy: set_timerslack_ns prctl failed: Invalid argument
01-03 09:33:46.933 10359 11374 E SchedPolicy: set_timerslack_ns prctl failed: Invalid argument
01-03 09:33:46.933 10359 11374 E SchedPolicy: set_timerslack_ns prctl failed: Invalid argument
01-03 09:33:46.933 10359 11374 E SchedPolicy: set_timerslack_ns prctl failed: Invalid argument
01-03 09:33:46.933 10359 11374 E SchedPolicy: set_timerslack_ns prctl failed: Invalid argument
01-03 09:33:46.933 10359 11374 E SchedPolicy: set_timerslack_ns prctl failed: Invalid argument
01-03 09:33:46.934 13167 13214 W System : ClassLoader referenced unknown path:
01-03 09:33:46.935 10359 11374 E SchedPolicy: set_timerslack_ns prctl failed: Invalid argument
01-03 09:33:46.940 10359 11374 E SchedPolicy: set_timerslack_ns prctl failed: Invalid argument
01-03 09:33:46.944 13167 13342 E WakeLock: UlrDispSvcFastWL should be held!
01-03 09:33:46.988 10359 11358 E SchedPolicy: set_timerslack_ns prctl failed: Invalid argument
01-03 09:33:46.991 13167 13167 I GCoreUlr: Unbound from all signal providers.
01-03 09:33:46.991 13167 13167 I GCoreUlr: Stopping handler for UlrDispSvcFast
01-03 09:33:46.993 10359 10371 E SchedPolicy: set_timerslack_ns prctl failed: Invalid argument
01-03 09:33:46.993 10359 10371 E SchedPolicy: set_timerslack_ns prctl failed: Invalid argument
01-03 09:33:46.993 10359 10371 E SchedPolicy: set_timerslack_ns prctl failed: Invalid argument
01-03 09:33:46.993 10359 10371 E SchedPolicy: set_timerslack_ns prctl failed: Invalid argument
01-03 09:33:46.993 10359 10371 E SchedPolicy: set_timerslack_ns prctl failed: Invalid argument
01-03 09:33:46.993 10359 10371 E SchedPolicy: set_timerslack_ns prctl failed: Invalid argument
01-03 09:33:46.993 10359 11374 E SchedPolicy: set_timerslack_ns prctl failed: Invalid argument
01-03 09:33:46.993 10359 10371 E SchedPolicy: set_timerslack_ns prctl failed: Invalid argument
01-03 09:33:46.993 10359 10371 E SchedPolicy: set_timerslack_ns prctl failed: Invalid argument
01-03 09:33:46.993 10359 10371 E SchedPolicy: set_timerslack_ns prctl failed: Invalid argument
01-03 09:33:46.993 10359 10371 E SchedPolicy: set_timerslack_ns prctl failed: Invalid argument
01-03 09:33:46.993 10359 11374 E SchedPolicy: set_timerslack_ns prctl failed: Invalid argument
