01-03 09:33:43.637 13088 13122 E cr_CronetUrlRequestContext: at com.google.android.apps.gsa.staticplugins.db.a.e.a(PG:5)
01-03 09:33:43.637 13088 13122 E cr_CronetUrlRequestContext: at com.google.android.apps.gsa.s3.n.gO(PG:1)
01-03 09:33:43.637 13088 13122 E cr_CronetUrlRequestContext: at com.google.cd.g.a.f.e(PG:2)
01-03 09:33:43.637 13088 13122 E cr_CronetUrlRequestContext: at com.google.android.apps.gsa.speech.k.a.g.d(PG:22)
01-03 09:33:43.637 13088 13122 E cr_CronetUrlRequestContext: at com.google.android.apps.gsa.speech.k.a.g.jT(PG:6)
01-03 09:33:43.637 13088 13122 E cr_CronetUrlRequestContext: at com.google.android.apps.gsa.s3.o.c(PG:14)
01-03 09:33:43.637 13088 13122 E cr_CronetUrlRequestContext: at com.google.android.apps.gsa.s3.p.run(PG:1)
01-03 09:33:43.637 13088 13122 E cr_CronetUrlRequestContext: at java.util.concurrent.Executors$RunnableAdapter.call(Executors.java:428)
01-03 09:33:43.637 13088 13122 E cr_CronetUrlRequestContext: at java.util.concurrent.FutureTask.run(FutureTask.java:237)
01-03 09:33:43.637 13088 13122 E cr_CronetUrlRequestContext: at com.google.android.apps.gsa.shared.util.c.a.e.run(PG:2)
01-03 09:33:43.637 13088 13122 E cr_CronetUrlRequestContext: at com.google.android.apps.gsa.shared.util.c.a.bi.run(PG:1)
01-03 09:33:43.637 13088 13122 E cr_CronetUrlRequestContext: at com.google.android.apps.gsa.shared.util.c.a.bi.run(PG:1)
01-03 09:33:43.637 13088 13122 E cr_CronetUrlRequestContext: at java.util.concurrent.ThreadPoolExecutor.runWorker(ThreadPoolExecutor.java:1133)
01-03 09:33:43.637 13088 13122 E cr_CronetUrlRequestContext: at java.util.concurrent.ThreadPoolExecutor$Worker.run(ThreadPoolExecutor.java:607)
01-03 09:33:43.637 13088 13122 E cr_CronetUrlRequestContext: at java.lang.Thread.run(Thread.java:761)
01-03 09:33:43.637 13088 13122 E cr_CronetUrlRequestContext: at com.google.android.apps.gsa.shared.util.c.a.l.run(PG:5)
01-03 09:33:43.651 10359 10370 E SchedPolicy: set_timerslack_ns prctl failed: Invalid argument
01-03 09:33:43.652 10359 12398 E SchedPolicy: set_timerslack_ns prctl failed: Invalid argument
01-03 09:33:43.655 13088 13287 I NetworkRecognitionRnr: Using pair HTTP connection
01-03 09:33:43.664 13088 13128 I A : [Upload] Connected
01-03 09:33:43.668 10359 10370 I ActivityManager: Start proc 13517:com.google.android.tts/u0a54 for broadcast com.google.android.tts/androidx.work.impl.background.systemalarm.RescheduleReceiver
01-03 09:33:43.672 10359 10370 E SchedPolicy: set_timerslack_ns prctl failed: Invalid argument
01-03 09:33:43.672 10359 11374 E SchedPolicy: set_timerslack_ns prctl failed: Invalid argument
01-03 09:33:43.674 13088 13088 W A : Failed to sync device settings.
01-03 09:33:43.675 13088 13088 I A : Retrying to sync device settings.
01-03 09:33:43.679 10359 12353 E SchedPolicy: set_timerslack_ns prctl failed: Invalid argument
01-03 09:33:43.680 10359 11022 I ActivityManager: Killing 11749:com.google.android.packageinstaller/u0a14 (adj 906): empty #17
01-03 09:33:43.690 10359 10830 E SchedPolicy: set_timerslack_ns prctl failed: Invalid argument
01-03 09:33:43.699 10359 10370 E SchedPolicy: set_timerslack_ns prctl failed: Invalid argument
01-03 09:33:43.700 10359 10370 E SchedPolicy: set_timerslack_ns prctl failed: Invalid argument
01-03 09:33:43.700 10359 10370 E SchedPolicy: set_timerslack_ns prctl failed: Invalid argument
01-03 09:33:43.700 10359 11022 E SchedPolicy: set_timerslack_ns prctl failed: Invalid argument
01-03 09:33:43.700 10359 10370 E SchedPolicy: set_timerslack_ns prctl failed: Invalid argument
01-03 09:33:43.700 10359 10370 E SchedPolicy: set_timerslack_ns prctl failed: Invalid argument
01-03 09:33:43.700 10359 10370 E SchedPolicy: set_timerslack_ns prctl failed: Invalid argument
01-03 09:33:43.700 10359 10370 E SchedPolicy: set_timerslack_ns prctl failed: Invalid argument
01-03 09:33:43.700 10359 10370 E SchedPolicy: set_timerslack_ns prctl failed: Invalid argument
01-03 09:33:43.700 10359 11022 E SchedPolicy: set_timerslack_ns prctl failed: Invalid argument
01-03 09:33:43.700 13088 13209 W SearchServiceCore: Abort, client detached.
01-03 09:33:43.701 13088 13209 W SearchServiceCore: Abort, client detached.
01-03 09:33:43.705 10359 11374 E SchedPolicy: set_timerslack_ns prctl failed: Invalid argument
01-03 09:33:43.705 10359 11022 E SchedPolicy: set_timerslack_ns prctl failed: Invalid argument
01-03 09:33:43.706 10359 11374 E SchedPolicy: set_timerslack_ns prctl failed: Invalid argument
01-03 09:33:43.706 10359 10370 D ActivityManager: cleanUpApplicationRecord -- 11749
01-03 09:33:43.718 13517 13517 I art : Starting a blocking GC AddRemoveAppImageSpace
01-03 09:33:43.740 13088 13187 I DeviceCapHelper: Adding surface identity to the device capabilities for surface OPA_ANDROID_TABLET.
01-03 09:33:43.748 10359 10370 E SchedPolicy: set_timerslack_ns prctl failed: Invalid argument
01-03 09:33:43.807 13167 13505 I Herrevad: [303] avle.a: updateListenState
01-03 09:33:43.830 13517 13517 I MultiDex: VM with version 2.1.0 has multidex support
01-03 09:33:43.832 13517 13517 I MultiDex: Installing application
01-03 09:33:43.832 13517 13517 I MultiDex: VM has multidex support, MultiDex support library is disabled.
01-03 09:33:43.832 13517 13517 I MultiDex: Installing application
01-03 09:33:43.832 13517 13517 I MultiDex: VM has multidex support, MultiDex support library is disabled.
01-03 09:33:43.938 13088 13187 W ResourceType: ResTable_typeSpec entry count inconsistent: given 3017, previously 3020
01-03 09:33:43.938 13088 13187 W ResourceType: ResTable_typeSpec entry count inconsistent: given 3143, previously 3147
01-03 09:33:43.990 10359 10370 E SchedPolicy: set_timerslack_ns prctl failed: Invalid argument
01-03 09:33:43.991 10359 10370 E SchedPolicy: set_timerslack_ns prctl failed: Invalid argument
01-03 09:33:44.118 13088 13093 I art : Do full code cache collection, code=402KB, data=485KB
01-03 09:33:44.122 13088 13093 I art : Starting a blocking GC JitCodeCache
01-03 09:33:44.122 13088 13093 I art : After code cache collection, code=350KB, data=333KB
01-03 09:33:44.145 13088 13093 I art : Do partial code cache collection, code=350KB, data=333KB
01-03 09:33:44.149 13088 13093 I art : After code cache collection, code=350KB, data=333KB
01-03 09:33:44.149 13088 13093 I art : Increasing code cache capacity to 2MB
01-03 09:33:44.155 13088 13093 I art : Method exceeds compiler instruction limit: 18107 in java.util.Map com.google.android.apps.gsa.shared.logger.b.h.d()
01-03 09:33:44.187 13167 13167 I AlarmManager: set [name: SystemMemoryCache type: 2 triggerAtMillis: 315851249242 windowMillis: -1 intervalMillis: 0]
01-03 09:33:44.191 10359 10370 E SchedPolicy: set_timerslack_ns prctl failed: Invalid argument
01-03 09:33:44.210 10359 10376 E SchedPolicy: set_timerslack_ns prctl failed: Invalid argument
01-03 09:33:44.210 10359 10370 E SchedPolicy: set_timerslack_ns prctl failed: Invalid argument
01-03 09:33:44.210 10359 10376 E SchedPolicy: set_timerslack_ns prctl failed: Invalid argument
01-03 09:33:44.215 13167 13338 E WakeLock: GCM_WORK should be held!
01-03 09:33:44.220 13167 13258 I NearbyDiscovery: (REDACTED) FastPairHandler: Received action %s
01-03 09:33:44.243 10359 12284 E SchedPolicy: set_timerslack_ns prctl failed: Invalid argument
01-03 09:33:44.248 10359 10370 E SchedPolicy: set_timerslack_ns prctl failed: Invalid argument
01-03 09:33:44.293 13517 13517 I evc : SslGuard completed installation.
01-03 09:33:44.297 13167 13177 I art : Background sticky concurrent mark sweep GC freed 29886(2MB) AllocSpace objects, 0(0B) LOS objects, 15% free, 8MB/10MB, paused 8.627ms total 145.104ms
01-03 09:33:44.300 13167 13333 E WakeLock: GCM_READ should be held!
01-03 09:33:44.312 13517 13517 I GoogleTTSApplication: Beginning load of tts_android...
01-03 09:33:44.323 10359 10370 E SchedPolicy: set_timerslack_ns prctl failed: Invalid argument
01-03 09:33:44.378 13167 13167 D BoundBrokerSvc: onBind: Intent { act=com.google.android.gms.nearby.sharing.START_SERVICE dat=chimera-action: cmp=com.google.android.gms/.chimera.PersistentApiServiceNoInstantApps }
01-03 09:33:44.378 13167 13167 D BoundBrokerSvc: Loading bound service for intent: Intent { act=com.google.android.gms.nearby.sharing.START_SERVICE dat=chimera-action: cmp=com.google.android.gms/.chimera.PersistentApiServiceNoInstantApps }
01-03 09:33:44.382 10359 10370 E SchedPolicy: set_timerslack_ns prctl failed: Invalid argument
01-03 09:33:44.390 13167 13333 E WakeLock: GCM_READ should be held!
01-03 09:33:44.396 13167 13167 I NearbySharing: NearbySharingService onCreate [CONTEXT service_id=194 ]
01-03 09:33:44.398 13167 13386 I NearbySharing: Create pesudo logger. [CONTEXT service_id=194 ]
01-03 09:33:44.414 13167 13418 I NearbySharing: Create pesudo logger. [CONTEXT service_id=194 ]
01-03 09:33:44.416 10359 12284 E SchedPolicy: set_timerslack_ns prctl failed: Invalid argument
01-03 09:33:44.419 10359 10370 E SchedPolicy: set_timerslack_ns prctl failed: Invalid argument
01-03 09:33:44.429 10359 11440 E SchedPolicy: set_timerslack_ns prctl failed: Invalid argument
01-03 09:33:44.431 10359 10370 E SchedPolicy: set_timerslack_ns prctl failed: Invalid argument
01-03 09:33:44.451 13167 13167 I NearbySharing: NearbySharingService created [CONTEXT service_id=194 ]
01-03 09:33:44.454 13167 13177 I art : Background sticky concurrent mark sweep GC freed 15978(1396KB) AllocSpace objects, 6(120KB) LOS objects, 16% free, 8MB/10MB, paused 6.245ms total 54.840ms
01-03 09:33:44.458 13167 13175 E System : Uncaught exception thrown by finalizer
01-03 09:33:44.458 13167 13175 E System : java.lang.IllegalStateException: Lock wasn't released correctly
01-03 09:33:44.458 13167 13175 E System : at baos.finalize(:com.google.android.gms@233414015@23.34.14 (040300-560151436):12)
01-03 09:33:44.458 13167 13175 E System : at java.lang.Daemons$FinalizerDaemon.doFinalize(Daemons.java:222)
01-03 09:33:44.458 13167 13175 E System : at java.lang.Daemons$FinalizerDaemon.run(Daemons.java:209)
01-03 09:33:44.458 13167 13175 E System : at java.lang.Thread.run(Thread.java:761)
01-03 09:33:44.463 13167 13338 I AlarmManager: setExactAndAllowWhileIdle [name: GCM_HB_ALARM type: 2 triggerAtMillis: 491779518]
01-03 09:33:44.466 10359 12284 E SchedPolicy: set_timerslack_ns prctl failed: Invalid argument
01-03 09:33:44.473 10359 11440 E SchedPolicy: set_timerslack_ns prctl failed: Invalid argument
01-03 09:33:44.489 13167 13167 D BoundBrokerSvc: onBind: Intent { act=com.google.android.gms.semanticlocation.service.START_ODLH pkg=com.google.android.gms }
01-03 09:33:44.490 13167 13167 D BoundBrokerSvc: Loading bound service for intent: Intent { act=com.google.android.gms.semanticlocation.service.START_ODLH pkg=com.google.android.gms }
01-03 09:33:44.497 13517 13517 I GoogleTTSApplication: tts_android (null) was loaded normally!
01-03 09:33:44.527 13167 13167 D BoundBrokerSvc: onBind: Intent { act=com.google.android.gms.tapandpay.service.BIND dat=chimera-action: cmp=com.google.android.gms/.chimera.PersistentApiService }
01-03 09:33:44.527 13167 13167 D BoundBrokerSvc: Loading bound service for intent: Intent { act=com.google.android.gms.tapandpay.service.BIND dat=chimera-action: cmp=com.google.android.gms/.chimera.PersistentApiService }
01-03 09:33:44.529 13167 13338 E WakeLock: GCM_CONN_ALARM should be held!
01-03 09:33:44.551 13517 13517 I Analytics: Running on TYPE_PHONE
01-03 09:33:44.555 10359 10370 E SchedPolicy: set_timerslack_ns prctl failed: Invalid argument
01-03 09:33:44.559 13167 13272 I AlarmManager: set [name: SystemMemoryCache type: 2 triggerAtMillis: 315851249614 windowMillis: -1 intervalMillis: 0]
01-03 09:33:44.559 10359 11440 E SchedPolicy: set_timerslack_ns prctl failed: Invalid argument
01-03 09:33:44.563 13167 13296 E WakeLock: *gms_scheduler*:internal should be held!
01-03 09:33:44.578 13167 13265 I AlarmManager: setExactAndAllowWhileIdle [name: GCM_CONN_ALARM type: 2 triggerAtMillis: 491257330]
01-03 09:33:44.599 13167 13338 I AlarmManager: setExactAndAllowWhileIdle [name: GCM_HB_ALARM type: 2 triggerAtMillis: 491779653]
01-03 09:33:44.605 13167 13167 I Backup : [GmsBackupAccountManager] Backup account not found in gmscore.
01-03 09:33:44.644 13167 13167 D BoundBrokerSvc: onBind: Intent { act=com.google.android.gms.clearcut.bootcount.service.START dat=chimera-action: cmp=com.google.android.gms/.chimera.PersistentBoundBrokerService }
01-03 09:33:44.644 13167 13167 D BoundBrokerSvc: Loading bound service for intent: Intent { act=com.google.android.gms.clearcut.bootcount.service.START dat=chimera-action: cmp=com.google.android.gms/.chimera.PersistentBoundBrokerService }
01-03 09:33:44.650 13167 13282 E WakeLock: NlpWakeLock should be held!
01-03 09:33:44.654 13167 13167 D BoundBrokerSvc: onBind: Intent { act=com.google.android.gms.auth.account.workaccount.START dat=chimera-action: cmp=com.google.android.gms/.chimera.PersistentApiService }
01-03 09:33:44.655 13167 13167 D BoundBrokerSvc: Loading bound service for intent: Intent { act=com.google.android.gms.auth.account.workaccount.START dat=chimera-action: cmp=com.google.android.gms/.chimera.PersistentApiService }
01-03 09:33:44.664 10792 10792 D BoundBrokerSvc: onBind: Intent { act=com.google.android.gms.checkin.START pkg=com.google.android.gms }
01-03 09:33:44.664 10792 10792 D BoundBrokerSvc: Loading bound service for intent: Intent { act=com.google.android.gms.checkin.START pkg=com.google.android.gms }
01-03 09:33:44.666 13167 13338 E WakeLock: GCM_WORK should be held!
01-03 09:33:44.666 10359 12284 E SchedPolicy: set_timerslack_ns prctl failed: Invalid argument
01-03 09:33:44.674 13167 13435 I GoogleLocationManager: loading FLP PI cache [CONTEXT service_id=6 ]
01-03 09:33:44.689 10359 10370 E SchedPolicy: set_timerslack_ns prctl failed: Invalid argument
01-03 09:33:44.690 10359 10370 E SchedPolicy: set_timerslack_ns prctl failed: Invalid argument
01-03 09:33:44.696 13167 13436 I NearbySharing: Create pesudo logger. [CONTEXT service_id=194 ]
01-03 09:33:44.701 10359 10370 E SchedPolicy: set_timerslack_ns prctl failed: Invalid argument
01-03 09:33:44.705 10359 10370 E SchedPolicy: set_timerslack_ns prctl failed: Invalid argument
01-03 09:33:44.711 13167 13167 D BoundBrokerSvc: onBind: Intent { act=com.google.android.gms.icing.LIGHTWEIGHT_INDEX_SERVICE dat=chimera-action: cmp=com.google.android.gms/.chimera.PersistentApiService }
01-03 09:33:44.711 13167 13167 D BoundBrokerSvc: Loading bound service for intent: Intent { act=com.google.android.gms.icing.LIGHTWEIGHT_INDEX_SERVICE dat=chimera-action: cmp=com.google.android.gms/.chimera.PersistentApiService }
01-03 09:33:44.714 13167 13282 E WakeLock: NlpWakeLock should be held!
01-03 09:33:44.729 10359 10370 E SchedPolicy: set_timerslack_ns prctl failed: Invalid argument
01-03 09:33:44.742 13088 13124 W LocationOracle: No location returned by GMS core getLastLocation()
01-03 09:33:44.753 10359 10370 E SchedPolicy: set_timerslack_ns prctl failed: Invalid argument
01-03 09:33:44.756 13167 13167 D BoundBrokerSvc: onUnbind: Intent { act=com.google.android.gms.usagereporting.service.START pkg=com.google.android.gms }
01-03 09:33:44.761 10359 12284 E SchedPolicy: set_timerslack_ns prctl failed: Invalid argument
01-03 09:33:44.777 13167 13177 W art : Suspending all threads took: 5.359ms
01-03 09:33:44.791 13167 13436 W GmsActivityDetector: Unable to read activity state file [CONTEXT service_id=6 ]
01-03 09:33:44.791 13167 13436 W GmsActivityDetector: java.io.FileNotFoundException: /data/user/0/com.google.android.gms/files/geofencer_ad_state (No such file or directory)
01-03 09:33:44.791 13167 13436 W GmsActivityDetector: at java.io.FileInputStream.open(Native Method)
01-03 09:33:44.791 13167 13436 W GmsActivityDetector: at java.io.FileInputStream.(FileInputStream.java:146)
01-03 09:33:44.791 13167 13436 W GmsActivityDetector: at csyx.a(:com.google.android.gms@233414015@23.34.14 (040300-560151436):74)
01-03 09:33:44.791 13167 13436 W GmsActivityDetector: at ctms.d(:com.google.android.gms@233414015@23.34.14 (040300-560151436):34)
01-03 09:33:44.791 13167 13436 W GmsActivityDetector: at ctmh.t(:com.google.android.gms@233414015@23.34.14 (040300-560151436):156)
01-03 09:33:44.791 13167 13436 W GmsActivityDetector: at ctns.c(:com.google.android.gms@233414015@23.34.14 (040300-560151436):88)
01-03 09:33:44.791 13167 13436 W GmsActivityDetector: at ctns.c(:com.google.android.gms@233414015@23.34.14 (040300-560151436):29)
01-03 09:33:44.791 13167 13436 W GmsActivityDetector: at ctnt.run(:com.google.android.gms@233414015@23.34.14 (040300-560151436):27)
01-03 09:33:44.791 13167 13436 W GmsActivityDetector: at ahhy.c(:com.google.android.gms@233414015@23.34.14 (040300-560151436):50)
01-03 09:33:44.791 13167 13436 W GmsActivityDetector: at ahhy.run(:com.google.android.gms@233414015@23.34.14 (040300-560151436):76)
01-03 09:33:44.791 13167 13436 W GmsActivityDetector: at java.util.concurrent.ThreadPoolExecutor.runWorker(ThreadPoolExecutor.java:1133)
01-03 09:33:44.791 13167 13436 W GmsActivityDetector: at java.util.concurrent.ThreadPoolExecutor$Worker.run(ThreadPoolExecutor.java:607)
01-03 09:33:44.791 13167 13436 W GmsActivityDetector: at ahnh.run(:com.google.android.gms@233414015@23.34.14 (040300-560151436):8)
01-03 09:33:44.791 13167 13436 W GmsActivityDetector: at java.lang.Thread.run(Thread.java:761)
01-03 09:33:44.793 13167 13175 E System : Uncaught exception thrown by finalizer
01-03 09:33:44.793 13167 13175 E System : java.lang.IllegalStateException: Lock wasn't released correctly
01-03 09:33:44.793 13167 13175 E System : at baos.finalize(:com.google.android.gms@233414015@23.34.14 (040300-560151436):12)
01-03 09:33:44.793 13167 13175 E System : at java.lang.Daemons$FinalizerDaemon.doFinalize(Daemons.java:222)
01-03 09:33:44.793 13167 13175 E System : at java.lang.Daemons$FinalizerDaemon.run(Daemons.java:209)
01-03 09:33:44.793 13167 13175 E System : at java.lang.Thread.run(Thread.java:761)
01-03 09:33:44.795 13167 13177 I art : Background sticky concurrent mark sweep GC freed 17090(1477KB) AllocSpace objects, 10(200KB) LOS objects, 9% free, 9MB/10MB, paused 11.632ms total 145.442ms
01-03 09:33:44.892 13167 13167 W ctxmgr : [ContextManagerPersistentService]Unable to start system_memory_cache. [CONTEXT service_id=47 ]
01-03 09:33:44.892 13167 13342 I GCoreUlr: WorldUpdater received intent Intent { act=com.google.android.location.reporting.ACTION_UPDATE_WORLD cmp=com.google.android.gms/com.google.android.location.reporting.service.DispatchingService (has extras) } with receiverAction init
01-03 09:33:44.892 10359 11440 E SchedPolicy: set_timerslack_ns prctl failed: Invalid argument
01-03 09:33:44.906 10359 12284 E SchedPolicy: set_timerslack_ns prctl failed: Invalid argument
01-03 09:33:44.910 13167 13167 W Nearby : Bind call too late - someone already tried to get: interface dnrv [CONTEXT service_id=49 ]
01-03 09:33:44.914 13167 13282 E WakeLock: NlpWakeLock should be held!
01-03 09:33:44.916 10359 11440 E SchedPolicy: set_timerslack_ns prctl failed: Invalid argument
01-03 09:33:44.916 10359 11440 E SchedPolicy: set_timerslack_ns prctl failed: Invalid argument
01-03 09:33:44.916 10359 11440 E SchedPolicy: set_timerslack_ns prctl failed: Invalid argument
01-03 09:33:44.916 10359 11440 E SchedPolicy: set_timerslack_ns prctl failed: Invalid argument
01-03 09:33:44.916 10359 11440 E SchedPolicy: set_timerslack_ns prctl failed: Invalid argument
01-03 09:33:44.916 10359 11440 E SchedPolicy: set_timerslack_ns prctl failed: Invalid argument
01-03 09:33:44.916 10359 11440 E SchedPolicy: set_timerslack_ns prctl failed: Invalid argument
01-03 09:33:44.916 10359 11440 E SchedPolicy: set_timerslack_ns prctl failed: Invalid argument
01-03 09:33:44.916 10359 11440 E SchedPolicy: set_timerslack_ns prctl failed: Invalid argument
01-03 09:33:44.916 10359 11440 E SchedPolicy: set_timerslack_ns prctl failed: Invalid argument
01-03 09:33:44.916 10359 11440 E SchedPolicy: set_timerslack_ns prctl failed: Invalid argument
01-03 09:33:44.916 10359 11440 E SchedPolicy: set_timerslack_ns prctl failed: Invalid argument
01-03 09:33:44.916 10359 11440 E SchedPolicy: set_timerslack_ns prctl failed: Invalid argument
01-03 09:33:44.916 10359 11440 E SchedPolicy: set_timerslack_ns prctl failed: Invalid argument
01-03 09:33:44.917 10359 11440 E SchedPolicy: set_timerslack_ns prctl failed: Invalid argument
01-03 09:33:44.917 10359 11440 E SchedPolicy: set_timerslack_ns prctl failed: Invalid argument
01-03 09:33:44.917 10359 11440 E SchedPolicy: set_timerslack_ns prctl failed: Invalid argument
01-03 09:33:44.917 10359 11440 E SchedPolicy: set_timerslack_ns prctl failed: Invalid argument
01-03 09:33:44.917 10359 11440 E SchedPolicy: set_timerslack_ns prctl failed: Invalid argument
01-03 09:33:44.917 10359 11440 E SchedPolicy: set_timerslack_ns prctl failed: Invalid argument
01-03 09:33:44.917 10359 11440 E SchedPolicy: set_timerslack_ns prctl failed: Invalid argument
01-03 09:33:44.917 10359 11440 E SchedPolicy: set_timerslack_ns prctl failed: Invalid argument
01-03 09:33:44.917 10359 11440 E SchedPolicy: set_timerslack_ns prctl failed: Invalid argument
01-03 09:33:44.917 10359 11440 E SchedPolicy: set_timerslack_ns prctl failed: Invalid argument
01-03 09:33:44.917 10359 11440 E SchedPolicy: set_timerslack_ns prctl failed: Invalid argument
01-03 09:33:44.917 10359 11440 E SchedPolicy: set_timerslack_ns prctl failed: Invalid argument
01-03 09:33:44.917 10359 11440 E SchedPolicy: set_timerslack_ns prctl failed: Invalid argument
01-03 09:33:44.917 10359 11440 E SchedPolicy: set_timerslack_ns prctl failed: Invalid argument
01-03 09:33:44.917 10359 11440 E SchedPolicy: set_timerslack_ns prctl failed: Invalid argument
01-03 09:33:44.917 10359 11440 E SchedPolicy: set_timerslack_ns prctl failed: Invalid argument
01-03 09:33:44.917 10359 11440 E SchedPolicy: set_timerslack_ns prctl failed: Invalid argument
01-03 09:33:44.917 10359 11440 E SchedPolicy: set_timerslack_ns prctl failed: Invalid argument
01-03 09:33:44.917 10359 11440 E SchedPolicy: set_timerslack_ns prctl failed: Invalid argument
01-03 09:33:44.917 10359 11440 E SchedPolicy: set_timerslack_ns prctl failed: Invalid argument
01-03 09:33:44.917 10359 11440 E SchedPolicy: set_timerslack_ns prctl failed: Invalid argument
01-03 09:33:44.917 10359 11440 E SchedPolicy: set_timerslack_ns prctl failed: Invalid argument
01-03 09:33:44.917 10359 11440 E SchedPolicy: set_timerslack_ns prctl failed: Invalid argument
01-03 09:33:44.931 10359 10370 E SchedPolicy: set_timerslack_ns prctl failed: Invalid argument
01-03 09:33:44.931 10359 10370 E SchedPolicy: set_timerslack_ns prctl failed: Invalid argument
01-03 09:33:44.931 10359 10370 E SchedPolicy: set_timerslack_ns prctl failed: Invalid argument
01-03 09:33:44.931 10359 10370 E SchedPolicy: set_timerslack_ns prctl failed: Invalid argument
01-03 09:33:44.932 10359 10370 E SchedPolicy: set_timerslack_ns prctl failed: Invalid argument
01-03 09:33:44.932 10359 10370 E SchedPolicy: set_timerslack_ns prctl failed: Invalid argument
01-03 09:33:44.932 10359 10370 E SchedPolicy: set_timerslack_ns prctl failed: Invalid argument
01-03 09:33:44.932 10359 10370 E SchedPolicy: set_timerslack_ns prctl failed: Invalid argument
01-03 09:33:44.932 10359 10370 E SchedPolicy: set_timerslack_ns prctl failed: Invalid argument
01-03 09:33:44.932 10359 10370 E SchedPolicy: set_timerslack_ns prctl failed: Invalid argument
01-03 09:33:44.932 10359 10370 E SchedPolicy: set_timerslack_ns prctl failed: Invalid argument
01-03 09:33:44.932 10359 10370 E SchedPolicy: set_timerslack_ns prctl failed: Invalid argument
01-03 09:33:44.932 10359 10370 E SchedPolicy: set_timerslack_ns prctl failed: Invalid argument
01-03 09:33:44.932 10359 10370 E SchedPolicy: set_timerslack_ns prctl failed: Invalid argument
01-03 09:33:44.932 10359 10370 E SchedPolicy: set_timerslack_ns prctl failed: Invalid argument
01-03 09:33:44.932 10359 10370 E SchedPolicy: set_timerslack_ns prctl failed: Invalid argument
01-03 09:33:44.932 10359 10370 E SchedPolicy: set_timerslack_ns prctl failed: Invalid argument
01-03 09:33:44.932 10359 10370 E SchedPolicy: set_timerslack_ns prctl failed: Invalid argument
01-03 09:33:44.932 10359 10370 E SchedPolicy: set_timerslack_ns prctl failed: Invalid argument
01-03 09:33:44.932 10359 10370 E SchedPolicy: set_timerslack_ns prctl failed: Invalid argument
01-03 09:33:44.932 10359 10370 E SchedPolicy: set_timerslack_ns prctl failed: Invalid argument
01-03 09:33:44.932 10359 10370 E SchedPolicy: set_timerslack_ns prctl failed: Invalid argument
01-03 09:33:44.932 10359 10370 E SchedPolicy: set_timerslack_ns prctl failed: Invalid argument
01-03 09:33:44.932 10359 10370 E SchedPolicy: set_timerslack_ns prctl failed: Invalid argument
01-03 09:33:44.932 10359 10370 E SchedPolicy: set_timerslack_ns prctl failed: Invalid argument
01-03 09:33:44.932 10359 10370 E SchedPolicy: set_timerslack_ns prctl failed: Invalid argument
01-03 09:33:44.932 10359 10370 E SchedPolicy: set_timerslack_ns prctl failed: Invalid argument
01-03 09:33:44.932 10359 10370 E SchedPolicy: set_timerslack_ns prctl failed: Invalid argument
01-03 09:33:44.932 10359 10370 E SchedPolicy: set_timerslack_ns prctl failed: Invalid argument
01-03 09:33:44.933 10359 10370 E SchedPolicy: set_timerslack_ns prctl failed: Invalid argument
01-03 09:33:44.933 10359 10370 E SchedPolicy: set_timerslack_ns prctl failed: Invalid argument
01-03 09:33:44.933 10359 10370 E SchedPolicy: set_timerslack_ns prctl failed: Invalid argument
01-03 09:33:44.933 10359 10370 E SchedPolicy: set_timerslack_ns prctl failed: Invalid argument
01-03 09:33:44.933 10359 10370 E SchedPolicy: set_timerslack_ns prctl failed: Invalid argument
01-03 09:33:44.933 10359 10370 E SchedPolicy: set_timerslack_ns prctl failed: Invalid argument
01-03 09:33:44.933 10359 10370 E SchedPolicy: set_timerslack_ns prctl failed: Invalid argument
01-03 09:33:44.933 10359 10370 E SchedPolicy: set_timerslack_ns prctl failed: Invalid argument
01-03 09:33:44.933 10359 10370 E SchedPolicy: set_timerslack_ns prctl failed: Invalid argument
01-03 09:33:44.933 10359 10370 E SchedPolicy: set_timerslack_ns prctl failed: Invalid argument
01-03 09:33:44.933 10359 10370 E SchedPolicy: set_timerslack_ns prctl failed: Invalid argument
01-03 09:33:44.933 10359 10370 E SchedPolicy: set_timerslack_ns prctl failed: Invalid argument
01-03 09:33:44.933 10359 10370 E SchedPolicy: set_timerslack_ns prctl failed: Invalid argument
01-03 09:33:44.933 10359 11374 E SchedPolicy: set_timerslack_ns prctl failed: Invalid argument
01-03 09:33:44.934 10359 10370 E SchedPolicy: set_timerslack_ns prctl failed: Invalid argument
01-03 09:33:44.939 13088 13181 W Auth : [GoogleAuthUtil] isUserRecoverableError status: BAD_AUTHENTICATION
01-03 09:33:44.941 13088 13181 W GoogleAuthUtil: Error when getting token
01-03 09:33:44.941 13088 13181 W GoogleAuthUtil: com.google.android.gms.auth.UserRecoverableAuthException: BadAuthentication
01-03 09:33:44.941 13088 13181 W GoogleAuthUtil: at com.google.android.gms.auth.m.e(PG:19)
01-03 09:33:44.941 13088 13181 W GoogleAuthUtil: at com.google.android.gms.auth.h.a(PG:11)
01-03 09:33:44.941 13088 13181 W GoogleAuthUtil: at com.google.android.gms.auth.m.g(PG:11)
01-03 09:33:44.941 13088 13181 W GoogleAuthUtil: at com.google.android.gms.auth.m.f(PG:15)
01-03 09:33:44.941 13088 13181 W GoogleAuthUtil: at com.google.android.libraries.gcoreclient.e.a.c.d(PG:3)
01-03 09:33:44.941 13088 13181 W GoogleAuthUtil: at com.google.android.apps.gsa.search.core.google.gaia.k.c(PG:3)01-03 09:33:44.941 13088 13181 W GoogleAuthUtil: at com.google.android.apps.gsa.search.core.google.gaia.h.c(PG:3)01-03 09:33:44.941 13088 13181 W GoogleAuthUtil: at com.google.android.apps.gsa.search.core.google.gaia.e.e(PG:14)
01-03 09:33:44.941 13088 13181 W GoogleAuthUtil: at com.google.android.apps.gsa.search.core.google.gaia.e.c(PG:1)01-03 09:33:44.941 13088 13181 W GoogleAuthUtil: at com.google.android.apps.gsa.search.core.google.gaia.ao.call(PG:3)
01-03 09:33:44.941 13088 13181 W GoogleAuthUtil: at java.util.concurrent.FutureTask.run(FutureTask.java:237)
01-03 09:33:44.941 13088 13181 W GoogleAuthUtil: at com.google.android.apps.gsa.shared.util.c.a.e.run(PG:2)
01-03 09:33:44.941 13088 13181 W GoogleAuthUtil: at com.google.android.apps.gsa.shared.util.c.a.bi.run(PG:1)
01-03 09:33:44.941 13088 13181 W GoogleAuthUtil: at com.google.android.apps.gsa.shared.util.c.a.bi.run(PG:1)
01-03 09:33:44.941 13088 13181 W GoogleAuthUtil: at java.util.concurrent.ThreadPoolExecutor.runWorker(ThreadPoolExecutor.java:1133)
01-03 09:33:44.941 13088 13181 W GoogleAuthUtil: at java.util.concurrent.ThreadPoolExecutor$Worker.run(ThreadPoolExecutor.java:607)
01-03 09:33:44.941 13088 13181 W GoogleAuthUtil: at java.lang.Thread.run(Thread.java:761)
01-03 09:33:44.941 13088 13181 W GoogleAuthUtil: at com.google.android.apps.gsa.shared.util.c.a.l.run(PG:5)
01-03 09:33:44.941 13167 13505 I Backup : [BackupAccountNotifier] Showing notification.
01-03 09:33:44.942 13088 13181 W Search.LoginHelperImpl: User recoverable exception for scope: oauth2:https://www.google.com/accounts/OAuthLogin https://www.googleapis.com/auth/assistant
01-03 09:33:44.942 13088 13181 W Search.LoginHelperImpl: com.google.android.libraries.gcoreclient.e.e: User intervention required. Notification has been pushed.
01-03 09:33:44.942 13088 13181 W Search.LoginHelperImpl: at com.google.android.libraries.gcoreclient.e.a.c.d(PG:17)
01-03 09:33:44.942 13088 13181 W Search.LoginHelperImpl: at com.google.android.apps.gsa.search.core.google.gaia.k.c(PG:3)
01-03 09:33:44.942 13088 13181 W Search.LoginHelperImpl: at com.google.android.apps.gsa.search.core.google.gaia.h.c(PG:3)
01-03 09:33:44.942 13088 13181 W Search.LoginHelperImpl: at com.google.android.apps.gsa.search.core.google.gaia.e.e(PG:14)
01-03 09:33:44.942 13088 13181 W Search.LoginHelperImpl: at com.google.android.apps.gsa.search.core.google.gaia.e.c(PG:1)
01-03 09:33:44.942 13088 13181 W Search.LoginHelperImpl: at com.google.android.apps.gsa.search.core.google.gaia.ao.call(PG:3)
01-03 09:33:44.942 13088 13181 W Search.LoginHelperImpl: at java.util.concurrent.FutureTask.run(FutureTask.java:237)
01-03 09:33:44.942 13088 13181 W Search.LoginHelperImpl: at com.google.android.apps.gsa.shared.util.c.a.e.run(PG:2)
01-03 09:33:44.942 13088 13181 W Search.LoginHelperImpl: at com.google.android.apps.gsa.shared.util.c.a.bi.run(PG:1)
01-03 09:33:44.942 13088 13181 W Search.LoginHelperImpl: at com.google.android.apps.gsa.shared.util.c.a.bi.run(PG:1)
01-03 09:33:44.942 13088 13181 W Search.LoginHelperImpl: at java.util.concurrent.ThreadPoolExecutor.runWorker(ThreadPoolExecutor.java:1133)
01-03 09:33:44.942 13088 13181 W Search.LoginHelperImpl: at java.util.concurrent.ThreadPoolExecutor$Worker.run(ThreadPoolExecutor.java:607)
01-03 09:33:44.942 13088 13181 W Search.LoginHelperImpl: at java.lang.Thread.run(Thread.java:761)
01-03 09:33:44.942 13088 13181 W Search.LoginHelperImpl: at com.google.android.apps.gsa.shared.util.c.a.l.run(PG:5)
01-03 09:33:44.942 13088 13181 W Search.LoginHelperImpl: Caused by: com.google.android.gms.auth.r: User intervention required. Notification has been pushed.
01-03 09:33:44.942 13088 13181 W Search.LoginHelperImpl: at com.google.android.libraries.gcoreclient.e.a.c.d(PG:7)
01-03 09:33:44.942 13088 13181 W Search.LoginHelperImpl: ... 13 more
01-03 09:33:44.945 13167 13296 E WakeLock: *gms_scheduler*/com.google.android.gms/.droidguard.DroidGuardGcmTaskService should be held!
01-03 09:33:44.961 13167 13436 E WakeLock: Wakeful StateMachine: GeofencerStateMachine should be held!
01-03 09:33:44.978 13517 13560 I VoiceDataDownloader: Not already initialized. Initializing Superpacks.
01-03 09:33:44.981 13167 13167 D BoundBrokerSvc: onBind: Intent { act=com.google.android.gms.nearby.connection.service.START pkg=com.google.android.gms }
01-03 09:33:44.981 13167 13167 D BoundBrokerSvc: Loading bound service for intent: Intent { act=com.google.android.gms.nearby.connection.service.START pkg=com.google.android.gms }
01-03 09:33:44.998 10792 11135 W Icing : Usage reports not received in time.: java.util.concurrent.TimeoutException: Timed out waiting for Task
01-03 09:33:45.013 13167 13436 E WakeLock: Wakeful StateMachine: GeofencerStateMachine should be held!
01-03 09:33:45.021 13088 13240 W art : Verification of com.google.common.util.concurrent.cw com.google.android.libraries.af.a.b.c.a.u.b() took 104.066ms
01-03 09:33:45.029 10359 11374 E SchedPolicy: set_timerslack_ns prctl failed: Invalid argument
01-03 09:33:45.029 10359 11374 E SchedPolicy: set_timerslack_ns prctl failed: Invalid argument
01-03 09:33:45.029 10359 11374 E SchedPolicy: set_timerslack_ns prctl failed: Invalid argument
01-03 09:33:45.029 10359 11374 E SchedPolicy: set_timerslack_ns prctl failed: Invalid argument
01-03 09:33:45.029 10359 11374 E SchedPolicy: set_timerslack_ns prctl failed: Invalid argument
01-03 09:33:45.029 10359 11374 E SchedPolicy: set_timerslack_ns prctl failed: Invalid argument
01-03 09:33:45.029 10359 11374 E SchedPolicy: set_timerslack_ns prctl failed: Invalid argument
01-03 09:33:45.029 10359 11374 E SchedPolicy: set_timerslack_ns prctl failed: Invalid argument
01-03 09:33:45.029 10359 11374 E SchedPolicy: set_timerslack_ns prctl failed: Invalid argument
01-03 09:33:45.029 10359 11374 E SchedPolicy: set_timerslack_ns prctl failed: Invalid argument
01-03 09:33:45.029 10359 11374 E SchedPolicy: set_timerslack_ns prctl failed: Invalid argument
01-03 09:33:45.029 10359 11374 E SchedPolicy: set_timerslack_ns prctl failed: Invalid argument
01-03 09:33:45.029 10359 11374 E SchedPolicy: set_timerslack_ns prctl failed: Invalid argument
01-03 09:33:45.029 10359 11374 E SchedPolicy: set_timerslack_ns prctl failed: Invalid argument
01-03 09:33:45.029 10359 11374 E SchedPolicy: set_timerslack_ns prctl failed: Invalid argument
01-03 09:33:45.029 10359 11374 E SchedPolicy: set_timerslack_ns prctl failed: Invalid argument
01-03 09:33:45.030 10359 11374 E SchedPolicy: set_timerslack_ns prctl failed: Invalid argument
01-03 09:33:45.030 10359 11374 E SchedPolicy: set_timerslack_ns prctl failed: Invalid argument
01-03 09:33:45.030 10359 11374 E SchedPolicy: set_timerslack_ns prctl failed: Invalid argument
01-03 09:33:45.043 10359 11374 E SchedPolicy: set_timerslack_ns prctl failed: Invalid argument
01-03 09:33:45.044 10359 10370 E SchedPolicy: set_timerslack_ns prctl failed: Invalid argument
01-03 09:33:45.044 10359 11374 E SchedPolicy: set_timerslack_ns prctl failed: Invalid argument
01-03 09:33:45.049 10359 10370 E SchedPolicy: set_timerslack_ns prctl failed: Invalid argument
01-03 09:33:45.050 10359 11374 E SchedPolicy: set_timerslack_ns prctl failed: Invalid argument
01-03 09:33:45.051 10359 11374 E SchedPolicy: set_timerslack_ns prctl failed: Invalid argument
01-03 09:33:45.051 10359 10370 E SchedPolicy: set_timerslack_ns prctl failed: Invalid argument
01-03 09:33:45.051 10359 10370 E SchedPolicy: set_timerslack_ns prctl failed: Invalid argument
01-03 09:33:45.052 10359 10370 E SchedPolicy: set_timerslack_ns prctl failed: Invalid argument
01-03 09:33:45.052 10359 10370 E SchedPolicy: set_timerslack_ns prctl failed: Invalid argument
01-03 09:33:45.052 10359 10370 E SchedPolicy: set_timerslack_ns prctl failed: Invalid argument
01-03 09:33:45.052 10359 10370 E SchedPolicy: set_timerslack_ns prctl failed: Invalid argument
01-03 09:33:45.054 10359 10370 E SchedPolicy: set_timerslack_ns prctl failed: Invalid argument
01-03 09:33:45.054 10359 10370 E SchedPolicy: set_timerslack_ns prctl failed: Invalid argument
01-03 09:33:45.056 10359 10370 E SchedPolicy: set_timerslack_ns prctl failed: Invalid argument
01-03 09:33:45.056 10359 10370 E SchedPolicy: set_timerslack_ns prctl failed: Invalid argument
01-03 09:33:45.056 10359 11374 E SchedPolicy: set_timerslack_ns prctl failed: Invalid argument
01-03 09:33:45.056 10359 11374 E SchedPolicy: set_timerslack_ns prctl failed: Invalid argument
01-03 09:33:45.051 10359 11440 E SchedPolicy: set_timerslack_ns prctl failed: Invalid argument
01-03 09:33:45.058 10359 11374 E SchedPolicy: set_timerslack_ns prctl failed: Invalid argument
01-03 09:33:45.058 10359 11440 E SchedPolicy: set_timerslack_ns prctl failed: Invalid argument
01-03 09:33:45.058 10359 11374 E SchedPolicy: set_timerslack_ns prctl failed: Invalid argument
01-03 09:33:45.059 10359 11374 E SchedPolicy: set_timerslack_ns prctl failed: Invalid argument
01-03 09:33:45.059 10359 11374 E SchedPolicy: set_timerslack_ns prctl failed: Invalid argument
01-03 09:33:45.060 10359 11374 E SchedPolicy: set_timerslack_ns prctl failed: Invalid argument
01-03 09:33:45.060 10359 11374 E SchedPolicy: set_timerslack_ns prctl failed: Invalid argument
01-03 09:33:45.061 10359 11374 E SchedPolicy: set_timerslack_ns prctl failed: Invalid argument
01-03 09:33:45.061 10359 11374 E SchedPolicy: set_timerslack_ns prctl failed: Invalid argument
01-03 09:33:45.061 10359 11374 E SchedPolicy: set_timerslack_ns prctl failed: Invalid argument
01-03 09:33:45.062 10359 11374 E SchedPolicy: set_timerslack_ns prctl failed: Invalid argument
01-03 09:33:45.062 10359 10483 E SQLiteLog: (14) cannot open file at line 30188 of [bda77dda96]
01-03 09:33:45.062 10359 10483 E SQLiteLog: (14) os_unix.c:30188: (24) open(/data/system) -
01-03 09:33:45.064 10359 11374 E SchedPolicy: set_timerslack_ns prctl failed: Invalid argument
01-03 09:33:45.064 10359 11374 E SchedPolicy: set_timerslack_ns prctl failed: Invalid argument
01-03 09:33:45.066 10359 11374 E SchedPolicy: set_timerslack_ns prctl failed: Invalid argument
01-03 09:33:45.066 10359 11440 E SchedPolicy: set_timerslack_ns prctl failed: Invalid argument
01-03 09:33:45.067 10359 11440 E SchedPolicy: set_timerslack_ns prctl failed: Invalid argument
01-03 09:33:45.068 10359 11440 E SchedPolicy: set_timerslack_ns prctl failed: Invalid argument
01-03 09:33:45.068 10359 11440 E SchedPolicy: set_timerslack_ns prctl failed: Invalid argument
01-03 09:33:45.069 10359 11374 E SchedPolicy: set_timerslack_ns prctl failed: Invalid argument
01-03 09:33:45.069 10359 11374 E SchedPolicy: set_timerslack_ns prctl failed: Invalid argument
01-03 09:33:45.070 10359 11374 E SchedPolicy: set_timerslack_ns prctl failed: Invalid argument
01-03 09:33:45.071 13167 13177 W art : Suspending all threads took: 22.685ms
01-03 09:33:45.083 13517 13560 D NetworkSecurityConfig: No Network Security Config specified, using platform default
01-03 09:33:45.093 13167 13177 I art : Background sticky concurrent mark sweep GC freed 13053(1020KB) AllocSpace objects, 6(120KB) LOS objects, 6% free, 9MB/10MB, paused 27.723ms total 185.090ms
01-03 09:33:45.097 10792 13166 I LSRModuleInit: (REDACTED) New Geofences: %s
01-03 09:33:45.103 10792 13166 I LSRModuleInit: (REDACTED) Attempting to change container components state to enabled: %s
01-03 09:33:45.118 10359 10371 E SchedPolicy: set_timerslack_ns prctl failed: Invalid argument
01-03 09:33:45.126 13167 13508 E ctxmgr : [FencePendingIntentCache]Expected to find a PendingIntent for pendingIntentKey=03e58299-a2c5-4297-ad30-eb11ef1f88bf [CONTEXT service_id=47 ]
01-03 09:33:45.128 13167 13508 W ctxmgr : [FencePendingIntentCache]Sending CONTEXT_MANAGER_RESTARTED broadcast to com.google.android.apps.wellbeing [CONTEXT service_id=47 ]
01-03 09:33:45.130 13167 13167 D BoundBrokerSvc: onBind: Intent { act=com.google.android.gms.facs.cache.service.START pkg=com.google.android.gms }
01-03 09:33:45.134 10792 13166 I Google Maps Android API: Validating conditions for requesting maps_core feature. [CONTEXT service_id=71 ]
01-03 09:33:45.134 10792 13166 I Google Maps Android API: (REDACTED) Is maps_core feature installed? %d
01-03 09:33:45.135 10792 11135 I Icing : Usage reports ok 2, Failed Usage reports 0, indexed 0, rejected 0
01-03 09:33:45.138 13088 13240 W A : isEligible(): Absent status for permission SUPPLEMENTAL_WEB_AND_APP_ACTIVITY. Calling ensureCachedSettingsLoaded().
01-03 09:33:45.145 10359 10370 E SchedPolicy: set_timerslack_ns prctl failed: Invalid argument
01-03 09:33:45.149 10792 11135 E WakeLock: Icing should be held!
01-03 09:33:45.154 13167 13167 D BoundBrokerSvc: Loading bound service for intent: Intent { act=com.google.android.gms.facs.cache.service.START pkg=com.google.android.gms }
01-03 09:33:45.167 13167 13171 I art : Do partial code cache collection, code=75KB, data=117KB
01-03 09:33:45.171 13088 13240 W A : Absent status for permission SUPPLEMENTAL_WEB_AND_APP_ACTIVITY. Calling ensureCachedSettingsLoaded().
01-03 09:33:45.195 13088 13209 W SearchServiceCore: Abort, client detached.
01-03 09:33:45.209 13167 13272 W ctxmgr : [WorkManager] Long workInfo: pkg=com.google.android.gms, lbl=Modulesdelayed_module_init, start=2024-01-03 09:33:41.723+0700, stop=2024-01-03 09:33:45.083+0700, durtn=3360ms [CONTEXT service_id=47 ]01-03 09:33:45.233 10359 11374 E SchedPolicy: set_timerslack_ns prctl failed: Invalid argument
01-03 09:33:45.233 10359 10371 E SchedPolicy: set_timerslack_ns prctl failed: Invalid argument
01-03 09:33:45.234 10359 10371 E SchedPolicy: set_timerslack_ns prctl failed: Invalid argument
01-03 09:33:45.234 10359 10371 E SchedPolicy: set_timerslack_ns prctl failed: Invalid argument
01-03 09:33:45.236 13517 13560 I VoiceDataDownloader: Superpack object built.
01-03 09:33:45.237 13167 13171 I art : After code cache collection, code=72KB, data=116KB
01-03 09:33:45.237 13517 13560 I VoiceDataDownloader: Superpack slicing strategy registered
01-03 09:33:45.237 13167 13171 I art : Increasing code cache capacity to 512KB
01-03 09:33:45.252 13517 13560 I VoiceDataDownloader: Superpack quota set for all voices.
01-03 09:33:45.257 13517 13560 I VoiceDataDownloader: Got bundled voice en-us-x-multi-r52
01-03 09:33:45.263 10359 12284 E JavaBinder: *** Uncaught remote exception! (Exceptions are not yet supported across processes.)
01-03 09:33:45.263 10359 12284 E JavaBinder: java.lang.RuntimeException: Too many open files
01-03 09:33:45.263 10359 12284 E JavaBinder: at android.os.Parcel.nativeWriteFileDescriptor(Native Method)
01-03 09:33:45.263 10359 12284 E JavaBinder: at android.os.Parcel.writeFileDescriptor(Parcel.java:616)
01-03 09:33:45.263 10359 12284 E JavaBinder: at android.os.ParcelFileDescriptor.writeToParcel(ParcelFileDescriptor.java:975)
01-03 09:33:45.263 10359 12284 E JavaBinder: at android.os.DropBoxManager$Entry.writeToParcel(DropBoxManager.java:248)
01-03 09:33:45.263 10359 12284 E JavaBinder: at com.android.internal.os.IDropBoxManagerService$Stub.onTransact(IDropBoxManagerService.java:87)
01-03 09:33:45.263 10359 12284 E JavaBinder: at android.os.Binder.execTransact(Binder.java:565)
01-03 09:33:45.263 10359 12284 E SchedPolicy: set_timerslack_ns prctl failed: Invalid argument
01-03 09:33:45.263 10359 12284 E SchedPolicy: set_timerslack_ns prctl failed: Invalid argument
01-03 09:33:45.263 10359 12284 E SchedPolicy: set_timerslack_ns prctl failed: Invalid argument
01-03 09:33:45.265 10359 11440 E SchedPolicy: set_timerslack_ns prctl failed: Invalid argument
01-03 09:33:45.265 10359 11440 E SchedPolicy: set_timerslack_ns prctl failed: Invalid argument
01-03 09:33:45.265 10359 11440 E SchedPolicy: set_timerslack_ns prctl failed: Invalid argument
01-03 09:33:45.266 10359 11440 E SchedPolicy: set_timerslack_ns prctl failed: Invalid argument
01-03 09:33:45.266 10359 11440 E SchedPolicy: set_timerslack_ns prctl failed: Invalid argument
01-03 09:33:45.269 10359 12284 E SchedPolicy: set_timerslack_ns prctl failed: Invalid argument
01-03 09:33:45.269 10359 12284 E SchedPolicy: set_timerslack_ns prctl failed: Invalid argument
01-03 09:33:45.270 10359 12284 E SchedPolicy: set_timerslack_ns prctl failed: Invalid argument
01-03 09:33:45.270 10359 12284 E SchedPolicy: set_timerslack_ns prctl failed: Invalid argument
01-03 09:33:45.270 10359 11440 E SchedPolicy: set_timerslack_ns prctl failed: Invalid argument
01-03 09:33:45.270 10359 11440 E SchedPolicy: set_timerslack_ns prctl failed: Invalid argument
01-03 09:33:45.270 10359 11440 E SchedPolicy: set_timerslack_ns prctl failed: Invalid argument
01-03 09:33:45.271 10359 12284 E SchedPolicy: set_timerslack_ns prctl failed: Invalid argument
01-03 09:33:45.271 10359 12284 E SchedPolicy: set_timerslack_ns prctl failed: Invalid argument
01-03 09:33:45.272 10359 12284 E SchedPolicy: set_timerslack_ns prctl failed: Invalid argument
01-03 09:33:45.272 10359 12284 E SchedPolicy: set_timerslack_ns prctl failed: Invalid argument
01-03 09:33:45.287 10359 12284 E SchedPolicy: set_timerslack_ns prctl failed: Invalid argument
01-03 09:33:45.287 10359 12284 E SchedPolicy: set_timerslack_ns prctl failed: Invalid argument
01-03 09:33:45.312 13167 13177 W art : Suspending all threads took: 19.042ms
01-03 09:33:45.323 13167 13515 I LSR : Handling LSR module init in persistent process [CONTEXT service_id=277 ]
01-03 09:33:45.326 13167 13515 I LSR : Refreshing periodic location reporting state [CONTEXT service_id=277 ]
01-03 09:33:45.327 10359 12284 E SchedPolicy: set_timerslack_ns prctl failed: Invalid argument
01-03 09:33:45.329 10359 12284 E SchedPolicy: set_timerslack_ns prctl failed: Invalid argument
01-03 09:33:45.331 10359 12284 E SchedPolicy: set_timerslack_ns prctl failed: Invalid argument
01-03 09:33:45.331 10359 12284 E SchedPolicy: set_timerslack_ns prctl failed: Invalid argument
01-03 09:33:45.331 10359 12284 E SchedPolicy: set_timerslack_ns prctl failed: Invalid argument
01-03 09:33:45.331 10359 12284 E SchedPolicy: set_timerslack_ns prctl failed: Invalid argument
01-03 09:33:45.332 10359 12284 E SchedPolicy: set_timerslack_ns prctl failed: Invalid argument
01-03 09:33:45.332 10359 12284 E SchedPolicy: set_timerslack_ns prctl failed: Invalid argument
01-03 09:33:45.333 10359 12284 E SchedPolicy: set_timerslack_ns prctl failed: Invalid argument
01-03 09:33:45.333 10359 12284 E SchedPolicy: set_timerslack_ns prctl failed: Invalid argument
01-03 09:33:45.334 13167 13271 I FacsCacheGmsModule: (REDACTED) Receiving API connection to FACS API from package '%s'...
01-03 09:33:45.335 10359 12284 E SchedPolicy: set_timerslack_ns prctl failed: Invalid argument
01-03 09:33:45.337 10359 11440 E SchedPolicy: set_timerslack_ns prctl failed: Invalid argument
01-03 09:33:45.337 10359 11374 E SchedPolicy: set_timerslack_ns prctl failed: Invalid argument
01-03 09:33:45.338 10359 11374 E SchedPolicy: set_timerslack_ns prctl failed: Invalid argument
01-03 09:33:45.338 10359 11440 E SchedPolicy: set_timerslack_ns prctl failed: Invalid argument
01-03 09:33:45.341 10359 12284 E SchedPolicy: set_timerslack_ns prctl failed: Invalid argument
01-03 09:33:45.346 13167 13177 I art : Background sticky concurrent mark sweep GC freed 6394(473KB) AllocSpace objects, 0(0B) LOS objects, 1% free, 10MB/10MB, paused 21.963ms total 113.710ms
01-03 09:33:45.346 10359 11440 E SchedPolicy: set_timerslack_ns prctl failed: Invalid argument
01-03 09:33:45.346 10359 11440 E SchedPolicy: set_timerslack_ns prctl failed: Invalid argument
01-03 09:33:45.346 10359 11440 E SchedPolicy: set_timerslack_ns prctl failed: Invalid argument
01-03 09:33:45.346 10359 12284 E SchedPolicy: set_timerslack_ns prctl failed: Invalid argument
01-03 09:33:45.349 10359 11440 E SchedPolicy: set_timerslack_ns prctl failed: Invalid argument
01-03 09:33:45.349 10359 11374 E SchedPolicy: set_timerslack_ns prctl failed: Invalid argument
01-03 09:33:45.349 10359 11440 E SchedPolicy: set_timerslack_ns prctl failed: Invalid argument
01-03 09:33:45.349 10359 12284 E SchedPolicy: set_timerslack_ns prctl failed: Invalid argument
01-03 09:33:45.349 10359 11374 E SchedPolicy: set_timerslack_ns prctl failed: Invalid argument
01-03 09:33:45.351 10792 12262 I MdiSyncModule: initializing module...
01-03 09:33:45.352 10359 11374 E SchedPolicy: set_timerslack_ns prctl failed: Invalid argument
01-03 09:33:45.352 10359 11374 E SchedPolicy: set_timerslack_ns prctl failed: Invalid argument
01-03 09:33:45.354 10359 11374 E SchedPolicy: set_timerslack_ns prctl failed: Invalid argument
01-03 09:33:45.354 10359 11374 E SchedPolicy: set_timerslack_ns prctl failed: Invalid argument
01-03 09:33:45.355 10359 12284 E SchedPolicy: set_timerslack_ns prctl failed: Invalid argument
01-03 09:33:45.355 10359 12284 E SchedPolicy: set_timerslack_ns prctl failed: Invalid argument
01-03 09:33:45.356 10359 12284 E SchedPolicy: set_timerslack_ns prctl failed: Invalid argument
01-03 09:33:45.356 10359 12284 E SchedPolicy: set_timerslack_ns prctl failed: Invalid argument
01-03 09:33:45.357 10359 12284 E SchedPolicy: set_timerslack_ns prctl failed: Invalid argument
01-03 09:33:45.357 10359 12284 E SchedPolicy: set_timerslack_ns prctl failed: Invalid argument
01-03 09:33:45.358 10359 12284 E SchedPolicy: set_timerslack_ns prctl failed: Invalid argument
01-03 09:33:45.358 10359 11374 E SchedPolicy: set_timerslack_ns prctl failed: Invalid argument
01-03 09:33:45.359 10359 12284 E SchedPolicy: set_timerslack_ns prctl failed: Invalid argument
01-03 09:33:45.359 10359 11374 E SchedPolicy: set_timerslack_ns prctl failed: Invalid argument
01-03 09:33:45.363 10359 11374 E SchedPolicy: set_timerslack_ns prctl failed: Invalid argument
01-03 09:33:45.363 10359 11374 E SchedPolicy: set_timerslack_ns prctl failed: Invalid argument
01-03 09:33:45.364 10792 12262 I MdiSyncModule: module initialization completed
01-03 09:33:45.364 10359 10368 I art : Background partial concurrent mark sweep GC freed 16733(954KB) AllocSpace objects, 0(0B) LOS objects, 33% free, 16MB/25MB, paused 1.122ms total 116.086ms
01-03 09:33:45.366 10359 11374 E SchedPolicy: set_timerslack_ns prctl failed: Invalid argument
01-03 09:33:45.374 10792 12262 I MlBenchmarkInstaller: (REDACTED) Intent: %s
01-03 09:33:45.374 10792 12262 I MlBenchmarkInstaller: (REDACTED) onInitRuntimeState(), intent action=%s
01-03 09:33:45.479 13167 13539 I LSR : No upload requests, reporting should be disabled [CONTEXT service_id=277 ]
01-03 09:33:45.480 13167 13338 I LSR : (REDACTED) Reporting should be enabled: %s
01-03 09:33:45.485 13167 13338 I LSR : Stopping periodic location reporting [CONTEXT service_id=277 ]
