01-03 09:33:50.368 10359 10397 W zipro : Error opening archive /data/app/com.google.android.inputmethod.latin-1/split_tenoranimation_feature_split.apk: I/O Error
01-03 09:33:50.368 10359 10370 W ActivityManager: Scheduling restart of crashed service com.google.android.gms/.auth.setup.devicesignals.LockScreenService in 110999ms
01-03 09:33:50.368 10359 10397 D asset : failed to open Zip archive '/data/app/com.google.android.inputmethod.latin-1/split_tenoranimation_feature_split.apk'
01-03 09:33:50.368 10359 10370 W ActivityManager: Scheduling restart of crashed service com.google.android.gms/com.google.android.location.fused.FusedLocationService in 120999ms
01-03 09:33:50.368 10359 10370 W ActivityManager: Scheduling restart of crashed service com.google.android.gms/com.google.android.location.internal.server.HardwareArProviderService in 130999ms
01-03 09:33:50.368 10359 10370 W ActivityManager: Scheduling restart of crashed service com.google.android.gms/.auth.GetToken in 140999ms
01-03 09:33:50.368 10359 10370 W ActivityManager: Scheduling restart of crashed service com.google.android.gms/.chimera.PersistentDirectBootAwareApiService in 150999ms
01-03 09:33:50.368 10359 10370 W ActivityManager: Scheduling restart of crashed service com.google.android.gms/com.google.android.contextmanager.service.ContextManagerService in 160999ms
01-03 09:33:50.368 10359 10370 W ActivityManager: Scheduling restart of crashed service com.google.android.gms/com.google.location.nearby.direct.service.NearbyDirectService in 170999ms
01-03 09:33:50.369 10359 10370 W ActivityManager: Scheduling restart of crashed service com.google.android.gms/.nearby.discovery.service.DiscoveryService in 170999ms
01-03 09:33:50.369 10359 10370 W ActivityManager: Scheduling restart of crashed service com.google.android.gms/.fido.authenticator.service.AuthenticatorService in 170999ms
01-03 09:33:50.369 10359 10370 W ActivityManager: Scheduling restart of crashed service com.google.android.gms/com.google.android.location.internal.GoogleLocationManagerService in 180999ms
01-03 09:33:50.369 10359 10370 W ActivityManager: Scheduling restart of crashed service com.google.android.gms/.location.persistent.LocationPersistentService in 190999ms
01-03 09:33:50.369 10359 10370 W ActivityManager: Scheduling restart of crashed service com.google.android.gms/.stats.eastworld.EastworldService in 200999ms
01-03 09:33:50.369 10359 10370 W ActivityManager: Scheduling restart of crashed service com.google.android.gms/.clearcut.debug.ClearcutDebugDumpService in 210999ms
01-03 09:33:50.369 10359 10370 W ActivityManager: Scheduling restart of crashed service com.google.android.gms/.chimera.PersistentBoundBrokerService in 220999ms
01-03 09:33:50.369 10359 10370 W ActivityManager: Scheduling restart of crashed service com.google.android.gms/.nearby.exposurenotification.service.ExposureMatchingService in 230998ms
01-03 09:33:50.369 10359 10370 W ActivityManager: Scheduling restart of crashed service com.google.android.gms/.chimera.PersistentIntentOperationService in 240998ms
01-03 09:33:50.369 10359 10370 W ActivityManager: Scheduling restart of crashed service com.google.android.gms/.thunderbird.EmergencyPersistentService in 250998ms
01-03 09:33:50.369 10359 10370 W ActivityManager: Scheduling restart of crashed service com.google.android.gms/.gcm.nts.SchedulerService in 260998ms
01-03 09:33:50.370 10359 10780 E SchedPolicy: set_timerslack_ns prctl failed: Invalid argument
01-03 09:33:50.371 10359 10397 W ResourceType: No known package when getting value for resource number 0x7f140368
01-03 09:33:50.371 10359 10397 W PackageManager: Failure retrieving text 0x7f140368 in package com.google.android.inputmethod.latin
01-03 09:33:50.371 10359 10397 W PackageManager: android.content.res.Resources$NotFoundException: String resource ID #0x7f140368
01-03 09:33:50.371 10359 10397 W PackageManager: at android.content.res.Resources.getText(Resources.java:335)
01-03 09:33:50.371 10359 10397 W PackageManager: at android.app.ApplicationPackageManager.getText(ApplicationPackageManager.java:1513)
01-03 09:33:50.371 10359 10397 W PackageManager: at android.content.pm.ComponentInfo.loadLabel(ComponentInfo.java:108)
01-03 09:33:50.371 10359 10397 W PackageManager: at com.android.server.input.InputManagerService.visitKeyboardLayoutsInPackage(InputManagerService.java:1178)
01-03 09:33:50.371 10359 10397 W PackageManager: at com.android.server.input.InputManagerService.visitAllKeyboardLayouts(InputManagerService.java:1143)
01-03 09:33:50.371 10359 10397 W PackageManager: at com.android.server.input.InputManagerService.updateKeyboardLayouts(InputManagerService.java:1021)
01-03 09:33:50.371 10359 10397 W PackageManager: at com.android.server.input.InputManagerService.-wrap14(InputManagerService.java)
01-03 09:33:50.371 10359 10397 W PackageManager: at com.android.server.input.InputManagerService$2.onReceive(InputManagerService.java:373)
01-03 09:33:50.371 10359 10397 W PackageManager: at android.app.LoadedApk$ReceiverDispatcher$Args.run(LoadedApk.java:1122)
01-03 09:33:50.371 10359 10397 W PackageManager: at android.os.Handler.handleCallback(Handler.java:758)
01-03 09:33:50.371 10359 10397 W PackageManager: at android.os.Handler.dispatchMessage(Handler.java:95)
01-03 09:33:50.371 10359 10397 W PackageManager: at android.os.Looper.loop(Looper.java:154)
01-03 09:33:50.371 10359 10397 W PackageManager: at android.os.HandlerThread.run(HandlerThread.java:61)
01-03 09:33:50.371 10359 10397 W PackageManager: at com.android.server.ServiceThread.run(ServiceThread.java:46)
01-03 09:33:50.372 10359 10397 W ResourceType: No known package when getting value for resource number 0x7f170907
01-03 09:33:50.372 10359 10397 W InputManager: Could not parse keyboard layout resource from receiver com.google.android.inputmethod.latin/com.google.android.apps.inputmethod.libs.japanese.keyboard.InputDeviceReceiver
01-03 09:33:50.372 10359 10397 W InputManager: android.content.res.Resources$NotFoundException: Resource ID #0x7f170907
01-03 09:33:50.372 10359 10397 W InputManager: at android.content.res.ResourcesImpl.getValue(ResourcesImpl.java:190)
01-03 09:33:50.372 10359 10397 W InputManager: at android.content.res.Resources.loadXmlResourceParser(Resources.java:2101)
01-03 09:33:50.372 10359 10397 W InputManager: at android.content.res.Resources.getXml(Resources.java:1164)
01-03 09:33:50.372 10359 10397 W InputManager: at com.android.server.input.InputManagerService.visitKeyboardLayoutsInPackage(InputManagerService.java:1189)
01-03 09:33:50.372 10359 10397 W InputManager: at com.android.server.input.InputManagerService.visitAllKeyboardLayouts(InputManagerService.java:1143)
01-03 09:33:50.372 10359 10397 W InputManager: at com.android.server.input.InputManagerService.updateKeyboardLayouts(InputManagerService.java:1021)
01-03 09:33:50.372 10359 10397 W InputManager: at com.android.server.input.InputManagerService.-wrap14(InputManagerService.java)
01-03 09:33:50.372 10359 10397 W InputManager: at com.android.server.input.InputManagerService$2.onReceive(InputManagerService.java:373)
01-03 09:33:50.372 10359 10397 W InputManager: at android.app.LoadedApk$ReceiverDispatcher$Args.run(LoadedApk.java:1122)
01-03 09:33:50.372 10359 10397 W InputManager: at android.os.Handler.handleCallback(Handler.java:758)
01-03 09:33:50.372 10359 10397 W InputManager: at android.os.Handler.dispatchMessage(Handler.java:95)
01-03 09:33:50.372 10359 10397 W InputManager: at android.os.Looper.loop(Looper.java:154)
01-03 09:33:50.372 10359 10397 W InputManager: at android.os.HandlerThread.run(HandlerThread.java:61)
01-03 09:33:50.372 10359 10397 W InputManager: at com.android.server.ServiceThread.run(ServiceThread.java:46)
01-03 09:33:50.373 10359 10465 I InputReader: Reconfiguring input devices. changes=0x00000010
01-03 09:33:50.376 10359 10359 W : Unable to open '/data/app/com.nextcloud.client-1/base.apk': Too many open files
01-03 09:33:50.376 10359 10359 W zipro : Error opening archive /data/app/com.nextcloud.client-1/base.apk: I/O Error
01-03 09:33:50.376 10359 10359 D asset : failed to open Zip archive '/data/app/com.nextcloud.client-1/base.apk'
01-03 09:33:50.377 10359 10359 W : Unable to open '/data/app/com.nextcloud.client-1/split_config.armeabi_v7a.apk': Too many open files
01-03 09:33:50.377 10359 10359 W zipro : Error opening archive /data/app/com.nextcloud.client-1/split_config.armeabi_v7a.apk: I/O Error
01-03 09:33:50.377 10359 10359 D asset : failed to open Zip archive '/data/app/com.nextcloud.client-1/split_config.armeabi_v7a.apk'
01-03 09:33:50.377 10359 10359 W : Unable to open '/data/app/com.nextcloud.client-1/split_config.en.apk': Too many open files
01-03 09:33:50.377 10359 10359 W zipro : Error opening archive /data/app/com.nextcloud.client-1/split_config.en.apk: I/O Error
01-03 09:33:50.377 10359 10359 D asset : failed to open Zip archive '/data/app/com.nextcloud.client-1/split_config.en.apk'
01-03 09:33:50.377 10359 10359 W : Unable to open '/data/app/com.nextcloud.client-1/split_config.mdpi.apk': Too many open files
01-03 09:33:50.377 10359 10359 W zipro : Error opening archive /data/app/com.nextcloud.client-1/split_config.mdpi.apk: I/O Error
01-03 09:33:50.377 10359 10359 D asset : failed to open Zip archive '/data/app/com.nextcloud.client-1/split_config.mdpi.apk'
01-03 09:33:50.380 10359 10359 W ResourceType: No known package when getting value for resource number 0x7f160000
01-03 09:33:50.380 10359 10359 W PackageManager: Failure retrieving xml 0x7f160000 in package com.nextcloud.client
01-03 09:33:50.380 10359 10359 W PackageManager: android.content.res.Resources$NotFoundException: Resource ID #0x7f160000
01-03 09:33:50.380 10359 10359 W PackageManager: at android.content.res.ResourcesImpl.getValue(ResourcesImpl.java:190)
01-03 09:33:50.380 10359 10359 W PackageManager: at android.content.res.Resources.loadXmlResourceParser(Resources.java:2101)
01-03 09:33:50.380 10359 10359 W PackageManager: at android.content.res.Resources.getXml(Resources.java:1164)
01-03 09:33:50.380 10359 10359 W PackageManager: at android.app.ApplicationPackageManager.getXml(ApplicationPackageManager.java:1541)
01-03 09:33:50.380 10359 10359 W PackageManager: at android.content.pm.PackageItemInfo.loadXmlMetaData(PackageItemInfo.java:343)
01-03 09:33:50.380 10359 10359 W PackageManager: at android.content.pm.RegisteredServicesCache.parseServiceInfo(RegisteredServicesCache.java:592)
01-03 09:33:50.380 10359 10359 W PackageManager: at android.content.pm.RegisteredServicesCache.generateServicesMap(RegisteredServicesCache.java:435)
01-03 09:33:50.380 10359 10359 W PackageManager: at android.content.pm.RegisteredServicesCache.handlePackageEvent(RegisteredServicesCache.java:200)
01-03 09:33:50.380 10359 10359 W PackageManager: at android.content.pm.RegisteredServicesCache.-wrap0(RegisteredServicesCache.java)
01-03 09:33:50.380 10359 10359 W PackageManager: at android.content.pm.RegisteredServicesCache$1.onReceive(RegisteredServicesCache.java:209)
01-03 09:33:50.380 10359 10359 W PackageManager: at android.app.LoadedApk$ReceiverDispatcher$Args.run(LoadedApk.java:1122)
01-03 09:33:50.380 10359 10359 W PackageManager: at android.os.Handler.handleCallback(Handler.java:758)
01-03 09:33:50.380 10359 10359 W PackageManager: at android.os.Handler.dispatchMessage(Handler.java:95)
01-03 09:33:50.380 10359 10359 W PackageManager: at android.os.Looper.loop(Looper.java:154)
01-03 09:33:50.380 10359 10359 W PackageManager: at com.android.server.SystemServer.run(SystemServer.java:361)
01-03 09:33:50.380 10359 10359 W PackageManager: at com.android.server.SystemServer.main(SystemServer.java:228)
01-03 09:33:50.380 10359 10359 W PackageManager: at java.lang.reflect.Method.invoke(Native Method)
01-03 09:33:50.380 10359 10359 W PackageManager: at com.android.internal.os.ZygoteInit$MethodAndArgsCaller.run(ZygoteInit.java:914)
01-03 09:33:50.380 10359 10359 W PackageManager: at com.android.internal.os.ZygoteInit.main(ZygoteInit.java:804)
01-03 09:33:50.381 10359 10359 W PackageManager: Unable to load service info ResolveInfo{fb1b497 com.nextcloud.client/com.owncloud.android.authentication.AccountAuthenticatorService p=100 m=0x108000}
01-03 09:33:50.381 10359 10359 W PackageManager: org.xmlpull.v1.XmlPullParserException: No android.accounts.AccountAuthenticator meta-data
01-03 09:33:50.381 10359 10359 W PackageManager: at android.content.pm.RegisteredServicesCache.parseServiceInfo(RegisteredServicesCache.java:594)
01-03 09:33:50.381 10359 10359 W PackageManager: at android.content.pm.RegisteredServicesCache.generateServicesMap(RegisteredServicesCache.java:435)
01-03 09:33:50.381 10359 10359 W PackageManager: at android.content.pm.RegisteredServicesCache.handlePackageEvent(RegisteredServicesCache.java:200)
01-03 09:33:50.381 10359 10359 W PackageManager: at android.content.pm.RegisteredServicesCache.-wrap0(RegisteredServicesCache.java)
01-03 09:33:50.381 10359 10359 W PackageManager: at android.content.pm.RegisteredServicesCache$1.onReceive(RegisteredServicesCache.java:209)
01-03 09:33:50.381 10359 10359 W PackageManager: at android.app.LoadedApk$ReceiverDispatcher$Args.run(LoadedApk.java:1122)
01-03 09:33:50.381 10359 10359 W PackageManager: at android.os.Handler.handleCallback(Handler.java:758)
01-03 09:33:50.381 10359 10359 W PackageManager: at android.os.Handler.dispatchMessage(Handler.java:95)
01-03 09:33:50.381 10359 10359 W PackageManager: at android.os.Looper.loop(Looper.java:154)
01-03 09:33:50.381 10359 10359 W PackageManager: at com.android.server.SystemServer.run(SystemServer.java:361)
01-03 09:33:50.381 10359 10359 W PackageManager: at com.android.server.SystemServer.main(SystemServer.java:228)
01-03 09:33:50.381 10359 10359 W PackageManager: at java.lang.reflect.Method.invoke(Native Method)
01-03 09:33:50.381 10359 10359 W PackageManager: at com.android.internal.os.ZygoteInit$MethodAndArgsCaller.run(ZygoteInit.java:914)
01-03 09:33:50.381 10359 10359 W PackageManager: at com.android.internal.os.ZygoteInit.main(ZygoteInit.java:804)
01-03 09:33:50.381 10359 10359 W : Unable to open '/data/app/com.google.android.gms-1/base.apk': Too many open files
01-03 09:33:50.381 10359 10359 W zipro : Error opening archive /data/app/com.google.android.gms-1/base.apk: I/O Error
01-03 09:33:50.381 10359 10359 D asset : failed to open Zip archive '/data/app/com.google.android.gms-1/base.apk'
01-03 09:33:50.381 10359 10359 W : Unable to open '/data/app/com.google.android.gms-1/split_config.en.apk': Too many open files
01-03 09:33:50.381 10359 10359 W zipro : Error opening archive /data/app/com.google.android.gms-1/split_config.en.apk: I/O Error
01-03 09:33:50.381 10359 10359 D asset : failed to open Zip archive '/data/app/com.google.android.gms-1/split_config.en.apk'
01-03 09:33:50.381 10359 10359 W : Unable to open '/data/app/com.google.android.gms-1/split_config.mdpi.apk': Too many open files
01-03 09:33:50.381 10359 10359 W zipro : Error opening archive /data/app/com.google.android.gms-1/split_config.mdpi.apk: I/O Error
01-03 09:33:50.381 10359 10359 D asset : failed to open Zip archive '/data/app/com.google.android.gms-1/split_config.mdpi.apk'
01-03 09:33:50.384 10359 11022 E SchedPolicy: set_timerslack_ns prctl failed: Invalid argument
01-03 09:33:50.384 10359 10830 E SchedPolicy: set_timerslack_ns prctl failed: Invalid argument
01-03 09:33:50.384 10359 10371 E SchedPolicy: set_timerslack_ns prctl failed: Invalid argument
01-03 09:33:50.384 10359 12435 E SchedPolicy: set_timerslack_ns prctl failed: Invalid argument
01-03 09:33:50.385 10359 12398 E SchedPolicy: set_timerslack_ns prctl failed: Invalid argument
01-03 09:33:50.385 10359 10371 E SchedPolicy: set_timerslack_ns prctl failed: Invalid argument
01-03 09:33:50.385 10359 11358 E SchedPolicy: set_timerslack_ns prctl failed: Invalid argument
01-03 09:33:50.385 10359 10455 E SchedPolicy: set_timerslack_ns prctl failed: Invalid argument
01-03 09:33:50.385 10359 10371 E SchedPolicy: set_timerslack_ns prctl failed: Invalid argument
01-03 09:33:50.386 10359 12284 E SchedPolicy: set_timerslack_ns prctl failed: Invalid argument
01-03 09:33:50.386 10359 11440 E SchedPolicy: set_timerslack_ns prctl failed: Invalid argument
01-03 09:33:50.386 10359 11191 E SchedPolicy: set_timerslack_ns prctl failed: Invalid argument
01-03 09:33:50.386 10359 11440 E SchedPolicy: set_timerslack_ns prctl failed: Invalid argument
01-03 09:33:50.387 10359 11440 E SchedPolicy: set_timerslack_ns prctl failed: Invalid argument
01-03 09:33:50.387 10359 10359 W ResourceType: No known package when getting value for resource number 0x7f190006
01-03 09:33:50.388 10359 11440 E SchedPolicy: set_timerslack_ns prctl failed: Invalid argument
01-03 09:33:50.388 10359 10359 W PackageManager: Failure retrieving xml 0x7f190006 in package com.google.android.gms
01-03 09:33:50.388 10359 10359 W PackageManager: android.content.res.Resources$NotFoundException: Resource ID #0x7f190006
01-03 09:33:50.388 10359 10359 W PackageManager: at android.content.res.ResourcesImpl.getValue(ResourcesImpl.java:190)
01-03 09:33:50.388 10359 10359 W PackageManager: at android.content.res.Resources.loadXmlResourceParser(Resources.java:2101)
01-03 09:33:50.388 10359 10359 W PackageManager: at android.content.res.Resources.getXml(Resources.java:1164)
01-03 09:33:50.388 10359 10359 W PackageManager: at android.app.ApplicationPackageManager.getXml(ApplicationPackageManager.java:1541)
01-03 09:33:50.388 10359 10359 W PackageManager: at android.content.pm.PackageItemInfo.loadXmlMetaData(PackageItemInfo.java:343)
01-03 09:33:50.388 10359 10359 W PackageManager: at android.content.pm.RegisteredServicesCache.parseServiceInfo(RegisteredServicesCache.java:592)
01-03 09:33:50.388 10359 10359 W PackageManager: at android.content.pm.RegisteredServicesCache.generateServicesMap(RegisteredServicesCache.java:435)
01-03 09:33:50.388 10359 10359 W PackageManager: at android.content.pm.RegisteredServicesCache.handlePackageEvent(RegisteredServicesCache.java:200)
01-03 09:33:50.388 10359 10359 W PackageManager: at android.content.pm.RegisteredServicesCache.-wrap0(RegisteredServicesCache.java)
01-03 09:33:50.388 10359 10359 W PackageManager: at android.content.pm.RegisteredServicesCache$1.onReceive(RegisteredServicesCache.java:209)
01-03 09:33:50.388 10359 10359 W PackageManager: at android.app.LoadedApk$ReceiverDispatcher$Args.run(LoadedApk.java:1122)
01-03 09:33:50.388 10359 10359 W PackageManager: at android.os.Handler.handleCallback(Handler.java:758)
01-03 09:33:50.388 10359 10359 W PackageManager: at android.os.Handler.dispatchMessage(Handler.java:95)
01-03 09:33:50.388 10359 10359 W PackageManager: at android.os.Looper.loop(Looper.java:154)
01-03 09:33:50.388 10359 10359 W PackageManager: at com.android.server.SystemServer.run(SystemServer.java:361)
01-03 09:33:50.388 10359 10359 W PackageManager: at com.android.server.SystemServer.main(SystemServer.java:228)
01-03 09:33:50.388 10359 10359 W PackageManager: at java.lang.reflect.Method.invoke(Native Method)
01-03 09:33:50.388 10359 10359 W PackageManager: at com.android.internal.os.ZygoteInit$MethodAndArgsCaller.run(ZygoteInit.java:914)
01-03 09:33:50.388 10359 10359 W PackageManager: at com.android.internal.os.ZygoteInit.main(ZygoteInit.java:804)
01-03 09:33:50.388 10359 11440 E SchedPolicy: set_timerslack_ns prctl failed: Invalid argument
01-03 09:33:50.388 10359 10359 W PackageManager: Unable to load service info ResolveInfo{e02baa2 com.google.android.gms/.auth.account.authenticator.GoogleAccountAuthenticatorService p=5 m=0x108000}
01-03 09:33:50.388 10359 10359 W PackageManager: org.xmlpull.v1.XmlPullParserException: No android.accounts.AccountAuthenticator meta-data
01-03 09:33:50.388 10359 10359 W PackageManager: at android.content.pm.RegisteredServicesCache.parseServiceInfo(RegisteredServicesCache.java:594)
01-03 09:33:50.388 10359 10359 W PackageManager: at android.content.pm.RegisteredServicesCache.generateServicesMap(RegisteredServicesCache.java:435)
01-03 09:33:50.388 10359 10359 W PackageManager: at android.content.pm.RegisteredServicesCache.handlePackageEvent(RegisteredServicesCache.java:200)
01-03 09:33:50.388 10359 10359 W PackageManager: at android.content.pm.RegisteredServicesCache.-wrap0(RegisteredServicesCache.java)
01-03 09:33:50.388 10359 10359 W PackageManager: at android.content.pm.RegisteredServicesCache$1.onReceive(RegisteredServicesCache.java:209)
01-03 09:33:50.388 10359 10359 W PackageManager: at android.app.LoadedApk$ReceiverDispatcher$Args.run(LoadedApk.java:1122)
01-03 09:33:50.388 10359 10359 W PackageManager: at android.os.Handler.handleCallback(Handler.java:758)
01-03 09:33:50.388 10359 10359 W PackageManager: at android.os.Handler.dispatchMessage(Handler.java:95)
01-03 09:33:50.388 10359 10359 W PackageManager: at android.os.Looper.loop(Looper.java:154)
01-03 09:33:50.388 10359 10359 W PackageManager: at com.android.server.SystemServer.run(SystemServer.java:361)
01-03 09:33:50.388 10359 10359 W PackageManager: at com.android.server.SystemServer.main(SystemServer.java:228)
01-03 09:33:50.388 10359 10359 W PackageManager: at java.lang.reflect.Method.invoke(Native Method)
01-03 09:33:50.388 10359 10359 W PackageManager: at com.android.internal.os.ZygoteInit$MethodAndArgsCaller.run(ZygoteInit.java:914)
01-03 09:33:50.388 10359 10359 W PackageManager: at com.android.internal.os.ZygoteInit.main(ZygoteInit.java:804)
01-03 09:33:50.389 10359 11440 E SchedPolicy: set_timerslack_ns prctl failed: Invalid argument
01-03 09:33:50.389 10359 10359 W : Unable to open '/system/app/Email/Email.apk': Too many open files
01-03 09:33:50.389 10359 10359 W zipro : Error opening archive /system/app/Email/Email.apk: I/O Error
01-03 09:33:50.389 10359 10359 D asset : failed to open Zip archive '/system/app/Email/Email.apk'
01-03 09:33:50.392 10359 10359 W ResourceType: No known package when getting value for resource number 0x7f060008
01-03 09:33:50.393 10359 10359 W PackageManager: Failure retrieving xml 0x7f060008 in package com.android.email
01-03 09:33:50.393 10359 10359 W PackageManager: android.content.res.Resources$NotFoundException: Resource ID #0x7f060008
01-03 09:33:50.393 10359 10359 W PackageManager: at android.content.res.ResourcesImpl.getValue(ResourcesImpl.java:190)
01-03 09:33:50.393 10359 10359 W PackageManager: at android.content.res.Resources.loadXmlResourceParser(Resources.java:2101)
01-03 09:33:50.393 10359 10359 W PackageManager: at android.content.res.Resources.getXml(Resources.java:1164)
01-03 09:33:50.393 10359 10359 W PackageManager: at android.app.ApplicationPackageManager.getXml(ApplicationPackageManager.java:1541)
01-03 09:33:50.393 10359 10359 W PackageManager: at android.content.pm.PackageItemInfo.loadXmlMetaData(PackageItemInfo.java:343)
01-03 09:33:50.393 10359 10359 W PackageManager: at android.content.pm.RegisteredServicesCache.parseServiceInfo(RegisteredServicesCache.java:592)
01-03 09:33:50.393 10359 10359 W PackageManager: at android.content.pm.RegisteredServicesCache.generateServicesMap(RegisteredServicesCache.java:435)
01-03 09:33:50.393 10359 10359 W PackageManager: at android.content.pm.RegisteredServicesCache.handlePackageEvent(RegisteredServicesCache.java:200)
01-03 09:33:50.393 10359 10359 W PackageManager: at android.content.pm.RegisteredServicesCache.-wrap0(RegisteredServicesCache.java)
01-03 09:33:50.393 10359 10359 W PackageManager: at android.content.pm.RegisteredServicesCache$1.onReceive(RegisteredServicesCache.java:209)
01-03 09:33:50.393 10359 10359 W PackageManager: at android.app.LoadedApk$ReceiverDispatcher$Args.run(LoadedApk.java:1122)
01-03 09:33:50.393 10359 10359 W PackageManager: at android.os.Handler.handleCallback(Handler.java:758)
01-03 09:33:50.393 10359 10359 W PackageManager: at android.os.Handler.dispatchMessage(Handler.java:95)
01-03 09:33:50.393 10359 10359 W PackageManager: at android.os.Looper.loop(Looper.java:154)
01-03 09:33:50.393 10359 10359 W PackageManager: at com.android.server.SystemServer.run(SystemServer.java:361)
01-03 09:33:50.393 10359 10359 W PackageManager: at com.android.server.SystemServer.main(SystemServer.java:228)
01-03 09:33:50.393 10359 10359 W PackageManager: at java.lang.reflect.Method.invoke(Native Method)
01-03 09:33:50.393 10359 10359 W PackageManager: at com.android.internal.os.ZygoteInit$MethodAndArgsCaller.run(ZygoteInit.java:914)
01-03 09:33:50.393 10359 10359 W PackageManager: at com.android.internal.os.ZygoteInit.main(ZygoteInit.java:804)
01-03 09:33:50.393 10359 10359 W PackageManager: Unable to load service info ResolveInfo{11b1469 com.android.email/.service.Pop3AuthenticatorService m=0x108000}
01-03 09:33:50.393 10359 10359 W PackageManager: org.xmlpull.v1.XmlPullParserException: No android.accounts.AccountAuthenticator meta-data
01-03 09:33:50.393 10359 10359 W PackageManager: at android.content.pm.RegisteredServicesCache.parseServiceInfo(RegisteredServicesCache.java:594)
01-03 09:33:50.393 10359 10359 W PackageManager: at android.content.pm.RegisteredServicesCache.generateServicesMap(RegisteredServicesCache.java:435)
01-03 09:33:50.393 10359 10359 W PackageManager: at android.content.pm.RegisteredServicesCache.handlePackageEvent(RegisteredServicesCache.java:200)
01-03 09:33:50.393 10359 10359 W PackageManager: at android.content.pm.RegisteredServicesCache.-wrap0(RegisteredServicesCache.java)
01-03 09:33:50.393 10359 10359 W PackageManager: at android.content.pm.RegisteredServicesCache$1.onReceive(RegisteredServicesCache.java:209)
01-03 09:33:50.393 10359 10359 W PackageManager: at android.app.LoadedApk$ReceiverDispatcher$Args.run(LoadedApk.java:1122)
01-03 09:33:50.393 10359 10359 W PackageManager: at android.os.Handler.handleCallback(Handler.java:758)
01-03 09:33:50.393 10359 10359 W PackageManager: at android.os.Handler.dispatchMessage(Handler.java:95)
01-03 09:33:50.393 10359 10359 W PackageManager: at android.os.Looper.loop(Looper.java:154)
01-03 09:33:50.393 10359 10359 W PackageManager: at com.android.server.SystemServer.run(SystemServer.java:361)
01-03 09:33:50.393 10359 10359 W PackageManager: at com.android.server.SystemServer.main(SystemServer.java:228)
01-03 09:33:50.393 10359 10359 W PackageManager: at java.lang.reflect.Method.invoke(Native Method)
01-03 09:33:50.393 10359 10359 W PackageManager: at com.android.internal.os.ZygoteInit$MethodAndArgsCaller.run(ZygoteInit.java:914)
01-03 09:33:50.393 10359 10359 W PackageManager: at com.android.internal.os.ZygoteInit.main(ZygoteInit.java:804)
01-03 09:33:50.393 10359 11191 E SchedPolicy: set_timerslack_ns prctl failed: Invalid argument
01-03 09:33:50.393 10359 10359 W ResourceType: No known package when getting value for resource number 0x7f060007
01-03 09:33:50.393 10359 11191 E SchedPolicy: set_timerslack_ns prctl failed: Invalid argument
01-03 09:33:50.394 10359 10359 W PackageManager: Failure retrieving xml 0x7f060007 in package com.android.email
01-03 09:33:50.394 10359 10359 W PackageManager: android.content.res.Resources$NotFoundException: Resource ID #0x7f060007
01-03 09:33:50.394 10359 10359 W PackageManager: at android.content.res.ResourcesImpl.getValue(ResourcesImpl.java:190)
01-03 09:33:50.394 10359 10359 W PackageManager: at android.content.res.Resources.loadXmlResourceParser(Resources.java:2101)
01-03 09:33:50.394 10359 10359 W PackageManager: at android.content.res.Resources.getXml(Resources.java:1164)
01-03 09:33:50.394 10359 10359 W PackageManager: at android.app.ApplicationPackageManager.getXml(ApplicationPackageManager.java:1541)
01-03 09:33:50.394 10359 10359 W PackageManager: at android.content.pm.PackageItemInfo.loadXmlMetaData(PackageItemInfo.java:343)
01-03 09:33:50.394 10359 10359 W PackageManager: at android.content.pm.RegisteredServicesCache.parseServiceInfo(RegisteredServicesCache.java:592)
01-03 09:33:50.394 10359 10359 W PackageManager: at android.content.pm.RegisteredServicesCache.generateServicesMap(RegisteredServicesCache.java:435)
01-03 09:33:50.394 10359 10359 W PackageManager: at android.content.pm.RegisteredServicesCache.handlePackageEvent(RegisteredServicesCache.java:200)
01-03 09:33:50.394 10359 10359 W PackageManager: at android.content.pm.RegisteredServicesCache.-wrap0(RegisteredServicesCache.java)
01-03 09:33:50.394 10359 10359 W PackageManager: at android.content.pm.RegisteredServicesCache$1.onReceive(RegisteredServicesCache.java:209)
01-03 09:33:50.394 10359 10359 W PackageManager: at android.app.LoadedApk$ReceiverDispatcher$Args.run(LoadedApk.java:1122)
01-03 09:33:50.394 10359 10359 W PackageManager: at android.os.Handler.handleCallback(Handler.java:758)
01-03 09:33:50.394 10359 10359 W PackageManager: at android.os.Handler.dispatchMessage(Handler.java:95)
01-03 09:33:50.394 10359 10359 W PackageManager: at android.os.Looper.loop(Looper.java:154)
01-03 09:33:50.394 10359 10359 W PackageManager: at com.android.server.SystemServer.run(SystemServer.java:361)
01-03 09:33:50.394 10359 10359 W PackageManager: at com.android.server.SystemServer.main(SystemServer.java:228)
01-03 09:33:50.394 10359 10359 W PackageManager: at java.lang.reflect.Method.invoke(Native Method)
01-03 09:33:50.394 10359 10359 W PackageManager: at com.android.internal.os.ZygoteInit$MethodAndArgsCaller.run(ZygoteInit.java:914)
01-03 09:33:50.394 10359 10359 W PackageManager: at com.android.internal.os.ZygoteInit.main(ZygoteInit.java:804)
01-03 09:33:50.394 10359 10359 W PackageManager: Unable to load service info ResolveInfo{96bb21c com.android.email/.service.LegacyImapAuthenticatorService m=0x108000}
01-03 09:33:50.394 10359 10359 W PackageManager: org.xmlpull.v1.XmlPullParserException: No android.accounts.AccountAuthenticator meta-data
01-03 09:33:50.394 10359 10359 W PackageManager: at android.content.pm.RegisteredServicesCache.parseServiceInfo(RegisteredServicesCache.java:594)
01-03 09:33:50.394 10359 10359 W PackageManager: at android.content.pm.RegisteredServicesCache.generateServicesMap(RegisteredServicesCache.java:435)
01-03 09:33:50.394 10359 10359 W PackageManager: at android.content.pm.RegisteredServicesCache.handlePackageEvent(RegisteredServicesCache.java:200)
01-03 09:33:50.394 10359 10359 W PackageManager: at android.content.pm.RegisteredServicesCache.-wrap0(RegisteredServicesCache.java)
01-03 09:33:50.394 10359 10359 W PackageManager: at android.content.pm.RegisteredServicesCache$1.onReceive(RegisteredServicesCache.java:209)
01-03 09:33:50.394 10359 10359 W PackageManager: at android.app.LoadedApk$ReceiverDispatcher$Args.run(LoadedApk.java:1122)
01-03 09:33:50.394 10359 10359 W PackageManager: at android.os.Handler.handleCallback(Handler.java:758)
01-03 09:33:50.394 10359 10359 W PackageManager: at android.os.Handler.dispatchMessage(Handler.java:95)
01-03 09:33:50.394 10359 10359 W PackageManager: at android.os.Looper.loop(Looper.java:154)
01-03 09:33:50.394 10359 10359 W PackageManager: at com.android.server.SystemServer.run(SystemServer.java:361)
01-03 09:33:50.394 10359 10359 W PackageManager: at com.android.server.SystemServer.main(SystemServer.java:228)
01-03 09:33:50.394 10359 10359 W PackageManager: at java.lang.reflect.Method.invoke(Native Method)
01-03 09:33:50.394 10359 10359 W PackageManager: at com.android.internal.os.ZygoteInit$MethodAndArgsCaller.run(ZygoteInit.java:914)
01-03 09:33:50.394 10359 10359 W PackageManager: at com.android.internal.os.ZygoteInit.main(ZygoteInit.java:804)
01-03 09:33:50.394 10359 11191 E SchedPolicy: set_timerslack_ns prctl failed: Invalid argument
01-03 09:33:50.395 10359 11191 E SchedPolicy: set_timerslack_ns prctl failed: Invalid argument
01-03 09:33:50.395 10359 11191 E SchedPolicy: set_timerslack_ns prctl failed: Invalid argument
01-03 09:33:50.395 10359 12284 E SchedPolicy: set_timerslack_ns prctl failed: Invalid argument
01-03 09:33:50.395 10359 11191 E SchedPolicy: set_timerslack_ns prctl failed: Invalid argument
01-03 09:33:50.396 10359 10376 W : Unable to open '/system/priv-app/Contacts/Contacts.apk': Too many open files
01-03 09:33:50.396 10359 10376 W zipro : Error opening archive /system/priv-app/Contacts/Contacts.apk: I/O Error
01-03 09:33:50.396 10359 10376 D asset : failed to open Zip archive '/system/priv-app/Contacts/Contacts.apk'
01-03 09:33:50.397 10359 10370 I ActivityManager: Start proc 13752:com.google.android.gms.persistent/u0a10 for content provider com.google.android.gms/.phenotype.provider.ConfigurationProvider
01-03 09:33:50.397 10359 10780 E SchedPolicy: set_timerslack_ns prctl failed: Invalid argument
01-03 09:33:50.397 10359 10780 E SchedPolicy: set_timerslack_ns prctl failed: Invalid argument
01-03 09:33:50.397 10359 12353 E SchedPolicy: set_timerslack_ns prctl failed: Invalid argument
01-03 09:33:50.398 10359 11191 E SchedPolicy: set_timerslack_ns prctl failed: Invalid argument
01-03 09:33:50.398 10359 10780 E SchedPolicy: set_timerslack_ns prctl failed: Invalid argument
01-03 09:33:50.398 10359 10780 E SchedPolicy: set_timerslack_ns prctl failed: Invalid argument
01-03 09:33:50.399 10359 10780 E SchedPolicy: set_timerslack_ns prctl failed: Invalid argument
01-03 09:33:50.399 10359 10780 E SchedPolicy: set_timerslack_ns prctl failed: Invalid argument
01-03 09:33:50.399 10359 10780 E SchedPolicy: set_timerslack_ns prctl failed: Invalid argument
01-03 09:33:50.399 10359 10780 E SchedPolicy: set_timerslack_ns prctl failed: Invalid argument
01-03 09:33:50.399 10359 12353 E SchedPolicy: set_timerslack_ns prctl failed: Invalid argument
01-03 09:33:50.400 10359 10359 W PackageManager: Error writing accounts
01-03 09:33:50.400 10359 10359 W PackageManager: java.io.IOException: Couldn't create directory /data/system/users/0/registered_services/android.accounts.AccountAuthenticator.xml
01-03 09:33:50.400 10359 10359 W PackageManager: at android.util.AtomicFile.startWrite(AtomicFile.java:106)
01-03 09:33:50.400 10359 10359 W PackageManager: at android.content.pm.RegisteredServicesCache.writePersistentServicesLocked(RegisteredServicesCache.java:719)
01-03 09:33:50.400 10359 10359 W PackageManager: at android.content.pm.RegisteredServicesCache.generateServicesMap(RegisteredServicesCache.java:544)
01-03 09:33:50.400 10359 10359 W PackageManager: at android.content.pm.RegisteredServicesCache.handlePackageEvent(RegisteredServicesCache.java:200)
01-03 09:33:50.400 10359 10359 W PackageManager: at android.content.pm.RegisteredServicesCache.-wrap0(RegisteredServicesCache.java)
01-03 09:33:50.400 10359 10359 W PackageManager: at android.content.pm.RegisteredServicesCache$1.onReceive(RegisteredServicesCache.java:209)
01-03 09:33:50.400 10359 10359 W PackageManager: at android.app.LoadedApk$ReceiverDispatcher$Args.run(LoadedApk.java:1122)
01-03 09:33:50.400 10359 10359 W PackageManager: at android.os.Handler.handleCallback(Handler.java:758)
01-03 09:33:50.400 10359 10359 W PackageManager: at android.os.Handler.dispatchMessage(Handler.java:95)
01-03 09:33:50.400 10359 10359 W PackageManager: at android.os.Looper.loop(Looper.java:154)
01-03 09:33:50.400 10359 10359 W PackageManager: at com.android.server.SystemServer.run(SystemServer.java:361)
01-03 09:33:50.400 10359 10359 W PackageManager: at com.android.server.SystemServer.main(SystemServer.java:228)
01-03 09:33:50.400 10359 10359 W PackageManager: at java.lang.reflect.Method.invoke(Native Method)
01-03 09:33:50.400 10359 10359 W PackageManager: at com.android.internal.os.ZygoteInit$MethodAndArgsCaller.run(ZygoteInit.java:914)
01-03 09:33:50.400 10359 10359 W PackageManager: at com.android.internal.os.ZygoteInit.main(ZygoteInit.java:804)
01-03 09:33:50.400 10359 12353 E SchedPolicy: set_timerslack_ns prctl failed: Invalid argument
01-03 09:33:50.400 10359 10780 E SchedPolicy: set_timerslack_ns prctl failed: Invalid argument
01-03 09:33:50.401 10359 12284 E SchedPolicy: set_timerslack_ns prctl failed: Invalid argument
01-03 09:33:50.402 10359 10359 W ResourceType: No known package when getting value for resource number 0x7f060016
01-03 09:33:50.403 10359 10359 W PackageManager: Failure retrieving xml 0x7f060016 in package com.android.email
01-03 09:33:50.403 10359 10359 W PackageManager: android.content.res.Resources$NotFoundException: Resource ID #0x7f060016
01-03 09:33:50.403 10359 10359 W PackageManager: at android.content.res.ResourcesImpl.getValue(ResourcesImpl.java:190)
01-03 09:33:50.403 10359 10359 W PackageManager: at android.content.res.Resources.loadXmlResourceParser(Resources.java:2101)
01-03 09:33:50.403 10359 10359 W PackageManager: at android.content.res.Resources.getXml(Resources.java:1164)
01-03 09:33:50.403 10359 10359 W PackageManager: at android.app.ApplicationPackageManager.getXml(ApplicationPackageManager.java:1541)
01-03 09:33:50.403 10359 10359 W PackageManager: at android.content.pm.PackageItemInfo.loadXmlMetaData(PackageItemInfo.java:343)
01-03 09:33:50.403 10359 10359 W PackageManager: at android.content.pm.RegisteredServicesCache.parseServiceInfo(RegisteredServicesCache.java:592)
01-03 09:33:50.403 10359 10359 W PackageManager: at android.content.pm.RegisteredServicesCache.generateServicesMap(RegisteredServicesCache.java:435)
01-03 09:33:50.403 10359 10359 W PackageManager: at android.content.pm.RegisteredServicesCache.handlePackageEvent(RegisteredServicesCache.java:200)
01-03 09:33:50.403 10359 10359 W PackageManager: at android.content.pm.RegisteredServicesCache.-wrap0(RegisteredServicesCache.java)
01-03 09:33:50.403 10359 10359 W PackageManager: at android.content.pm.RegisteredServicesCache$1.onReceive(RegisteredServicesCache.java:209)
01-03 09:33:50.403 10359 10359 W PackageManager: at android.app.LoadedApk$ReceiverDispatcher$Args.run(LoadedApk.java:1122)
01-03 09:33:50.403 10359 10359 W PackageManager: at android.os.Handler.handleCallback(Handler.java:758)
01-03 09:33:50.403 10359 10359 W PackageManager: at android.os.Handler.dispatchMessage(Handler.java:95)
01-03 09:33:50.403 10359 10359 W PackageManager: at android.os.Looper.loop(Looper.java:154)
01-03 09:33:50.403 10359 10359 W PackageManager: at com.android.server.SystemServer.run(SystemServer.java:361)
01-03 09:33:50.403 10359 10359 W PackageManager: at com.android.server.SystemServer.main(SystemServer.java:228)
01-03 09:33:50.403 10359 10359 W PackageManager: at java.lang.reflect.Method.invoke(Native Method)
01-03 09:33:50.403 10359 10359 W PackageManager: at com.android.internal.os.ZygoteInit$MethodAndArgsCaller.run(ZygoteInit.java:914)
01-03 09:33:50.403 10359 10359 W PackageManager: at com.android.internal.os.ZygoteInit.main(ZygoteInit.java:804)
01-03 09:33:50.403 10359 10359 W PackageManager: Unable to load service info ResolveInfo{976ddc6 com.android.email/.service.Pop3SyncAdapterService m=0x108000}
01-03 09:33:50.403 10359 10359 W PackageManager: org.xmlpull.v1.XmlPullParserException: No android.content.SyncAdapter meta-data
01-03 09:33:50.403 10359 10359 W PackageManager: at android.content.pm.RegisteredServicesCache.parseServiceInfo(RegisteredServicesCache.java:594)
01-03 09:33:50.403 10359 10359 W PackageManager: at android.content.pm.RegisteredServicesCache.generateServicesMap(RegisteredServicesCache.java:435)
01-03 09:33:50.403 10359 10359 W PackageManager: at android.content.pm.RegisteredServicesCache.handlePackageEvent(RegisteredServicesCache.java:200)
01-03 09:33:50.403 10359 10359 W PackageManager: at android.content.pm.RegisteredServicesCache.-wrap0(RegisteredServicesCache.java)
01-03 09:33:50.403 10359 10359 W PackageManager: at android.content.pm.RegisteredServicesCache$1.onReceive(RegisteredServicesCache.java:209)
01-03 09:33:50.403 10359 10359 W PackageManager: at android.app.LoadedApk$ReceiverDispatcher$Args.run(LoadedApk.java:1122)
01-03 09:33:50.403 10359 10359 W PackageManager: at android.os.Handler.handleCallback(Handler.java:758)
01-03 09:33:50.403 10359 10359 W PackageManager: at android.os.Handler.dispatchMessage(Handler.java:95)
01-03 09:33:50.403 10359 10359 W PackageManager: at android.os.Looper.loop(Looper.java:154)
01-03 09:33:50.403 10359 10359 W PackageManager: at com.android.server.SystemServer.run(SystemServer.java:361)
01-03 09:33:50.403 10359 10359 W PackageManager: at com.android.server.SystemServer.main(SystemServer.java:228)
01-03 09:33:50.403 10359 10359 W PackageManager: at java.lang.reflect.Method.invoke(Native Method)
01-03 09:33:50.403 10359 10359 W PackageManager: at com.android.internal.os.ZygoteInit$MethodAndArgsCaller.run(ZygoteInit.java:914)
01-03 09:33:50.403 10359 10359 W PackageManager: at com.android.internal.os.ZygoteInit.main(ZygoteInit.java:804)
01-03 09:33:50.403 10359 10359 W ResourceType: No known package when getting value for resource number 0x7f060015
01-03 09:33:50.404 10359 12284 E SchedPolicy: set_timerslack_ns prctl failed: Invalid argument
01-03 09:33:50.404 10359 10359 W PackageManager: Failure retrieving xml 0x7f060015 in package com.android.email
01-03 09:33:50.404 10359 10359 W PackageManager: android.content.res.Resources$NotFoundException: Resource ID #0x7f060015
01-03 09:33:50.404 10359 10359 W PackageManager: at android.content.res.ResourcesImpl.getValue(ResourcesImpl.java:190)
01-03 09:33:50.404 10359 10359 W PackageManager: at android.content.res.Resources.loadXmlResourceParser(Resources.java:2101)
01-03 09:33:50.404 10359 10359 W PackageManager: at android.content.res.Resources.getXml(Resources.java:1164)
01-03 09:33:50.404 10359 10359 W PackageManager: at android.app.ApplicationPackageManager.getXml(ApplicationPackageManager.java:1541)
01-03 09:33:50.404 10359 10359 W PackageManager: at android.content.pm.PackageItemInfo.loadXmlMetaData(PackageItemInfo.java:343)
01-03 09:33:50.404 10359 10359 W PackageManager: at android.content.pm.RegisteredServicesCache.parseServiceInfo(RegisteredServicesCache.java:592)
01-03 09:33:50.404 10359 10359 W PackageManager: at android.content.pm.RegisteredServicesCache.generateServicesMap(RegisteredServicesCache.java:435)
01-03 09:33:50.404 10359 10359 W PackageManager: at android.content.pm.RegisteredServicesCache.handlePackageEvent(RegisteredServicesCache.java:200)
01-03 09:33:50.404 10359 10359 W PackageManager: at android.content.pm.RegisteredServicesCache.-wrap0(RegisteredServicesCache.java)
01-03 09:33:50.404 10359 10359 W PackageManager: at android.content.pm.RegisteredServicesCache$1.onReceive(RegisteredServicesCache.java:209)
01-03 09:33:50.404 10359 10359 W PackageManager: at android.app.LoadedApk$ReceiverDispatcher$Args.run(LoadedApk.java:1122)
01-03 09:33:50.404 10359 10359 W PackageManager: at android.os.Handler.handleCallback(Handler.java:758)
01-03 09:33:50.404 10359 10359 W PackageManager: at android.os.Handler.dispatchMessage(Handler.java:95)
01-03 09:33:50.404 10359 10359 W PackageManager: at android.os.Looper.loop(Looper.java:154)
01-03 09:33:50.404 10359 10359 W PackageManager: at com.android.server.SystemServer.run(SystemServer.java:361)
01-03 09:33:50.404 10359 10359 W PackageManager: at com.android.server.SystemServer.main(SystemServer.java:228)
01-03 09:33:50.404 10359 10359 W PackageManager: at java.lang.reflect.Method.invoke(Native Method)
01-03 09:33:50.404 10359 10359 W PackageManager: at com.android.internal.os.ZygoteInit$MethodAndArgsCaller.run(ZygoteInit.java:914)
01-03 09:33:50.404 10359 10359 W PackageManager: at com.android.internal.os.ZygoteInit.main(ZygoteInit.java:804)
01-03 09:33:50.404 10359 12284 E SchedPolicy: set_timerslack_ns prctl failed: Invalid argument
01-03 09:33:50.404 10359 10359 W PackageManager: Unable to load service info ResolveInfo{c9a5cdd com.android.email/.service.LegacyImapSyncAdapterService m=0x108000}
01-03 09:33:50.404 10359 10359 W PackageManager: org.xmlpull.v1.XmlPullParserException: No android.content.SyncAdapter meta-data
01-03 09:33:50.404 10359 10359 W PackageManager: at android.content.pm.RegisteredServicesCache.parseServiceInfo(RegisteredServicesCache.java:594)
01-03 09:33:50.404 10359 10359 W PackageManager: at android.content.pm.RegisteredServicesCache.generateServicesMap(RegisteredServicesCache.java:435)
01-03 09:33:50.404 10359 10359 W PackageManager: at android.content.pm.RegisteredServicesCache.handlePackageEvent(RegisteredServicesCache.java:200)
01-03 09:33:50.404 10359 10359 W PackageManager: at android.content.pm.RegisteredServicesCache.-wrap0(RegisteredServicesCache.java)
01-03 09:33:50.404 10359 10359 W PackageManager: at android.content.pm.RegisteredServicesCache$1.onReceive(RegisteredServicesCache.java:209)
01-03 09:33:50.404 10359 10359 W PackageManager: at android.app.LoadedApk$ReceiverDispatcher$Args.run(LoadedApk.java:1122)
01-03 09:33:50.404 10359 10359 W PackageManager: at android.os.Handler.handleCallback(Handler.java:758)
01-03 09:33:50.404 10359 10359 W PackageManager: at android.os.Handler.dispatchMessage(Handler.java:95)
01-03 09:33:50.404 10359 10359 W PackageManager: at android.os.Looper.loop(Looper.java:154)
01-03 09:33:50.404 10359 10359 W PackageManager: at com.android.server.SystemServer.run(SystemServer.java:361)
01-03 09:33:50.404 10359 10359 W PackageManager: at com.android.server.SystemServer.main(SystemServer.java:228)
01-03 09:33:50.404 10359 10359 W PackageManager: at java.lang.reflect.Method.invoke(Native Method)
01-03 09:33:50.404 10359 10359 W PackageManager: at com.android.internal.os.ZygoteInit$MethodAndArgsCaller.run(ZygoteInit.java:914)
01-03 09:33:50.404 10359 10359 W PackageManager: at com.android.internal.os.ZygoteInit.main(ZygoteInit.java:804)
01-03 09:33:50.404 10359 10359 W : Unable to open '/data/app/com.google.android.apps.docs-1/base.apk': Too many open files
01-03 09:33:50.404 10359 10359 W zipro : Error opening archive /data/app/com.google.android.apps.docs-1/base.apk: I/O Error
01-03 09:33:50.404 10359 10359 D asset : failed to open Zip archive '/data/app/com.google.android.apps.docs-1/base.apk'
01-03 09:33:50.405 10359 10359 W : Unable to open '/data/app/com.google.android.apps.docs-1/split_config.armeabi_v7a.apk': Too many open files
01-03 09:33:50.405 10359 10359 W zipro : Error opening archive /data/app/com.google.android.apps.docs-1/split_config.armeabi_v7a.apk: I/O Error
01-03 09:33:50.405 10359 10359 D asset : failed to open Zip archive '/data/app/com.google.android.apps.docs-1/split_config.armeabi_v7a.apk'
01-03 09:33:50.405 10359 10359 W : Unable to open '/data/app/com.google.android.apps.docs-1/split_config.en.apk': Too many open files
01-03 09:33:50.405 10359 10359 W zipro : Error opening archive /data/app/com.google.android.apps.docs-1/split_config.en.apk: I/O Error
01-03 09:33:50.405 10359 10359 D asset : failed to open Zip archive '/data/app/com.google.android.apps.docs-1/split_config.en.apk'
01-03 09:33:50.405 10359 10359 W : Unable to open '/data/app/com.google.android.apps.docs-1/split_config.mdpi.apk': Too many open files
01-03 09:33:50.405 10359 10359 W zipro : Error opening archive /data/app/com.google.android.apps.docs-1/split_config.mdpi.apk: I/O Error
01-03 09:33:50.405 10359 10359 D asset : failed to open Zip archive '/data/app/com.google.android.apps.docs-1/split_config.mdpi.apk'
01-03 09:33:50.405 10359 12284 E SchedPolicy: set_timerslack_ns prctl failed: Invalid argument
01-03 09:33:50.405 10359 10780 E SchedPolicy: set_timerslack_ns prctl failed: Invalid argument
01-03 09:33:50.406 10359 10780 E SchedPolicy: set_timerslack_ns prctl failed: Invalid argument
01-03 09:33:50.410 10359 10359 W ResourceType: No known package when getting value for resource number 0x7f16002c
01-03 09:33:50.410 10359 10359 W PackageManager: Failure retrieving xml 0x7f16002c in package com.google.android.apps.docs
01-03 09:33:50.410 10359 10359 W PackageManager: android.content.res.Resources$NotFoundException: Resource ID #0x7f16002c
01-03 09:33:50.410 10359 10359 W PackageManager: at android.content.res.ResourcesImpl.getValue(ResourcesImpl.java:190)
01-03 09:33:50.410 10359 10359 W PackageManager: at android.content.res.Resources.loadXmlResourceParser(Resources.java:2101)
01-03 09:33:50.410 10359 10359 W PackageManager: at android.content.res.Resources.getXml(Resources.java:1164)
01-03 09:33:50.410 10359 10359 W PackageManager: at android.app.ApplicationPackageManager.getXml(ApplicationPackageManager.java:1541)
01-03 09:33:50.410 10359 10359 W PackageManager: at android.content.pm.PackageItemInfo.loadXmlMetaData(PackageItemInfo.java:343)
01-03 09:33:50.410 10359 10359 W PackageManager: at android.content.pm.RegisteredServicesCache.parseServiceInfo(RegisteredServicesCache.java:592)
01-03 09:33:50.410 10359 10359 W PackageManager: at android.content.pm.RegisteredServicesCache.generateServicesMap(RegisteredServicesCache.java:435)
01-03 09:33:50.410 10359 10359 W PackageManager: at android.content.pm.RegisteredServicesCache.handlePackageEvent(RegisteredServicesCache.java:200)
01-03 09:33:50.410 10359 10359 W PackageManager: at android.content.pm.RegisteredServicesCache.-wrap0(RegisteredServicesCache.java)
01-03 09:33:50.410 10359 10359 W PackageManager: at android.content.pm.RegisteredServicesCache$1.onReceive(RegisteredServicesCache.java:209)
01-03 09:33:50.410 10359 10359 W PackageManager: at android.app.LoadedApk$ReceiverDispatcher$Args.run(LoadedApk.java:1122)
01-03 09:33:50.410 10359 10359 W PackageManager: at android.os.Handler.handleCallback(Handler.java:758)
01-03 09:33:50.410 10359 10359 W PackageManager: at android.os.Handler.dispatchMessage(Handler.java:95)
01-03 09:33:50.410 10359 10359 W PackageManager: at android.os.Looper.loop(Looper.java:154)
01-03 09:33:50.410 10359 10359 W PackageManager: at com.android.server.SystemServer.run(SystemServer.java:361)
01-03 09:33:50.410 10359 10359 W PackageManager: at com.android.server.SystemServer.main(SystemServer.java:228)
01-03 09:33:50.410 10359 10359 W PackageManager: at java.lang.reflect.Method.invoke(Native Method)
01-03 09:33:50.410 10359 10359 W PackageManager: at com.android.internal.os.ZygoteInit$MethodAndArgsCaller.run(ZygoteInit.java:914)
01-03 09:33:50.410 10359 10359 W PackageManager: at com.android.internal.os.ZygoteInit.main(ZygoteInit.java:804)
01-03 09:33:50.410 10359 12284 E SchedPolicy: set_timerslack_ns prctl failed: Invalid argument
