01-03 09:33:42.850 13167 13274 E AuthPII : at android.os.Binder.execTransact(Binder.java:565)
01-03 09:33:42.850 10359 11440 E SchedPolicy: set_timerslack_ns prctl failed: Invalid argument
01-03 09:33:42.850 10359 11440 E SchedPolicy: set_timerslack_ns prctl failed: Invalid argument
01-03 09:33:42.850 10359 11440 E SchedPolicy: set_timerslack_ns prctl failed: Invalid argument
01-03 09:33:42.850 10359 11440 E SchedPolicy: set_timerslack_ns prctl failed: Invalid argument
01-03 09:33:42.850 10359 11440 E SchedPolicy: set_timerslack_ns prctl failed: Invalid argument
01-03 09:33:42.851 10359 11440 E SchedPolicy: set_timerslack_ns prctl failed: Invalid argument
01-03 09:33:42.851 10359 12398 E SchedPolicy: set_timerslack_ns prctl failed: Invalid argument
01-03 09:33:42.851 10359 12398 E SchedPolicy: set_timerslack_ns prctl failed: Invalid argument
01-03 09:33:42.853 13167 13274 W Auth : [GetToken] GetToken failed with status code: BadAuthentication
01-03 09:33:42.853 10359 11440 E SchedPolicy: set_timerslack_ns prctl failed: Invalid argument
01-03 09:33:42.853 10359 12398 E SchedPolicy: set_timerslack_ns prctl failed: Invalid argument
01-03 09:33:42.854 10359 12398 E SchedPolicy: set_timerslack_ns prctl failed: Invalid argument
01-03 09:33:42.854 10359 11440 E SchedPolicy: set_timerslack_ns prctl failed: Invalid argument
01-03 09:33:42.854 10359 12398 E SchedPolicy: set_timerslack_ns prctl failed: Invalid argument
01-03 09:33:42.854 10359 12398 E SchedPolicy: set_timerslack_ns prctl failed: Invalid argument
01-03 09:33:42.855 10359 12398 E SchedPolicy: set_timerslack_ns prctl failed: Invalid argument
01-03 09:33:42.855 10359 12398 E SchedPolicy: set_timerslack_ns prctl failed: Invalid argument
01-03 09:33:42.855 10359 11440 E SchedPolicy: set_timerslack_ns prctl failed: Invalid argument
01-03 09:33:42.855 10359 12398 E SchedPolicy: set_timerslack_ns prctl failed: Invalid argument
01-03 09:33:42.855 10359 11022 E SchedPolicy: set_timerslack_ns prctl failed: Invalid argument
01-03 09:33:42.856 10359 11440 E SchedPolicy: set_timerslack_ns prctl failed: Invalid argument
01-03 09:33:42.856 10359 11022 E SchedPolicy: set_timerslack_ns prctl failed: Invalid argument
01-03 09:33:42.857 10359 11022 E SchedPolicy: set_timerslack_ns prctl failed: Invalid argument
01-03 09:33:42.857 10359 12398 E SchedPolicy: set_timerslack_ns prctl failed: Invalid argument
01-03 09:33:42.857 10359 11022 E SchedPolicy: set_timerslack_ns prctl failed: Invalid argument
01-03 09:33:42.860 10359 12398 E SchedPolicy: set_timerslack_ns prctl failed: Invalid argument
01-03 09:33:42.860 10359 11022 E SchedPolicy: set_timerslack_ns prctl failed: Invalid argument
01-03 09:33:42.861 10359 12398 E SchedPolicy: set_timerslack_ns prctl failed: Invalid argument
01-03 09:33:42.861 10359 11022 E SchedPolicy: set_timerslack_ns prctl failed: Invalid argument
01-03 09:33:42.867 10359 11022 E SchedPolicy: set_timerslack_ns prctl failed: Invalid argument
01-03 09:33:42.867 10359 11022 E SchedPolicy: set_timerslack_ns prctl failed: Invalid argument
01-03 09:33:42.867 10359 11022 E SchedPolicy: set_timerslack_ns prctl failed: Invalid argument
01-03 09:33:42.868 10359 12398 E SchedPolicy: set_timerslack_ns prctl failed: Invalid argument
01-03 09:33:42.868 10359 12398 E SchedPolicy: set_timerslack_ns prctl failed: Invalid argument
01-03 09:33:42.868 10359 11022 E SchedPolicy: set_timerslack_ns prctl failed: Invalid argument
01-03 09:33:42.869 10359 11022 E SchedPolicy: set_timerslack_ns prctl failed: Invalid argument
01-03 09:33:42.871 10359 11022 E SchedPolicy: set_timerslack_ns prctl failed: Invalid argument
01-03 09:33:42.872 10359 11022 E SchedPolicy: set_timerslack_ns prctl failed: Invalid argument
01-03 09:33:42.872 10359 11022 E SchedPolicy: set_timerslack_ns prctl failed: Invalid argument
01-03 09:33:42.875 10359 11022 E SchedPolicy: set_timerslack_ns prctl failed: Invalid argument
01-03 09:33:42.875 10792 11029 I Icing : IndexChimeraService.getServiceInterface callingPackage=com.google.android.googlequicksearchbox componentName=AMBIENT_ASSISTANT serviceId=32
01-03 09:33:42.876 10359 12398 E SchedPolicy: set_timerslack_ns prctl failed: Invalid argument
01-03 09:33:42.876 10359 12398 E SchedPolicy: set_timerslack_ns prctl failed: Invalid argument
01-03 09:33:42.876 10359 11022 E SchedPolicy: set_timerslack_ns prctl failed: Invalid argument
01-03 09:33:42.876 10359 11022 E SchedPolicy: set_timerslack_ns prctl failed: Invalid argument
01-03 09:33:42.877 10359 11022 E SchedPolicy: set_timerslack_ns prctl failed: Invalid argument
01-03 09:33:42.877 10359 11022 E SchedPolicy: set_timerslack_ns prctl failed: Invalid argument
01-03 09:33:42.877 10359 11022 E SchedPolicy: set_timerslack_ns prctl failed: Invalid argument
01-03 09:33:42.878 10878 11281 I GsaVoiceInteractionSrv: #checkDspStatus
01-03 09:33:42.878 10878 11281 I BistoHotwordHelper: setting speaker id present: false
01-03 09:33:42.879 10878 11281 I BistoHotwordHelper: setting hotword model of size: 632970 bytes
01-03 09:33:42.884 10359 11022 E SchedPolicy: set_timerslack_ns prctl failed: Invalid argument
01-03 09:33:42.886 10359 11022 E SchedPolicy: set_timerslack_ns prctl failed: Invalid argument
01-03 09:33:42.892 10878 11281 I BistoHotwordHelper: setting modeltype: X Google
01-03 09:33:42.893 10878 11281 I BistoHotwordHelper: setHotwordVoiceLocale: prev: en-US, new: en-US
01-03 09:33:42.893 10359 11022 E SchedPolicy: set_timerslack_ns prctl failed: Invalid argument
01-03 09:33:42.893 10359 11022 E SchedPolicy: set_timerslack_ns prctl failed: Invalid argument
01-03 09:33:42.894 10359 11022 E SchedPolicy: set_timerslack_ns prctl failed: Invalid argument
01-03 09:33:42.894 10359 11022 W ActivityManager: Failed setting process group of 13088 to 0
01-03 09:33:42.894 10359 11022 W System.err: java.lang.RuntimeException: Unknown error
01-03 09:33:42.894 10359 11022 W System.err: at android.os.Process.setProcessGroup(Native Method)
01-03 09:33:42.894 10359 11022 W System.err: at com.android.server.am.ActivityManagerService.applyOomAdjLocked(ActivityManagerService.java:20740)
01-03 09:33:42.894 10359 11022 W System.err: at com.android.server.am.ActivityManagerService.updateOomAdjLocked(ActivityManagerService.java:21088)
01-03 09:33:42.894 10359 11022 W System.err: at com.android.server.am.ActivityManagerService.updateOomAdjLocked(ActivityManagerService.java:21166)
01-03 09:33:42.894 10359 11022 W System.err: at com.android.server.am.ActiveServices.removeConnectionLocked(ActiveServices.java:2190)
01-03 09:33:42.894 10359 11022 W System.err: at com.android.server.am.ActiveServices.unbindServiceLocked(ActiveServices.java:1183)
01-03 09:33:42.894 10359 11022 W System.err: at com.android.server.am.ActivityManagerService.unbindService(ActivityManagerService.java:17565)
01-03 09:33:42.894 10359 11022 W System.err: at android.app.ActivityManagerNative.onTransact(ActivityManagerNative.java:1145)
01-03 09:33:42.894 10359 11022 W System.err: at com.android.server.am.ActivityManagerService.onTransact(ActivityManagerService.java:2911)
01-03 09:33:42.894 10359 11022 W System.err: at android.os.Binder.execTransact(Binder.java:565)
01-03 09:33:42.895 10359 11440 E SchedPolicy: set_timerslack_ns prctl failed: Invalid argument
01-03 09:33:42.896 10359 11440 E SchedPolicy: set_timerslack_ns prctl failed: Invalid argument
01-03 09:33:42.899 13088 13209 W SessionLifecycleManager: Client : AttachedClient[57563336986545485, ClientConfig[mFlags=[40000088001] mSuggestFlags=[0] mClientId=HOTWORD_SERVICE mSessionType=search publicSearchServiceCallerUid=-1]] has no associated SessionController
01-03 09:33:42.899 13088 13209 W SearchServiceCore: Abort, client detached.
01-03 09:33:42.899 13088 13209 W SearchServiceCore: Abort, client detached.
01-03 09:33:42.900 13088 13209 W SearchServiceCore: Abort, client detached.
01-03 09:33:42.901 10359 12398 E SchedPolicy: set_timerslack_ns prctl failed: Invalid argument
01-03 09:33:42.901 10359 12398 E SchedPolicy: set_timerslack_ns prctl failed: Invalid argument
01-03 09:33:42.903 10359 10370 E SchedPolicy: set_timerslack_ns prctl failed: Invalid argument
01-03 09:33:42.903 10359 12353 E SchedPolicy: set_timerslack_ns prctl failed: Invalid argument
01-03 09:33:42.903 10359 12398 E SchedPolicy: set_timerslack_ns prctl failed: Invalid argument
01-03 09:33:42.903 10359 12353 E SchedPolicy: set_timerslack_ns prctl failed: Invalid argument
01-03 09:33:42.903 10359 10370 E SchedPolicy: set_timerslack_ns prctl failed: Invalid argument
01-03 09:33:42.904 10359 11440 E SchedPolicy: set_timerslack_ns prctl failed: Invalid argument
01-03 09:33:42.904 10359 10370 E SchedPolicy: set_timerslack_ns prctl failed: Invalid argument
01-03 09:33:42.904 10359 11440 E SchedPolicy: set_timerslack_ns prctl failed: Invalid argument
01-03 09:33:42.904 10359 11440 E SchedPolicy: set_timerslack_ns prctl failed: Invalid argument
01-03 09:33:42.904 10359 12353 E SchedPolicy: set_timerslack_ns prctl failed: Invalid argument
01-03 09:33:42.904 10359 10370 E SchedPolicy: set_timerslack_ns prctl failed: Invalid argument
01-03 09:33:42.904 10359 11440 E SchedPolicy: set_timerslack_ns prctl failed: Invalid argument
01-03 09:33:42.904 10359 12353 E SchedPolicy: set_timerslack_ns prctl failed: Invalid argument
01-03 09:33:42.905 10359 12353 E SchedPolicy: set_timerslack_ns prctl failed: Invalid argument
01-03 09:33:42.905 10359 11022 E SchedPolicy: set_timerslack_ns prctl failed: Invalid argument
01-03 09:33:42.905 10359 12353 E SchedPolicy: set_timerslack_ns prctl failed: Invalid argument
01-03 09:33:42.905 10359 12398 E SchedPolicy: set_timerslack_ns prctl failed: Invalid argument
01-03 09:33:42.907 10359 12353 E SchedPolicy: set_timerslack_ns prctl failed: Invalid argument
01-03 09:33:42.907 10359 12353 E SchedPolicy: set_timerslack_ns prctl failed: Invalid argument
01-03 09:33:42.907 10359 12353 E SchedPolicy: set_timerslack_ns prctl failed: Invalid argument
01-03 09:33:42.908 10359 12353 E SchedPolicy: set_timerslack_ns prctl failed: Invalid argument
01-03 09:33:42.909 10359 12398 E SchedPolicy: set_timerslack_ns prctl failed: Invalid argument
01-03 09:33:42.910 10359 12398 E SchedPolicy: set_timerslack_ns prctl failed: Invalid argument
01-03 09:33:42.911 10359 12398 E SchedPolicy: set_timerslack_ns prctl failed: Invalid argument
01-03 09:33:42.912 10359 12398 E SchedPolicy: set_timerslack_ns prctl failed: Invalid argument
01-03 09:33:42.912 13419 13419 W AndroidIME: com.google.android.apps.inputmethod.libs.hmm.AbstractHmmEngineFactory: You need to override this method to specify your own downloadable data consumer ID.
01-03 09:33:42.913 13419 13419 W AndroidIME: com.google.android.apps.inputmethod.libs.hmm.AbstractHmmEngineFactory: You need to override this method to specify your own downloadable data consumer ID.
01-03 09:33:42.913 13419 13419 W AndroidIME: com.google.android.apps.inputmethod.libs.hmm.AbstractHmmEngineFactory: You need to override this method to specify your own downloadable data consumer ID.
01-03 09:33:42.913 10359 12353 E SchedPolicy: set_timerslack_ns prctl failed: Invalid argument
01-03 09:33:42.913 10359 12353 E SchedPolicy: set_timerslack_ns prctl failed: Invalid argument
01-03 09:33:42.913 10359 12398 E SchedPolicy: set_timerslack_ns prctl failed: Invalid argument
01-03 09:33:42.913 10359 12398 E SchedPolicy: set_timerslack_ns prctl failed: Invalid argument
01-03 09:33:42.914 10359 12398 E SchedPolicy: set_timerslack_ns prctl failed: Invalid argument
01-03 09:33:42.915 10359 12398 E SchedPolicy: set_timerslack_ns prctl failed: Invalid argument
01-03 09:33:42.919 10359 12398 E SchedPolicy: set_timerslack_ns prctl failed: Invalid argument
01-03 09:33:42.919 10359 12398 E SchedPolicy: set_timerslack_ns prctl failed: Invalid argument
01-03 09:33:42.921 10359 12398 E SchedPolicy: set_timerslack_ns prctl failed: Invalid argument
01-03 09:33:42.921 10359 12398 E SchedPolicy: set_timerslack_ns prctl failed: Invalid argument
01-03 09:33:42.924 10359 12398 E SchedPolicy: set_timerslack_ns prctl failed: Invalid argument
01-03 09:33:42.925 13419 13419 W AndroidIME: com.google.android.apps.inputmethod.libs.hmm.AbstractHmmEngineFactory: You need to override this method to specify your own downloadable data consumer ID.
01-03 09:33:42.925 10359 12398 E SchedPolicy: set_timerslack_ns prctl failed: Invalid argument
01-03 09:33:42.925 13419 13419 W AndroidIME: com.google.android.apps.inputmethod.libs.hmm.AbstractHmmEngineFactory: You need to override this method to specify your own downloadable data consumer ID.
01-03 09:33:42.925 10359 12398 E SchedPolicy: set_timerslack_ns prctl failed: Invalid argument
01-03 09:33:42.926 10359 12398 E SchedPolicy: set_timerslack_ns prctl failed: Invalid argument
01-03 09:33:42.926 13419 13419 W AndroidIME: com.google.android.apps.inputmethod.libs.hmm.AbstractHmmEngineFactory: You need to override this method to specify your own downloadable data consumer ID.
01-03 09:33:42.926 10359 12398 E SchedPolicy: set_timerslack_ns prctl failed: Invalid argument
01-03 09:33:42.926 10359 12398 E SchedPolicy: set_timerslack_ns prctl failed: Invalid argument
01-03 09:33:42.933 10359 12398 E SchedPolicy: set_timerslack_ns prctl failed: Invalid argument
01-03 09:33:42.933 10359 12398 E SchedPolicy: set_timerslack_ns prctl failed: Invalid argument
01-03 09:33:42.942 10359 12398 E SchedPolicy: set_timerslack_ns prctl failed: Invalid argument
01-03 09:33:42.942 10359 12398 E SchedPolicy: set_timerslack_ns prctl failed: Invalid argument
01-03 09:33:42.947 10359 12398 E SchedPolicy: set_timerslack_ns prctl failed: Invalid argument
01-03 09:33:42.947 10359 12398 E SchedPolicy: set_timerslack_ns prctl failed: Invalid argument
01-03 09:33:42.947 10359 12398 E SchedPolicy: set_timerslack_ns prctl failed: Invalid argument
01-03 09:33:42.949 10359 12353 E SchedPolicy: set_timerslack_ns prctl failed: Invalid argument
01-03 09:33:42.950 10359 12353 E SchedPolicy: set_timerslack_ns prctl failed: Invalid argument
01-03 09:33:42.951 10359 12398 E SchedPolicy: set_timerslack_ns prctl failed: Invalid argument
01-03 09:33:42.954 10359 12398 E SchedPolicy: set_timerslack_ns prctl failed: Invalid argument
01-03 09:33:42.954 10359 12353 E SchedPolicy: set_timerslack_ns prctl failed: Invalid argument
01-03 09:33:42.955 10878 10891 I art : Background partial concurrent mark sweep GC freed 1864(101KB) AllocSpace objects, 1(620KB) LOS objects, 39% free, 8MB/13MB, paused 337us total 103.510ms
01-03 09:33:42.955 10359 12353 E SchedPolicy: set_timerslack_ns prctl failed: Invalid argument
01-03 09:33:42.956 10359 10370 E SchedPolicy: set_timerslack_ns prctl failed: Invalid argument
01-03 09:33:42.956 10359 10370 E SchedPolicy: set_timerslack_ns prctl failed: Invalid argument
01-03 09:33:42.956 10359 10370 E SchedPolicy: set_timerslack_ns prctl failed: Invalid argument
01-03 09:33:42.956 10359 10370 E SchedPolicy: set_timerslack_ns prctl failed: Invalid argument
01-03 09:33:42.956 10359 10370 E SchedPolicy: set_timerslack_ns prctl failed: Invalid argument
01-03 09:33:42.956 10359 12398 E SchedPolicy: set_timerslack_ns prctl failed: Invalid argument
01-03 09:33:42.958 10359 11440 E SchedPolicy: set_timerslack_ns prctl failed: Invalid argument
01-03 09:33:42.958 10359 11440 E SchedPolicy: set_timerslack_ns prctl failed: Invalid argument
01-03 09:33:42.965 10359 11440 E SchedPolicy: set_timerslack_ns prctl failed: Invalid argument
01-03 09:33:42.966 10359 11440 E SchedPolicy: set_timerslack_ns prctl failed: Invalid argument
01-03 09:33:42.966 10359 11022 E SchedPolicy: set_timerslack_ns prctl failed: Invalid argument
01-03 09:33:42.967 10359 11022 E SchedPolicy: set_timerslack_ns prctl failed: Invalid argument
01-03 09:33:42.968 10359 11022 E SchedPolicy: set_timerslack_ns prctl failed: Invalid argument
01-03 09:33:42.968 10359 11022 E SchedPolicy: set_timerslack_ns prctl failed: Invalid argument
01-03 09:33:42.969 10359 11022 E SchedPolicy: set_timerslack_ns prctl failed: Invalid argument
01-03 09:33:42.969 10359 11022 E SchedPolicy: set_timerslack_ns prctl failed: Invalid argument
01-03 09:33:42.971 10359 11022 E SchedPolicy: set_timerslack_ns prctl failed: Invalid argument
01-03 09:33:42.971 10359 11440 E SchedPolicy: set_timerslack_ns prctl failed: Invalid argument
01-03 09:33:42.971 10359 11022 E SchedPolicy: set_timerslack_ns prctl failed: Invalid argument
01-03 09:33:42.972 10359 11440 E SchedPolicy: set_timerslack_ns prctl failed: Invalid argument
01-03 09:33:42.974 10359 11022 E SchedPolicy: set_timerslack_ns prctl failed: Invalid argument
01-03 09:33:42.974 10359 11440 E SchedPolicy: set_timerslack_ns prctl failed: Invalid argument
01-03 09:33:42.974 10359 11022 E SchedPolicy: set_timerslack_ns prctl failed: Invalid argument
01-03 09:33:42.974 10359 11440 E SchedPolicy: set_timerslack_ns prctl failed: Invalid argument
01-03 09:33:42.974 10359 11440 E SchedPolicy: set_timerslack_ns prctl failed: Invalid argument
01-03 09:33:42.975 10359 11440 E SchedPolicy: set_timerslack_ns prctl failed: Invalid argument
01-03 09:33:42.975 10359 11440 E SchedPolicy: set_timerslack_ns prctl failed: Invalid argument
01-03 09:33:42.975 10359 11440 E SchedPolicy: set_timerslack_ns prctl failed: Invalid argument
01-03 09:33:42.975 10359 11022 E SchedPolicy: set_timerslack_ns prctl failed: Invalid argument
01-03 09:33:42.976 10359 11022 E SchedPolicy: set_timerslack_ns prctl failed: Invalid argument
01-03 09:33:42.977 10359 11022 E SchedPolicy: set_timerslack_ns prctl failed: Invalid argument
01-03 09:33:42.979 10359 11022 E SchedPolicy: set_timerslack_ns prctl failed: Invalid argument
01-03 09:33:42.980 10359 11022 E SchedPolicy: set_timerslack_ns prctl failed: Invalid argument
01-03 09:33:42.982 10359 11440 E SchedPolicy: set_timerslack_ns prctl failed: Invalid argument
01-03 09:33:42.986 10359 11022 E SchedPolicy: set_timerslack_ns prctl failed: Invalid argument
01-03 09:33:42.988 10359 11440 E SchedPolicy: set_timerslack_ns prctl failed: Invalid argument
01-03 09:33:42.991 10359 11440 E SchedPolicy: set_timerslack_ns prctl failed: Invalid argument
01-03 09:33:42.991 10359 11440 E SchedPolicy: set_timerslack_ns prctl failed: Invalid argument
01-03 09:33:42.999 10359 11440 E SchedPolicy: set_timerslack_ns prctl failed: Invalid argument
01-03 09:33:43.000 10359 11022 E SchedPolicy: set_timerslack_ns prctl failed: Invalid argument
01-03 09:33:43.000 10359 11440 E SchedPolicy: set_timerslack_ns prctl failed: Invalid argument
01-03 09:33:43.000 10359 11022 E SchedPolicy: set_timerslack_ns prctl failed: Invalid argument
01-03 09:33:43.010 10359 11440 E SchedPolicy: set_timerslack_ns prctl failed: Invalid argument
01-03 09:33:43.010 10359 11440 E SchedPolicy: set_timerslack_ns prctl failed: Invalid argument
01-03 09:33:43.010 10359 11022 E SchedPolicy: set_timerslack_ns prctl failed: Invalid argument
01-03 09:33:43.011 10359 11022 E SchedPolicy: set_timerslack_ns prctl failed: Invalid argument
01-03 09:33:43.011 10359 11022 E SchedPolicy: set_timerslack_ns prctl failed: Invalid argument
01-03 09:33:43.011 10359 11022 E SchedPolicy: set_timerslack_ns prctl failed: Invalid argument
01-03 09:33:43.014 10359 11022 E SchedPolicy: set_timerslack_ns prctl failed: Invalid argument
01-03 09:33:43.014 10359 11022 E SchedPolicy: set_timerslack_ns prctl failed: Invalid argument
01-03 09:33:43.014 13167 13167 D BoundBrokerSvc: onBind: Intent { act=com.google.android.gms.gmscompliance.service.START dat=chimera-action: cmp=com.google.android.gms/.chimera.PersistentBoundBrokerService }
01-03 09:33:43.014 13167 13167 D BoundBrokerSvc: Loading bound service for intent: Intent { act=com.google.android.gms.gmscompliance.service.START dat=chimera-action: cmp=com.google.android.gms/.chimera.PersistentBoundBrokerService }
01-03 09:33:43.018 10359 11022 E SchedPolicy: set_timerslack_ns prctl failed: Invalid argument
01-03 09:33:43.020 10359 11022 E SchedPolicy: set_timerslack_ns prctl failed: Invalid argument
01-03 09:33:43.029 13167 13167 D BoundBrokerSvc: onBind: Intent { act=com.google.android.gms.clearcut.bootcount.service.START pkg=com.google.android.gms }
01-03 09:33:43.029 13167 13167 D BoundBrokerSvc: Loading bound service for intent: Intent { act=com.google.android.gms.clearcut.bootcount.service.START pkg=com.google.android.gms }
01-03 09:33:43.034 10359 11022 E SchedPolicy: set_timerslack_ns prctl failed: Invalid argument
01-03 09:33:43.036 10359 11022 E SchedPolicy: set_timerslack_ns prctl failed: Invalid argument
01-03 09:33:43.040 10359 11022 E SchedPolicy: set_timerslack_ns prctl failed: Invalid argument
01-03 09:33:43.040 10359 11022 E SchedPolicy: set_timerslack_ns prctl failed: Invalid argument
01-03 09:33:43.040 10359 11022 E SchedPolicy: set_timerslack_ns prctl failed: Invalid argument
01-03 09:33:43.041 10359 11022 E SchedPolicy: set_timerslack_ns prctl failed: Invalid argument
01-03 09:33:43.043 13167 13171 I art : Do full code cache collection, code=82KB, data=125KB
01-03 09:33:43.047 10359 11440 E SchedPolicy: set_timerslack_ns prctl failed: Invalid argument
01-03 09:33:43.048 10359 12353 E SchedPolicy: set_timerslack_ns prctl failed: Invalid argument
01-03 09:33:43.048 10359 11022 E SchedPolicy: set_timerslack_ns prctl failed: Invalid argument
01-03 09:33:43.048 10359 11440 E SchedPolicy: set_timerslack_ns prctl failed: Invalid argument
01-03 09:33:43.048 10359 11022 E SchedPolicy: set_timerslack_ns prctl failed: Invalid argument
01-03 09:33:43.048 10359 12353 E SchedPolicy: set_timerslack_ns prctl failed: Invalid argument
01-03 09:33:43.050 10359 11022 E SchedPolicy: set_timerslack_ns prctl failed: Invalid argument
01-03 09:33:43.050 10359 11022 E SchedPolicy: set_timerslack_ns prctl failed: Invalid argument
01-03 09:33:43.051 10359 11022 E SchedPolicy: set_timerslack_ns prctl failed: Invalid argument
01-03 09:33:43.051 10359 12353 E SchedPolicy: set_timerslack_ns prctl failed: Invalid argument
01-03 09:33:43.052 10359 12353 E SchedPolicy: set_timerslack_ns prctl failed: Invalid argument
01-03 09:33:43.053 10359 11022 E SchedPolicy: set_timerslack_ns prctl failed: Invalid argument
01-03 09:33:43.055 10359 12353 E SchedPolicy: set_timerslack_ns prctl failed: Invalid argument
01-03 09:33:43.055 10359 11022 E SchedPolicy: set_timerslack_ns prctl failed: Invalid argument
01-03 09:33:43.056 10359 11022 E SchedPolicy: set_timerslack_ns prctl failed: Invalid argument
01-03 09:33:43.056 10359 12353 E SchedPolicy: set_timerslack_ns prctl failed: Invalid argument
01-03 09:33:43.056 10359 12353 E SchedPolicy: set_timerslack_ns prctl failed: Invalid argument
01-03 09:33:43.057 10359 12353 E SchedPolicy: set_timerslack_ns prctl failed: Invalid argument
01-03 09:33:43.057 10359 12353 E SchedPolicy: set_timerslack_ns prctl failed: Invalid argument
01-03 09:33:43.058 10359 12353 E SchedPolicy: set_timerslack_ns prctl failed: Invalid argument
01-03 09:33:43.061 13167 13171 I art : Starting a blocking GC JitCodeCache
01-03 09:33:43.062 13167 13171 I art : After code cache collection, code=54KB, data=55KB
01-03 09:33:43.067 10359 12353 E SchedPolicy: set_timerslack_ns prctl failed: Invalid argument
01-03 09:33:43.067 10359 12353 E SchedPolicy: set_timerslack_ns prctl failed: Invalid argument
01-03 09:33:43.068 10359 12353 E SchedPolicy: set_timerslack_ns prctl failed: Invalid argument
01-03 09:33:43.068 10359 12353 E SchedPolicy: set_timerslack_ns prctl failed: Invalid argument
01-03 09:33:43.070 10359 12353 E SchedPolicy: set_timerslack_ns prctl failed: Invalid argument
01-03 09:33:43.070 10359 11022 E SchedPolicy: set_timerslack_ns prctl failed: Invalid argument
01-03 09:33:43.071 10359 12353 E SchedPolicy: set_timerslack_ns prctl failed: Invalid argument
01-03 09:33:43.071 10359 12353 E SchedPolicy: set_timerslack_ns prctl failed: Invalid argument
01-03 09:33:43.072 10359 11022 E SchedPolicy: set_timerslack_ns prctl failed: Invalid argument
01-03 09:33:43.072 10359 12353 E SchedPolicy: set_timerslack_ns prctl failed: Invalid argument
01-03 09:33:43.072 10359 12353 E SchedPolicy: set_timerslack_ns prctl failed: Invalid argument
01-03 09:33:43.073 10359 12353 E SchedPolicy: set_timerslack_ns prctl failed: Invalid argument
01-03 09:33:43.074 10359 11440 E SchedPolicy: set_timerslack_ns prctl failed: Invalid argument
01-03 09:33:43.074 10359 11022 E SchedPolicy: set_timerslack_ns prctl failed: Invalid argument
01-03 09:33:43.075 10359 11440 E SchedPolicy: set_timerslack_ns prctl failed: Invalid argument
01-03 09:33:43.075 10359 11022 E SchedPolicy: set_timerslack_ns prctl failed: Invalid argument
01-03 09:33:43.075 10359 12353 E SchedPolicy: set_timerslack_ns prctl failed: Invalid argument
01-03 09:33:43.075 10359 11022 E SchedPolicy: set_timerslack_ns prctl failed: Invalid argument
01-03 09:33:43.076 10359 11022 E SchedPolicy: set_timerslack_ns prctl failed: Invalid argument
01-03 09:33:43.076 10359 12353 E SchedPolicy: set_timerslack_ns prctl failed: Invalid argument
01-03 09:33:43.076 10359 11440 E SchedPolicy: set_timerslack_ns prctl failed: Invalid argument
01-03 09:33:43.076 10359 11440 E SchedPolicy: set_timerslack_ns prctl failed: Invalid argument
01-03 09:33:43.083 10359 10376 I art : Alloc concurrent mark sweep GC freed 4755(510KB) AllocSpace objects, 0(0B) LOS objects, 33% free, 16MB/25MB, paused 1.474ms total 524.752ms
01-03 09:33:43.084 10359 10376 W art : Large object allocation failed: ashmem_create_region failed for 'large object space allocation': Too many open files
01-03 09:33:43.084 10359 10376 W art : Throwing OutOfMemoryError "Failed to allocate a 16396 byte allocation with 8888938 free bytes and 495MB until OOM"
01-03 09:33:43.095 10359 11440 E SchedPolicy: set_timerslack_ns prctl failed: Invalid argument
01-03 09:33:43.098 10359 11440 E SchedPolicy: set_timerslack_ns prctl failed: Invalid argument
01-03 09:33:43.101 10359 12398 E SchedPolicy: set_timerslack_ns prctl failed: Invalid argument
01-03 09:33:43.101 10359 11440 E SchedPolicy: set_timerslack_ns prctl failed: Invalid argument
01-03 09:33:43.102 10359 11440 E SchedPolicy: set_timerslack_ns prctl failed: Invalid argument
01-03 09:33:43.102 10359 12398 E SchedPolicy: set_timerslack_ns prctl failed: Invalid argument
01-03 09:33:43.103 10359 12353 E SchedPolicy: set_timerslack_ns prctl failed: Invalid argument
01-03 09:33:43.104 10359 11022 E SchedPolicy: set_timerslack_ns prctl failed: Invalid argument
01-03 09:33:43.104 10359 12398 E SchedPolicy: set_timerslack_ns prctl failed: Invalid argument
01-03 09:33:43.104 10359 12353 E SchedPolicy: set_timerslack_ns prctl failed: Invalid argument
01-03 09:33:43.106 10359 12398 E SchedPolicy: set_timerslack_ns prctl failed: Invalid argument
01-03 09:33:43.106 10359 12353 E SchedPolicy: set_timerslack_ns prctl failed: Invalid argument
01-03 09:33:43.106 10359 12353 E SchedPolicy: set_timerslack_ns prctl failed: Invalid argument
01-03 09:33:43.106 10359 11022 E SchedPolicy: set_timerslack_ns prctl failed: Invalid argument
01-03 09:33:43.106 10359 12353 E SchedPolicy: set_timerslack_ns prctl failed: Invalid argument
01-03 09:33:43.106 10359 12353 E SchedPolicy: set_timerslack_ns prctl failed: Invalid argument
01-03 09:33:43.106 10359 11022 E SchedPolicy: set_timerslack_ns prctl failed: Invalid argument
01-03 09:33:43.107 10359 11022 E JavaBinder: *** Uncaught remote exception! (Exceptions are not yet supported across processes.)
01-03 09:33:43.107 10359 11022 E JavaBinder: java.lang.RuntimeException: Too many open files
01-03 09:33:43.107 10359 11022 E JavaBinder: at android.os.Parcel.nativeWriteFileDescriptor(Native Method)
01-03 09:33:43.107 10359 11022 E JavaBinder: at android.os.Parcel.writeFileDescriptor(Parcel.java:616)
01-03 09:33:43.107 10359 11022 E JavaBinder: at android.os.ParcelFileDescriptor.writeToParcel(ParcelFileDescriptor.java:975)
01-03 09:33:43.107 10359 11022 E JavaBinder: at android.os.Parcel.writeParcelable(Parcel.java:1496)
01-03 09:33:43.107 10359 11022 E JavaBinder: at android.util.MemoryIntArray.writeToParcel(MemoryIntArray.java:168)
01-03 09:33:43.107 10359 11022 E JavaBinder: at android.os.Parcel.writeParcelable(Parcel.java:1496)
01-03 09:33:43.107 10359 11022 E JavaBinder: at android.os.Parcel.writeValue(Parcel.java:1402)
01-03 09:33:43.107 10359 11022 E JavaBinder: at android.os.Parcel.writeArrayMapInternal(Parcel.java:724)
01-03 09:33:43.107 10359 11022 E JavaBinder: at android.os.BaseBundle.writeToParcelInner(BaseBundle.java:1408)
01-03 09:33:43.107 10359 11022 E JavaBinder: at android.os.Bundle.writeToParcel(Bundle.java:1157)
01-03 09:33:43.107 10359 11022 E JavaBinder: at android.os.Parcel.writeBundle(Parcel.java:764)
01-03 09:33:43.107 10359 11022 E JavaBinder: at android.content.ContentProviderNative.onTransact(ContentProviderNative.java:286)
01-03 09:33:43.107 10359 11022 E JavaBinder: at android.os.Binder.execTransact(Binder.java:565)
01-03 09:33:43.107 10359 11022 E SchedPolicy: set_timerslack_ns prctl failed: Invalid argument
01-03 09:33:43.107 10359 12353 E SchedPolicy: set_timerslack_ns prctl failed: Invalid argument
01-03 09:33:43.107 10359 12398 E SchedPolicy: set_timerslack_ns prctl failed: Invalid argument
01-03 09:33:43.107 10359 12353 E SchedPolicy: set_timerslack_ns prctl failed: Invalid argument
01-03 09:33:43.108 10359 12398 E SchedPolicy: set_timerslack_ns prctl failed: Invalid argument
01-03 09:33:43.109 10359 12398 E SchedPolicy: set_timerslack_ns prctl failed: Invalid argument
01-03 09:33:43.109 13167 13216 E CCTBootCount: Could not find system setting for BOOT_COUNT.
01-03 09:33:43.109 13167 13216 E CCTBootCount: android.provider.Settings$SettingNotFoundException: boot_count
01-03 09:33:43.109 13167 13216 E CCTBootCount: at android.provider.Settings$Global.getInt(Settings.java:9209)
01-03 09:33:43.109 13167 13216 E CCTBootCount: at afgc.a(:com.google.android.gms@233414015@23.34.14 (040300-560151436):37)
01-03 09:33:43.109 13167 13216 E CCTBootCount: at afmb.a(:com.google.android.gms@233414015@23.34.14 (040300-560151436):3)
01-03 09:33:43.109 13167 13216 E CCTBootCount: at afmb.eP(:com.google.android.gms@233414015@23.34.14 (040300-560151436):36)
01-03 09:33:43.109 13167 13216 E CCTBootCount: at kla.onTransact(:com.google.android.gms@233414015@23.34.14 (040300-560151436):117)
01-03 09:33:43.109 13167 13216 E CCTBootCount: at android.os.Binder.transact(Binder.java:499)
01-03 09:33:43.109 13167 13216 E CCTBootCount: at asxe.onTransact(:com.google.android.gms@233414015@23.34.14 (040300-560151436):147)
01-03 09:33:43.109 13167 13216 E CCTBootCount: at android.os.Binder.execTransact(Binder.java:565)
01-03 09:33:43.109 10359 12398 E SchedPolicy: set_timerslack_ns prctl failed: Invalid argument
01-03 09:33:43.109 10359 12398 E SchedPolicy: set_timerslack_ns prctl failed: Invalid argument
01-03 09:33:43.110 10359 12398 E SchedPolicy: set_timerslack_ns prctl failed: Invalid argument
01-03 09:33:43.110 10359 12398 E SchedPolicy: set_timerslack_ns prctl failed: Invalid argument
01-03 09:33:43.110 10359 12398 E SchedPolicy: set_timerslack_ns prctl failed: Invalid argument
01-03 09:33:43.146 10359 12398 I ActivityManager: Killing 11635:com.android.calendar/u0a35 (adj 906): empty #17
01-03 09:33:43.169 10359 11022 I ActivityManager: Start proc 13445:com.google.android.onetimeinitializer/u0a13 for broadcast com.google.android.onetimeinitializer/.OneTimeInitializerReceiver
01-03 09:33:43.171 10359 12398 E SchedPolicy: set_timerslack_ns prctl failed: Invalid argument
01-03 09:33:43.171 10359 11440 E SchedPolicy: set_timerslack_ns prctl failed: Invalid argument
01-03 09:33:43.171 10359 11022 E SchedPolicy: set_timerslack_ns prctl failed: Invalid argument
01-03 09:33:43.171 10359 11022 E SchedPolicy: set_timerslack_ns prctl failed: Invalid argument
01-03 09:33:43.173 10359 12398 D ActivityManager: cleanUpApplicationRecord -- 11635
01-03 09:33:43.194 10359 12398 E SchedPolicy: set_timerslack_ns prctl failed: Invalid argument
01-03 09:33:43.194 10359 12398 E SchedPolicy: set_timerslack_ns prctl failed: Invalid argument
01-03 09:33:43.194 10359 12353 E SchedPolicy: set_timerslack_ns prctl failed: Invalid argument
01-03 09:33:43.194 10359 12398 E SchedPolicy: set_timerslack_ns prctl failed: Invalid argument
01-03 09:33:43.194 10359 12398 E SchedPolicy: set_timerslack_ns prctl failed: Invalid argument
01-03 09:33:43.194 10359 12398 E SchedPolicy: set_timerslack_ns prctl failed: Invalid argument
01-03 09:33:43.194 10359 12398 E SchedPolicy: set_timerslack_ns prctl failed: Invalid argument
01-03 09:33:43.194 10359 12398 E SchedPolicy: set_timerslack_ns prctl failed: Invalid argument
01-03 09:33:43.194 10359 12398 E SchedPolicy: set_timerslack_ns prctl failed: Invalid argument
01-03 09:33:43.215 13445 13445 I art : Starting a blocking GC AddRemoveAppImageSpace
01-03 09:33:43.216 13445 13445 W System : ClassLoader referenced unknown path: /system/priv-app/GoogleOneTimeInitializer/lib/arm
01-03 09:33:43.234 13445 13445 V OneTimeInitializerReceiver: OneTimeInitializerReceiver.onReceive
01-03 09:33:43.242 13445 13462 V OneTimeService: OneTimeService.onHandleIntent
01-03 09:33:43.244 13445 13462 V OneTimeService: Already run, doing nothing.
01-03 09:33:43.257 13167 13435 E WakeLock: Wakeful StateMachine: GeofencerStateMachine should be held!
01-03 09:33:43.260 10359 12353 I ActivityManager: Start proc 13464:com.google.android.partnersetup/u0a15 for broadcast com.google.android.partnersetup/.GooglePartnerSetup
01-03 09:33:43.267 10359 12353 I ActivityManager: Killing 11661:com.android.email/u0a44 (adj 906): empty #17
01-03 09:33:43.272 13167 13418 I AlarmManager: set [name: SystemMemoryCache type: 2 triggerAtMillis: 315851248317 windowMillis: -1 intervalMillis: 0]
01-03 09:33:43.274 10359 10370 E SchedPolicy: set_timerslack_ns prctl failed: Invalid argument
01-03 09:33:43.274 10359 10370 E SchedPolicy: set_timerslack_ns prctl failed: Invalid argument
01-03 09:33:43.274 10359 10370 E SchedPolicy: set_timerslack_ns prctl failed: Invalid argument
01-03 09:33:43.274 10359 10370 E SchedPolicy: set_timerslack_ns prctl failed: Invalid argument
01-03 09:33:43.274 10359 10370 E SchedPolicy: set_timerslack_ns prctl failed: Invalid argument
01-03 09:33:43.274 10359 10370 E SchedPolicy: set_timerslack_ns prctl failed: Invalid argument
01-03 09:33:43.274 10359 10370 E SchedPolicy: set_timerslack_ns prctl failed: Invalid argument
01-03 09:33:43.274 10359 10370 E SchedPolicy: set_timerslack_ns prctl failed: Invalid argument
01-03 09:33:43.274 10359 10370 E SchedPolicy: set_timerslack_ns prctl failed: Invalid argument
01-03 09:33:43.274 10359 12353 E SchedPolicy: set_timerslack_ns prctl failed: Invalid argument
01-03 09:33:43.286 10359 10371 E SchedPolicy: set_timerslack_ns prctl failed: Invalid argument
01-03 09:33:43.286 10359 12353 E SchedPolicy: set_timerslack_ns prctl failed: Invalid argument
01-03 09:33:43.286 10359 11022 D ActivityManager: cleanUpApplicationRecord -- 11661
01-03 09:33:43.286 10359 11374 E SchedPolicy: set_timerslack_ns prctl failed: Invalid argument
01-03 09:33:43.301 13464 13464 I art : Starting a blocking GC AddRemoveAppImageSpace
01-03 09:33:43.302 13464 13464 W System : ClassLoader referenced unknown path: /system/priv-app/GooglePartnerSetup/lib/arm
01-03 09:33:43.324 13167 13386 E WakeLock: Wakeful StateMachine: GeofencerStateMachine should be held!
01-03 09:33:43.331 10359 11022 E SchedPolicy: set_timerslack_ns prctl failed: Invalid argument
01-03 09:33:43.335 10359 11374 E SchedPolicy: set_timerslack_ns prctl failed: Invalid argument
01-03 09:33:43.345 13167 13386 E WakeLock: Wakeful StateMachine: GeofencerStateMachine should be held!
01-03 09:33:43.373 13167 13418 W Settings: Setting airplane_mode_on has moved from android.provider.Settings.System to android.provider.Settings.Global, returning read-only value.
01-03 09:33:43.395 10359 11374 E SchedPolicy: set_timerslack_ns prctl failed: Invalid argument
01-03 09:33:43.407 10359 11022 I ActivityManager: Start proc 13489:com.google.process.gapps/u0a49 for broadcast com.google.android.syncadapters.contacts/.ContactsSyncAdapterBroadcastReceiver
01-03 09:33:43.408 10359 12398 E SchedPolicy: set_timerslack_ns prctl failed: Invalid argument
01-03 09:33:43.416 10359 11374 E SchedPolicy: set_timerslack_ns prctl failed: Invalid argument
01-03 09:33:43.420 10359 11022 E SchedPolicy: set_timerslack_ns prctl failed: Invalid argument
01-03 09:33:43.428 13167 13167 I Thunderbird: starting outgoing sms listener [CONTEXT service_id=226 ]
01-03 09:33:43.437 10359 11374 E SchedPolicy: set_timerslack_ns prctl failed: Invalid argument
01-03 09:33:43.437 10359 11374 E SchedPolicy: set_timerslack_ns prctl failed: Invalid argument
01-03 09:33:43.437 10359 11374 E SchedPolicy: set_timerslack_ns prctl failed: Invalid argument
01-03 09:33:43.437 10359 11374 E SchedPolicy: set_timerslack_ns prctl failed: Invalid argument
01-03 09:33:43.437 10359 11374 E SchedPolicy: set_timerslack_ns prctl failed: Invalid argument
01-03 09:33:43.437 10359 11374 E SchedPolicy: set_timerslack_ns prctl failed: Invalid argument
01-03 09:33:43.437 10359 11374 E SchedPolicy: set_timerslack_ns prctl failed: Invalid argument
01-03 09:33:43.437 10359 11374 E SchedPolicy: set_timerslack_ns prctl failed: Invalid argument
01-03 09:33:43.437 10359 11374 E SchedPolicy: set_timerslack_ns prctl failed: Invalid argument
01-03 09:33:43.438 10359 11022 E SchedPolicy: set_timerslack_ns prctl failed: Invalid argument
01-03 09:33:43.441 10359 11022 E SchedPolicy: set_timerslack_ns prctl failed: Invalid argument
01-03 09:33:43.461 13167 13167 I Fido : [CableAuthenticatorChimeraService] Unregistering receiver.
01-03 09:33:43.462 13167 13177 I art : Background sticky concurrent mark sweep GC freed 36752(2MB) AllocSpace objects, 5(108KB) LOS objects, 28% free, 7MB/10MB, paused 4.265ms total 157.459ms
01-03 09:33:43.463 13167 13175 E System : Uncaught exception thrown by finalizer
01-03 09:33:43.463 13167 13175 E System : java.lang.IllegalStateException: Lock wasn't released correctly
01-03 09:33:43.463 13167 13175 E System : at baos.finalize(:com.google.android.gms@233414015@23.34.14 (040300-560151436):12)
01-03 09:33:43.463 13167 13175 E System : at java.lang.Daemons$FinalizerDaemon.doFinalize(Daemons.java:222)
01-03 09:33:43.463 13167 13175 E System : at java.lang.Daemons$FinalizerDaemon.run(Daemons.java:209)
01-03 09:33:43.463 13167 13175 E System : at java.lang.Thread.run(Thread.java:761)
01-03 09:33:43.463 13167 13175 E System : Uncaught exception thrown by finalizer
01-03 09:33:43.464 13167 13175 E System : java.lang.IllegalStateException: Lock wasn't released correctly
01-03 09:33:43.464 13167 13175 E System : at baos.finalize(:com.google.android.gms@233414015@23.34.14 (040300-560151436):12)
01-03 09:33:43.464 13167 13175 E System : at java.lang.Daemons$FinalizerDaemon.doFinalize(Daemons.java:222)
01-03 09:33:43.464 13167 13175 E System : at java.lang.Daemons$FinalizerDaemon.run(Daemons.java:209)
01-03 09:33:43.464 13167 13175 E System : at java.lang.Thread.run(Thread.java:761)
01-03 09:33:43.465 13167 13167 I Fido : [CableAuthenticatorChimeraService] Registering broadcast receiver.
01-03 09:33:43.467 13167 13167 I Fido : [AuthenticatorChimeraService] Unregistered the broadcast receiver [CONTEXT service_id=287 ]
01-03 09:33:43.471 10359 10370 E SchedPolicy: set_timerslack_ns prctl failed: Invalid argument
01-03 09:33:43.473 13167 13167 D BoundBrokerSvc: onBind: Intent { act=com.google.android.gms.clearcut.service.START dat=chimera-action: cmp=com.google.android.gms/.chimera.PersistentDirectBootAwareApiService }
01-03 09:33:43.473 13167 13167 D BoundBrokerSvc: Loading bound service for intent: Intent { act=com.google.android.gms.clearcut.service.START dat=chimera-action: cmp=com.google.android.gms/.chimera.PersistentDirectBootAwareApiService }
01-03 09:33:43.481 13464 13488 I RlzPingService: Setting next ping for 1704768016593
01-03 09:33:43.485 10359 11374 E SchedPolicy: set_timerslack_ns prctl failed: Invalid argument
01-03 09:33:43.486 10359 11374 E SchedPolicy: set_timerslack_ns prctl failed: Invalid argument
01-03 09:33:43.487 10359 12353 E SchedPolicy: set_timerslack_ns prctl failed: Invalid argument
01-03 09:33:43.490 13489 13489 I art : Starting a blocking GC AddRemoveAppImageSpace
01-03 09:33:43.491 13489 13489 W System : ClassLoader referenced unknown path: /system/app/GoogleContactsSyncAdapter/lib/arm
01-03 09:33:43.495 10359 12353 E SchedPolicy: set_timerslack_ns prctl failed: Invalid argument
01-03 09:33:43.499 10359 12353 E SchedPolicy: set_timerslack_ns prctl failed: Invalid argument
01-03 09:33:43.519 10359 12353 E SchedPolicy: set_timerslack_ns prctl failed: Invalid argument
01-03 09:33:43.528 10359 12353 E SchedPolicy: set_timerslack_ns prctl failed: Invalid argument
01-03 09:33:43.563 10359 12353 E SchedPolicy: set_timerslack_ns prctl failed: Invalid argument
01-03 09:33:43.568 13167 13167 D BoundBrokerSvc: onBind: Intent { act=com.google.android.gms.phenotype.service.START dat=chimera-action: cmp=com.google.android.gms/.chimera.PersistentApiService }
01-03 09:33:43.568 13167 13167 D BoundBrokerSvc: Loading bound service for intent: Intent { act=com.google.android.gms.phenotype.service.START dat=chimera-action: cmp=com.google.android.gms/.chimera.PersistentApiService }
01-03 09:33:43.569 10359 12398 E SchedPolicy: set_timerslack_ns prctl failed: Invalid argument
01-03 09:33:43.570 10359 10370 E SchedPolicy: set_timerslack_ns prctl failed: Invalid argument
01-03 09:33:43.585 10359 11374 I ActivityManager: Killing 11698:com.android.managedprovisioning/u0a16 (adj 906): empty #17
01-03 09:33:43.596 13167 13333 I AlarmManager: setExactAndAllowWhileIdle [name: GCM_CONN_ALARM type: 2 triggerAtMillis: 491249884]
01-03 09:33:43.606 10359 10370 D ActivityManager: cleanUpApplicationRecord -- 11698
01-03 09:33:43.627 13088 13088 E A : onError
01-03 09:33:43.627 13088 13088 E A : com.google.android.apps.gsa.shared.speech.a.m: errorCode: 65561, engine: 2
01-03 09:33:43.627 13088 13088 E A : at com.google.android.apps.gsa.staticplugins.db.a.e.a(PG:3)
01-03 09:33:43.627 13088 13088 E A : at com.google.android.apps.gsa.s3.n.gO(PG:1)
01-03 09:33:43.627 13088 13088 E A : at com.google.cd.g.a.f.e(PG:2)
01-03 09:33:43.627 13088 13088 E A : at com.google.android.apps.gsa.speech.k.a.g.d(PG:22)
01-03 09:33:43.627 13088 13088 E A : at com.google.android.apps.gsa.speech.k.a.g.jT(PG:6)
01-03 09:33:43.627 13088 13088 E A : at com.google.android.apps.gsa.s3.o.c(PG:14)
01-03 09:33:43.627 13088 13088 E A : at com.google.android.apps.gsa.s3.p.run(PG:1)
01-03 09:33:43.627 13088 13088 E A : at java.util.concurrent.Executors$RunnableAdapter.call(Executors.java:428)
01-03 09:33:43.627 13088 13088 E A : at java.util.concurrent.FutureTask.run(FutureTask.java:237)
01-03 09:33:43.627 13088 13088 E A : at com.google.android.apps.gsa.shared.util.c.a.e.run(PG:2)
01-03 09:33:43.627 13088 13088 E A : at com.google.android.apps.gsa.shared.util.c.a.bi.run(PG:1)
01-03 09:33:43.627 13088 13088 E A : at com.google.android.apps.gsa.shared.util.c.a.bi.run(PG:1)
01-03 09:33:43.627 13088 13088 E A : at java.util.concurrent.ThreadPoolExecutor.runWorker(ThreadPoolExecutor.java:1133)
01-03 09:33:43.627 13088 13088 E A : at java.util.concurrent.ThreadPoolExecutor$Worker.run(ThreadPoolExecutor.java:607)
01-03 09:33:43.627 13088 13088 E A : at java.lang.Thread.run(Thread.java:761)
01-03 09:33:43.627 13088 13088 E A : at com.google.android.apps.gsa.shared.util.c.a.l.run(PG:5)
01-03 09:33:43.627 13088 13088 E A : Caused by: com.google.android.apps.gsa.shared.speech.a.o: errorCode: 65586, engine: 2
01-03 09:33:43.627 13088 13088 E A : ... 15 more
01-03 09:33:43.627 13088 13088 E A : Caused by: com.google.android.apps.gsa.shared.speech.a.k: errorCode: 401, engine: 2
01-03 09:33:43.627 13088 13088 E A : at com.google.android.apps.gsa.assistant.shared.n.h.a(PG:5)
01-03 09:33:43.627 13088 13088 E A : at com.google.android.apps.gsa.s3.producers.j.hh(PG:2)
01-03 09:33:43.627 13088 13088 E A : at com.google.android.apps.gsa.speech.k.a.g.d(PG:16)
01-03 09:33:43.627 13088 13088 E A : ... 12 more
01-03 09:33:43.631 13489 13489 I GoogleHttpClient: GMS http client unavailable, use old client
01-03 09:33:43.637 13088 13122 E cr_CronetUrlRequestContext: Exception in upload method
01-03 09:33:43.637 13088 13122 E cr_CronetUrlRequestContext: com.google.android.apps.gsa.shared.q.d: Error code: 262182
01-03 09:33:43.637 13088 13122 E cr_CronetUrlRequestContext: at com.google.android.apps.gsa.shared.aa.bk.d(PG:5)
01-03 09:33:43.637 13088 13122 E cr_CronetUrlRequestContext: at com.google.android.libraries.gsa.c.a.ar.d(PG:1)
01-03 09:33:43.637 13088 13122 E cr_CronetUrlRequestContext: at com.google.android.libraries.gsa.c.a.bo.b(PG:5)
01-03 09:33:43.637 13088 13122 E cr_CronetUrlRequestContext: at com.google.android.libraries.gsa.c.a.e.a(PG:2)
01-03 09:33:43.637 13088 13122 E cr_CronetUrlRequestContext: at com.google.android.libraries.gsa.c.a.a.run(PG:2)
01-03 09:33:43.637 13088 13122 E cr_CronetUrlRequestContext: at com.google.common.util.concurrent.bf.execute(PG:1)
01-03 09:33:43.637 13088 13122 E cr_CronetUrlRequestContext: at com.google.common.util.concurrent.d.i(PG:1)
01-03 09:33:43.637 13088 13122 E cr_CronetUrlRequestContext: at com.google.common.util.concurrent.d.l(PG:12)
01-03 09:33:43.637 13088 13122 E cr_CronetUrlRequestContext: at com.google.common.util.concurrent.d.cancel(PG:8)
01-03 09:33:43.637 13088 13122 E cr_CronetUrlRequestContext: at com.google.common.util.concurrent.d.m(PG:2)
01-03 09:33:43.637 13088 13122 E cr_CronetUrlRequestContext: at com.google.common.util.concurrent.j.a(PG:1)
01-03 09:33:43.637 13088 13122 E cr_CronetUrlRequestContext: at com.google.common.util.concurrent.d.l(PG:3)
01-03 09:33:43.637 13088 13122 E cr_CronetUrlRequestContext: at com.google.common.util.concurrent.d.cancel(PG:8)
01-03 09:33:43.637 13088 13122 E cr_CronetUrlRequestContext: at com.google.common.util.concurrent.d.m(PG:2)
01-03 09:33:43.637 13088 13122 E cr_CronetUrlRequestContext: at com.google.common.util.concurrent.j.a(PG:1)
01-03 09:33:43.637 13088 13122 E cr_CronetUrlRequestContext: at com.google.common.util.concurrent.d.l(PG:3)
01-03 09:33:43.637 13088 13122 E cr_CronetUrlRequestContext: at com.google.common.util.concurrent.d.cancel(PG:8)
01-03 09:33:43.637 13088 13122 E cr_CronetUrlRequestContext: at com.google.common.util.concurrent.d.m(PG:2)
01-03 09:33:43.637 13088 13122 E cr_CronetUrlRequestContext: at com.google.common.util.concurrent.j.a(PG:1)
01-03 09:33:43.637 13088 13122 E cr_CronetUrlRequestContext: at com.google.common.util.concurrent.d.l(PG:3)
01-03 09:33:43.637 13088 13122 E cr_CronetUrlRequestContext: at com.google.common.util.concurrent.d.cancel(PG:8)
01-03 09:33:43.637 13088 13122 E cr_CronetUrlRequestContext: at com.google.common.util.concurrent.d.m(PG:2)
01-03 09:33:43.637 13088 13122 E cr_CronetUrlRequestContext: at com.google.common.util.concurrent.j.a(PG:1)
01-03 09:33:43.637 13088 13122 E cr_CronetUrlRequestContext: at com.google.common.util.concurrent.d.l(PG:3)
01-03 09:33:43.637 13088 13122 E cr_CronetUrlRequestContext: at com.google.common.util.concurrent.d.cancel(PG:8)
01-03 09:33:43.637 13088 13122 E cr_CronetUrlRequestContext: at com.google.common.util.concurrent.d.m(PG:2)
01-03 09:33:43.637 13088 13122 E cr_CronetUrlRequestContext: at com.google.common.util.concurrent.c.a(PG:1)
01-03 09:33:43.637 13088 13122 E cr_CronetUrlRequestContext: at com.google.common.util.concurrent.d.l(PG:3)
01-03 09:33:43.637 13088 13122 E cr_CronetUrlRequestContext: at com.google.common.util.concurrent.d.cancel(PG:8)
01-03 09:33:43.637 13088 13122 E cr_CronetUrlRequestContext: at com.google.common.util.concurrent.bu.cancel(PG:1)
01-03 09:33:43.637 13088 13122 E cr_CronetUrlRequestContext: at com.google.common.util.concurrent.d.cancel(PG:17)
01-03 09:33:43.637 13088 13122 E cr_CronetUrlRequestContext: at com.google.android.apps.gsa.staticplugins.bj.b.h.run(PG:2)
01-03 09:33:43.637 13088 13122 E cr_CronetUrlRequestContext: at com.google.common.util.concurrent.bf.execute(PG:1)
01-03 09:33:43.637 13088 13122 E cr_CronetUrlRequestContext: at com.google.common.util.concurrent.d.i(PG:1)
01-03 09:33:43.637 13088 13122 E cr_CronetUrlRequestContext: at com.google.common.util.concurrent.d.l(PG:12)
01-03 09:33:43.637 13088 13122 E cr_CronetUrlRequestContext: at com.google.common.util.concurrent.d.cancel(PG:8)
01-03 09:33:43.637 13088 13122 E cr_CronetUrlRequestContext: at com.google.common.util.concurrent.d.m(PG:2)
01-03 09:33:43.637 13088 13122 E cr_CronetUrlRequestContext: at com.google.common.util.concurrent.j.a(PG:1)
01-03 09:33:43.637 13088 13122 E cr_CronetUrlRequestContext: at com.google.common.util.concurrent.d.l(PG:3)
01-03 09:33:43.637 13088 13122 E cr_CronetUrlRequestContext: at com.google.common.util.concurrent.d.cancel(PG:8)
01-03 09:33:43.637 13088 13122 E cr_CronetUrlRequestContext: at com.google.android.apps.gsa.shared.util.c.aj.a(PG:2)
01-03 09:33:43.637 13088 13122 E cr_CronetUrlRequestContext: at com.google.common.util.concurrent.d.l(PG:3)
01-03 09:33:43.637 13088 13122 E cr_CronetUrlRequestContext: at com.google.common.util.concurrent.d.cancel(PG:8)
01-03 09:33:43.637 13088 13122 E cr_CronetUrlRequestContext: at com.google.common.util.concurrent.d.m(PG:2)
01-03 09:33:43.637 13088 13122 E cr_CronetUrlRequestContext: at com.google.common.util.concurrent.c.a(PG:1)
01-03 09:33:43.637 13088 13122 E cr_CronetUrlRequestContext: at com.google.common.util.concurrent.d.l(PG:3)
01-03 09:33:43.637 13088 13122 E cr_CronetUrlRequestContext: at com.google.common.util.concurrent.d.cancel(PG:8)
01-03 09:33:43.637 13088 13122 E cr_CronetUrlRequestContext: at com.google.android.apps.gsa.s3.o.a(PG:2)
01-03 09:33:43.637 13088 13122 E cr_CronetUrlRequestContext: at com.google.android.apps.gsa.s3.r.a(PG:1)
01-03 09:33:43.637 13088 13122 E cr_CronetUrlRequestContext: at com.google.android.apps.gsa.staticplugins.db.a.c.e(PG:2)
01-03 09:33:43.637 13088 13122 E cr_CronetUrlRequestContext: at com.google.android.apps.gsa.staticplugins.db.a.c.c(PG:3)
