01-03 09:33:45.546 10792 12262 I MlBenchmarkInstallerSch: ML Benchmark installer scheduler periodic task was set up. [CONTEXT service_id=340 ]
01-03 09:33:45.546 10792 12262 I MlBenchmarkInstaller: Device sampled out, skipping. [CONTEXT service_id=340 ]
01-03 09:33:45.547 10359 12284 E SchedPolicy: set_timerslack_ns prctl failed: Invalid argument
01-03 09:33:45.549 10359 11440 E SchedPolicy: set_timerslack_ns prctl failed: Invalid argument
01-03 09:33:45.549 10359 11374 E SQLiteLog: (14) cannot open file at line 32456 of [bda77dda96]
01-03 09:33:45.549 10359 11374 E SQLiteLog: (14) os_unix.c:32456: (24) open(/data/system_de/0/accounts_de.db-mj3D83F0961) -
01-03 09:33:45.550 10359 11374 E AccountManagerService: Account Manager Crash
01-03 09:33:45.550 10359 11374 E AccountManagerService: android.database.sqlite.SQLiteCantOpenDatabaseException: unable to open database file (code 14)
01-03 09:33:45.550 10359 11374 E AccountManagerService: at android.database.sqlite.SQLiteConnection.nativeExecute(Native Method)
01-03 09:33:45.550 10359 11374 E AccountManagerService: at android.database.sqlite.SQLiteConnection.execute(SQLiteConnection.java:555)
01-03 09:33:45.550 10359 11374 E AccountManagerService: at android.database.sqlite.SQLiteSession.endTransactionUnchecked(SQLiteSession.java:437)
01-03 09:33:45.550 10359 11374 E AccountManagerService: at android.database.sqlite.SQLiteSession.endTransaction(SQLiteSession.java:401)
01-03 09:33:45.550 10359 11374 E AccountManagerService: at android.database.sqlite.SQLiteDatabase.endTransaction(SQLiteDatabase.java:524)
01-03 09:33:45.550 10359 11374 E AccountManagerService: at com.android.server.accounts.AccountManagerService.setUserdataInternalLocked(AccountManagerService.java:2234)
01-03 09:33:45.550 10359 11374 E AccountManagerService: at com.android.server.accounts.AccountManagerService.setUserData(AccountManagerService.java:2188)
01-03 09:33:45.550 10359 11374 E AccountManagerService: at android.accounts.IAccountManager$Stub.onTransact(IAccountManager.java:367)
01-03 09:33:45.550 10359 11374 E AccountManagerService: at com.android.server.accounts.AccountManagerService.onTransact(AccountManagerService.java:513)
01-03 09:33:45.550 10359 11374 E AccountManagerService: at android.os.Binder.execTransact(Binder.java:565)
01-03 09:33:45.552 10359 11374 E JavaBinder: *** Uncaught remote exception! (Exceptions are not yet supported across processes.)
01-03 09:33:45.552 10359 11374 E JavaBinder: android.database.sqlite.SQLiteCantOpenDatabaseException: unable to open database file (code 14)
01-03 09:33:45.552 10359 11374 E JavaBinder: at android.database.sqlite.SQLiteConnection.nativeExecute(Native Method)01-03 09:33:45.552 10359 11374 E JavaBinder: at android.database.sqlite.SQLiteConnection.execute(SQLiteConnection.java:555)
01-03 09:33:45.552 10359 11374 E JavaBinder: at android.database.sqlite.SQLiteSession.endTransactionUnchecked(SQLiteSession.java:437)
01-03 09:33:45.552 10359 11374 E JavaBinder: at android.database.sqlite.SQLiteSession.endTransaction(SQLiteSession.java:401)
01-03 09:33:45.552 10359 11374 E JavaBinder: at android.database.sqlite.SQLiteDatabase.endTransaction(SQLiteDatabase.java:524)
01-03 09:33:45.552 10359 11374 E JavaBinder: at com.android.server.accounts.AccountManagerService.setUserdataInternalLocked(AccountManagerService.java:2234)
01-03 09:33:45.552 10359 11374 E JavaBinder: at com.android.server.accounts.AccountManagerService.setUserData(AccountManagerService.java:2188)
01-03 09:33:45.552 10359 11374 E JavaBinder: at android.accounts.IAccountManager$Stub.onTransact(IAccountManager.java:367)
01-03 09:33:45.552 10359 11374 E JavaBinder: at com.android.server.accounts.AccountManagerService.onTransact(AccountManagerService.java:513)
01-03 09:33:45.552 10359 11374 E JavaBinder: at android.os.Binder.execTransact(Binder.java:565)
01-03 09:33:45.552 10359 11374 E SchedPolicy: set_timerslack_ns prctl failed: Invalid argument
01-03 09:33:45.553 10792 10792 I MlBenchmarkInstaller: (REDACTED) Feature unrequest success = %b
01-03 09:33:45.556 10359 12284 E SchedPolicy: set_timerslack_ns prctl failed: Invalid argument
01-03 09:33:45.556 10359 11374 E SQLiteLog: (14) cannot open file at line 32456 of [bda77dda96]
01-03 09:33:45.556 10359 11374 E SQLiteLog: (14) os_unix.c:32456: (24) open(/data/system_ce/0/accounts_ce.db-journal) -
01-03 09:33:45.556 10359 11374 E SQLiteLog: (14) statement aborts at 10: [DELETE FROM ceDb.authtokens WHERE _id=84136]
01-03 09:33:45.556 10359 10371 E SchedPolicy: set_timerslack_ns prctl failed: Invalid argument
01-03 09:33:45.556 10359 12284 E SchedPolicy: set_timerslack_ns prctl failed: Invalid argument
01-03 09:33:45.556 10359 11440 E SchedPolicy: set_timerslack_ns prctl failed: Invalid argument
01-03 09:33:45.556 10359 10371 E SchedPolicy: set_timerslack_ns prctl failed: Invalid argument
01-03 09:33:45.557 10359 10371 E SchedPolicy: set_timerslack_ns prctl failed: Invalid argument
01-03 09:33:45.559 10359 11374 E AccountManagerService: Account Manager Crash
01-03 09:33:45.559 10359 11374 E AccountManagerService: android.database.sqlite.SQLiteCantOpenDatabaseException: unable to open database file (code 14)
01-03 09:33:45.559 10359 11374 E AccountManagerService: at android.database.sqlite.SQLiteConnection.nativeExecuteForChangedRowCount(Native Method)
01-03 09:33:45.559 10359 11374 E AccountManagerService: at android.database.sqlite.SQLiteConnection.executeForChangedRowCount(SQLiteConnection.java:734)
01-03 09:33:45.559 10359 11374 E AccountManagerService: at android.database.sqlite.SQLiteSession.executeForChangedRowCount(SQLiteSession.java:754)
01-03 09:33:45.559 10359 11374 E AccountManagerService: at android.database.sqlite.SQLiteStatement.executeUpdateDelete(SQLiteStatement.java:64)
01-03 09:33:45.559 10359 11374 E AccountManagerService: at android.database.sqlite.SQLiteDatabase.delete(SQLiteDatabase.java:1502)
01-03 09:33:45.559 10359 11374 E AccountManagerService: at com.android.server.accounts.AccountManagerService.invalidateAuthTokenLocked(AccountManagerService.java:1935)
01-03 09:33:45.559 10359 11374 E AccountManagerService: at com.android.server.accounts.AccountManagerService.invalidateAuthToken(AccountManagerService.java:1891)
01-03 09:33:45.559 10359 11374 E AccountManagerService: at android.accounts.IAccountManager$Stub.onTransact(IAccountManager.java:284)
01-03 09:33:45.559 10359 11374 E AccountManagerService: at com.android.server.accounts.AccountManagerService.onTransact(AccountManagerService.java:513)
01-03 09:33:45.559 10359 11374 E AccountManagerService: at android.os.Binder.execTransact(Binder.java:565)
01-03 09:33:45.563 13517 13528 W art : Suspending all threads took: 11.831ms
01-03 09:33:45.563 10359 10371 E SchedPolicy: set_timerslack_ns prctl failed: Invalid argument
01-03 09:33:45.563 10359 11374 E JavaBinder: *** Uncaught remote exception! (Exceptions are not yet supported across processes.)
01-03 09:33:45.563 10359 11374 E JavaBinder: android.database.sqlite.SQLiteCantOpenDatabaseException: unable to open database file (code 14)
01-03 09:33:45.563 10359 11374 E JavaBinder: at android.database.sqlite.SQLiteConnection.nativeExecuteForChangedRowCount(Native Method)
01-03 09:33:45.563 10359 11374 E JavaBinder: at android.database.sqlite.SQLiteConnection.executeForChangedRowCount(SQLiteConnection.java:734)
01-03 09:33:45.563 10359 11374 E JavaBinder: at android.database.sqlite.SQLiteSession.executeForChangedRowCount(SQLiteSession.java:754)
01-03 09:33:45.563 10359 11374 E JavaBinder: at android.database.sqlite.SQLiteStatement.executeUpdateDelete(SQLiteStatement.java:64)
01-03 09:33:45.563 10359 11374 E JavaBinder: at android.database.sqlite.SQLiteDatabase.delete(SQLiteDatabase.java:1502)
01-03 09:33:45.563 10359 11374 E JavaBinder: at com.android.server.accounts.AccountManagerService.invalidateAuthTokenLocked(AccountManagerService.java:1935)
01-03 09:33:45.563 10359 11374 E JavaBinder: at com.android.server.accounts.AccountManagerService.invalidateAuthToken(AccountManagerService.java:1891)
01-03 09:33:45.563 10359 11374 E JavaBinder: at android.accounts.IAccountManager$Stub.onTransact(IAccountManager.java:284)
01-03 09:33:45.563 10359 11374 E JavaBinder: at com.android.server.accounts.AccountManagerService.onTransact(AccountManagerService.java:513)
01-03 09:33:45.563 10359 11374 E JavaBinder: at android.os.Binder.execTransact(Binder.java:565)
01-03 09:33:45.563 10359 10371 E SchedPolicy: set_timerslack_ns prctl failed: Invalid argument
01-03 09:33:45.563 10359 10371 E SchedPolicy: set_timerslack_ns prctl failed: Invalid argument
01-03 09:33:45.563 10359 10371 E SchedPolicy: set_timerslack_ns prctl failed: Invalid argument
01-03 09:33:45.577 13167 13265 W ResourceType: ResTable_typeSpec entry count inconsistent: given 88, previously 90
01-03 09:33:45.577 13167 13265 W ResourceType: ResTable_typeSpec entry count inconsistent: given 168, previously 172
01-03 09:33:45.577 13167 13265 W ResourceType: ResTable_typeSpec entry count inconsistent: given 3481, previously 3501
01-03 09:33:45.588 10359 11374 E SchedPolicy: set_timerslack_ns prctl failed: Invalid argument
01-03 09:33:45.588 10359 11374 E SchedPolicy: set_timerslack_ns prctl failed: Invalid argument
01-03 09:33:45.610 10359 10371 E SchedPolicy: set_timerslack_ns prctl failed: Invalid argument
01-03 09:33:45.610 10359 10371 E SchedPolicy: set_timerslack_ns prctl failed: Invalid argument
01-03 09:33:45.610 10359 10371 E SchedPolicy: set_timerslack_ns prctl failed: Invalid argument
01-03 09:33:45.610 10359 10371 E SchedPolicy: set_timerslack_ns prctl failed: Invalid argument
01-03 09:33:45.610 10359 10371 E SchedPolicy: set_timerslack_ns prctl failed: Invalid argument
01-03 09:33:45.610 10359 10371 E SchedPolicy: set_timerslack_ns prctl failed: Invalid argument
01-03 09:33:45.610 10359 10371 E SchedPolicy: set_timerslack_ns prctl failed: Invalid argument
01-03 09:33:45.610 10359 10371 E SchedPolicy: set_timerslack_ns prctl failed: Invalid argument
01-03 09:33:45.610 10359 10371 E SchedPolicy: set_timerslack_ns prctl failed: Invalid argument
01-03 09:33:45.610 10359 10371 E SchedPolicy: set_timerslack_ns prctl failed: Invalid argument
01-03 09:33:45.610 10359 10371 E SchedPolicy: set_timerslack_ns prctl failed: Invalid argument
01-03 09:33:45.610 10359 10371 E SchedPolicy: set_timerslack_ns prctl failed: Invalid argument
01-03 09:33:45.610 10359 10371 E SchedPolicy: set_timerslack_ns prctl failed: Invalid argument
01-03 09:33:45.610 10359 10371 E SchedPolicy: set_timerslack_ns prctl failed: Invalid argument
01-03 09:33:45.610 10359 10371 E SchedPolicy: set_timerslack_ns prctl failed: Invalid argument
01-03 09:33:45.610 10359 10371 E SchedPolicy: set_timerslack_ns prctl failed: Invalid argument
01-03 09:33:45.610 10359 10371 E SchedPolicy: set_timerslack_ns prctl failed: Invalid argument
01-03 09:33:45.610 10359 10371 E SchedPolicy: set_timerslack_ns prctl failed: Invalid argument
01-03 09:33:45.610 10359 10371 E SchedPolicy: set_timerslack_ns prctl failed: Invalid argument
01-03 09:33:45.616 13167 13175 E System : Uncaught exception thrown by finalizer
01-03 09:33:45.616 13167 13175 E System : java.lang.IllegalStateException: Lock wasn't released correctly
01-03 09:33:45.616 13167 13175 E System : at baos.finalize(:com.google.android.gms@233414015@23.34.14 (040300-560151436):12)
01-03 09:33:45.616 13167 13175 E System : at java.lang.Daemons$FinalizerDaemon.doFinalize(Daemons.java:222)
01-03 09:33:45.616 13167 13175 E System : at java.lang.Daemons$FinalizerDaemon.run(Daemons.java:209)
01-03 09:33:45.616 13167 13175 E System : at java.lang.Thread.run(Thread.java:761)
01-03 09:33:45.616 13167 13175 E System : Uncaught exception thrown by finalizer
01-03 09:33:45.617 13167 13175 E System : java.lang.IllegalStateException: Lock wasn't released correctly
01-03 09:33:45.617 13167 13175 E System : at baos.finalize(:com.google.android.gms@233414015@23.34.14 (040300-560151436):12)
01-03 09:33:45.617 13167 13175 E System : at java.lang.Daemons$FinalizerDaemon.doFinalize(Daemons.java:222)
01-03 09:33:45.617 13167 13175 E System : at java.lang.Daemons$FinalizerDaemon.run(Daemons.java:209)
01-03 09:33:45.617 13167 13175 E System : at java.lang.Thread.run(Thread.java:761)
01-03 09:33:45.619 13167 13175 E System : Uncaught exception thrown by finalizer
01-03 09:33:45.619 13167 13175 E System : java.lang.IllegalStateException: Lock wasn't released correctly
01-03 09:33:45.619 13167 13175 E System : at baos.finalize(:com.google.android.gms@233414015@23.34.14 (040300-560151436):12)
01-03 09:33:45.619 13167 13175 E System : at java.lang.Daemons$FinalizerDaemon.doFinalize(Daemons.java:222)
01-03 09:33:45.619 13167 13175 E System : at java.lang.Daemons$FinalizerDaemon.run(Daemons.java:209)
01-03 09:33:45.619 13167 13175 E System : at java.lang.Thread.run(Thread.java:761)
01-03 09:33:45.620 13167 13175 E System : Uncaught exception thrown by finalizer
01-03 09:33:45.621 13167 13175 E System : java.lang.IllegalStateException: Lock wasn't released correctly
01-03 09:33:45.621 13167 13175 E System : at baos.finalize(:com.google.android.gms@233414015@23.34.14 (040300-560151436):12)
01-03 09:33:45.621 13167 13175 E System : at java.lang.Daemons$FinalizerDaemon.doFinalize(Daemons.java:222)
01-03 09:33:45.621 13167 13175 E System : at java.lang.Daemons$FinalizerDaemon.run(Daemons.java:209)
01-03 09:33:45.621 13167 13175 E System : at java.lang.Thread.run(Thread.java:761)
01-03 09:33:45.622 13167 13175 E System : Uncaught exception thrown by finalizer
01-03 09:33:45.622 13167 13175 E System : java.lang.IllegalStateException: Lock wasn't released correctly
01-03 09:33:45.622 13167 13175 E System : at baos.finalize(:com.google.android.gms@233414015@23.34.14 (040300-560151436):12)
01-03 09:33:45.622 13167 13175 E System : at java.lang.Daemons$FinalizerDaemon.doFinalize(Daemons.java:222)
01-03 09:33:45.622 13167 13175 E System : at java.lang.Daemons$FinalizerDaemon.run(Daemons.java:209)
01-03 09:33:45.622 13167 13175 E System : at java.lang.Thread.run(Thread.java:761)
01-03 09:33:45.622 13167 13175 E System : Uncaught exception thrown by finalizer
01-03 09:33:45.623 13167 13175 E System : java.lang.IllegalStateException: Lock wasn't released correctly
01-03 09:33:45.623 13167 13175 E System : at baos.finalize(:com.google.android.gms@233414015@23.34.14 (040300-560151436):12)
01-03 09:33:45.623 13167 13175 E System : at java.lang.Daemons$FinalizerDaemon.doFinalize(Daemons.java:222)
01-03 09:33:45.623 13167 13175 E System : at java.lang.Daemons$FinalizerDaemon.run(Daemons.java:209)
01-03 09:33:45.623 13167 13175 E System : at java.lang.Thread.run(Thread.java:761)
01-03 09:33:45.624 13167 13177 I art : Background partial concurrent mark sweep GC freed 34982(2MB) AllocSpace objects, 1(20KB) LOS objects, 39% free, 8MB/14MB, paused 5.937ms total 214.639ms
01-03 09:33:45.634 13167 13167 D BoundBrokerSvc: onBind: Intent { act=com.google.android.gms.libs.gmscorelogger.service.START dat=chimera-action: cmp=com.google.android.gms/.chimera.PersistentDirectBootAwareApiService }
01-03 09:33:45.634 13167 13167 D BoundBrokerSvc: Loading bound service for intent: Intent { act=com.google.android.gms.libs.gmscorelogger.service.START dat=chimera-action: cmp=com.google.android.gms/.chimera.PersistentDirectBootAwareApiService }
01-03 09:33:45.635 13517 13574 I SP : Registering ttsvoices.1781, url: null, constraints: *:*:*:*, flags: *, requested: 1781, current: 1781
01-03 09:33:45.636 10359 11440 E SchedPolicy: set_timerslack_ns prctl failed: Invalid argument
01-03 09:33:45.643 13167 13228 I GMS_MM_Logger: (REDACTED) Start time: %s
01-03 09:33:45.643 13167 13228 I GMS_MM_Logger: Started.
01-03 09:33:45.658 10359 10371 E SchedPolicy: set_timerslack_ns prctl failed: Invalid argument
01-03 09:33:45.669 10792 13166 I Nearby : (REDACTED) is blocked device type %s, isAuto=%s, isIot=%s, isLatchsky=%s, isChinaWearable=%s, isTv=%s, isWearable=%s (supportWearOs=%s), isChromeOsDevice=%s (supportChromeOs=%s)
01-03 09:33:45.670 10359 12284 E SchedPolicy: set_timerslack_ns prctl failed: Invalid argument
01-03 09:33:45.673 10359 12284 E SchedPolicy: set_timerslack_ns prctl failed: Invalid argument
01-03 09:33:45.673 10359 11440 E SchedPolicy: set_timerslack_ns prctl failed: Invalid argument
01-03 09:33:45.674 10792 13572 I NearbyFastPair: (REDACTED) onInitRuntimeState isEnableWearableListener: %s
01-03 09:33:45.678 10792 13572 I NearbyFastPair: FastPairInitIntentOperation: check the Footprints sync tasks. [CONTEXT service_id=265 ]
01-03 09:33:45.678 10359 11440 E SchedPolicy: set_timerslack_ns prctl failed: Invalid argument
01-03 09:33:45.680 10792 13572 I NearbyFastPair: (REDACTED) TaskSchedulerUtils cancelTask %s success.
01-03 09:33:45.680 10792 13572 I NearbyFastPair: TSS cancel footprints recon sync [CONTEXT service_id=265 ]
01-03 09:33:45.680 10359 12284 E SchedPolicy: set_timerslack_ns prctl failed: Invalid argument
01-03 09:33:45.681 10792 13572 I NearbyFastPair: (REDACTED) TaskSchedulerUtils cancelTask %s success.
01-03 09:33:45.684 13167 13265 V NFC : this device does not have NFC support
01-03 09:33:45.689 10359 12284 E SchedPolicy: set_timerslack_ns prctl failed: Invalid argument
01-03 09:33:45.700 13167 13265 W TapAndPay: NfcAdapter is null while obtaining CardEmulation instance. [CONTEXT service_id=79 ]
01-03 09:33:45.700 13167 13265 W TapAndPay: java.lang.NullPointerException: NfcAdapter is null
01-03 09:33:45.700 13167 13265 W TapAndPay: at android.nfc.cardemulation.CardEmulation.getInstance(CardEmulation.java:146)
01-03 09:33:45.700 13167 13265 W TapAndPay: at bzlf.(:com.google.android.gms@233414015@23.34.14 (040300-560151436):15)
01-03 09:33:45.700 13167 13265 W TapAndPay: at com.google.android.gms.tapandpay.hce.task.TapAndPayAidRegistrationTaskOperation.a(:com.google.android.gms@233414015@23.34.14 (040300-560151436):51)
01-03 09:33:45.700 13167 13265 W TapAndPay: at com.google.android.gms.tapandpay.gcmtask.TapAndPayGcmTaskChimeraService.gQ(:com.google.android.gms@233414015@23.34.14 (040300-560151436):32)
01-03 09:33:45.700 13167 13265 W TapAndPay: at bbdy.call(:com.google.android.gms@233414015@23.34.14 (040300-560151436):32)
01-03 09:33:45.700 13167 13265 W TapAndPay: at java.util.concurrent.FutureTask.run(FutureTask.java:237)
01-03 09:33:45.700 13167 13265 W TapAndPay: at ahhy.c(:com.google.android.gms@233414015@23.34.14 (040300-560151436):50)
01-03 09:33:45.700 13167 13265 W TapAndPay: at ahhy.run(:com.google.android.gms@233414015@23.34.14 (040300-560151436):76)
01-03 09:33:45.700 13167 13265 W TapAndPay: at java.util.concurrent.ThreadPoolExecutor.runWorker(ThreadPoolExecutor.java:1133)
01-03 09:33:45.700 13167 13265 W TapAndPay: at java.util.concurrent.ThreadPoolExecutor$Worker.run(ThreadPoolExecutor.java:607)
01-03 09:33:45.700 13167 13265 W TapAndPay: at ahnh.run(:com.google.android.gms@233414015@23.34.14 (040300-560151436):8)
01-03 09:33:45.700 13167 13265 W TapAndPay: at java.lang.Thread.run(Thread.java:761)
01-03 09:33:45.701 10359 11440 E SchedPolicy: set_timerslack_ns prctl failed: Invalid argument
01-03 09:33:45.702 10792 11029 I NearbySharing: onBindSlice failed since shareTargets is empty [CONTEXT service_id=194 ]01-03 09:33:45.703 13167 13228 I Watchcat: Started
01-03 09:33:45.705 10359 10371 E SchedPolicy: set_timerslack_ns prctl failed: Invalid argument
01-03 09:33:45.705 10792 13575 I NearbySharing: Runtime state initialization complete. Sharing is enabled. [CONTEXT service_id=194 ]
01-03 09:33:45.706 10359 10371 E SchedPolicy: set_timerslack_ns prctl failed: Invalid argument
01-03 09:33:45.706 10359 10371 E SchedPolicy: set_timerslack_ns prctl failed: Invalid argument
01-03 09:33:45.713 10359 10371 E SchedPolicy: set_timerslack_ns prctl failed: Invalid argument
01-03 09:33:45.716 10359 10371 E SchedPolicy: set_timerslack_ns prctl failed: Invalid argument
01-03 09:33:45.733 10359 10371 E SchedPolicy: set_timerslack_ns prctl failed: Invalid argument
01-03 09:33:45.734 10792 11029 I NearbySharing: (REDACTED) Granted slice and Uri permissions to %s
01-03 09:33:45.736 10792 11029 I NearbySharing: (REDACTED) Granted slice and Uri permissions to %s
01-03 09:33:45.739 10359 10371 E SchedPolicy: set_timerslack_ns prctl failed: Invalid argument
01-03 09:33:45.749 10359 10371 E SchedPolicy: set_timerslack_ns prctl failed: Invalid argument
01-03 09:33:45.766 10359 10830 E SchedPolicy: set_timerslack_ns prctl failed: Invalid argument
01-03 09:33:45.776 10359 10371 E SchedPolicy: set_timerslack_ns prctl failed: Invalid argument
01-03 09:33:45.793 10359 12284 E SchedPolicy: set_timerslack_ns prctl failed: Invalid argument
01-03 09:33:45.843 13167 13167 I NearbySharing: ReceiveSurfaceService started [CONTEXT service_id=194 ]
01-03 09:33:45.862 10359 10371 E SchedPolicy: set_timerslack_ns prctl failed: Invalid argument
01-03 09:33:45.864 10359 12284 E SchedPolicy: set_timerslack_ns prctl failed: Invalid argument
01-03 09:33:45.864 10359 12284 E SchedPolicy: set_timerslack_ns prctl failed: Invalid argument
01-03 09:33:45.864 10359 12284 E SchedPolicy: set_timerslack_ns prctl failed: Invalid argument
01-03 09:33:45.864 10359 12284 E SchedPolicy: set_timerslack_ns prctl failed: Invalid argument
01-03 09:33:45.864 10359 12284 E SchedPolicy: set_timerslack_ns prctl failed: Invalid argument
01-03 09:33:45.864 10359 12284 E SchedPolicy: set_timerslack_ns prctl failed: Invalid argument
01-03 09:33:45.864 10359 12284 E SchedPolicy: set_timerslack_ns prctl failed: Invalid argument
01-03 09:33:45.864 10359 12284 E SchedPolicy: set_timerslack_ns prctl failed: Invalid argument
01-03 09:33:45.864 10359 12284 E SchedPolicy: set_timerslack_ns prctl failed: Invalid argument
01-03 09:33:45.864 10359 12284 E SchedPolicy: set_timerslack_ns prctl failed: Invalid argument
01-03 09:33:45.864 10359 12284 E SchedPolicy: set_timerslack_ns prctl failed: Invalid argument
01-03 09:33:45.864 10359 12284 E SchedPolicy: set_timerslack_ns prctl failed: Invalid argument
01-03 09:33:45.864 10359 12284 E SchedPolicy: set_timerslack_ns prctl failed: Invalid argument
01-03 09:33:45.864 10359 12284 E SchedPolicy: set_timerslack_ns prctl failed: Invalid argument
01-03 09:33:45.864 10359 12284 E SchedPolicy: set_timerslack_ns prctl failed: Invalid argument
01-03 09:33:45.864 10359 12284 E SchedPolicy: set_timerslack_ns prctl failed: Invalid argument
01-03 09:33:45.864 10359 12284 E SchedPolicy: set_timerslack_ns prctl failed: Invalid argument
01-03 09:33:45.865 10359 12284 E SchedPolicy: set_timerslack_ns prctl failed: Invalid argument
01-03 09:33:45.865 10359 12284 E SchedPolicy: set_timerslack_ns prctl failed: Invalid argument
01-03 09:33:45.904 13517 13560 I VoiceDataDownloader: Superpacks created and default voices checked.
01-03 09:33:45.905 10359 10830 E SchedPolicy: set_timerslack_ns prctl failed: Invalid argument
01-03 09:33:45.905 10359 10830 E SchedPolicy: set_timerslack_ns prctl failed: Invalid argument
01-03 09:33:45.905 10359 10830 E SchedPolicy: set_timerslack_ns prctl failed: Invalid argument
01-03 09:33:45.905 10359 10830 E SchedPolicy: set_timerslack_ns prctl failed: Invalid argument
01-03 09:33:45.905 10359 10830 E SchedPolicy: set_timerslack_ns prctl failed: Invalid argument
01-03 09:33:45.905 10359 10830 E SchedPolicy: set_timerslack_ns prctl failed: Invalid argument
01-03 09:33:45.905 10359 10830 E SchedPolicy: set_timerslack_ns prctl failed: Invalid argument
01-03 09:33:45.905 10359 10830 E SchedPolicy: set_timerslack_ns prctl failed: Invalid argument
01-03 09:33:45.905 10359 10830 E SchedPolicy: set_timerslack_ns prctl failed: Invalid argument
01-03 09:33:45.905 10359 10830 E SchedPolicy: set_timerslack_ns prctl failed: Invalid argument
01-03 09:33:45.905 10359 10830 E SchedPolicy: set_timerslack_ns prctl failed: Invalid argument
01-03 09:33:45.905 10359 10830 E SchedPolicy: set_timerslack_ns prctl failed: Invalid argument
01-03 09:33:45.905 10359 10830 E SchedPolicy: set_timerslack_ns prctl failed: Invalid argument
01-03 09:33:45.905 13517 13560 I VoiceDataDownloader: Successfully initialized Superpacks.
01-03 09:33:45.905 10359 10830 E SchedPolicy: set_timerslack_ns prctl failed: Invalid argument
01-03 09:33:45.905 10359 10830 E SchedPolicy: set_timerslack_ns prctl failed: Invalid argument
01-03 09:33:45.906 10359 10830 E SchedPolicy: set_timerslack_ns prctl failed: Invalid argument
01-03 09:33:45.906 10359 10830 E SchedPolicy: set_timerslack_ns prctl failed: Invalid argument
01-03 09:33:45.906 10359 10830 E SchedPolicy: set_timerslack_ns prctl failed: Invalid argument
01-03 09:33:45.906 10359 10830 E SchedPolicy: set_timerslack_ns prctl failed: Invalid argument
01-03 09:33:45.910 10792 11029 E WakeLock: DG:service ** IS FORCE-RELEASED ON TIMEOUT **
01-03 09:33:45.911 10792 11029 E WakeLock: DG:service should be held!
01-03 09:33:45.922 10359 10370 E SchedPolicy: set_timerslack_ns prctl failed: Invalid argument
01-03 09:33:45.922 10359 10370 E SchedPolicy: set_timerslack_ns prctl failed: Invalid argument
01-03 09:33:45.935 10359 10370 E SchedPolicy: set_timerslack_ns prctl failed: Invalid argument
01-03 09:33:45.938 10792 12262 I SystemUpdate: [Installation,ReceiverIntentOperation] Received intent: Intent { act=com.google.android.gms.update.BASE_MODULE_INIT cat=[targeted_intent_op_prefix:.update.control.ReceiverIntentOperation] cmp=com.google.android.gms/.chimera.GmsIntentOperationService }.
01-03 09:33:45.939 10359 10370 E SchedPolicy: set_timerslack_ns prctl failed: Invalid argument
01-03 09:33:45.940 10359 10370 E SchedPolicy: set_timerslack_ns prctl failed: Invalid argument
01-03 09:33:45.940 10359 10370 E SchedPolicy: set_timerslack_ns prctl failed: Invalid argument
01-03 09:33:45.941 10359 10370 E SchedPolicy: set_timerslack_ns prctl failed: Invalid argument
01-03 09:33:45.941 10359 10370 E SchedPolicy: set_timerslack_ns prctl failed: Invalid argument
01-03 09:33:45.941 10359 10370 E SchedPolicy: set_timerslack_ns prctl failed: Invalid argument
01-03 09:33:45.948 10359 10830 E SchedPolicy: set_timerslack_ns prctl failed: Invalid argument
01-03 09:33:45.948 10359 11440 E SchedPolicy: set_timerslack_ns prctl failed: Invalid argument
01-03 09:33:45.949 10792 13572 I Pay : Requested immediate check to see whether to show pay module downloading complete notification. [CONTEXT service_id=198 ]
01-03 09:33:45.961 10359 12284 E SchedPolicy: set_timerslack_ns prctl failed: Invalid argument
01-03 09:33:45.962 10359 10371 E SchedPolicy: set_timerslack_ns prctl failed: Invalid argument
01-03 09:33:45.964 10359 10371 E SchedPolicy: set_timerslack_ns prctl failed: Invalid argument
01-03 09:33:45.980 10359 10370 E SchedPolicy: set_timerslack_ns prctl failed: Invalid argument
01-03 09:33:45.981 10359 10371 E SchedPolicy: set_timerslack_ns prctl failed: Invalid argument
01-03 09:33:45.992 10792 13166 I SystemUpdate: [Execution,InstallationEventIntentOperation] Handling event of type 1.
01-03 09:33:46.010 10792 13581 I SystemUpdate: [Execution,InstallationIntentOperation] Received intent: Intent { act=com.google.android.gms.update.INSTALL_UPDATE cat=[targeted_intent_op_prefix:.update.execution.InstallationIntentOperation] cmp=com.google.android.gms/.chimera.GmsIntentOperationService }.
01-03 09:33:46.017 10792 13581 I SystemUpdate: [Execution,ExecutionManager] Action finished-execution executed for 0.00 seconds.
01-03 09:33:46.017 10792 13581 E WakeLock: IntentOp:.update.execution.InstallationIntentOperation should be held!
01-03 09:33:46.023 10359 10371 E SchedPolicy: set_timerslack_ns prctl failed: Invalid argument
01-03 09:33:46.024 10359 10371 E SchedPolicy: set_timerslack_ns prctl failed: Invalid argument
01-03 09:33:46.047 10359 12284 E SchedPolicy: set_timerslack_ns prctl failed: Invalid argument
01-03 09:33:46.051 13167 13569 I Nearby : (REDACTED) is blocked device type %s, isAuto=%s, isIot=%s, isLatchsky=%s, isChinaWearable=%s, isTv=%s, isWearable=%s (supportWearOs=%s), isChromeOsDevice=%s (supportChromeOs=%s)
01-03 09:33:46.077 10359 12284 E SchedPolicy: set_timerslack_ns prctl failed: Invalid argument
01-03 09:33:46.080 10359 12284 E SchedPolicy: set_timerslack_ns prctl failed: Invalid argument
01-03 09:33:46.090 10359 10371 E SchedPolicy: set_timerslack_ns prctl failed: Invalid argument
01-03 09:33:46.091 10359 10370 E SchedPolicy: set_timerslack_ns prctl failed: Invalid argument
01-03 09:33:46.091 10359 10371 E SchedPolicy: set_timerslack_ns prctl failed: Invalid argument
01-03 09:33:46.095 10359 10371 E SchedPolicy: set_timerslack_ns prctl failed: Invalid argument
01-03 09:33:46.099 10359 10371 E SchedPolicy: set_timerslack_ns prctl failed: Invalid argument
01-03 09:33:46.102 10359 10371 E SchedPolicy: set_timerslack_ns prctl failed: Invalid argument
01-03 09:33:46.166 10359 10370 E SchedPolicy: set_timerslack_ns prctl failed: Invalid argument
01-03 09:33:46.177 10196 10460 E CameraService: No camera be found ! check again...
01-03 09:33:46.177 10196 10460 I CameraService: CameraService process starting
01-03 09:33:46.183 10196 10460 D CameraHal: createInstance(1035): open xml file(/etc/cam_board.xml) success
01-03 09:33:46.183 10196 10460 E CameraHal: cam_board.xml version(v0x0.0x0.0x0) != xml parser version(v0x0.0xf.0x0)
01-03 09:33:46.183 10196 10460 D CameraHal:
01-03 09:33:46.183 10196 10460 D CameraHal:
01-03 09:33:46.183 10196 10460 D CameraHal:
01-03 09:33:46.183 10196 10460 D CameraHal: Cam_board.xml Version Check:
01-03 09:33:46.183 10196 10460 D CameraHal: /etc/cam_board.xml : v0.0xf.0
01-03 09:33:46.183 10196 10460 D CameraHal: CameraHal_board_xml_parser: v0x0.0xf.0x0
01-03 09:33:46.183 10196 10460 D CameraHal: ParserSensorInfo(190): SensorName(OV8858)
01-03 09:33:46.183 10196 10460 D CameraHal: ParserSensorInfo(196): lensName(LG-9569A2)
01-03 09:33:46.183 10196 10460 D CameraHal: ParserSensorInfo(198): SensorDevID(CAMSYS_DEVID_SENSOR_1B)
01-03 09:33:46.183 10196 10460 D CameraHal: ParserSensorInfo(209): SensorDevID(33554432)
01-03 09:33:46.183 10196 10460 D CameraHal: ParserSensorInfo(211): SensorHostDevID(CAMSYS_DEVID_MARVIN)
01-03 09:33:46.183 10196 10460 D CameraHal: ParserSensorInfo(226): Sensori2cBusNum(3)
01-03 09:33:46.183 10196 10460 D CameraHal: ParserSensorInfo(229): SensorI2cAddrByte(2)
01-03 09:33:46.183 10196 10460 D CameraHal: ParserSensorInfo(232): SensorI2cRate(100000)
01-03 09:33:46.183 10196 10460 D CameraHal: ParserSensorInfo(240): SensorAvdd(NC) min(0) max(0)
01-03 09:33:46.183 10196 10460 D CameraHal: ParserSensorInfo(254): SensorDvdd(NC) min(0) max(0)
01-03 09:33:46.183 10196 10460 D CameraHal: ParserSensorInfo(247): SensorDovdd(NC) min(18000000) max(18000000)
01-03 09:33:46.183 10196 10460 D CameraHal: ParserSensorInfo(235): SensorMclk(24000000)
01-03 09:33:46.183 10196 10460 D CameraHal: ParserSensorInfo(285): SensorGpioPwen(RK30_PIN0_PC1) active(1)
01-03 09:33:46.183 10196 10460 D CameraHal: ParserSensorInfo(279): SensorGpioRst(RK30_PIN2_PB5) active(0)
01-03 09:33:46.183 10196 10460 D CameraHal: ParserSensorInfo(261): SensorGpioPwdn(RK30_PIN2_PB7) active(0)
01-03 09:33:46.183 10196 10460 D CameraHal: ParserSensorInfo(291): SensorFacing(front)
01-03 09:33:46.183 10196 10460 D CameraHal: ParserSensorInfo(300): SensorInterface(MIPI)
01-03 09:33:46.183 10196 10460 D CameraHal: ParserSensorInfo(313): SensorMirrorFlip(0)
01-03 09:33:46.183 10196 10460 D CameraHal: ParserSensorInfo(316): SensorOrientation(0)
01-03 09:33:46.184 10196 10460 D CameraHal: ParserSensorInfo(435): SensorFovParemeter fov_h(60.0)(60.000000) fov_v(60.0)(60.000000)
01-03 09:33:46.184 10196 10460 D CameraHal: ParserSensorInfo(438): SensorAWB_Frame_Skip fps(15)
01-03 09:33:46.184 10196 10460 D CameraHal: ParserSensorInfo(397): SensorGpioPwdn(RK30_PIN2_PB7) active(0)
01-03 09:33:46.184 10196 10460 D CameraHal: ParserSensorInfo(405): SensorPhy: MIPI lane: 4 phyindex: 0 fmt: 0x2b
01-03 09:33:46.184 10196 10460 D CameraHal: ParserVCMInfo(450): VCMDrvName(BuiltInSensor)
01-03 09:33:46.184 10196 10460 D CameraHal: ParserVCMInfo(453): VCMName(NC)
01-03 09:33:46.184 10196 10460 D CameraHal: ParserVCMInfo(456): VCMI2cBusNum(3)
01-03 09:33:46.184 10196 10460 D CameraHal: ParserVCMInfo(459): VCMI2cAddrByte(2)
01-03 09:33:46.184 10196 10460 D CameraHal: ParserVCMInfo(462): VCMI2cRate(0)
01-03 09:33:46.184 10196 10460 D CameraHal: ParserVCMInfo(477): VCMVdd(NC) min(0) max(0)
01-03 09:33:46.184 10196 10460 D CameraHal: ParserVCMInfo(471): VCMGpioPower(RK30_PIN7_PA5) active(1)
01-03 09:33:46.184 10196 10460 D CameraHal: ParserVCMInfo(465): VCMGpioPwdn(NC) active(0)
01-03 09:33:46.184 10196 10460 D CameraHal: ParserVCMInfo(490): start current(0) rated current(100) vcm max(100) step mode(4) drv max(100)
01-03 09:33:46.184 10196 10460 D CameraHal: ParserFlashInfo(509): FlashName(Internal)
01-03 09:33:46.184 10196 10460 D CameraHal: ParserFlashInfo(512): FlashI2cBusNum(0)
01-03 09:33:46.184 10196 10460 D CameraHal: ParserFlashInfo(515): FlashI2cAddrByte(0)
01-03 09:33:46.184 10196 10460 D CameraHal: ParserFlashInfo(518): FlashI2cRate(0)
01-03 09:33:46.184 10196 10460 D CameraHal: ParserFlashInfo(521): FlashTrigger(NC) active(0)
01-03 09:33:46.184 10196 10460 D CameraHal: ParserFlashInfo(525): FlashEn(NC) active(0)
01-03 09:33:46.184 10196 10460 D CameraHal: ParserFlashInfo(532): FlashLuminance(0)
01-03 09:33:46.184 10196 10460 D CameraHal: ParserFlashInfo(535): FlashColorTemp(0)
01-03 09:33:46.184 10196 10460 D CameraHal: StartElementHandler(964): HDR(1)!
01-03 09:33:46.184 10196 10460 D CameraHal: StartElementHandler(968): ZSL(1)!
01-03 09:33:46.184 10196 10460 D CameraHal: StartElementHandler(972): zoom(1)!
01-03 09:33:46.184 10196 10460 D CameraHal: StartElementHandler(1014): Continue_SnapShot(1)!
01-03 09:33:46.184 10196 10460 D CameraHal: StartElementHandler(1017): InterpolationRes(0)!
01-03 09:33:46.184 10792 10817 I art : Background partial concurrent mark sweep GC freed 36392(2MB) AllocSpace objects, 38(752KB) LOS objects, 39% free, 11MB/19MB, paused 3.407ms total 125.006ms
01-03 09:33:46.184 10196 10460 D CameraHal: StartElementHandler(1002): PreviewSize(0x0)!
01-03 09:33:46.184 10196 10460 D CameraHal: StartElementHandler(1005): Preview_Minimum_FrameRate(0)!
01-03 09:33:46.184 10196 10460 D CameraHal: StartElementHandler(998): face detect config(0),max face num is (1)!
01-03 09:33:46.184 10196 10460 D CameraHal: StartElementHandler(993): Gammaout support 0(mGamma:1.000000,mOffSet:0)!
01-03 09:33:46.184 10196 10460 D CameraHal: ParserDVConfig(802): DV_QCIF(qcif) resolution(176x144) fps(10) support(1)
01-03 09:33:46.184 10196 10460 D CameraHal: ParserDVConfig(814): DV_QVGA(qvga) resolution(320x240) fps(10) support(1)
01-03 09:33:46.185 10196 10460 D CameraHal: ParserDVConfig(826): DV_CIF(cif) resolution(352x288) fps(10) support(1)
01-03 09:33:46.185 10196 10460 D CameraHal: ParserDVConfig(838): DV_VGA(480p) resolution(640x480) fps(10) support(0)
01-03 09:33:46.185 10196 10460 D CameraHal: ParserDVConfig(850): DV_480P(480p) resolution(720x480) fps(10) support(0)
01-03 09:33:46.185 10359 11374 E SchedPolicy: set_timerslack_ns prctl failed: Invalid argument
01-03 09:33:46.185 10196 10460 D CameraHal: ParserDVConfig(874): DV_720P(720p) resolution(1280x720) fps(10) support(1)
01-03 09:33:46.185 10196 10460 D CameraHal: ParserDVConfig(886): DV_1080P(1080p) resolution(1920x1080) fps(10) support(1)
01-03 09:33:46.185 10359 10371 E SchedPolicy: set_timerslack_ns prctl failed: Invalid argument
01-03 09:33:46.185 10359 10371 E SchedPolicy: set_timerslack_ns prctl failed: Invalid argument
01-03 09:33:46.185 10196 10460 D CameraHal: ParserSensorInfo(190): SensorName(GC2145)
01-03 09:33:46.185 10196 10460 D CameraHal: ParserSensorInfo(198): SensorDevID(CAMSYS_DEVID_SENSOR_1A)
01-03 09:33:46.185 10359 10371 E SchedPolicy: set_timerslack_ns prctl failed: Invalid argument
01-03 09:33:46.185 10196 10460 D CameraHal: ParserSensorInfo(209): SensorDevID(16777216)
01-03 09:33:46.185 10359 10371 E SchedPolicy: set_timerslack_ns prctl failed: Invalid argument
01-03 09:33:46.185 10196 10460 D CameraHal: ParserSensorInfo(211): SensorHostDevID(CAMSYS_DEVID_MARVIN)
01-03 09:33:46.185 10359 10371 E SchedPolicy: set_timerslack_ns prctl failed: Invalid argument
01-03 09:33:46.185 10196 10460 D CameraHal: ParserSensorInfo(226): Sensori2cBusNum(3)
01-03 09:33:46.185 10196 10460 D CameraHal: ParserSensorInfo(229): SensorI2cAddrByte(2)
01-03 09:33:46.185 10359 10371 E SchedPolicy: set_timerslack_ns prctl failed: Invalid argument
01-03 09:33:46.185 10196 10460 D CameraHal: ParserSensorInfo(232): SensorI2cRate(100000)
01-03 09:33:46.185 10359 10371 E SchedPolicy: set_timerslack_ns prctl failed: Invalid argument
01-03 09:33:46.185 10196 10460 D CameraHal: ParserSensorInfo(240): SensorAvdd(NC) min(0) max(0)
01-03 09:33:46.185 10359 10371 E SchedPolicy: set_timerslack_ns prctl failed: Invalid argument
01-03 09:33:46.185 10196 10460 D CameraHal: ParserSensorInfo(254): SensorDvdd(NC) min(0) max(0)
01-03 09:33:46.185 10359 10371 E SchedPolicy: set_timerslack_ns prctl failed: Invalid argument
01-03 09:33:46.185 10196 10460 D CameraHal: ParserSensorInfo(247): SensorDovdd(NC) min(18000000) max(18000000)
01-03 09:33:46.185 10359 10371 E SchedPolicy: set_timerslack_ns prctl failed: Invalid argument
01-03 09:33:46.185 10196 10460 D CameraHal: ParserSensorInfo(235): SensorMclk(24000000)
01-03 09:33:46.185 10196 10460 D CameraHal: ParserSensorInfo(261): SensorGpioPwdn(RK30_PIN2_PB6) active(1)
01-03 09:33:46.185 10359 11374 E SchedPolicy: set_timerslack_ns prctl failed: Invalid argument
01-03 09:33:46.185 10196 10460 D CameraHal: ParserSensorInfo(291): SensorFacing(front)
01-03 09:33:46.185 10196 10460 D CameraHal: ParserSensorInfo(300): SensorInterface(MIPI)
01-03 09:33:46.185 10359 11374 E SchedPolicy: set_timerslack_ns prctl failed: Invalid argument
01-03 09:33:46.185 10196 10460 D CameraHal: ParserSensorInfo(313): SensorMirrorFlip(0)
01-03 09:33:46.185 10359 11374 E SchedPolicy: set_timerslack_ns prctl failed: Invalid argument
01-03 09:33:46.185 10196 10460 D CameraHal: ParserSensorInfo(316): SensorOrientation(0)
01-03 09:33:46.185 10792 10815 E System : Uncaught exception thrown by finalizer
01-03 09:33:46.185 10196 10460 D CameraHal: ParserSensorInfo(435): SensorFovParemeter fov_h(60.0)(60.000000) fov_v(60.0)(60.000000)
01-03 09:33:46.185 10196 10460 D CameraHal: ParserSensorInfo(438): SensorAWB_Frame_Skip fps(15)
01-03 09:33:46.185 10196 10460 E CameraHal: ParserSensorInfo(355): SensorPhy laneNum wrong (1) range[1,4]
01-03 09:33:46.185 10196 10460 E CameraHal: ParserSensorInfo(388): SensorPhy: phyindex: 1,open /dev/camsys_marvin1
01-03 09:33:46.185 10196 10460 D CameraHal: ParserSensorInfo(397): SensorGpioPwdn(RK30_PIN2_PB6) active(1)
01-03 09:33:46.185 10196 10460 D CameraHal: ParserSensorInfo(405): SensorPhy: MIPI lane: 1 phyindex: 1 fmt: 0x2b
01-03 09:33:46.185 10196 10460 D CameraHal: ParserVCMInfo(450): VCMDrvName(NC)
01-03 09:33:46.185 10196 10460 D CameraHal: ParserVCMInfo(453): VCMName(NC)
01-03 09:33:46.185 10196 10460 D CameraHal: ParserVCMInfo(456): VCMI2cBusNum(0)
01-03 09:33:46.185 10196 10460 D CameraHal: ParserVCMInfo(459): VCMI2cAddrByte(0)
01-03 09:33:46.185 10196 10460 D CameraHal: ParserVCMInfo(462): VCMI2cRate(0)
01-03 09:33:46.185 10196 10460 D CameraHal: ParserVCMInfo(477): VCMVdd(NC) min(0) max(0)
01-03 09:33:46.185 10196 10460 D CameraHal: ParserVCMInfo(471): VCMGpioPower(NC) active(0)
01-03 09:33:46.185 10196 10460 D CameraHal: ParserVCMInfo(465): VCMGpioPwdn(NC) active(0)
01-03 09:33:46.185 10196 10460 D CameraHal: ParserVCMInfo(490): start current(20) rated current(80) vcm max(100) step mode(13) drv max(100)
01-03 09:33:46.185 10196 10460 D CameraHal: ParserFlashInfo(509): FlashName(NC)
01-03 09:33:46.185 10792 10815 E System : java.lang.IllegalStateException: Lock wasn't released correctly
01-03 09:33:46.185 10792 10815 E System : at baos.finalize(:com.google.android.gms@233414015@23.34.14 (040300-560151436):12)
01-03 09:33:46.185 10792 10815 E System : at java.lang.Daemons$FinalizerDaemon.doFinalize(Daemons.java:222)
01-03 09:33:46.185 10792 10815 E System : at java.lang.Daemons$FinalizerDaemon.run(Daemons.java:209)
01-03 09:33:46.185 10792 10815 E System : at java.lang.Thread.run(Thread.java:761)
01-03 09:33:46.185 10196 10460 D CameraHal: ParserFlashInfo(512): FlashI2cBusNum(0)
01-03 09:33:46.185 10196 10460 D CameraHal: ParserFlashInfo(515): FlashI2cAddrByte(0)
01-03 09:33:46.185 10196 10460 D CameraHal: ParserFlashInfo(518): FlashI2cRate(0)
01-03 09:33:46.185 10196 10460 D CameraHal: ParserFlashInfo(521): FlashTrigger(NC) active(1)
01-03 09:33:46.185 10196 10460 D CameraHal: ParserFlashInfo(525): FlashEn(NC) active(1)
01-03 09:33:46.185 10196 10460 D CameraHal: ParserFlashInfo(532): FlashLuminance(0)
01-03 09:33:46.185 10196 10460 D CameraHal: ParserFlashInfo(535): FlashColorTemp(0)
01-03 09:33:46.186 10359 11374 E SchedPolicy: set_timerslack_ns prctl failed: Invalid argument
01-03 09:33:46.186 10196 10460 D CameraHal: StartElementHandler(964): HDR(1)!
01-03 09:33:46.186 10196 10460 D CameraHal: StartElementHandler(968): ZSL(1)!
01-03 09:33:46.186 10359 11374 E SchedPolicy: set_timerslack_ns prctl failed: Invalid argument
01-03 09:33:46.186 10196 10460 D CameraHal: StartElementHandler(972): zoom(1)!
01-03 09:33:46.186 10196 10460 D CameraHal: StartElementHandler(1014): Continue_SnapShot(1)!
01-03 09:33:46.186 10359 11022 E SchedPolicy: set_timerslack_ns prctl failed: Invalid argument
01-03 09:33:46.186 10196 10460 D CameraHal: StartElementHandler(1017): InterpolationRes(0)!
01-03 09:33:46.186 10196 10460 D CameraHal: StartElementHandler(1002): PreviewSize(800x600)!
01-03 09:33:46.186 10359 11374 E SchedPolicy: set_timerslack_ns prctl failed: Invalid argument
01-03 09:33:46.186 10196 10460 D CameraHal: StartElementHandler(998): face detect config(0),max face num is (0)!
01-03 09:33:46.186 10196 10460 D CameraHal: ParserDVConfig(802): DV_QCIF(qcif) resolution(176x144) fps(10) support(1)
01-03 09:33:46.186 10196 10460 D CameraHal: ParserDVConfig(814): DV_QVGA(qvga) resolution(320x240) fps(10) support(1)
01-03 09:33:46.186 10196 10460 D CameraHal: ParserDVConfig(826): DV_CIF(cif) resolution(352x288) fps(10) support(1)
01-03 09:33:46.186 10196 10460 D CameraHal: ParserDVConfig(838): DV_VGA(480p) resolution(640x480) fps(10) support(1)
01-03 09:33:46.186 10196 10460 D CameraHal: ParserDVConfig(850): DV_480P(480p) resolution(720x480) fps(10) support(0)
01-03 09:33:46.186 10196 10460 D CameraHal: ParserDVConfig(874): DV_720P(720p) resolution(1280x720) fps(10) support(0)
01-03 09:33:46.186 10196 10460 D CameraHal: ParserDVConfig(886): DV_1080P(1080p) resolution(1920x1080) fps(10) support(0)
01-03 09:33:46.186 10196 10460 D CameraHal: number of camdevice (2)
01-03 09:33:46.186 10196 10460 D CameraHal: now DV size(7)
01-03 09:33:46.186 10196 10460 E CameraHal: camera_get_number_of_cameras(789): board profiles cam num 2
01-03 09:33:46.186 10196 10460 D CameraHal: read cam name from xml(/data/camera/media_profiles.xml)
01-03 09:33:46.186 10196 10460 E CameraHal: is not exist, register all
01-03 09:33:46.187 10359 11374 E SchedPolicy: set_timerslack_ns prctl failed: Invalid argument
01-03 09:33:46.187 10196 10460 E CameraHal: Open (/dev/camsys_marvin) failed, error=(No such file or directory)
01-03 09:33:46.187 10196 10460 E CameraHal: OV8858 device register failed!
01-03 09:33:46.188 10196 10460 E CameraHal: Open (/dev/camsys_marvin1) failed, error=(No such file or directory),try to open /dev/camsys_marvin
01-03 09:33:46.188 10196 10460 E CameraHal: Open (/dev/camsys_marvin) failed, error=(No such file or directory)
01-03 09:33:46.188 10196 10460 E CameraHal: GC2145 device register failed!
01-03 09:33:46.188 10196 10460 E CameraHal: camera_get_number_of_cameras(796): load sensor name(OV8858) connect 0
01-03 09:33:46.188 10196 10460 E CameraHal: camera_get_number_of_cameras(796): load sensor name(GC2145) connect 0
01-03 09:33:46.188 10196 10460 E CameraHal: camera_get_number_of_cameras(854): Open /dev/video0 failed! strr: No such file or directory
01-03 09:33:46.188 10196 10460 E CameraHal: camera_get_number_of_cameras(854): Open /dev/video1 failed! strr: No such file or directory
01-03 09:33:46.188 10196 10460 E CameraHal: camera_get_number_of_cameras(854): Open /dev/video2 failed! strr: No such file or directory
01-03 09:33:46.188 10196 10460 E CameraHal: camera_get_number_of_cameras(854): Open /dev/video3 failed! strr: No such file or directory
01-03 09:33:46.188 10196 10460 E CameraHal: camera_get_number_of_cameras(854): Open /dev/video4 failed! strr: No such file or directory
01-03 09:33:46.188 10196 10460 E CameraHal: camera_get_number_of_cameras(854): Open /dev/video5 failed! strr: No such file or directory
01-03 09:33:46.188 10196 10460 E CameraHal: camera_get_number_of_cameras(854): Open /dev/video6 failed! strr: No such file or directory
01-03 09:33:46.188 10196 10460 E CameraHal: camera_get_number_of_cameras(854): Open /dev/video7 failed! strr: No such file or directory
01-03 09:33:46.188 10196 10460 E CameraHal: camera_get_number_of_cameras(854): Open /dev/video8 failed! strr: No such file or directory
01-03 09:33:46.189 10196 10460 E CameraHal: camera_get_number_of_cameras(854): Open /dev/video9 failed! strr: No such file or directory
01-03 09:33:46.189 10196 10460 D CameraHal: camera_get_number_of_cameras(1246): camera_get_number_of_cameras(1246): Current board have 0 cameras attached.
01-03 09:33:46.189 10196 10460 D CameraHal: camera_get_number_of_cameras(1249): meida_profiles_xml_control time (9491)us01-03 09:33:46.189 10196 10460 I CameraService: Loaded "RK29_ICS_CameraHal_Module" camera module
01-03 09:33:46.190 10792 10815 E System : Uncaught exception thrown by finalizer
01-03 09:33:46.191 10792 10815 E System : java.lang.IllegalStateException: Lock wasn't released correctly
01-03 09:33:46.191 10792 10815 E System : at baos.finalize(:com.google.android.gms@233414015@23.34.14 (040300-560151436):12)
01-03 09:33:46.191 10792 10815 E System : at java.lang.Daemons$FinalizerDaemon.doFinalize(Daemons.java:222)
01-03 09:33:46.191 10792 10815 E System : at java.lang.Daemons$FinalizerDaemon.run(Daemons.java:209)
01-03 09:33:46.191 10792 10815 E System : at java.lang.Thread.run(Thread.java:761)
01-03 09:33:46.192 10196 10460 D CameraHal: createInstance(1035): open xml file(/etc/cam_board.xml) success
01-03 09:33:46.192 10196 10460 E CameraHal: cam_board.xml version(v0x0.0x0.0x0) != xml parser version(v0x0.0xf.0x0)
01-03 09:33:46.192 10196 10460 D CameraHal:
01-03 09:33:46.192 10196 10460 D CameraHal:
01-03 09:33:46.192 10196 10460 D CameraHal:
01-03 09:33:46.192 10196 10460 D CameraHal: Cam_board.xml Version Check:
01-03 09:33:46.192 10196 10460 D CameraHal: /etc/cam_board.xml : v0.0xf.0
01-03 09:33:46.192 10196 10460 D CameraHal: CameraHal_board_xml_parser: v0x0.0xf.0x0
01-03 09:33:46.192 10196 10460 D CameraHal: ParserSensorInfo(190): SensorName(OV8858)
01-03 09:33:46.192 10196 10460 D CameraHal: ParserSensorInfo(196): lensName(LG-9569A2)
01-03 09:33:46.192 10196 10460 D CameraHal: ParserSensorInfo(198): SensorDevID(CAMSYS_DEVID_SENSOR_1B)
01-03 09:33:46.192 10196 10460 D CameraHal: ParserSensorInfo(209): SensorDevID(33554432)
01-03 09:33:46.192 10196 10460 D CameraHal: ParserSensorInfo(211): SensorHostDevID(CAMSYS_DEVID_MARVIN)
01-03 09:33:46.192 10196 10460 D CameraHal: ParserSensorInfo(226): Sensori2cBusNum(3)
01-03 09:33:46.192 10196 10460 D CameraHal: ParserSensorInfo(229): SensorI2cAddrByte(2)
01-03 09:33:46.192 10196 10460 D CameraHal: ParserSensorInfo(232): SensorI2cRate(100000)
01-03 09:33:46.192 10196 10460 D CameraHal: ParserSensorInfo(240): SensorAvdd(NC) min(0) max(0)
01-03 09:33:46.192 10196 10460 D CameraHal: ParserSensorInfo(254): SensorDvdd(NC) min(0) max(0)
01-03 09:33:46.192 10196 10460 D CameraHal: ParserSensorInfo(247): SensorDovdd(NC) min(18000000) max(18000000)
01-03 09:33:46.192 10196 10460 D CameraHal: ParserSensorInfo(235): SensorMclk(24000000)
01-03 09:33:46.192 10196 10460 D CameraHal: ParserSensorInfo(285): SensorGpioPwen(RK30_PIN0_PC1) active(1)
01-03 09:33:46.192 10196 10460 D CameraHal: ParserSensorInfo(279): SensorGpioRst(RK30_PIN2_PB5) active(0)
01-03 09:33:46.192 10196 10460 D CameraHal: ParserSensorInfo(261): SensorGpioPwdn(RK30_PIN2_PB7) active(0)
01-03 09:33:46.192 10196 10460 D CameraHal: ParserSensorInfo(291): SensorFacing(front)
01-03 09:33:46.192 10196 10460 D CameraHal: ParserSensorInfo(300): SensorInterface(MIPI)
01-03 09:33:46.192 10196 10460 D CameraHal: ParserSensorInfo(313): SensorMirrorFlip(0)
01-03 09:33:46.192 10196 10460 D CameraHal: ParserSensorInfo(316): SensorOrientation(0)
01-03 09:33:46.192 10196 10460 D CameraHal: ParserSensorInfo(435): SensorFovParemeter fov_h(60.0)(60.000000) fov_v(60.0)(60.000000)
01-03 09:33:46.192 10196 10460 D CameraHal: ParserSensorInfo(438): SensorAWB_Frame_Skip fps(15)
01-03 09:33:46.192 10196 10460 D CameraHal: ParserSensorInfo(397): SensorGpioPwdn(RK30_PIN2_PB7) active(0)
01-03 09:33:46.192 10196 10460 D CameraHal: ParserSensorInfo(405): SensorPhy: MIPI lane: 4 phyindex: 0 fmt: 0x2b
01-03 09:33:46.192 10196 10460 D CameraHal: ParserVCMInfo(450): VCMDrvName(BuiltInSensor)
01-03 09:33:46.192 10196 10460 D CameraHal: ParserVCMInfo(453): VCMName(NC)
01-03 09:33:46.192 10196 10460 D CameraHal: ParserVCMInfo(456): VCMI2cBusNum(3)
01-03 09:33:46.192 10196 10460 D CameraHal: ParserVCMInfo(459): VCMI2cAddrByte(2)
01-03 09:33:46.192 10196 10460 D CameraHal: ParserVCMInfo(462): VCMI2cRate(0)
01-03 09:33:46.192 10196 10460 D CameraHal: ParserVCMInfo(477): VCMVdd(NC) min(0) max(0)
01-03 09:33:46.192 10196 10460 D CameraHal: ParserVCMInfo(471): VCMGpioPower(RK30_PIN7_PA5) active(1)
01-03 09:33:46.192 10196 10460 D CameraHal: ParserVCMInfo(465): VCMGpioPwdn(NC) active(0)
01-03 09:33:46.192 10196 10460 D CameraHal: ParserVCMInfo(490): start current(0) rated current(100) vcm max(100) step mode(4) drv max(100)
01-03 09:33:46.192 10196 10460 D CameraHal: ParserFlashInfo(509): FlashName(Internal)
01-03 09:33:46.192 10196 10460 D CameraHal: ParserFlashInfo(512): FlashI2cBusNum(0)
