01-03 09:33:41.832 10359 10377 E DropBoxManagerService: at android.os.DropBoxManager.addText(DropBoxManager.java:282)
01-03 09:33:41.832 10359 10377 E DropBoxManagerService: at com.android.server.am.ActivityManagerService$22.run(ActivityManagerService.java:14153)
01-03 09:33:41.832 10359 10377 E DropBoxManagerService: at com.android.server.am.ActivityManagerService.addErrorToDropBox(ActivityManagerService.java:14160)
01-03 09:33:41.832 10359 10377 E DropBoxManagerService: at com.android.server.am.ActivityManagerService.handleApplicationWtfInner(ActivityManagerService.java:13950)
01-03 09:33:41.832 10359 10377 E DropBoxManagerService: at com.android.server.am.ActivityManagerService$21.run(ActivityManagerService.java:13922)
01-03 09:33:41.832 10359 10377 E DropBoxManagerService: at android.os.Handler.handleCallback(Handler.java:758)
01-03 09:33:41.832 10359 10377 E DropBoxManagerService: at android.os.Handler.dispatchMessage(Handler.java:95)
01-03 09:33:41.832 10359 10377 E DropBoxManagerService: at android.os.Looper.loop(Looper.java:154)
01-03 09:33:41.832 10359 10377 E DropBoxManagerService: at android.os.HandlerThread.run(HandlerThread.java:61)
01-03 09:33:41.832 10359 10377 E DropBoxManagerService: at com.android.server.ServiceThread.run(ServiceThread.java:46)
01-03 09:33:41.832 10359 10830 E JavaBinder: *** Uncaught remote exception! (Exceptions are not yet supported across processes.)
01-03 09:33:41.832 10359 10830 E JavaBinder: android.database.sqlite.SQLiteCantOpenDatabaseException: unable to open database file (code 14)
01-03 09:33:41.832 10359 10830 E JavaBinder: at android.database.sqlite.SQLiteConnection.nativeExecute(Native Method)01-03 09:33:41.832 10359 10830 E JavaBinder: at android.database.sqlite.SQLiteConnection.execute(SQLiteConnection.java:555)
01-03 09:33:41.832 10359 10830 E JavaBinder: at android.database.sqlite.SQLiteSession.beginTransactionUnchecked(SQLiteSession.java:323)
01-03 09:33:41.832 10359 10830 E JavaBinder: at android.database.sqlite.SQLiteSession.beginTransaction(SQLiteSession.java:298)
01-03 09:33:41.832 10359 10830 E JavaBinder: at android.database.sqlite.SQLiteDatabase.beginTransaction(SQLiteDatabase.java:507)
01-03 09:33:41.832 10359 10830 E JavaBinder: at android.database.sqlite.SQLiteDatabase.beginTransaction(SQLiteDatabase.java:418)
01-03 09:33:41.832 10359 10830 E JavaBinder: at com.android.server.accounts.AccountManagerService.setUserdataInternalLocked(AccountManagerService.java:2212)
01-03 09:33:41.832 10359 10830 E JavaBinder: at com.android.server.accounts.AccountManagerService.setUserData(AccountManagerService.java:2188)
01-03 09:33:41.832 10359 10830 E JavaBinder: at android.accounts.IAccountManager$Stub.onTransact(IAccountManager.java:367)
01-03 09:33:41.832 10359 10830 E JavaBinder: at com.android.server.accounts.AccountManagerService.onTransact(AccountManagerService.java:513)
01-03 09:33:41.832 10359 10830 E JavaBinder: at android.os.Binder.execTransact(Binder.java:565)
01-03 09:33:41.832 10359 10830 E SchedPolicy: set_timerslack_ns prctl failed: Invalid argument
01-03 09:33:41.832 10359 10830 E SchedPolicy: set_timerslack_ns prctl failed: Invalid argument
01-03 09:33:41.833 10359 10830 E SQLiteLog: (14) cannot open file at line 32456 of [bda77dda96]
01-03 09:33:41.833 10359 10830 E SQLiteLog: (14) os_unix.c:32456: (24) open(/data/system_de/0/accounts_de.db-journal) -
01-03 09:33:41.833 10359 10830 E SQLiteLog: (14) cannot open file at line 32456 of [bda77dda96]
01-03 09:33:41.833 10359 10830 E SQLiteLog: (14) os_unix.c:32456: (24) open(/data/system_de/0/accounts_de.db-journal) -
01-03 09:33:41.833 10359 10830 E SQLiteLog: (14) statement aborts at 1: [BEGIN EXCLUSIVE;] unable to open database file
01-03 09:33:41.834 10359 10830 E AccountManagerService: Account Manager Crash
01-03 09:33:41.834 10359 10830 E AccountManagerService: android.database.sqlite.SQLiteCantOpenDatabaseException: unable to open database file (code 14)
01-03 09:33:41.834 10359 10830 E AccountManagerService: at android.database.sqlite.SQLiteConnection.nativeExecute(Native Method)
01-03 09:33:41.834 10359 10830 E AccountManagerService: at android.database.sqlite.SQLiteConnection.execute(SQLiteConnection.java:555)
01-03 09:33:41.834 10359 10830 E AccountManagerService: at android.database.sqlite.SQLiteSession.beginTransactionUnchecked(SQLiteSession.java:323)
01-03 09:33:41.834 10359 10830 E AccountManagerService: at android.database.sqlite.SQLiteSession.beginTransaction(SQLiteSession.java:298)
01-03 09:33:41.834 10359 10830 E AccountManagerService: at android.database.sqlite.SQLiteDatabase.beginTransaction(SQLiteDatabase.java:507)
01-03 09:33:41.834 10359 10830 E AccountManagerService: at android.database.sqlite.SQLiteDatabase.beginTransaction(SQLiteDatabase.java:418)
01-03 09:33:41.834 10359 10830 E AccountManagerService: at com.android.server.accounts.AccountManagerService.invalidateAuthToken(AccountManagerService.java:1889)
01-03 09:33:41.834 10359 10830 E AccountManagerService: at android.accounts.IAccountManager$Stub.onTransact(IAccountManager.java:284)
01-03 09:33:41.834 10359 10830 E AccountManagerService: at com.android.server.accounts.AccountManagerService.onTransact(AccountManagerService.java:513)
01-03 09:33:41.834 10359 10830 E AccountManagerService: at android.os.Binder.execTransact(Binder.java:565)
01-03 09:33:41.835 10359 10377 E DropBoxManagerService: Can't write: system_server_wtf
01-03 09:33:41.835 10359 10377 E DropBoxManagerService: java.io.FileNotFoundException: /data/system/dropbox/drop16.tmp (Too many open files)
01-03 09:33:41.835 10359 10377 E DropBoxManagerService: at java.io.FileOutputStream.open(Native Method)
01-03 09:33:41.835 10359 10377 E DropBoxManagerService: at java.io.FileOutputStream.(FileOutputStream.java:221)
01-03 09:33:41.835 10359 10377 E DropBoxManagerService: at java.io.FileOutputStream.(FileOutputStream.java:169)
01-03 09:33:41.835 10359 10377 E DropBoxManagerService: at com.android.server.DropBoxManagerService.add(DropBoxManagerService.java:250)
01-03 09:33:41.835 10359 10377 E DropBoxManagerService: at com.android.server.DropBoxManagerService$2.add(DropBoxManagerService.java:129)
01-03 09:33:41.835 10359 10377 E DropBoxManagerService: at android.os.DropBoxManager.addText(DropBoxManager.java:282)
01-03 09:33:41.835 10359 10377 E DropBoxManagerService: at com.android.server.am.ActivityManagerService$22.run(ActivityManagerService.java:14153)
01-03 09:33:41.835 10359 10377 E DropBoxManagerService: at com.android.server.am.ActivityManagerService.addErrorToDropBox(ActivityManagerService.java:14160)
01-03 09:33:41.835 10359 10377 E DropBoxManagerService: at com.android.server.am.ActivityManagerService.handleApplicationWtfInner(ActivityManagerService.java:13950)
01-03 09:33:41.835 10359 10377 E DropBoxManagerService: at com.android.server.am.ActivityManagerService$21.run(ActivityManagerService.java:13922)
01-03 09:33:41.835 10359 10377 E DropBoxManagerService: at android.os.Handler.handleCallback(Handler.java:758)
01-03 09:33:41.835 10359 10377 E DropBoxManagerService: at android.os.Handler.dispatchMessage(Handler.java:95)
01-03 09:33:41.835 10359 10377 E DropBoxManagerService: at android.os.Looper.loop(Looper.java:154)
01-03 09:33:41.835 10359 10377 E DropBoxManagerService: at android.os.HandlerThread.run(HandlerThread.java:61)
01-03 09:33:41.835 10359 10377 E DropBoxManagerService: at com.android.server.ServiceThread.run(ServiceThread.java:46)
01-03 09:33:41.836 10359 10830 E JavaBinder: *** Uncaught remote exception! (Exceptions are not yet supported across processes.)
01-03 09:33:41.836 10359 10830 E JavaBinder: android.database.sqlite.SQLiteCantOpenDatabaseException: unable to open database file (code 14)
01-03 09:33:41.836 10359 10830 E JavaBinder: at android.database.sqlite.SQLiteConnection.nativeExecute(Native Method)01-03 09:33:41.836 10359 10830 E JavaBinder: at android.database.sqlite.SQLiteConnection.execute(SQLiteConnection.java:555)
01-03 09:33:41.836 10359 10830 E JavaBinder: at android.database.sqlite.SQLiteSession.beginTransactionUnchecked(SQLiteSession.java:323)
01-03 09:33:41.836 10359 10830 E JavaBinder: at android.database.sqlite.SQLiteSession.beginTransaction(SQLiteSession.java:298)
01-03 09:33:41.836 10359 10830 E JavaBinder: at android.database.sqlite.SQLiteDatabase.beginTransaction(SQLiteDatabase.java:507)
01-03 09:33:41.836 10359 10830 E JavaBinder: at android.database.sqlite.SQLiteDatabase.beginTransaction(SQLiteDatabase.java:418)
01-03 09:33:41.836 10359 10830 E JavaBinder: at com.android.server.accounts.AccountManagerService.invalidateAuthToken(AccountManagerService.java:1889)
01-03 09:33:41.836 10359 10830 E JavaBinder: at android.accounts.IAccountManager$Stub.onTransact(IAccountManager.java:284)
01-03 09:33:41.836 10359 10830 E JavaBinder: at com.android.server.accounts.AccountManagerService.onTransact(AccountManagerService.java:513)
01-03 09:33:41.836 10359 10830 E JavaBinder: at android.os.Binder.execTransact(Binder.java:565)
01-03 09:33:41.836 10359 10830 E SchedPolicy: set_timerslack_ns prctl failed: Invalid argument
01-03 09:33:41.838 13167 13177 I art : Background sticky concurrent mark sweep GC freed 15902(1393KB) AllocSpace objects, 6(116KB) LOS objects, 7% free, 6MB/7MB, paused 35.176ms total 233.974ms
01-03 09:33:41.839 10359 10830 E SchedPolicy: set_timerslack_ns prctl failed: Invalid argument
01-03 09:33:41.843 10359 10830 E SchedPolicy: set_timerslack_ns prctl failed: Invalid argument
01-03 09:33:41.847 10359 10830 E SchedPolicy: set_timerslack_ns prctl failed: Invalid argument
01-03 09:33:41.848 10359 10830 E SchedPolicy: set_timerslack_ns prctl failed: Invalid argument
01-03 09:33:41.853 10359 10830 E SchedPolicy: set_timerslack_ns prctl failed: Invalid argument
01-03 09:33:41.853 10359 11374 E SchedPolicy: set_timerslack_ns prctl failed: Invalid argument
01-03 09:33:41.853 10359 11374 E SchedPolicy: set_timerslack_ns prctl failed: Invalid argument
01-03 09:33:41.853 10359 10830 E SchedPolicy: set_timerslack_ns prctl failed: Invalid argument
01-03 09:33:41.856 13088 13305 I Search.LoginHelperImpl: Successfully received auth token for scope: oauth2:https://www.googleapis.com/auth/webhistory in time 1366 ms
01-03 09:33:41.857 10359 10830 E SchedPolicy: set_timerslack_ns prctl failed: Invalid argument
01-03 09:33:41.858 10359 10830 E SchedPolicy: set_timerslack_ns prctl failed: Invalid argument
01-03 09:33:41.860 13088 13100 I tflite : Initialized TensorFlow Lite runtime.
01-03 09:33:41.870 13348 13348 I Environment: Environment.getDeviceMode():739 Get device mode by ui mode:1 and smallestScreenWidthDp:768
01-03 09:33:41.873 10359 10830 E SchedPolicy: set_timerslack_ns prctl failed: Invalid argument
01-03 09:33:41.874 10359 10830 E SchedPolicy: set_timerslack_ns prctl failed: Invalid argument
01-03 09:33:41.878 13167 13282 E WakeLock: NlpWakeLock should be held!
01-03 09:33:41.880 10359 10396 I art : Alloc concurrent mark sweep GC freed 2048(321KB) AllocSpace objects, 0(0B) LOS objects, 33% free, 16MB/25MB, paused 1.097ms total 86.987ms
01-03 09:33:41.880 10359 10396 W art : Large object allocation failed: ashmem_create_region failed for 'large object space allocation': Too many open files
01-03 09:33:41.880 10359 10396 W art : Throwing OutOfMemoryError "Failed to allocate a 16390 byte allocation with 8887850 free bytes and 495MB until OOM"
01-03 09:33:41.881 10359 10396 W art : Large object allocation failed: ashmem_create_region failed for 'large object space allocation': Too many open files
01-03 09:33:41.881 10359 10396 I art : Starting a blocking GC Alloc
01-03 09:33:41.882 10359 10396 I art : Starting a blocking GC Alloc
01-03 09:33:41.882 10359 10830 E SchedPolicy: set_timerslack_ns prctl failed: Invalid argument
01-03 09:33:41.883 10359 10830 E SchedPolicy: set_timerslack_ns prctl failed: Invalid argument
01-03 09:33:41.883 10359 10376 I art : Waiting for a blocking GC Alloc
01-03 09:33:41.885 10359 10830 E SchedPolicy: set_timerslack_ns prctl failed: Invalid argument
01-03 09:33:41.886 10359 10830 E SchedPolicy: set_timerslack_ns prctl failed: Invalid argument
01-03 09:33:41.887 10359 10830 E SchedPolicy: set_timerslack_ns prctl failed: Invalid argument
01-03 09:33:41.888 10359 10830 E SchedPolicy: set_timerslack_ns prctl failed: Invalid argument
01-03 09:33:41.895 10359 10396 I art : Alloc sticky concurrent mark sweep GC freed 407(11KB) AllocSpace objects, 0(0B) LOS objects, 33% free, 16MB/25MB, paused 1.056ms total 13.642ms
01-03 09:33:41.896 10359 10396 W art : Large object allocation failed: ashmem_create_region failed for 'large object space allocation': Too many open files
01-03 09:33:41.896 10359 10396 I art : Starting a blocking GC Alloc
01-03 09:33:41.896 10359 10830 E SchedPolicy: set_timerslack_ns prctl failed: Invalid argument
01-03 09:33:41.896 10359 10830 E SchedPolicy: set_timerslack_ns prctl failed: Invalid argument
01-03 09:33:41.899 10359 10376 I art : Waiting for a blocking GC Alloc
01-03 09:33:41.903 13088 13100 I HotwordService: Model ID: en_us_x_google_agsa__p20230131_fedhot_standalone_fl_full_training_3wlTKwxhekc8fk7-d9loeGg
01-03 09:33:41.905 10359 10830 E SchedPolicy: set_timerslack_ns prctl failed: Invalid argument
01-03 09:33:41.906 10359 10830 E SchedPolicy: set_timerslack_ns prctl failed: Invalid argument
01-03 09:33:41.915 13348 13348 I TransientFileCleaner: TransientFileCleaner.deleteFilesByKey():369 Deleting 0 files
01-03 09:33:41.916 10359 10830 E SchedPolicy: set_timerslack_ns prctl failed: Invalid argument
01-03 09:33:41.916 10359 10830 E SchedPolicy: set_timerslack_ns prctl failed: Invalid argument
01-03 09:33:41.932 10359 10830 E SchedPolicy: set_timerslack_ns prctl failed: Invalid argument
01-03 09:33:41.934 10359 10830 E SchedPolicy: set_timerslack_ns prctl failed: Invalid argument
01-03 09:33:41.938 13088 13373 D NetworkSecurityConfig: Using Network Security Config from resource network_security_config debugBuild: false
01-03 09:33:41.939 10359 10830 E SchedPolicy: set_timerslack_ns prctl failed: Invalid argument
01-03 09:33:41.939 10359 10830 E SchedPolicy: set_timerslack_ns prctl failed: Invalid argument
01-03 09:33:41.940 13088 13100 I HotwordService: hotwordModelLocation is null false, locale is en-US, re-mapped Chinese locale
01-03 09:33:41.949 10359 10830 E SchedPolicy: set_timerslack_ns prctl failed: Invalid argument
01-03 09:33:41.950 10359 10830 E SchedPolicy: set_timerslack_ns prctl failed: Invalid argument
01-03 09:33:41.954 13088 13100 I A : Using proto config with mendel
01-03 09:33:41.955 10359 10830 E SchedPolicy: set_timerslack_ns prctl failed: Invalid argument
01-03 09:33:41.955 10359 10830 E SchedPolicy: set_timerslack_ns prctl failed: Invalid argument
01-03 09:33:41.955 13088 13100 I A : Using proto config with mendel
01-03 09:33:41.955 10359 10830 E SchedPolicy: set_timerslack_ns prctl failed: Invalid argument
01-03 09:33:41.955 10359 10830 E SchedPolicy: set_timerslack_ns prctl failed: Invalid argument
01-03 09:33:41.959 10359 10830 E SchedPolicy: set_timerslack_ns prctl failed: Invalid argument
01-03 09:33:41.959 10359 10830 E SchedPolicy: set_timerslack_ns prctl failed: Invalid argument
01-03 09:33:41.966 13348 13381 I LauncherIconVisibilityI: LauncherIconVisibilityInitializerBase$1.run():51 doUpdate() : Visible = false
01-03 09:33:41.966 10359 10830 E SchedPolicy: set_timerslack_ns prctl failed: Invalid argument
01-03 09:33:41.966 10359 10830 E SchedPolicy: set_timerslack_ns prctl failed: Invalid argument
01-03 09:33:41.984 13088 13100 I A : Using proto config with mendel
01-03 09:33:41.984 13088 13100 I A : Merging legacy hotword config map with new proto.
01-03 09:33:41.984 13088 13100 I A : Adding from config to map. Locale: cmn-Hant-TW modelPrefix: x_google Location:4e7cae00daee30ec565c34e3aa67a51f isSpeakerIdSupported: true
01-03 09:33:41.985 13088 13100 I A : Adding from config to map. Locale: id-ID modelPrefix: x_google Location:cfffcc1a4c1c084c003c8eb27f73d770 isSpeakerIdSupported: true
01-03 09:33:41.985 13088 13100 I A : Adding from config to map. Locale: ko-KR modelPrefix: x_google Location:0b132163a2eb2c1194b202067475724b isSpeakerIdSupported: true
01-03 09:33:41.986 13088 13100 I A : Skipping. Expected model: 2 Found: 1
01-03 09:33:41.986 13088 13100 I A : Adding from config to map. Locale: zh-TW modelPrefix: x_google Location:4e7cae00daee30ec565c34e3aa67a51f isSpeakerIdSupported: true
01-03 09:33:41.990 10359 10396 I art : Alloc partial concurrent mark sweep GC freed 81(15KB) AllocSpace objects, 0(0B) LOS objects, 33% free, 16MB/25MB, paused 1.210ms total 94.321ms
01-03 09:33:41.990 10359 10396 W art : Large object allocation failed: ashmem_create_region failed for 'large object space allocation': Too many open files
01-03 09:33:41.991 10359 10396 I art : Starting a blocking GC Alloc
01-03 09:33:41.993 10359 10376 I art : Waiting for a blocking GC Alloc
01-03 09:33:42.006 13088 13122 I A : Starting batch sync for corpora: [36, 21]
01-03 09:33:42.030 10359 10830 E SchedPolicy: set_timerslack_ns prctl failed: Invalid argument
01-03 09:33:42.030 10359 10830 E SchedPolicy: set_timerslack_ns prctl failed: Invalid argument
01-03 09:33:42.037 10359 10830 E SchedPolicy: set_timerslack_ns prctl failed: Invalid argument
01-03 09:33:42.037 10359 10830 E SchedPolicy: set_timerslack_ns prctl failed: Invalid argument
01-03 09:33:42.045 10359 10830 E SchedPolicy: set_timerslack_ns prctl failed: Invalid argument
01-03 09:33:42.046 10359 10830 E SchedPolicy: set_timerslack_ns prctl failed: Invalid argument
01-03 09:33:42.085 10359 10830 E SchedPolicy: set_timerslack_ns prctl failed: Invalid argument
01-03 09:33:42.085 10359 10830 E SchedPolicy: set_timerslack_ns prctl failed: Invalid argument
01-03 09:33:42.093 10359 10830 E SchedPolicy: set_timerslack_ns prctl failed: Invalid argument
01-03 09:33:42.093 10359 10830 E SchedPolicy: set_timerslack_ns prctl failed: Invalid argument
01-03 09:33:42.096 13348 13348 I FirebaseApp: Device unlocked: initializing all Firebase APIs for app [DEFAULT]
01-03 09:33:42.099 10359 10830 E SchedPolicy: set_timerslack_ns prctl failed: Invalid argument
01-03 09:33:42.099 10359 11374 E SchedPolicy: set_timerslack_ns prctl failed: Invalid argument
01-03 09:33:42.101 10359 11374 E JavaBinder: *** Uncaught remote exception! (Exceptions are not yet supported across processes.)
01-03 09:33:42.101 10359 11374 E JavaBinder: java.lang.RuntimeException: Too many open files
01-03 09:33:42.101 10359 11374 E JavaBinder: at android.os.Parcel.nativeWriteFileDescriptor(Native Method)
01-03 09:33:42.101 10359 11374 E JavaBinder: at android.os.Parcel.writeFileDescriptor(Parcel.java:616)
01-03 09:33:42.101 10359 11374 E JavaBinder: at android.os.ParcelFileDescriptor.writeToParcel(ParcelFileDescriptor.java:975)
01-03 09:33:42.101 10359 11374 E JavaBinder: at android.os.Parcel.writeParcelable(Parcel.java:1496)
01-03 09:33:42.101 10359 11374 E JavaBinder: at android.util.MemoryIntArray.writeToParcel(MemoryIntArray.java:168)
01-03 09:33:42.101 10359 11374 E JavaBinder: at android.os.Parcel.writeParcelable(Parcel.java:1496)
01-03 09:33:42.101 10359 11374 E JavaBinder: at android.os.Parcel.writeValue(Parcel.java:1402)
01-03 09:33:42.101 10359 11374 E JavaBinder: at android.os.Parcel.writeArrayMapInternal(Parcel.java:724)
01-03 09:33:42.101 10359 11374 E JavaBinder: at android.os.BaseBundle.writeToParcelInner(BaseBundle.java:1408)
01-03 09:33:42.101 10359 11374 E JavaBinder: at android.os.Bundle.writeToParcel(Bundle.java:1157)
01-03 09:33:42.101 10359 11374 E JavaBinder: at android.os.Parcel.writeBundle(Parcel.java:764)
01-03 09:33:42.101 10359 11374 E JavaBinder: at android.content.ContentProviderNative.onTransact(ContentProviderNative.java:286)
01-03 09:33:42.101 10359 11374 E JavaBinder: at android.os.Binder.execTransact(Binder.java:565)
01-03 09:33:42.101 10359 11374 E SchedPolicy: set_timerslack_ns prctl failed: Invalid argument
01-03 09:33:42.102 13348 13381 I LauncherIconVisibilityI: LauncherIconVisibilityInitializerBase$1.run():51 doUpdate() : Visible = false
01-03 09:33:42.102 10359 11374 E SchedPolicy: set_timerslack_ns prctl failed: Invalid argument
01-03 09:33:42.102 10359 11374 E SchedPolicy: set_timerslack_ns prctl failed: Invalid argument
01-03 09:33:42.103 10359 11374 E SchedPolicy: set_timerslack_ns prctl failed: Invalid argument
01-03 09:33:42.109 10359 10396 I art : Alloc concurrent mark sweep GC freed 349(32KB) AllocSpace objects, 0(0B) LOS objects, 33% free, 16MB/25MB, paused 1.557ms total 117.784ms
01-03 09:33:42.109 10359 10396 W art : Large object allocation failed: ashmem_create_region failed for 'large object space allocation': Too many open files
01-03 09:33:42.109 10359 10396 W art : Large object allocation failed: ashmem_create_region failed for 'large object space allocation': Too many open files
01-03 09:33:42.109 10359 10396 I art : Forcing collection of SoftReferences for 32KB allocation
01-03 09:33:42.109 10359 10396 I art : Starting a blocking GC Alloc
01-03 09:33:42.111 10359 10376 I art : Waiting for a blocking GC Alloc
01-03 09:33:42.113 10359 10830 I ActivityManager: Start proc 13398:com.google.android.inputmethod.korean/u0a57 for broadcast com.google.android.inputmethod.korean/com.google.android.apps.inputmethod.libs.framework.core.LauncherIconVisibilityInitializer
01-03 09:33:42.114 10359 11374 E SchedPolicy: set_timerslack_ns prctl failed: Invalid argument
01-03 09:33:42.115 10359 10830 E SchedPolicy: set_timerslack_ns prctl failed: Invalid argument
01-03 09:33:42.117 10359 10830 E SchedPolicy: set_timerslack_ns prctl failed: Invalid argument
01-03 09:33:42.118 10359 10830 E JavaBinder: *** Uncaught remote exception! (Exceptions are not yet supported across processes.)
01-03 09:33:42.118 10359 10830 E JavaBinder: java.lang.RuntimeException: Too many open files
01-03 09:33:42.118 10359 10830 E JavaBinder: at android.os.Parcel.nativeWriteFileDescriptor(Native Method)
01-03 09:33:42.118 10359 10830 E JavaBinder: at android.os.Parcel.writeFileDescriptor(Parcel.java:616)
01-03 09:33:42.118 10359 10830 E JavaBinder: at android.os.ParcelFileDescriptor.writeToParcel(ParcelFileDescriptor.java:975)
01-03 09:33:42.118 10359 10830 E JavaBinder: at android.os.Parcel.writeParcelable(Parcel.java:1496)
01-03 09:33:42.118 10359 10830 E JavaBinder: at android.util.MemoryIntArray.writeToParcel(MemoryIntArray.java:168)
01-03 09:33:42.118 10359 10830 E JavaBinder: at android.os.Parcel.writeParcelable(Parcel.java:1496)
01-03 09:33:42.118 10359 10830 E JavaBinder: at android.os.Parcel.writeValue(Parcel.java:1402)
01-03 09:33:42.118 10359 10830 E JavaBinder: at android.os.Parcel.writeArrayMapInternal(Parcel.java:724)
01-03 09:33:42.118 10359 10830 E JavaBinder: at android.os.BaseBundle.writeToParcelInner(BaseBundle.java:1408)
01-03 09:33:42.118 10359 10830 E JavaBinder: at android.os.Bundle.writeToParcel(Bundle.java:1157)
01-03 09:33:42.118 10359 10830 E JavaBinder: at android.os.Parcel.writeBundle(Parcel.java:764)
01-03 09:33:42.118 10359 10830 E JavaBinder: at android.content.ContentProviderNative.onTransact(ContentProviderNative.java:286)
01-03 09:33:42.118 10359 10830 E JavaBinder: at android.os.Binder.execTransact(Binder.java:565)
01-03 09:33:42.119 10359 10830 E SchedPolicy: set_timerslack_ns prctl failed: Invalid argument
01-03 09:33:42.120 13348 13348 I DeviceStatusMonitor: DeviceStatusMonitor$1.onReceive():51 onReceive() : Action = android.net.conn.CONNECTIVITY_CHANGE
01-03 09:33:42.120 10359 10830 E SchedPolicy: set_timerslack_ns prctl failed: Invalid argument
01-03 09:33:42.120 10359 10830 E SchedPolicy: set_timerslack_ns prctl failed: Invalid argument
01-03 09:33:42.120 10359 10830 E SchedPolicy: set_timerslack_ns prctl failed: Invalid argument
01-03 09:33:42.120 10359 10830 E SchedPolicy: set_timerslack_ns prctl failed: Invalid argument
01-03 09:33:42.120 10359 10830 E SchedPolicy: set_timerslack_ns prctl failed: Invalid argument
01-03 09:33:42.120 10359 10830 E SchedPolicy: set_timerslack_ns prctl failed: Invalid argument
01-03 09:33:42.121 10359 10830 E SchedPolicy: set_timerslack_ns prctl failed: Invalid argument
01-03 09:33:42.121 10359 10830 E JavaBinder: *** Uncaught remote exception! (Exceptions are not yet supported across processes.)
01-03 09:33:42.121 10359 10830 E JavaBinder: java.lang.RuntimeException: Too many open files
01-03 09:33:42.121 10359 10830 E JavaBinder: at android.os.Parcel.nativeWriteFileDescriptor(Native Method)
01-03 09:33:42.121 10359 10830 E JavaBinder: at android.os.Parcel.writeFileDescriptor(Parcel.java:616)
01-03 09:33:42.121 10359 10830 E JavaBinder: at android.os.ParcelFileDescriptor.writeToParcel(ParcelFileDescriptor.java:975)
01-03 09:33:42.121 10359 10830 E JavaBinder: at android.os.Parcel.writeParcelable(Parcel.java:1496)
01-03 09:33:42.121 10359 10830 E JavaBinder: at android.util.MemoryIntArray.writeToParcel(MemoryIntArray.java:168)
01-03 09:33:42.121 10359 10830 E JavaBinder: at android.os.Parcel.writeParcelable(Parcel.java:1496)
01-03 09:33:42.121 10359 10830 E JavaBinder: at android.os.Parcel.writeValue(Parcel.java:1402)
01-03 09:33:42.121 10359 10830 E JavaBinder: at android.os.Parcel.writeArrayMapInternal(Parcel.java:724)
01-03 09:33:42.121 10359 10830 E JavaBinder: at android.os.BaseBundle.writeToParcelInner(BaseBundle.java:1408)
01-03 09:33:42.121 10359 10830 E JavaBinder: at android.os.Bundle.writeToParcel(Bundle.java:1157)
01-03 09:33:42.121 10359 10830 E JavaBinder: at android.os.Parcel.writeBundle(Parcel.java:764)
01-03 09:33:42.121 10359 10830 E JavaBinder: at android.content.ContentProviderNative.onTransact(ContentProviderNative.java:286)
01-03 09:33:42.121 10359 10830 E JavaBinder: at android.os.Binder.execTransact(Binder.java:565)
01-03 09:33:42.122 10359 10830 E SchedPolicy: set_timerslack_ns prctl failed: Invalid argument
01-03 09:33:42.122 13348 13348 I DeviceStatusMonitor: DeviceStatusMonitor.notifyIfNetworkChanged():152 notifyIfNetworkChanged: newState = CONNECTION_UNKNOWN, airplaneModeOn = false, notifyAnyway = false
01-03 09:33:42.130 10359 10830 E SchedPolicy: set_timerslack_ns prctl failed: Invalid argument
01-03 09:33:42.130 10359 10830 E SchedPolicy: set_timerslack_ns prctl failed: Invalid argument
01-03 09:33:42.133 10359 10830 E SchedPolicy: set_timerslack_ns prctl failed: Invalid argument
01-03 09:33:42.133 10359 10830 E SchedPolicy: set_timerslack_ns prctl failed: Invalid argument
01-03 09:33:42.135 10359 10830 E SchedPolicy: set_timerslack_ns prctl failed: Invalid argument
01-03 09:33:42.136 10359 10830 E SchedPolicy: set_timerslack_ns prctl failed: Invalid argument
01-03 09:33:42.144 13088 13119 W art : Verification of java.util.List com.google.android.apps.gsa.staticplugins.accl.s.a(com.google.android.apps.gsa.search.core.a.a.b) took 121.301ms
01-03 09:33:42.145 10359 10830 E SchedPolicy: set_timerslack_ns prctl failed: Invalid argument
01-03 09:33:42.148 10359 10830 W ActivityManager: Failed setting process group of 13398 to 0
01-03 09:33:42.148 10359 10830 W System.err: java.lang.RuntimeException: Unknown error
01-03 09:33:42.148 10359 10830 W System.err: at android.os.Process.setProcessGroup(Native Method)
01-03 09:33:42.149 10359 10830 W System.err: at com.android.server.am.ActivityManagerService.applyOomAdjLocked(ActivityManagerService.java:20740)
01-03 09:33:42.149 10359 10830 W System.err: at com.android.server.am.ActivityManagerService.updateOomAdjLocked(ActivityManagerService.java:21320)
01-03 09:33:42.149 10359 10830 W System.err: at com.android.server.am.BroadcastQueue.processCurBroadcastLocked(BroadcastQueue.java:274)
01-03 09:33:42.149 10359 10830 W System.err: at com.android.server.am.BroadcastQueue.sendPendingBroadcastsLocked(BroadcastQueue.java:315)
01-03 09:33:42.149 10359 10830 W System.err: at com.android.server.am.ActivityManagerService.sendPendingBroadcastsLocked(ActivityManagerService.java:17791)
01-03 09:33:42.149 10359 10830 W System.err: at com.android.server.am.ActivityManagerService.attachApplicationLocked(ActivityManagerService.java:6828)
01-03 09:33:42.149 10359 10830 W System.err: at com.android.server.am.ActivityManagerService.attachApplication(ActivityManagerService.java:6872)
01-03 09:33:42.149 10359 10830 W System.err: at android.app.ActivityManagerNative.onTransact(ActivityManagerNative.java:539)
01-03 09:33:42.149 10359 10830 W System.err: at com.android.server.am.ActivityManagerService.onTransact(ActivityManagerService.java:2911)
01-03 09:33:42.149 10359 10830 W System.err: at android.os.Binder.execTransact(Binder.java:565)
01-03 09:33:42.149 10359 11374 E SchedPolicy: set_timerslack_ns prctl failed: Invalid argument
01-03 09:33:42.149 10359 11374 E SchedPolicy: set_timerslack_ns prctl failed: Invalid argument
01-03 09:33:42.150 10359 10830 E SchedPolicy: set_timerslack_ns prctl failed: Invalid argument
01-03 09:33:42.152 10359 10830 E SchedPolicy: set_timerslack_ns prctl failed: Invalid argument
01-03 09:33:42.152 10359 10830 E SchedPolicy: set_timerslack_ns prctl failed: Invalid argument
01-03 09:33:42.154 10359 10830 E SchedPolicy: set_timerslack_ns prctl failed: Invalid argument
01-03 09:33:42.154 10359 10830 E SchedPolicy: set_timerslack_ns prctl failed: Invalid argument
01-03 09:33:42.157 10359 10830 E SchedPolicy: set_timerslack_ns prctl failed: Invalid argument
01-03 09:33:42.158 10359 10830 E SchedPolicy: set_timerslack_ns prctl failed: Invalid argument
01-03 09:33:42.158 10359 10830 E SchedPolicy: set_timerslack_ns prctl failed: Invalid argument
01-03 09:33:42.158 10359 10830 E SchedPolicy: set_timerslack_ns prctl failed: Invalid argument
01-03 09:33:42.158 10359 10830 E SchedPolicy: set_timerslack_ns prctl failed: Invalid argument
01-03 09:33:42.159 10359 10830 E SchedPolicy: set_timerslack_ns prctl failed: Invalid argument
01-03 09:33:42.160 10359 10830 E SchedPolicy: set_timerslack_ns prctl failed: Invalid argument
01-03 09:33:42.161 10359 10830 E SchedPolicy: set_timerslack_ns prctl failed: Invalid argument
01-03 09:33:42.161 10359 10830 E SchedPolicy: set_timerslack_ns prctl failed: Invalid argument
01-03 09:33:42.162 10359 11374 E SchedPolicy: set_timerslack_ns prctl failed: Invalid argument
01-03 09:33:42.163 10359 11374 E SchedPolicy: set_timerslack_ns prctl failed: Invalid argument
01-03 09:33:42.164 10359 10830 E SchedPolicy: set_timerslack_ns prctl failed: Invalid argument
01-03 09:33:42.167 10359 10830 E SchedPolicy: set_timerslack_ns prctl failed: Invalid argument
01-03 09:33:42.168 10359 10830 E SchedPolicy: set_timerslack_ns prctl failed: Invalid argument
01-03 09:33:42.170 10359 10830 E SchedPolicy: set_timerslack_ns prctl failed: Invalid argument
01-03 09:33:42.170 10359 10830 E SchedPolicy: set_timerslack_ns prctl failed: Invalid argument
01-03 09:33:42.170 10359 10830 E SchedPolicy: set_timerslack_ns prctl failed: Invalid argument
01-03 09:33:42.170 10359 10830 E SchedPolicy: set_timerslack_ns prctl failed: Invalid argument
01-03 09:33:42.170 10359 11374 E SchedPolicy: set_timerslack_ns prctl failed: Invalid argument
01-03 09:33:42.170 10359 11374 E SchedPolicy: set_timerslack_ns prctl failed: Invalid argument
01-03 09:33:42.170 10359 11374 E SchedPolicy: set_timerslack_ns prctl failed: Invalid argument
01-03 09:33:42.170 10359 11374 E SchedPolicy: set_timerslack_ns prctl failed: Invalid argument
01-03 09:33:42.170 13167 13167 E inertial-anchor: Requested sensor: 1 and fallback sensor: 1 are both unavailable.
01-03 09:33:42.171 10359 10830 E SchedPolicy: set_timerslack_ns prctl failed: Invalid argument
01-03 09:33:42.172 10359 10830 E SchedPolicy: set_timerslack_ns prctl failed: Invalid argument
01-03 09:33:42.172 10359 11374 E SchedPolicy: set_timerslack_ns prctl failed: Invalid argument
01-03 09:33:42.172 10359 11374 E SchedPolicy: set_timerslack_ns prctl failed: Invalid argument
01-03 09:33:42.172 10359 10830 E SchedPolicy: set_timerslack_ns prctl failed: Invalid argument
01-03 09:33:42.172 10359 10830 E SchedPolicy: set_timerslack_ns prctl failed: Invalid argument
01-03 09:33:42.172 13167 13167 E inertial-anchor: Requested sensor: 14 and fallback sensor: 2 are both unavailable.
01-03 09:33:42.172 10359 10830 E SchedPolicy: set_timerslack_ns prctl failed: Invalid argument
01-03 09:33:42.172 10359 10830 E SchedPolicy: set_timerslack_ns prctl failed: Invalid argument
01-03 09:33:42.172 10359 11374 E SchedPolicy: set_timerslack_ns prctl failed: Invalid argument
01-03 09:33:42.172 13167 13167 E inertial-anchor: Requested sensor: 16 and fallback sensor: 4 are both unavailable.
01-03 09:33:42.173 10359 11374 E SchedPolicy: set_timerslack_ns prctl failed: Invalid argument
01-03 09:33:42.174 10359 11374 E SchedPolicy: set_timerslack_ns prctl failed: Invalid argument
01-03 09:33:42.174 10359 11374 E SchedPolicy: set_timerslack_ns prctl failed: Invalid argument
01-03 09:33:42.174 10359 11374 E SchedPolicy: set_timerslack_ns prctl failed: Invalid argument
01-03 09:33:42.174 10359 11374 E SchedPolicy: set_timerslack_ns prctl failed: Invalid argument
01-03 09:33:42.177 13088 13269 W art : Verification of void com.google.common.o.d.a.() took 214.388ms
01-03 09:33:42.178 10359 11374 E SchedPolicy: set_timerslack_ns prctl failed: Invalid argument
01-03 09:33:42.178 10359 11374 E SchedPolicy: set_timerslack_ns prctl failed: Invalid argument
01-03 09:33:42.179 13167 13167 I art : Rejecting re-init on previously-failed class java.lang.Class: java.lang.NoClassDefFoundError: Failed resolution of: Landroid/app/ActivityManager$OnUidImportanceListener;
01-03 09:33:42.179 13167 13167 I art : at void ctqx.(android.content.Context) (:com.google.android.gms@233414015@23.34.14 (040300-560151436):232)
01-03 09:33:42.179 13167 13167 I art : at void com.google.android.location.internal.GoogleLocationManagerChimeraService.onCreate() (:com.google.android.gms@233414015@23.34.14 (040300-560151436):32)
01-03 09:33:42.179 13167 13167 I art : at void kua.onCreate() (:com.google.android.gms@233414015@23.34.14 (040300-560151436):18)
01-03 09:33:42.179 13167 13167 I art : at void aein.onCreate() (:com.google.android.gms@233414015@23.34.14 (040300-560151436):48)
01-03 09:33:42.179 13167 13167 I art : at void android.app.ActivityThread.handleCreateService(android.app.ActivityThread$CreateServiceData) (ActivityThread.java:3196)
01-03 09:33:42.179 13167 13167 I art : at void android.app.ActivityThread.-wrap5(android.app.ActivityThread, android.app.ActivityThread$CreateServiceData) (ActivityThread.java:-1)
01-03 09:33:42.179 13167 13167 I art : at void android.app.ActivityThread$H.handleMessage(android.os.Message) (ActivityThread.java:1572)
01-03 09:33:42.179 13167 13167 I art : at void android.os.Handler.dispatchMessage(android.os.Message) (Handler.java:102)
01-03 09:33:42.179 13167 13167 I art : at void android.os.Looper.loop() (Looper.java:154)
01-03 09:33:42.179 13167 13167 I art : at void android.app.ActivityThread.main(java.lang.String[]) (ActivityThread.java:6140)
01-03 09:33:42.179 13167 13167 I art : at java.lang.Object java.lang.reflect.Method.invoke!(java.lang.Object, java.lang.Object[]) (Method.java:-2)
01-03 09:33:42.179 13167 13167 I art : at void com.android.internal.os.ZygoteInit$MethodAndArgsCaller.run() (ZygoteInit.java:914)
01-03 09:33:42.179 13167 13167 I art : at void com.android.internal.os.ZygoteInit.main(java.lang.String[]) (ZygoteInit.java:804)
01-03 09:33:42.179 13167 13167 I art : Caused by: java.lang.ClassNotFoundException: Didn't find class "android.app.ActivityManager$OnUidImportanceListener" on path: DexPathList[[zip file "/system/framework/com.android.location.provider.jar", zip file "/system/framework/com.android.media.remotedisplay.jar", zip file "/data/app/com.google.android.gms-1/base.apk", zip file "/data/app/com.google.android.gms-1/split_config.en.apk", zip file "/data/app/com.google.android.gms-1/split_config.mdpi.apk"],nativeLibraryDirectories=[/data/app/com.google.android.gms-1/lib/arm, /data/app/com.google.android.gms-1/base.apk!/lib/armeabi-v7a, /data/app/com.google.android.gms-1/split_config.en.apk!/lib/armeabi-v7a, /data/app/com.google.android.gms-1/split_config.mdpi.apk!/lib/armeabi-v7a, /system/lib, /vendor/lib]]
01-03 09:33:42.179 13167 13167 I art : at java.lang.Class dalvik.system.BaseDexClassLoader.findClass(java.lang.String) (BaseDexClassLoader.java:56)
01-03 09:33:42.179 13167 13167 I art : at java.lang.Class java.lang.ClassLoader.loadClass(java.lang.String, boolean) (ClassLoader.java:380)
01-03 09:33:42.179 13167 13167 I art : at java.lang.Class java.lang.ClassLoader.loadClass(java.lang.String) (ClassLoader.java:312)
01-03 09:33:42.179 13167 13167 I art : at void ctqx.(android.content.Context) (:com.google.android.gms@233414015@23.34.14 (040300-560151436):232)
01-03 09:33:42.179 13167 13167 I art : at void com.google.android.location.internal.GoogleLocationManagerChimeraService.onCreate() (:com.google.android.gms@233414015@23.34.14 (040300-560151436):32)
01-03 09:33:42.179 13167 13167 I art : at void kua.onCreate() (:com.google.android.gms@233414015@23.34.14 (040300-560151436):18)
01-03 09:33:42.179 13167 13167 I art : at void aein.onCreate() (:com.google.android.gms@233414015@23.34.14 (040300-560151436):48)
01-03 09:33:42.179 13167 13167 I art : at void android.app.ActivityThread.handleCreateService(android.app.ActivityThread$CreateServiceData) (ActivityThread.java:3196)
01-03 09:33:42.179 13167 13167 I art : at void android.app.ActivityThread.-wrap5(android.app.ActivityThread, android.app.ActivityThread$CreateServiceData) (ActivityThread.java:-1)
01-03 09:33:42.179 13167 13167 I art : at void android.app.ActivityThread$H.handleMessage(android.os.Message) (ActivityThread.java:1572)
01-03 09:33:42.179 13167 13167 I art : at void android.os.Handler.dispatchMessage(android.os.Message) (Handler.java:102)
01-03 09:33:42.179 13167 13167 I art : at void android.os.Looper.loop() (Looper.java:154)
01-03 09:33:42.179 13167 13167 I art : at void android.app.ActivityThread.main(java.lang.String[]) (ActivityThread.java:6140)
01-03 09:33:42.179 13167 13167 I art : at java.lang.Object java.lang.reflect.Method.invoke!(java.lang.Object, java.lang.Object[]) (Method.java:-2)
01-03 09:33:42.179 13167 13167 I art : at void com.android.internal.os.ZygoteInit$MethodAndArgsCaller.run() (ZygoteInit.java:914)
01-03 09:33:42.179 13167 13167 I art : at void com.android.internal.os.ZygoteInit.main(java.lang.String[]) (ZygoteInit.java:804)
01-03 09:33:42.179 13167 13167 I art :
01-03 09:33:42.184 10359 11374 E SchedPolicy: set_timerslack_ns prctl failed: Invalid argument
01-03 09:33:42.185 10359 11374 E SchedPolicy: set_timerslack_ns prctl failed: Invalid argument
01-03 09:33:42.189 10359 11374 E SchedPolicy: set_timerslack_ns prctl failed: Invalid argument
01-03 09:33:42.189 10359 11374 E SchedPolicy: set_timerslack_ns prctl failed: Invalid argument
01-03 09:33:42.193 13398 13398 I art : Starting a blocking GC AddRemoveAppImageSpace
01-03 09:33:42.194 13398 13398 W System : ClassLoader referenced unknown path: /system/app/KoreanIME/lib/arm
01-03 09:33:42.203 10359 11374 E SchedPolicy: set_timerslack_ns prctl failed: Invalid argument
01-03 09:33:42.203 10359 11374 E SchedPolicy: set_timerslack_ns prctl failed: Invalid argument
01-03 09:33:42.206 10359 11374 E SchedPolicy: set_timerslack_ns prctl failed: Invalid argument
01-03 09:33:42.206 10359 11374 E SchedPolicy: set_timerslack_ns prctl failed: Invalid argument
01-03 09:33:42.208 10359 11374 E SchedPolicy: set_timerslack_ns prctl failed: Invalid argument
01-03 09:33:42.208 10359 11374 E SchedPolicy: set_timerslack_ns prctl failed: Invalid argument
01-03 09:33:42.210 10359 11374 E SchedPolicy: set_timerslack_ns prctl failed: Invalid argument
01-03 09:33:42.210 10359 11374 E SchedPolicy: set_timerslack_ns prctl failed: Invalid argument
01-03 09:33:42.212 10359 11374 E SchedPolicy: set_timerslack_ns prctl failed: Invalid argument
01-03 09:33:42.212 10359 11374 E SchedPolicy: set_timerslack_ns prctl failed: Invalid argument
01-03 09:33:42.229 10359 10396 I art : Alloc concurrent mark sweep GC freed 926(83KB) AllocSpace objects, 0(0B) LOS objects, 33% free, 16MB/25MB, paused 1.250ms total 120.277ms
01-03 09:33:42.229 10359 10396 W art : Large object allocation failed: ashmem_create_region failed for 'large object space allocation': Too many open files
01-03 09:33:42.229 10359 10396 W art : Throwing OutOfMemoryError "Failed to allocate a 32768 byte allocation with 8886366 free bytes and 495MB until OOM"
01-03 09:33:42.231 10359 10396 W art : Large object allocation failed: ashmem_create_region failed for 'large object space allocation': Too many open files
01-03 09:33:42.231 10359 10396 I art : Starting a blocking GC Alloc
01-03 09:33:42.231 10359 10396 I art : Starting a blocking GC Alloc
01-03 09:33:42.233 10359 10376 I art : Waiting for a blocking GC Alloc
01-03 09:33:42.246 10359 11374 E SchedPolicy: set_timerslack_ns prctl failed: Invalid argument
01-03 09:33:42.247 10359 11374 E SchedPolicy: set_timerslack_ns prctl failed: Invalid argument
01-03 09:33:42.250 10359 10396 I art : Alloc sticky concurrent mark sweep GC freed 766(23KB) AllocSpace objects, 0(0B) LOS objects, 33% free, 16MB/25MB, paused 1.142ms total 18.291ms
01-03 09:33:42.250 10359 10396 W art : Large object allocation failed: ashmem_create_region failed for 'large object space allocation': Too many open files
01-03 09:33:42.250 10359 10396 I art : Starting a blocking GC Alloc
01-03 09:33:42.255 10359 10376 I art : Waiting for a blocking GC Alloc
01-03 09:33:42.283 13348 13395 W art : Verification of void der.(dch) took 202.062ms
01-03 09:33:42.285 10359 11374 E SchedPolicy: set_timerslack_ns prctl failed: Invalid argument
01-03 09:33:42.285 10359 11374 E SchedPolicy: set_timerslack_ns prctl failed: Invalid argument
01-03 09:33:42.286 13167 13177 W art : Suspending all threads took: 36.554ms
01-03 09:33:42.289 13088 13124 W art : Verification of io.grpc.g.a.p io.grpc.g.a.p.f() took 103.141ms
01-03 09:33:42.295 13167 13177 I art : Background partial concurrent mark sweep GC freed 16992(916KB) AllocSpace objects, 6(344KB) LOS objects, 40% free, 6MB/10MB, paused 41.094ms total 377.147ms
01-03 09:33:42.303 10359 11374 E SchedPolicy: set_timerslack_ns prctl failed: Invalid argument
01-03 09:33:42.304 10359 10830 E SchedPolicy: set_timerslack_ns prctl failed: Invalid argument
01-03 09:33:42.304 10359 10830 E SchedPolicy: set_timerslack_ns prctl failed: Invalid argument
01-03 09:33:42.305 10359 10830 E SchedPolicy: set_timerslack_ns prctl failed: Invalid argument
01-03 09:33:42.305 10359 10830 E SchedPolicy: set_timerslack_ns prctl failed: Invalid argument
01-03 09:33:42.310 10359 10370 E SchedPolicy: set_timerslack_ns prctl failed: Invalid argument
01-03 09:33:42.311 10359 10370 E SchedPolicy: set_timerslack_ns prctl failed: Invalid argument
01-03 09:33:42.311 10359 11374 E SchedPolicy: set_timerslack_ns prctl failed: Invalid argument
01-03 09:33:42.311 10359 10830 E SchedPolicy: set_timerslack_ns prctl failed: Invalid argument
01-03 09:33:42.311 10359 10830 E SchedPolicy: set_timerslack_ns prctl failed: Invalid argument
01-03 09:33:42.312 10359 10830 E SchedPolicy: set_timerslack_ns prctl failed: Invalid argument
01-03 09:33:42.312 10359 10830 E SchedPolicy: set_timerslack_ns prctl failed: Invalid argument
01-03 09:33:42.318 13167 13175 W inertial-anchor: NdkSensorDataProvider is not started before calling Stop().
01-03 09:33:42.321 10359 10830 E SchedPolicy: set_timerslack_ns prctl failed: Invalid argument
01-03 09:33:42.321 10359 10830 E SchedPolicy: set_timerslack_ns prctl failed: Invalid argument
01-03 09:33:42.321 10359 10830 E SchedPolicy: set_timerslack_ns prctl failed: Invalid argument
01-03 09:33:42.322 10359 10830 E SchedPolicy: set_timerslack_ns prctl failed: Invalid argument
01-03 09:33:42.328 10359 10830 E SchedPolicy: set_timerslack_ns prctl failed: Invalid argument
01-03 09:33:42.328 10359 10830 E SchedPolicy: set_timerslack_ns prctl failed: Invalid argument
01-03 09:33:42.329 10359 10830 E SchedPolicy: set_timerslack_ns prctl failed: Invalid argument
01-03 09:33:42.329 10359 11374 E SchedPolicy: set_timerslack_ns prctl failed: Invalid argument
01-03 09:33:42.329 10359 10830 E SchedPolicy: set_timerslack_ns prctl failed: Invalid argument
01-03 09:33:42.330 10359 11374 E SchedPolicy: set_timerslack_ns prctl failed: Invalid argument
01-03 09:33:42.331 10359 11374 E SchedPolicy: set_timerslack_ns prctl failed: Invalid argument
01-03 09:33:42.331 10359 11374 E SchedPolicy: set_timerslack_ns prctl failed: Invalid argument
01-03 09:33:42.336 10359 11374 E SchedPolicy: set_timerslack_ns prctl failed: Invalid argument
01-03 09:33:42.336 10359 11374 E SchedPolicy: set_timerslack_ns prctl failed: Invalid argument
01-03 09:33:42.345 10359 10830 E SchedPolicy: set_timerslack_ns prctl failed: Invalid argument
01-03 09:33:42.345 10359 10830 E SchedPolicy: set_timerslack_ns prctl failed: Invalid argument
01-03 09:33:42.345 10359 10370 E SchedPolicy: set_timerslack_ns prctl failed: Invalid argument
01-03 09:33:42.346 10359 10370 E SchedPolicy: set_timerslack_ns prctl failed: Invalid argument
01-03 09:33:42.347 10359 11374 E SchedPolicy: set_timerslack_ns prctl failed: Invalid argument
01-03 09:33:42.347 10359 11374 E SchedPolicy: set_timerslack_ns prctl failed: Invalid argument
01-03 09:33:42.347 10359 11374 E SchedPolicy: set_timerslack_ns prctl failed: Invalid argument
01-03 09:33:42.348 10359 11374 E SchedPolicy: set_timerslack_ns prctl failed: Invalid argument
01-03 09:33:42.349 10359 11374 E SchedPolicy: set_timerslack_ns prctl failed: Invalid argument
01-03 09:33:42.349 10359 10370 E SchedPolicy: set_timerslack_ns prctl failed: Invalid argument
01-03 09:33:42.349 10359 10370 E SchedPolicy: set_timerslack_ns prctl failed: Invalid argument
01-03 09:33:42.355 10359 11374 E SchedPolicy: set_timerslack_ns prctl failed: Invalid argument
01-03 09:33:42.356 10359 11374 E SchedPolicy: set_timerslack_ns prctl failed: Invalid argument
01-03 09:33:42.356 10359 11374 E SchedPolicy: set_timerslack_ns prctl failed: Invalid argument
01-03 09:33:42.363 10359 10396 I art : Alloc partial concurrent mark sweep GC freed 789(56KB) AllocSpace objects, 0(0B) LOS objects, 33% free, 16MB/25MB, paused 1.119ms total 111.998ms
01-03 09:33:42.363 10359 10396 W art : Large object allocation failed: ashmem_create_region failed for 'large object space allocation': Too many open files
01-03 09:33:42.363 10359 10396 I art : Starting a blocking GC Alloc
01-03 09:33:42.365 13088 13128 W Search.LoginHelperImpl: TimeoutException while waiting for token.
01-03 09:33:42.365 13088 13128 W Search.LoginHelperImpl: java.util.concurrent.TimeoutException: Waited 3000 milliseconds (plus 387252 nanoseconds delay) for i@8343125[status=PENDING, info=[inputFuture=[TaskRunnerFutureTask[ao[Get token with recovery intent]]], function=[com.google.android.apps.gsa.search.core.google.gaia.an@cd062fa]]]
01-03 09:33:42.365 13088 13128 W Search.LoginHelperImpl: at com.google.common.util.concurrent.d.get(PG:46)
01-03 09:33:42.365 13088 13128 W Search.LoginHelperImpl: at com.google.android.apps.gsa.shared.util.c.ak.g(PG:2)
01-03 09:33:42.365 13088 13128 W Search.LoginHelperImpl: at com.google.android.apps.gsa.search.core.google.gaia.aw.X(PG:1)
01-03 09:33:42.365 13088 13128 W Search.LoginHelperImpl: at com.google.android.apps.gsa.search.core.google.gaia.aw.E(PG:3)
01-03 09:33:42.365 13088 13128 W Search.LoginHelperImpl: at com.google.android.apps.gsa.speech.k.b.i.f(PG:3)
01-03 09:33:42.365 13088 13128 W Search.LoginHelperImpl: at com.google.android.apps.gsa.speech.k.b.i.b(PG:25)
01-03 09:33:42.365 13088 13128 W Search.LoginHelperImpl: at com.google.android.apps.gsa.speech.k.b.i.call(PG:1)
01-03 09:33:42.365 13088 13128 W Search.LoginHelperImpl: at java.util.concurrent.FutureTask.run(FutureTask.java:237)
01-03 09:33:42.365 13088 13128 W Search.LoginHelperImpl: at com.google.android.apps.gsa.shared.util.c.a.e.run(PG:2)
01-03 09:33:42.365 13088 13128 W Search.LoginHelperImpl: at com.google.android.apps.gsa.shared.util.c.a.bi.run(PG:1)
01-03 09:33:42.365 13088 13128 W Search.LoginHelperImpl: at com.google.android.apps.gsa.shared.util.c.a.bi.run(PG:1)
01-03 09:33:42.365 13088 13128 W Search.LoginHelperImpl: at java.util.concurrent.ThreadPoolExecutor.runWorker(ThreadPoolExecutor.java:1133)
01-03 09:33:42.365 13088 13128 W Search.LoginHelperImpl: at java.util.concurrent.ThreadPoolExecutor$Worker.run(ThreadPoolExecutor.java:607)
01-03 09:33:42.365 13088 13128 W Search.LoginHelperImpl: at java.lang.Thread.run(Thread.java:761)
01-03 09:33:42.365 13088 13128 W Search.LoginHelperImpl: at com.google.android.apps.gsa.shared.util.c.a.l.run(PG:5)
01-03 09:33:42.365 10359 10376 I art : Waiting for a blocking GC Alloc
01-03 09:33:42.367 10359 11374 E SchedPolicy: set_timerslack_ns prctl failed: Invalid argument
01-03 09:33:42.367 10359 11374 E SchedPolicy: set_timerslack_ns prctl failed: Invalid argument
01-03 09:33:42.368 10359 11374 E SchedPolicy: set_timerslack_ns prctl failed: Invalid argument
01-03 09:33:42.368 10359 11374 E SchedPolicy: set_timerslack_ns prctl failed: Invalid argument
01-03 09:33:42.369 10359 11374 E SchedPolicy: set_timerslack_ns prctl failed: Invalid argument
01-03 09:33:42.369 10359 11374 E SchedPolicy: set_timerslack_ns prctl failed: Invalid argument
01-03 09:33:42.370 10359 11374 E SchedPolicy: set_timerslack_ns prctl failed: Invalid argument
01-03 09:33:42.370 10359 11374 E SchedPolicy: set_timerslack_ns prctl failed: Invalid argument
01-03 09:33:42.370 10359 11374 E SchedPolicy: set_timerslack_ns prctl failed: Invalid argument
01-03 09:33:42.370 10359 11374 E SchedPolicy: set_timerslack_ns prctl failed: Invalid argument
01-03 09:33:42.370 10359 11374 E SchedPolicy: set_timerslack_ns prctl failed: Invalid argument
01-03 09:33:42.370 10359 11374 E SchedPolicy: set_timerslack_ns prctl failed: Invalid argument
01-03 09:33:42.372 10359 11374 E SchedPolicy: set_timerslack_ns prctl failed: Invalid argument
01-03 09:33:42.372 10359 11374 E SchedPolicy: set_timerslack_ns prctl failed: Invalid argument
