01-02 13:56:18.809 7549 7549 W PackageManager: Unknown permission android.permission.MANAGE_ROLLBACKS in package com.google.android.gms
01-02 13:56:18.809 7549 7549 W PackageManager: Unknown permission android.permission.REQUEST_DELETE_PACKAGES in package com.google.android.gms
01-02 13:56:18.809 7549 7549 W PackageManager: Unknown permission android.permission.UPDATE_FONTS in package com.google.android.gms
01-02 13:56:18.810 7549 7549 W PackageManager: Unknown permission android.permission.LAUNCH_MULTI_PANE_SETTINGS_DEEP_LINK in package com.google.android.gms
01-02 13:56:18.810 7549 7549 W PackageManager: Not granting permission android.permission.MEDIA_CONTENT_CONTROL to package com.google.android.gms (protectionLevel=18 flags=0xb8483ec5)
01-02 13:56:18.810 7549 7549 W PackageManager: Unknown permission android.permission.SEND_SAFETY_CENTER_UPDATE in package com.google.android.gms
01-02 13:56:18.810 7549 7549 W PackageManager: Unknown permission android.permission.FOREGROUND_SERVICE_SYSTEM_EXEMPTED in package com.google.android.gms
01-02 13:56:18.810 7549 7549 W PackageManager: Unknown permission com.google.android.apps.nest.DOCK_MANAGER_SERVICE in package com.google.android.gms
01-02 13:56:18.810 7549 7549 W PackageManager: Unknown permission android.permission.CALL_AUDIO_INTERCEPTION in package com.google.android.gms
01-02 13:56:18.810 7549 7549 W PackageManager: Unknown permission android.permission.PROVIDE_DEFAULT_ENABLED_CREDENTIAL_SERVICE in package com.google.android.gms
01-02 13:56:18.810 7549 7549 W PackageManager: Unknown permission android.permission.PROVIDE_REMOTE_CREDENTIALS in package com.google.android.gms
01-02 13:56:18.810 7549 7549 W PackageManager: Unknown permission android.permission.READ_NEARBY_STREAMING_POLICY in package com.google.android.gms
01-02 13:56:18.810 7549 7549 W PackageManager: Unknown permission com.google.android.permission.USE_GRIL in package com.google.android.gms
01-02 13:56:18.810 7549 7549 W PackageManager: Unknown permission com.google.android.gms.game.notifications.permission.WRITE in package com.google.android.gms
01-02 13:56:18.810 7549 7549 W PackageManager: Unknown permission android.permission.HIGH_SAMPLING_RATE_SENSORS in package com.google.android.gms
01-02 13:56:18.810 7549 7549 W PackageManager: Unknown permission android.permission.RESET_PASSWORD in package com.google.android.gms
01-02 13:56:18.810 7549 7549 W PackageManager: Unknown permission android.permission.LOCK_DEVICE in package com.google.android.gms
01-02 13:56:18.810 7549 7549 W PackageManager: Unknown permission android.permission.CONTROL_KEYGUARD_SECURE_NOTIFICATIONS in package com.google.android.gms
01-02 13:56:18.810 7549 7549 W PackageManager: Unknown permission android.permission.HIDE_NON_SYSTEM_OVERLAY_WINDOWS in package com.google.android.gms
01-02 13:56:18.810 7549 7549 W PackageManager: Unknown permission android.permission.FOREGROUND_SERVICE in package com.google.android.tts
01-02 13:56:18.810 7549 7549 W PackageManager: Unknown permission android.permission.QUERY_ALL_PACKAGES in package com.google.android.tts
01-02 13:56:18.810 7549 7549 W PackageManager: Not granting permission android.permission.UPDATE_APP_OPS_STATS to package com.google.android.tts (protectionLevel=274 flags=0x244bbec5)
01-02 13:56:18.810 7549 7549 W PackageManager: Unknown permission com.android.launcher.permission.PRELOAD_WORKSPACE in package com.google.android.partnersetup
01-02 13:56:18.810 7549 7549 W PackageManager: Unknown permission com.google.android.gallery3d.permission.PICASA_STORE in package com.android.dreams.phototable
01-02 13:56:18.811 7549 7549 W PackageManager: Not granting permission android.permission.CONTROL_KEYGUARD to package com.google.android.gsf.login (protectionLevel=2 flags=0x3048be45)
01-02 13:56:18.811 7549 7549 W PackageManager: Unknown permission com.android.vending.billing.IBillingAccountService.BIND2 in package com.google.android.gsf.login
01-02 13:56:18.811 7549 7549 W PackageManager: Unknown permission android.permission.POST_NOTIFICATIONS in package com.teamviewer.quicksupport.market
01-02 13:56:18.811 7549 7549 W PackageManager: Unknown permission android.permission.BLUETOOTH_ADVERTISE in package com.teamviewer.quicksupport.market
01-02 13:56:18.811 7549 7549 W PackageManager: Not granting permission android.permission.INJECT_EVENTS to package com.teamviewer.quicksupport.market (protectionLevel=2 flags=0x38183e44)
01-02 13:56:18.811 7549 7549 W PackageManager: Not granting permission android.permission.CAPTURE_VIDEO_OUTPUT to package com.teamviewer.quicksupport.market (protectionLevel=18 flags=0x38183e44)
01-02 13:56:18.811 7549 7549 W PackageManager: Unknown permission com.motorola.enterprise.service.REMOTE_ACCESS_PERMISSION in package com.teamviewer.quicksupport.market
01-02 13:56:18.811 7549 7549 W PackageManager: Unknown permission com.samsung.android.knox.permission.KNOX_REMOTE_CONTROL in package com.teamviewer.quicksupport.market
01-02 13:56:18.811 7549 7549 W PackageManager: Unknown permission android.permission.sec.MDM_REMOTE_CONTROL in package com.teamviewer.quicksupport.market
01-02 13:56:18.811 7549 7549 W PackageManager: Unknown permission com.sonymobile.permission.ENTERPRISE_API in package com.teamviewer.quicksupport.market
01-02 13:56:18.811 7549 7549 W PackageManager: Unknown permission com.android.remotecontrolservice.REMOTE_CONTROL in package com.teamviewer.quicksupport.market
01-02 13:56:18.811 7549 7549 W PackageManager: Unknown permission android.permission.REQUEST_DELETE_PACKAGES in package com.teamviewer.quicksupport.market
01-02 13:56:18.811 7549 7549 W PackageManager: Unknown permission android.permission.FOREGROUND_SERVICE in package com.teamviewer.quicksupport.market
01-02 13:56:18.811 7549 7549 W PackageManager: Unknown permission android.permission.QUERY_ALL_PACKAGES in package com.teamviewer.quicksupport.market
01-02 13:56:18.811 7549 7549 W PackageManager: Not granting permission android.permission.ACCESS_FINE_LOCATION to package com.teamviewer.quicksupport.market because it was previously installed without
01-02 13:56:18.811 7549 7549 W PackageManager: Not granting permission android.permission.WRITE_EXTERNAL_STORAGE to package com.teamviewer.quicksupport.market because it was previously installed without
01-02 13:56:18.811 7549 7549 W PackageManager: Unknown permission android.permission.MANAGE_EXTERNAL_STORAGE in package com.teamviewer.quicksupport.market
01-02 13:56:18.811 7549 7549 W PackageManager: Not granting permission android.permission.READ_EXTERNAL_STORAGE to package com.teamviewer.quicksupport.market because it was previously installed without
01-02 13:56:18.811 7549 7549 W PackageManager: Not granting permission android.permission.WRITE_EXTERNAL_STORAGE to package com.posbank.SDKTools because it was previously installed without
01-02 13:56:18.811 7549 7549 W PackageManager: Not granting permission android.permission.READ_EXTERNAL_STORAGE to package com.posbank.SDKTools because it was previously installed without
01-02 13:56:18.811 7549 7549 W PackageManager: Unknown permission com.android.launcher.permission.READ_SETTINGS in package com.android.settings
01-02 13:56:18.811 7549 7549 W PackageManager: Unknown permission com.android.launcher.permission.WRITE_SETTINGS in package com.android.settings
01-02 13:56:18.812 7549 7549 W PackageManager: Unknown permission android.permission.READ_SETTINGS in package com.posbank.apkinstaller
01-02 13:56:18.812 7549 7549 W PackageManager: Unknown permission android.permission.FOREGROUND_SERVICE in package com.google.android.inputmethod.japanese
01-02 13:56:18.812 7549 7549 W PackageManager: Unknown permission com.google.android.gallery3d.permission.GALLERY_PROVIDER in package com.android.bluetooth
01-02 13:56:18.812 7549 7549 W PackageManager: Unknown permission android.permission.READ_MEDIA_IMAGES in package com.google.android.inputmethod.latin
01-02 13:56:18.812 7549 7549 W PackageManager: Unknown permission android.permission.READ_MEDIA_VISUAL_USER_SELECTED in package com.google.android.inputmethod.latin
01-02 13:56:18.812 7549 7549 W PackageManager: Unknown permission android.permission.FOREGROUND_SERVICE in package com.google.android.inputmethod.latin
01-02 13:56:18.812 7549 7549 W PackageManager: Unknown permission android.permission.FOREGROUND_SERVICE_DATA_SYNC in package com.google.android.inputmethod.latin
01-02 13:56:18.812 7549 7549 W PackageManager: Unknown permission com.bitstrips.imoji.provider.READ in package com.google.android.inputmethod.latin
01-02 13:56:18.812 7549 7549 W PackageManager: Unknown permission android.permission.INTERACT_ACROSS_PROFILES in package com.google.android.inputmethod.latin
01-02 13:56:18.813 7549 7549 V PackageManager: reconcileAppsData for null u0 0x3
01-02 13:56:18.852 7375 7375 I ServiceManager: Waiting for service media.camera.proxy...
01-02 13:56:18.902 7375 7375 I ServiceManager: Waiting for service media.camera.proxy...
01-02 13:56:18.939 15294 15294 W cutils : Expected path /data/data/com.google.android.gms with mode 700 but found 751
01-02 13:56:18.940 15294 15294 W cutils : Expected path /data/user_de/0/com.google.android.gms with mode 700 but found 751
01-02 13:56:18.940 15294 15294 W cutils : Expected path /data/data/com.google.android.gms with mode 700 but found 751
01-02 13:56:18.941 15294 15294 W cutils : Expected path /data/user_de/0/com.google.android.gms with mode 700 but found 751
01-02 13:56:18.952 7375 7375 I ServiceManager: Waiting for service media.camera.proxy...
01-02 13:56:19.003 7375 7375 I ServiceManager: Waiting for service media.camera.proxy...
01-02 13:56:19.048 7549 7549 V PackageManager: reconcileAppsData finished 108 packages
01-02 13:56:19.053 7375 7375 I ServiceManager: Waiting for service media.camera.proxy...
01-02 13:56:19.103 7375 7375 I ServiceManager: Waiting for service media.camera.proxy...
01-02 13:56:19.139 7549 7549 I SystemServer: StartOtaDexOptService
01-02 13:56:19.145 7549 7549 I SystemServer: StartUserManagerService
01-02 13:56:19.145 7549 7549 I SystemServiceManager: Starting com.android.server.pm.UserManagerService$LifeCycle
01-02 13:56:19.149 201 201 I lowmemorykiller: ActivityManager connected
01-02 13:56:19.150 7549 7549 I SystemServiceManager: Starting com.android.server.BatteryService
01-02 13:56:19.150 7549 7641 I chatty : uid=1000 system_server expire 6 lines
01-02 13:56:19.153 7549 7549 I SystemServiceManager: Starting com.android.server.usage.UsageStatsService
01-02 13:56:19.153 7375 7375 I ServiceManager: Waiting for service media.camera.proxy...
01-02 13:56:19.156 7549 7549 I SystemServiceManager: Starting com.android.server.webkit.WebViewUpdateService
01-02 13:56:19.159 7549 7639 I chatty : uid=1000(system) Binder:7549_3 expire 1 line
01-02 13:56:19.159 7549 7549 I SystemServer: Reading configuration...
01-02 13:56:19.159 7549 7549 I SystemServer: StartSchedulingPolicyService
01-02 13:56:19.160 7549 7549 I SystemServiceManager: Starting com.android.server.telecom.TelecomLoaderService
01-02 13:56:19.160 7549 7549 I SystemServer: StartTelephonyRegistry
01-02 13:56:19.163 7549 7549 I SystemServer: StartEntropyMixer
01-02 13:56:19.164 7549 7549 I EntropyMixer: Writing entropy...
01-02 13:56:19.166 7549 7549 I SystemServer: Camera Service
01-02 13:56:19.167 7549 7549 I SystemServiceManager: Starting com.android.server.camera.CameraService
01-02 13:56:19.168 7549 7549 I SystemServer: StartAccountManagerService
01-02 13:56:19.168 7549 7549 I SystemServiceManager: Starting com.android.server.accounts.AccountManagerService$Lifecycle
01-02 13:56:19.174 7549 7549 I SystemServer: StartContentService
01-02 13:56:19.174 7549 7549 I SystemServiceManager: Starting com.android.server.content.ContentService$Lifecycle
01-02 13:56:19.175 7549 7549 I SystemServer: InstallSystemProviders
01-02 13:56:19.190 7549 7549 I SystemServer: StartVibratorService
01-02 13:56:19.192 7549 7549 I SystemServer: StartConsumerIrService
01-02 13:56:19.193 7549 7549 I SystemServer: StartAlarmManagerService
01-02 13:56:19.193 7549 7549 I SystemServiceManager: Starting com.android.server.AlarmManagerService
01-02 13:56:19.195 7549 7549 W AlarmAlignmentManager: updating App alarm config:
01-02 13:56:19.196 7549 7549 W AlarmAlignmentManager: old config:strategy:SCREEN_OFF_ALARM_STRATEGY_NONE, repeat alignment:0, fixed alignment:0, skip short interval:0, strict:true, ignore top:false, skip nonwakeup:true, align system alarm:false, whitelist size:0, blacklist size:0
01-02 13:56:19.196 7549 7549 W AlarmAlignmentManager: new config:strategy:SCREEN_OFF_ALARM_STRATEGY_NONE, repeat alignment:0, fixed alignment:0, skip short interval:0, strict:true, ignore top:false, skip nonwakeup:true, align system alarm:false, whitelist size:0, blacklist size:0
01-02 13:56:19.203 7549 7549 I SystemServer: InitWatchdog
01-02 13:56:19.203 7549 7549 I SystemServer: StartInputManagerService
01-02 13:56:19.204 7549 7549 I InputManager: Initializing input manager, mUseDevInputEventForAudioJack=true
01-02 13:56:19.205 7549 7549 I SystemServer: StartWindowManagerService
01-02 13:56:19.215 7549 7590 I WindowManager: No existing display settings /data/system/display_settings.xml; starting empty
01-02 13:56:19.234 7549 7549 I SystemServer: StartVrManagerService
01-02 13:56:19.234 7549 7549 I SystemServiceManager: Starting com.android.server.vr.VrManagerService
01-02 13:56:19.237 7549 7549 I InputManager: Starting input manager
01-02 13:56:19.238 7549 7648 I chatty : uid=1000(system) InputReader expire 47 lines
01-02 13:56:19.239 7549 7549 I SystemServiceManager: Starting com.android.server.BluetoothService
01-02 13:56:19.241 7549 7549 D BluetoothManagerService: Loading stored name and address
01-02 13:56:19.241 7549 7549 D BluetoothManagerService: Stored bluetooth Name=APEXA AW-1560,Address=22:22:43:A1:95:58
01-02 13:56:19.241 7549 7549 D BluetoothManagerService: Bluetooth persisted state: 0
01-02 13:56:19.241 7549 7549 I SystemServer: ConnectivityMetricsLoggerService
01-02 13:56:19.242 7549 7549 I SystemServiceManager: Starting com.android.server.connectivity.MetricsLoggerService
01-02 13:56:19.242 7549 7549 I SystemServer: IpConnectivityMetrics
01-02 13:56:19.242 7549 7549 I SystemServiceManager: Starting com.android.server.connectivity.IpConnectivityMetrics
01-02 13:56:19.244 7549 7549 I SystemServer: PinnerService
01-02 13:56:19.244 7549 7549 I SystemServiceManager: Starting com.android.server.PinnerService
01-02 13:56:19.244 7549 7549 I SystemServiceManager: Starting com.android.server.InputMethodManagerService$Lifecycle
01-02 13:56:19.270 7549 7549 I SystemServer: StartAccessibilityManagerService
01-02 13:56:19.273 7549 7549 I ActivityManager: Config changes=1df8 {1.0 dualscreenflag=DISABLE ?mcc?mnc [en_US] ldltr sw768dp w1366dp h768dp 160dpi xlrg long land ?uimode ?night -touch -keyb/v/h -nav/h s.2}
01-02 13:56:19.282 7549 7590 I ActivityManager: Config changes=408 {1.0 dualscreenflag=DISABLE ?mcc?mnc [en_US] ldltr sw768dp w1366dp h696dp 160dpi xlrg long land ?uimode ?night finger -keyb/v/h -nav/h s.3}
01-02 13:56:19.298 7549 7549 I SystemServiceManager: Starting com.android.server.MountService$Lifecycle
01-02 13:56:19.303 7549 7549 I SystemServer: start UiModeManagerService.
01-02 13:56:19.304 7549 7649 D MountService: Thinking about init, mSystemReady=false, mDaemonConnected=true
01-02 13:56:19.304 7549 7649 D MountService: Thinking about reset, mSystemReady=false, mDaemonConnected=true
01-02 13:56:19.304 7549 7549 I SystemServiceManager: Starting com.android.server.UiModeManagerService
01-02 13:56:19.305 7549 7649 D MountService: Thinking about init, mSystemReady=false, mDaemonConnected=true
01-02 13:56:19.305 7549 7649 D MountService: Thinking about reset, mSystemReady=false, mDaemonConnected=true
01-02 13:56:19.305 7549 7549 I ActivityManager: Config changes=200 {1.0 dualscreenflag=DISABLE ?mcc?mnc [en_US] ldltr sw768dp w1366dp h696dp 160dpi xlrg long land finger -keyb/v/h -nav/h s.4}
01-02 13:56:19.305 7549 7649 D CryptdConnector: SND -> {1 cryptfs getfield SystemLocale}
01-02 13:56:19.306 7549 7651 D CryptdConnector: RCV <- {200 1 -1}
01-02 13:56:19.307 7549 7649 W MountService: No primary storage mounted!
01-02 13:56:19.308 7549 7649 D VoldConnector: SND -> {1 asec list}
01-02 13:56:19.308 7549 7650 D VoldConnector: RCV <- {200 1 asec operation succeeded}
01-02 13:56:19.308 7549 7649 I chatty : uid=1000(system) MountService expire 3 lines
01-02 13:56:19.309 7549 7649 W PackageManager: Unknown permission android.permission.POST_NOTIFICATIONS in package com.nextcloud.client
01-02 13:56:19.309 7549 7649 W PackageManager: Not granting permission android.permission.READ_CONTACTS to package com.nextcloud.client because it was previously installed without
01-02 13:56:19.309 7549 7649 W PackageManager: Not granting permission android.permission.WRITE_CONTACTS to package com.nextcloud.client because it was previously installed without
01-02 13:56:19.309 7549 7649 W PackageManager: Not granting permission android.permission.READ_CALENDAR to package com.nextcloud.client because it was previously installed without
01-02 13:56:19.309 7549 7649 W PackageManager: Not granting permission android.permission.WRITE_CALENDAR to package com.nextcloud.client because it was previously installed without
01-02 13:56:19.309 7549 7649 W PackageManager: Not granting permission android.permission.WRITE_EXTERNAL_STORAGE to package com.nextcloud.client because it was previously installed without
01-02 13:56:19.309 7549 7649 W PackageManager: Unknown permission android.permission.MANAGE_EXTERNAL_STORAGE in package com.nextcloud.client
01-02 13:56:19.309 7549 7649 W PackageManager: Not granting permission android.permission.READ_EXTERNAL_STORAGE to package com.nextcloud.client because it was previously installed without
01-02 13:56:19.309 7549 7649 W PackageManager: Not granting permission android.permission.CAMERA to package com.nextcloud.client because it was previously installed without
01-02 13:56:19.309 7549 7649 W PackageManager: Unknown permission android.permission.USE_BIOMETRIC in package com.nextcloud.client
01-02 13:56:19.309 7549 7649 W PackageManager: Unknown permission android.permission.FOREGROUND_SERVICE in package com.nextcloud.client
01-02 13:56:19.309 7549 7649 W PackageManager: Unknown permission android.permission.READ_MEDIA_IMAGES in package com.nextcloud.client
01-02 13:56:19.309 7549 7649 W PackageManager: Unknown permission android.permission.READ_MEDIA_VIDEO in package com.nextcloud.client
01-02 13:56:19.309 7549 7649 W PackageManager: Not granting permission android.permission.GET_ACCOUNTS to package com.nextcloud.client because it was previously installed without
01-02 13:56:19.309 7549 7649 W PackageManager: Unknown permission android.permission.USB_PERMISSION in package com.acdc.touchdaemon
01-02 13:56:19.309 7549 7649 W PackageManager: Unknown permission android.permission.READ_MEDIA_IMAGES in package com.google.android.youtube
01-02 13:56:19.309 7549 7649 W PackageManager: Unknown permission android.permission.READ_MEDIA_VIDEO in package com.google.android.youtube
01-02 13:56:19.309 7549 7649 W PackageManager: Not granting permission android.permission.MANAGE_DOCUMENTS to package com.google.android.youtube (protectionLevel=2 flags=0x385bbec5)
01-02 13:56:19.309 7549 7649 W PackageManager: Unknown permission android.permission.FOREGROUND_SERVICE in package com.google.android.youtube
01-02 13:56:19.309 7549 7649 W PackageManager: Unknown permission android.permission.USE_BIOMETRIC in package com.google.android.youtube
01-02 13:56:19.309 7549 7649 W PackageManager: Unknown permission android.permission.HIGH_SAMPLING_RATE_SENSORS in package com.google.android.youtube
01-02 13:56:19.309 7549 7649 W PackageManager: Unknown permission com.sec.android.provider.badge.permission.READ in package com.google.android.youtube
01-02 13:56:19.309 7549 7649 W PackageManager: Unknown permission com.sec.android.provider.badge.permission.WRITE in package com.google.android.youtube
01-02 13:56:19.309 7549 7649 W PackageManager: Unknown permission com.htc.launcher.permission.READ_SETTINGS in package com.google.android.youtube
01-02 13:56:19.309 7549 7649 W PackageManager: Unknown permission com.htc.launcher.permission.UPDATE_SHORTCUT in package com.google.android.youtube
01-02 13:56:19.309 7549 7649 W PackageManager: Unknown permission com.sonyericsson.home.permission.BROADCAST_BADGE in package com.google.android.youtube
01-02 13:56:19.309 7549 7649 W PackageManager: Unknown permission com.sonymobile.home.permission.PROVIDER_INSERT_BADGE in package com.google.android.youtube
01-02 13:56:19.309 7549 7649 W PackageManager: Unknown permission android.permission.POST_NOTIFICATIONS in package com.google.android.youtube
01-02 13:56:19.309 7549 7649 W PackageManager: Unknown permission com.google.android.launcher.permission.CONTENT_REDIRECT in package com.google.android.googlequicksearchbox
01-02 13:56:19.309 7549 7649 W PackageManager: Unknown permission com.google.android.voicesearch.SHORTCUTS_ACCESS in package com.google.android.googlequicksearchbox
01-02 13:56:19.309 7549 7649 W PackageManager: Unknown permission com.google.android.voicesearch.ACCESS_SETTINGS in package com.google.android.googlequicksearchbox
01-02 13:56:19.309 7549 7649 W PackageManager: Unknown permission com.android.browser.permission.PRELOAD in package com.google.android.googlequicksearchbox
01-02 13:56:19.309 7549 7649 W PackageManager: Unknown permission com.google.android.ears.permission.WRITE in package com.google.android.googlequicksearchbox
01-02 13:56:19.310 7549 7649 W PackageManager: Unknown permission android.permission.INTERACT_ACROSS_PROFILES in package com.google.android.googlequicksearchbox
01-02 13:56:19.310 7549 7649 W PackageManager: Unknown permission android.permission.FOREGROUND_SERVICE in package com.google.android.googlequicksearchbox
01-02 13:56:19.310 7549 7649 W PackageManager: Unknown permission android.permission.READ_MEDIA_IMAGES in package com.google.android.googlequicksearchbox
01-02 13:56:19.310 7549 7649 W PackageManager: Unknown permission android.permission.ACTIVITY_RECOGNITION in package com.google.android.googlequicksearchbox
01-02 13:56:19.310 7549 7649 W PackageManager: Unknown permission com.google.googlenav.friend.permission.OPT_IN in package com.google.android.googlequicksearchbox
01-02 13:56:19.310 7549 7649 W PackageManager: Unknown permission com.google.android.apps.maps.permission.PREFETCH in package com.google.android.googlequicksearchbox
01-02 13:56:19.310 7549 7649 W PackageManager: Unknown permission com.google.android.apps.maps.permission.TIMELINE_POST_VISIT_BADGE in package com.google.android.googlequicksearchbox
01-02 13:56:19.311 7549 7649 W PackageManager: Unknown permission com.google.android.apps.gmm.dev.permission.ASSISTANT_GRPC_SYNC in package com.google.android.googlequicksearchbox
01-02 13:56:19.311 7549 7649 W PackageManager: Unknown permission com.google.android.apps.gmm.dogfood.permission.ASSISTANT_GRPC_SYNC in package com.google.android.googlequicksearchbox
01-02 13:56:19.311 7549 7649 W PackageManager: Unknown permission com.google.android.apps.gmm.fishfood.permission.ASSISTANT_GRPC_SYNC in package com.google.android.googlequicksearchbox
01-02 13:56:19.311 7549 7649 W PackageManager: Unknown permission com.google.android.apps.gmm.permission.ASSISTANT_GRPC_SYNC in package com.google.android.googlequicksearchbox
01-02 13:56:19.311 7549 7649 W PackageManager: Unknown permission com.google.android.apps.gmm.qp.permission.ASSISTANT_GRPC_SYNC in package com.google.android.googlequicksearchbox
01-02 13:56:19.311 7549 7649 W PackageManager: Unknown permission com.google.android.apps.maps.permission.ASSISTANT_GRPC_SYNC in package com.google.android.googlequicksearchbox
01-02 13:56:19.311 7549 7649 W PackageManager: Unknown permission android.permission.ACCESS_BACKGROUND_LOCATION in package com.google.android.googlequicksearchbox
01-02 13:56:19.311 7549 7649 W PackageManager: Unknown permission android.permission.NEARBY_WIFI_DEVICES in package com.google.android.googlequicksearchbox
01-02 13:56:19.311 7549 7649 W PackageManager: Unknown permission com.google.android.apps.googlevoice.permission.AUTO_SEND in package com.google.android.googlequicksearchbox
01-02 13:56:19.311 7549 7649 W PackageManager: Unknown permission com.google.android.gm.permission.AUTO_SEND in package com.google.android.googlequicksearchbox
01-02 13:56:19.311 7549 7649 W PackageManager: Unknown permission com.google.android.gm.permission.READ_GMAIL in package com.google.android.googlequicksearchbox
01-02 13:56:19.311 7549 7649 W PackageManager: Unknown permission com.google.android.hangouts.START_HANGOUT in package com.google.android.googlequicksearchbox
01-02 13:56:19.311 7549 7649 W PackageManager: Not granting permission android.permission.MANAGE_SOUND_TRIGGER to package com.google.android.googlequicksearchbox (protectionLevel=18 flags=0x285bbec5)
01-02 13:56:19.311 7549 7649 W PackageManager: Unknown permission android.permission.SOUND_TRIGGER_RUN_IN_BATTERY_SAVER in package com.google.android.googlequicksearchbox
01-02 13:56:19.311 7549 7649 W PackageManager: Unknown permission com.android.chrome.PRERENDER_URL in package com.google.android.googlequicksearchbox
01-02 13:56:19.311 7549 7649 W PackageManager: Unknown permission android.permission.MANAGE_HOTWORD_DETECTION in package com.google.android.googlequicksearchbox
01-02 13:56:19.311 7549 7649 W PackageManager: Unknown permission android.permission.SET_MEDIA_KEY_LISTENER in package com.google.android.googlequicksearchbox
01-02 13:56:19.311 7549 7649 W PackageManager: Unknown permission android.permission.SET_VOLUME_KEY_LONG_PRESS_LISTENER in package com.google.android.googlequicksearchbox
01-02 13:56:19.311 7549 7649 W PackageManager: Not granting permission android.permission.MANAGE_USB to package com.google.android.googlequicksearchbox (protectionLevel=18 flags=0x285bbec5)
01-02 13:56:19.311 7549 7649 W PackageManager: Unknown permission android.permission.USE_FULL_SCREEN_INTENT in package com.google.android.googlequicksearchbox
01-02 13:56:19.311 7549 7649 W PackageManager: Unknown permission com.google.android.deskclock.permission.RECEIVE_ALERT_BROADCASTS in package com.google.android.googlequicksearchbox
01-02 13:56:19.311 7549 7649 W PackageManager: Unknown permission android.permission.START_ACTIVITIES_FROM_BACKGROUND in package com.google.android.googlequicksearchbox
01-02 13:56:19.311 7549 7649 W PackageManager: Unknown permission android.permission.ANSWER_PHONE_CALLS in package com.google.android.googlequicksearchbox
01-02 13:56:19.311 7549 7649 W PackageManager: Unknown permission android.permission.QUERY_ALL_PACKAGES in package com.google.android.googlequicksearchbox
01-02 13:56:19.311 7549 7649 W PackageManager: Not granting permission android.permission.CONTROL_INCALL_EXPERIENCE to package com.google.android.googlequicksearchbox (protectionLevel=18 flags=0x285bbec5)
01-02 13:56:19.311 7549 7649 W PackageManager: Unknown permission android.permission.ENTER_CAR_MODE_PRIORITIZED in package com.google.android.googlequicksearchbox
01-02 13:56:19.311 7549 7649 W PackageManager: Not granting permission android.permission.WRITE_APN_SETTINGS to package com.google.android.googlequicksearchbox (protectionLevel=18 flags=0x285bbec5)
01-02 13:56:19.311 7549 7649 W PackageManager: Unknown permission com.android.chrome.permission.TRANSLATE in package com.google.android.googlequicksearchbox
01-02 13:56:19.311 7549 7649 W PackageManager: Unknown permission android.permission.SCHEDULE_EXACT_ALARM in package com.google.android.googlequicksearchbox
01-02 13:56:19.311 7549 7649 W PackageManager: Unknown permission android.permission.BLUETOOTH_CONNECT in package com.google.android.googlequicksearchbox
01-02 13:56:19.311 7549 7649 W PackageManager: Unknown permission android.permission.BLUETOOTH_SCAN in package com.google.android.googlequicksearchbox
01-02 13:56:19.311 7549 7649 W PackageManager: Unknown permission android.permission.SUBSTITUTE_SHARE_TARGET_APP_NAME_AND_ICON in package com.google.android.googlequicksearchbox
01-02 13:56:19.311 7549 7649 W PackageManager: Unknown permission android.permission.POST_NOTIFICATIONS in package com.google.android.googlequicksearchbox
01-02 13:56:19.311 7549 7649 W PackageManager: Not granting permission com.google.android.googleapps.permission.GOOGLE_AUTH to package com.android.providers.calendar (protectionLevel=2 flags=0x30083e45)
01-02 13:56:19.312 7549 7649 W PackageManager: Not granting permission com.google.android.googleapps.permission.GOOGLE_AUTH.cl to package com.android.providers.calendar (protectionLevel=2 flags=0x30083e45)
01-02 13:56:19.312 7549 7649 W PackageManager: Unknown permission android.permission.FOREGROUND_SERVICE in package com.glgjing.captain
01-02 13:56:19.312 7549 7649 W PackageManager: Unknown permission android.permission.REQUEST_DELETE_PACKAGES in package com.glgjing.captain
01-02 13:56:19.312 7549 7649 W PackageManager: Unknown permission android.permission.POST_NOTIFICATIONS in package com.glgjing.captain
01-02 13:56:19.312 7549 7649 W PackageManager: Unknown permission android.permission.READ_DEVICE_CONFIG in package com.android.vending
01-02 13:56:19.312 7549 7649 W PackageManager: Unknown permission android.permission.WRITE_DEVICE_CONFIG in package com.android.vending
01-02 13:56:19.312 7549 7649 W PackageManager: Unknown permission android.permission.BLUETOOTH_SCAN in package com.android.vending
01-02 13:56:19.312 7549 7649 W PackageManager: Unknown permission android.permission.BLUETOOTH_ADVERTISE in package com.android.vending
01-02 13:56:19.312 7549 7649 W PackageManager: Unknown permission android.permission.BLUETOOTH_CONNECT in package com.android.vending
01-02 13:56:19.312 7549 7649 W PackageManager: Unknown permission android.permission.NEARBY_WIFI_DEVICES in package com.android.vending
01-02 13:56:19.312 7549 7649 W PackageManager: Unknown permission android.permission.HIDE_NON_SYSTEM_OVERLAY_WINDOWS in package com.android.vending
01-02 13:56:19.312 7549 7649 W PackageManager: Unknown permission android.permission.MANAGE_CLOUDSEARCH in package com.android.vending
01-02 13:56:19.312 7549 7649 W PackageManager: Unknown permission android.permission.ACCESS_ADSERVICES_AD_ID in package com.android.vending
01-02 13:56:19.312 7549 7649 W PackageManager: Unknown permission android.permission.ACCESS_ADSERVICES_ATTRIBUTION in package com.android.vending
01-02 13:56:19.312 7549 7649 W PackageManager: Not granting permission android.permission.READ_PRIVILEGED_PHONE_STATE to package com.android.vending (protectionLevel=18 flags=0x284abec5)
01-02 13:56:19.312 7549 7649 W PackageManager: Not granting permission android.permission.SEND_DOWNLOAD_COMPLETED_INTENTS to package com.android.vending (protectionLevel=2 flags=0x284abec5)
01-02 13:56:19.312 7549 7649 W PackageManager: Unknown permission android.permission.USE_BIOMETRIC in package com.android.vending
01-02 13:56:19.312 7549 7649 W PackageManager: Unknown permission com.google.android.setupwizard.SETUP_PROGRESS_SERVICE in package com.android.vending
01-02 13:56:19.312 7549 7649 W PackageManager: Unknown permission android.permission.SEND_SAFETY_CENTER_UPDATE in package com.android.vending
01-02 13:56:19.312 7549 7649 W PackageManager: Unknown permission android.permission.ALLOCATE_AGGRESSIVE in package com.android.vending
01-02 13:56:19.312 7549 7649 W PackageManager: Not granting permission android.permission.SET_PREFERRED_APPLICATIONS to package com.android.vending (protectionLevel=2 flags=0x284abec5)
01-02 13:56:19.312 7549 7649 W PackageManager: Unknown permission android.permission.ACCESS_INSTANT_APPS in package com.android.vending
01-02 13:56:19.312 7549 7649 W PackageManager: Unknown permission android.permission.MANAGE_APP_OPS_MODES in package com.android.vending
01-02 13:56:19.312 7549 7649 W PackageManager: Unknown permission android.permission.MANAGE_ROLLBACKS in package com.android.vending
01-02 13:56:19.312 7549 7649 W PackageManager: Unknown permission android.permission.SET_HARMFUL_APP_WARNINGS in package com.android.vending
01-02 13:56:19.312 7549 7649 W PackageManager: Unknown permission android.permission.LOADER_USAGE_STATS in package com.android.vending
01-02 13:56:19.312 7549 7649 W PackageManager: Unknown permission com.sec.android.provider.badge.permission.READ in package com.android.vending
01-02 13:56:19.312 7549 7649 W PackageManager: Unknown permission com.sec.android.provider.badge.permission.WRITE in package com.android.vending
01-02 13:56:19.312 7549 7649 W PackageManager: Unknown permission com.htc.launcher.permission.READ_SETTINGS in package com.android.vending
01-02 13:56:19.312 7549 7649 W PackageManager: Unknown permission com.htc.launcher.permission.UPDATE_SHORTCUT in package com.android.vending
01-02 13:56:19.313 7549 7649 W PackageManager: Unknown permission com.sonyericsson.home.permission.BROADCAST_BADGE in package com.android.vending
01-02 13:56:19.313 7549 7649 W PackageManager: Unknown permission com.sonymobile.home.permission.PROVIDER_INSERT_BADGE in package com.android.vending
01-02 13:56:19.313 7549 7649 W PackageManager: Unknown permission com.anddoes.launcher.permission.UPDATE_COUNT in package com.android.vending
01-02 13:56:19.313 7549 7649 W PackageManager: Unknown permission com.majeur.launcher.permission.UPDATE_BADGE in package com.android.vending
01-02 13:56:19.313 7549 7649 W PackageManager: Unknown permission com.huawei.android.launcher.permission.CHANGE_BADGE in package com.android.vending
01-02 13:56:19.313 7549 7649 W PackageManager: Unknown permission com.huawei.android.launcher.permission.READ_SETTINGS in package com.android.vending
01-02 13:56:19.313 7549 7649 W PackageManager: Unknown permission com.huawei.android.launcher.permission.WRITE_SETTINGS in package com.android.vending
01-02 13:56:19.313 7549 7649 W PackageManager: Unknown permission android.permission.READ_APP_BADGE in package com.android.vending
01-02 13:56:19.313 7549 7649 W PackageManager: Unknown permission com.oppo.launcher.permission.READ_SETTINGS in package com.android.vending
01-02 13:56:19.313 7549 7649 W PackageManager: Unknown permission com.oppo.launcher.permission.WRITE_SETTINGS in package com.android.vending
01-02 13:56:19.313 7549 7649 W PackageManager: Unknown permission org.chromium.arc.apkcacheprovider.permission.READ_CACHE in package com.android.vending
01-02 13:56:19.313 7549 7649 W PackageManager: Unknown permission org.chromium.arc.apkcacheprovider.permission.WRITE_CACHE in package com.android.vending
01-02 13:56:19.313 7549 7649 W PackageManager: Not granting permission android.permission.SUBSTITUTE_NOTIFICATION_APP_NAME to package com.android.vending (protectionLevel=18 flags=0x284abec5)
01-02 13:56:19.313 7549 7649 W PackageManager: Unknown permission android.permission.READ_RUNTIME_PROFILES in package com.android.vending
01-02 13:56:19.313 7549 7649 W PackageManager: Unknown permission android.permission.FOREGROUND_SERVICE in package com.android.vending
01-02 13:56:19.313 7549 7649 W PackageManager: Not granting permission android.permission.REBOOT to package com.android.vending (protectionLevel=18 flags=0x284abec5)
01-02 13:56:19.313 7549 7649 W PackageManager: Unknown permission android.permission.START_ACTIVITIES_FROM_BACKGROUND in package com.android.vending
01-02 13:56:19.313 7549 7649 W PackageManager: Unknown permission android.permission.CHANGE_OVERLAY_PACKAGES in package com.android.vending
01-02 13:56:19.313 7549 7649 W PackageManager: Unknown permission android.permission.SEND_DEVICE_CUSTOMIZATION_READY in package com.android.vending
01-02 13:56:19.313 7549 7649 W PackageManager: Unknown permission com.android.permission.USE_INSTALLER_V2 in package com.android.vending
01-02 13:56:19.313 7549 7649 W PackageManager: Unknown permission android.permission.QUERY_ALL_PACKAGES in package com.android.vending
01-02 13:56:19.313 7549 7649 W PackageManager: Unknown permission android.permission.OVERRIDE_COMPAT_CHANGE_CONFIG_ON_RELEASE_BUILD in package com.android.vending
01-02 13:56:19.313 7549 7649 W PackageManager: Unknown permission android.permission.LAUNCH_TWO_PANE_SETTINGS_DEEP_LINK in package com.android.vending
01-02 13:56:19.313 7549 7649 W PackageManager: Unknown permission android.permission.POST_NOTIFICATIONS in package com.android.vending
01-02 13:56:19.313 7549 7649 W PackageManager: Unknown permission com.google.android.settings.setup.dock.RUN_DOCK_SETUP in package com.android.vending
01-02 13:56:19.313 7549 7649 W PackageManager: Unknown permission android.permission.FOREGROUND_SERVICE_SYSTEM_EXEMPTED in package com.android.vending
01-02 13:56:19.313 7549 7649 W PackageManager: Unknown permission android.permission.QUERY_ALL_PACKAGES in package com.google.android.marvin.talkback
01-02 13:56:19.313 7549 7649 W PackageManager: Unknown permission android.permission.FOREGROUND_SERVICE in package com.google.android.marvin.talkback
01-02 13:56:19.313 7549 7649 W PackageManager: Unknown permission android.permission.BLUETOOTH_ADVERTISE in package com.google.android.marvin.talkback
01-02 13:56:19.313 7549 7649 W PackageManager: Unknown permission android.permission.BLUETOOTH_CONNECT in package com.google.android.marvin.talkback
01-02 13:56:19.313 7549 7649 W PackageManager: Unknown permission android.permission.BLUETOOTH_SCAN in package com.google.android.marvin.talkback
01-02 13:56:19.313 7549 7649 W PackageManager: Unknown permission com.android.launcher.permission.READ_SETTINGS in package com.android.launcher3
01-02 13:56:19.313 7549 7649 W PackageManager: Unknown permission com.android.launcher.permission.WRITE_SETTINGS in package com.android.launcher3
01-02 13:56:19.313 7549 7649 W PackageManager: Not granting permission android.permission.BIND_APPWIDGET to package com.android.launcher3 (protectionLevel=18 flags=0x3c4bbe45)
01-02 13:56:19.313 7549 7649 W PackageManager: Not granting permission com.google.android.googleapps.permission.GOOGLE_AUTH.mail to package com.android.calendar (protectionLevel=2 flags=0x3009be45)
01-02 13:56:19.314 7549 7649 W PackageManager: Unknown permission android.permission.ACTION_MANAGE_OVERLAY_PERMISSION in package com.posbank.rotation
01-02 13:56:19.314 7549 7649 W PackageManager: Unknown permission android.permission.READ_MEDIA_IMAGES in package com.google.android.apps.docs
01-02 13:56:19.314 7549 7649 W PackageManager: Unknown permission android.permission.READ_MEDIA_AUDIO in package com.google.android.apps.docs
01-02 13:56:19.314 7549 7649 W PackageManager: Unknown permission android.permission.READ_MEDIA_VIDEO in package com.google.android.apps.docs
01-02 13:56:19.314 7549 7649 W PackageManager: Unknown permission com.google.android.gm.permission.READ_GMAIL in package com.google.android.apps.docs
01-02 13:56:19.314 7549 7649 W PackageManager: Unknown permission com.google.android.apps.docs.permission.C2D_MESSAGE in package com.google.android.apps.docs
01-02 13:56:19.314 7549 7649 W PackageManager: Unknown permission android.permission.FOREGROUND_SERVICE in package com.google.android.apps.docs
01-02 13:56:19.314 7549 7649 W PackageManager: Unknown permission android.permission.FOREGROUND_SERVICE_DATA_SYNC in package com.google.android.apps.docs
01-02 13:56:19.314 7549 7649 W PackageManager: Unknown permission android.permission.FOREGROUND_SERVICE_MEDIA_PLAYBACK in package com.google.android.apps.docs
01-02 13:56:19.314 7549 7649 W PackageManager: Unknown permission android.permission.POST_NOTIFICATIONS in package com.google.android.apps.docs
01-02 13:56:19.314 7549 7649 W PackageManager: Unknown permission android.permission.USE_BIOMETRIC in package com.google.android.apps.docs
01-02 13:56:19.314 7549 7649 W PackageManager: Not granting permission android.permission.INTERACT_ACROSS_USERS to package com.google.android.syncadapters.contacts (protectionLevel=50 flags=0x38083e45)
01-02 13:56:19.314 7549 7649 W PackageManager: Unknown permission com.google.android.syncadapters.contacts.permission.GAL_SEARCH in package com.google.android.syncadapters.contacts
01-02 13:56:19.314 7549 7649 W PackageManager: Not granting permission android.permission.READ_EXTERNAL_STORAGE to package com.ipos.controllerorder because it was previously installed without
01-02 13:56:19.314 7549 7649 W PackageManager: Not granting permission android.permission.WRITE_EXTERNAL_STORAGE to package com.ipos.controllerorder because it was previously installed without
01-02 13:56:19.314 7549 7649 W PackageManager: Not granting permission android.permission.CAMERA to package com.ipos.controllerorder because it was previously installed without
01-02 13:56:19.314 7549 7649 W PackageManager: Unknown permission android.permission.FOREGROUND_SERVICE in package com.ipos.controllerorder
01-02 13:56:19.314 7549 7649 W PackageManager: Unknown permission android.permission.ACCESS_ADSERVICES_ATTRIBUTION in package com.android.chrome
01-02 13:56:19.314 7549 7649 W PackageManager: Unknown permission android.permission.BLUETOOTH_CONNECT in package com.android.chrome
01-02 13:56:19.314 7549 7649 W PackageManager: Unknown permission android.permission.BLUETOOTH_ADVERTISE in package com.android.chrome
01-02 13:56:19.314 7549 7649 W PackageManager: Unknown permission android.permission.BLUETOOTH_SCAN in package com.android.chrome
01-02 13:56:19.314 7549 7649 W PackageManager: Unknown permission android.permission.FOREGROUND_SERVICE in package com.android.chrome
01-02 13:56:19.314 7549 7649 W PackageManager: Unknown permission android.permission.FOREGROUND_SERVICE_MEDIA_PLAYBACK in package com.android.chrome
01-02 13:56:19.314 7549 7649 W PackageManager: Unknown permission android.permission.FOREGROUND_SERVICE_DATA_SYNC in package com.android.chrome
01-02 13:56:19.314 7549 7649 W PackageManager: Unknown permission android.permission.POST_NOTIFICATIONS in package com.android.chrome
01-02 13:56:19.314 7549 7649 W PackageManager: Unknown permission android.permission.QUERY_ALL_PACKAGES in package com.android.chrome
01-02 13:56:19.314 7549 7649 W PackageManager: Unknown permission android.permission.READ_MEDIA_AUDIO in package com.android.chrome
01-02 13:56:19.314 7549 7649 W PackageManager: Unknown permission android.permission.READ_MEDIA_IMAGES in package com.android.chrome
01-02 13:56:19.314 7549 7649 W PackageManager: Unknown permission android.permission.READ_MEDIA_VIDEO in package com.android.chrome
01-02 13:56:19.314 7549 7649 W PackageManager: Unknown permission android.permission.USE_BIOMETRIC in package com.android.chrome
01-02 13:56:19.315 7549 7649 W PackageManager: Unknown permission android.permission.CREDENTIAL_MANAGER_QUERY_CANDIDATE_CREDENTIALS in package com.android.chrome
01-02 13:56:19.315 7549 7649 W PackageManager: Unknown permission android.permission.CREDENTIAL_MANAGER_SET_ALLOWED_PROVIDERS in package com.android.chrome
01-02 13:56:19.315 7549 7649 W PackageManager: Unknown permission android.permission.CREDENTIAL_MANAGER_SET_ORIGIN in package com.android.chrome
01-02 13:56:19.315 7549 7649 W PackageManager: Unknown permission com.chrome.permission.DEVICE_EXTRAS in package com.android.chrome
01-02 13:56:19.315 7549 7649 W PackageManager: Unknown permission android.permission.MANAGE_CLOUDSEARCH in package com.android.chrome
01-02 13:56:19.315 7549 7649 W PackageManager: Unknown permission com.sec.enterprise.knox.MDM_CONTENT_PROVIDER in package com.android.chrome
01-02 13:56:19.315 7549 7649 W PackageManager: Unknown permission com.google.android.permission.INSTALL_WEARABLE_PACKAGES in package com.google.android.packageinstaller
01-02 13:56:19.315 7549 7649 W PackageManager: Unknown permission android.permission.WRITE_EMBEDDED_SUBSCRIPTIONS in package com.google.android.gms
01-02 13:56:19.315 7549 7649 W PackageManager: Unknown permission android.permission.FOREGROUND_SERVICE in package com.google.android.gms
01-02 13:56:19.315 7549 7649 W PackageManager: Unknown permission android.permission.START_ACTIVITIES_FROM_BACKGROUND in package com.google.android.gms
01-02 13:56:19.315 7549 7649 W PackageManager: Unknown permission android.permission.QUERY_ALL_PACKAGES in package com.google.android.gms
01-02 13:56:19.315 7549 7649 W PackageManager: Unknown permission android.permission.RENOUNCE_PERMISSIONS in package com.google.android.gms
01-02 13:56:19.315 7549 7649 W PackageManager: Unknown permission android.permission.POST_NOTIFICATIONS in package com.google.android.gms
01-02 13:56:19.315 7549 7649 W PackageManager: Unknown permission android.permission.REMOTE_DISPLAY_PROVIDER in package com.google.android.gms
01-02 13:56:19.315 7549 7649 W PackageManager: Not granting permission android.permission.FORCE_STOP_PACKAGES to package com.google.android.gms (protectionLevel=18 flags=0xb8483ec5)
01-02 13:56:19.315 7549 7649 W PackageManager: Unknown permission android.permission.ACCESS_FPS_COUNTER in package com.google.android.gms
01-02 13:56:19.315 7549 7649 W PackageManager: Unknown permission android.permission.MANAGE_GAME_ACTIVITY in package com.google.android.gms
01-02 13:56:19.315 7549 7649 W PackageManager: Unknown permission android.permission.MANAGE_GAME_MODE in package com.google.android.gms
01-02 13:56:19.315 7549 7649 W PackageManager: Unknown permission android.permission.MODIFY_ADSERVICES_STATE in package com.google.android.gms
01-02 13:56:19.315 7549 7649 W PackageManager: Unknown permission android.permission.ACCESS_ADSERVICES_STATE in package com.google.android.gms
01-02 13:56:19.315 7549 7649 W PackageManager: Unknown permission android.permission.MODIFY_ADSERVICES_STATE_COMPAT in package com.google.android.gms
01-02 13:56:19.315 7549 7649 W PackageManager: Unknown permission android.permission.ACCESS_ADSERVICES_STATE_COMPAT in package com.google.android.gms
01-02 13:56:19.315 7549 7649 W PackageManager: Unknown permission android.permission.RECOVER_KEYSTORE in package com.google.android.gms
01-02 13:56:19.315 7549 7649 W PackageManager: Unknown permission android.permission.PRE_FACTORY_RESET in package com.google.android.gms
01-02 13:56:19.315 7549 7649 W PackageManager: Unknown permission android.permission.MANAGE_FACTORY_RESET_PROTECTION in package com.google.android.gms
01-02 13:56:19.315 7549 7649 W PackageManager: Unknown permission android.permission.CHECK_REMOTE_LOCKSCREEN in package com.google.android.gms
01-02 13:56:19.315 7549 7649 W PackageManager: Unknown permission com.google.android.apps.enterprise.dmagent.permission.AutoSyncPermission in package com.google.android.gms
01-02 13:56:19.315 7549 7649 W PackageManager: Unknown permission android.permission.CREDENTIAL_MANAGER_SET_ORIGIN in package com.google.android.gms
01-02 13:56:19.315 7549 7649 W PackageManager: Unknown permission android.permission.ALLOCATE_AGGRESSIVE in package com.google.android.gms
01-02 13:56:19.315 7549 7649 W PackageManager: Unknown permission android.car.permission.CAR_POWER in package com.google.android.gms
01-02 13:56:19.315 7549 7649 W PackageManager: Unknown permission android.permission.USE_BIOMETRIC in package com.google.android.gms
01-02 13:56:19.315 7549 7649 W PackageManager: Unknown permission com.google.android.wearable.WRITE_SETTINGS in package com.google.android.gms
01-02 13:56:19.315 7549 7649 W PackageManager: Unknown permission com.felicanetworks.mfc.permission.MFC_ACCESS in package com.google.android.gms
01-02 13:56:19.315 7549 7649 W PackageManager: Unknown permission com.felicanetworks.mfc.mfi.permission.MFI_ACCESS in package com.google.android.gms
01-02 13:56:19.315 7549 7649 W PackageManager: Unknown permission android.permission.ACCESS_BACKGROUND_LOCATION in package com.google.android.gms
01-02 13:56:19.315 7549 7649 W PackageManager: Unknown permission android.permission.ACCESS_CONTEXT_HUB in package com.google.android.gms
01-02 13:56:19.315 7549 7649 W PackageManager: Unknown permission android.permission.ACCESS_VIBRATOR_STATE in package com.google.android.gms
01-02 13:56:19.316 7549 7649 W PackageManager: Unknown permission android.permission.LOCATION_BYPASS in package com.google.android.gms
01-02 13:56:19.316 7549 7649 W PackageManager: Unknown permission android.permission.TURN_SCREEN_ON in package com.google.android.gms
01-02 13:56:19.316 7549 7649 W PackageManager: Unknown permission android.permission.BROADCAST_CLOSE_SYSTEM_DIALOGS in package com.google.android.gms
01-02 13:56:19.316 7549 7649 W PackageManager: Unknown permission android.permission.INSTALL_LOCATION_TIME_ZONE_PROVIDER_SERVICE in package com.google.android.gms
01-02 13:56:19.316 7549 7649 W PackageManager: Unknown permission android.permission.BLUETOOTH_CONNECT in package com.google.android.gms
01-02 13:56:19.316 7549 7649 W PackageManager: Unknown permission android.permission.BLUETOOTH_SCAN in package com.google.android.gms
01-02 13:56:19.316 7549 7649 W PackageManager: Unknown permission android.permission.BLUETOOTH_ADVERTISE in package com.google.android.gms
01-02 13:56:19.316 7549 7649 W PackageManager: Unknown permission android.permission.MODIFY_DEFAULT_AUDIO_EFFECTS in package com.google.android.gms
01-02 13:56:19.316 7549 7649 W PackageManager: Unknown permission android.permission.SUBSTITUTE_SHARE_TARGET_APP_NAME_AND_ICON in package com.google.android.gms
01-02 13:56:19.316 7549 7649 W PackageManager: Unknown permission android.permission.COMPANION_APPROVE_WIFI_CONNECTIONS in package com.google.android.gms
01-02 13:56:19.316 7549 7649 W PackageManager: Unknown permission android.permission.UWB in package com.google.android.gms
01-02 13:56:19.316 7549 7649 W PackageManager: Unknown permission android.permission.MANAGE_WIFI_INTERFACES in package com.google.android.gms
01-02 13:56:19.316 7549 7649 W PackageManager: Unknown permission android.permission.MANAGE_WIFI_NETWORK_SELECTION in package com.google.android.gms
01-02 13:56:19.316 7549 7649 W PackageManager: Unknown permission android.permission.NEARBY_WIFI_DEVICES in package com.google.android.gms
