01-02 13:57:27.333 7549 8022 E SchedPolicy: set_timerslack_ns prctl failed: Invalid argument
01-02 13:57:27.333 7549 8022 E SchedPolicy: set_timerslack_ns prctl failed: Invalid argument
01-02 13:57:27.333 7549 8022 E SchedPolicy: set_timerslack_ns prctl failed: Invalid argument
01-02 13:57:27.340 7549 7562 E SchedPolicy: set_timerslack_ns prctl failed: Invalid argument
01-02 13:57:27.356 7549 8022 E SchedPolicy: set_timerslack_ns prctl failed: Invalid argument
01-02 13:57:27.356 7549 8022 E SchedPolicy: set_timerslack_ns prctl failed: Invalid argument
01-02 13:57:27.356 7549 7549 D AndroidRuntime: Shutting down VM
01-02 13:57:27.356 7549 8022 E SchedPolicy: set_timerslack_ns prctl failed: Invalid argument
01-02 13:57:27.356 7549 8022 E SchedPolicy: set_timerslack_ns prctl failed: Invalid argument
01-02 13:57:27.359 8146 8146 D BoundBrokerSvc: onBind: Intent { act=com.google.android.gms.common.BIND_SHARED_PREFS pkg=com.google.android.gms }
01-02 13:57:27.359 8146 8146 D BoundBrokerSvc: Loading bound service for intent: Intent { act=com.google.android.gms.common.BIND_SHARED_PREFS pkg=com.google.android.gms }
01-02 13:57:27.360 7549 7549 E AndroidRuntime: *** FATAL EXCEPTION IN SYSTEM PROCESS: main
01-02 13:57:27.360 7549 7549 E AndroidRuntime: java.lang.RuntimeException: Could not write bitmap blob file descriptor.
01-02 13:57:27.360 7549 7549 E AndroidRuntime: at android.graphics.Bitmap.nativeWriteToParcel(Native Method)
01-02 13:57:27.360 7549 7549 E AndroidRuntime: at android.graphics.Bitmap.writeToParcel(Bitmap.java:1589)
01-02 13:57:27.360 7549 7549 E AndroidRuntime: at android.widget.RemoteViews$BitmapCache.writeBitmapsToParcel(RemoteViews.java:1092)
01-02 13:57:27.360 7549 7549 E AndroidRuntime: at android.widget.RemoteViews.writeToParcel(RemoteViews.java:3475)
01-02 13:57:27.360 7549 7549 E AndroidRuntime: at com.android.internal.appwidget.IAppWidgetHost$Stub$Proxy.updateAppWidget(IAppWidgetHost.java:118)
01-02 13:57:27.360 7549 7549 E AndroidRuntime: at com.android.server.appwidget.AppWidgetServiceImpl.handleNotifyUpdateAppWidget(AppWidgetServiceImpl.java:2037)
01-02 13:57:27.360 7549 7549 E AndroidRuntime: at com.android.server.appwidget.AppWidgetServiceImpl.-wrap9(AppWidgetServiceImpl.java)
01-02 13:57:27.360 7549 7549 E AndroidRuntime: at com.android.server.appwidget.AppWidgetServiceImpl$CallbackHandler.handleMessage(AppWidgetServiceImpl.java:3552)
01-02 13:57:27.360 7549 7549 E AndroidRuntime: at android.os.Handler.dispatchMessage(Handler.java:102)
01-02 13:57:27.360 7549 7549 E AndroidRuntime: at android.os.Looper.loop(Looper.java:154)
01-02 13:57:27.360 7549 7549 E AndroidRuntime: at com.android.server.SystemServer.run(SystemServer.java:361)
01-02 13:57:27.360 7549 7549 E AndroidRuntime: at com.android.server.SystemServer.main(SystemServer.java:228)
01-02 13:57:27.360 7549 7549 E AndroidRuntime: at java.lang.reflect.Method.invoke(Native Method)
01-02 13:57:27.360 7549 7549 E AndroidRuntime: at com.android.internal.os.ZygoteInit$MethodAndArgsCaller.run(ZygoteInit.java:914)
01-02 13:57:27.360 7549 7549 E AndroidRuntime: at com.android.internal.os.ZygoteInit.main(ZygoteInit.java:804)
01-02 13:57:27.367 7549 7549 I Process : Sending signal. PID: 7549 SIG: 9
01-02 13:57:27.451 8794 8837 I MediaCodec: callingProcessName:com.ipos.controllerorder
01-02 13:57:27.454 7378 7964 I MediaPlayerService: MediaPlayerService::getOMX
01-02 13:57:27.455 8794 9509 I OMXClient: MuxOMX ctor
01-02 13:57:27.456 8794 9509 I ACodec : onAllocateComponent:6752 mSoftCodecPref:0 componentName:
01-02 13:57:27.457 8794 9509 I ACodec : onAllocateComponent:6783 mSoftCodecPref:0 componentName:OMX.google.mp3.decoder
01-02 13:57:27.458 30005 30299 I OMXMaster: makeComponentInstance(OMX.google.mp3.decoder) in mediacodec process
01-02 13:57:27.480 9115 9406 I ProviderInstaller: Installed default security provider GmsCore_OpenSSL
01-02 13:57:27.498 8936 9022 I Finsky : [144] afkp.apply(100): [PLUS] Adding payload
01-02 13:57:27.501 8936 9022 I Finsky : [144] afkp.apply(100): [PLUS] Adding payload
01-02 13:57:27.503 8936 9506 I Finsky : [205] qrr.a(1030): IV2: found recoverable installs: []
01-02 13:57:27.518 8936 9022 I Finsky : [144] afkp.apply(100): [PLUS] Adding payload
01-02 13:57:27.532 9115 9184 W GnpSdk : Failed to get accounts using GoogleAuthUtil
01-02 13:57:27.532 9115 9184 W GnpSdk : DeadSystemException: The system died; earlier logs will point to the root cause
01-02 13:57:27.533 9115 9184 W GnpSdk : Failed to get accounts using GoogleAuthUtil
01-02 13:57:27.533 9115 9184 W GnpSdk : DeadSystemException: The system died; earlier logs will point to the root cause
01-02 13:57:27.550 8936 9022 I Finsky : [144] afkp.apply(100): [PLUS] Adding payload
01-02 13:57:27.552 8936 9022 I Finsky : [144] afkp.apply(100): [PLUS] Adding payload
01-02 13:57:27.553 9115 9184 W GnpSdk : job GrowthKitJobScheduler.PeriodicSyncJob failed
01-02 13:57:27.553 9115 9184 W GnpSdk : DeadSystemException: The system died; earlier logs will point to the root cause
01-02 13:57:27.554 9115 9184 W GnpSdk : job GrowthKitJobScheduler.PeriodicSyncJob failed
01-02 13:57:27.554 9115 9184 W GnpSdk : DeadSystemException: The system died; earlier logs will point to the root cause
01-02 13:57:27.558 9115 9115 E JobService: Error reporting job finish to system: binder has goneaway.
01-02 13:57:27.561 7859 7884 E JavaBinder: *** Uncaught remote exception! (Exceptions are not yet supported across processes.)
01-02 13:57:27.561 7859 7884 E JavaBinder: DeadSystemException: The system died; earlier logs will point to the root cause
01-02 13:57:27.568 8936 9022 I Finsky : [144] afkp.apply(100): [PLUS] Adding payload
01-02 13:57:27.583 8936 9022 I Finsky : [144] afkp.apply(100): [PLUS] Adding payload
01-02 13:57:27.586 8936 9022 I Finsky : [144] afkp.apply(100): [PLUS] Adding payload
01-02 13:57:27.588 9115 9189 W art : Verification of qmr lsc.a(java.lang.Object) took 142.907ms
01-02 13:57:27.591 8936 8946 I art : Background sticky concurrent mark sweep GC freed 23459(2MB) AllocSpace objects, 2(80KB) LOS objects, 12% free, 12MB/13MB, paused 3.008ms total 128.873ms
01-02 13:57:27.594 9115 9197 W art : Verification of java.lang.String fac.toString() took 188.092ms
01-02 13:57:27.594 8936 9022 I Finsky : [144] afkp.apply(100): [PLUS] Adding payload
01-02 13:57:27.602 8936 9022 I Finsky : [144] afkp.apply(100): [PLUS] Adding payload
01-02 13:57:27.606 8936 9022 I Finsky : [144] afkp.apply(100): [PLUS] Adding payload
01-02 13:57:27.626 8936 9022 I Finsky : [144] afkp.apply(100): [PLUS] Adding payload
01-02 13:57:27.633 8146 9423 E Auth.Api.Credentials: [ChromeSyncIntentOperation] Failed to initialize sync. [CONTEXT service_id=68 ]
01-02 13:57:27.633 8146 9423 E Auth.Api.Credentials: DeadSystemException: The system died; earlier logs will point to the root cause
01-02 13:57:27.635 8146 9382 I SyncIntentOperation: (REDACTED) Handling the intent: %s.
01-02 13:57:27.644 8936 9056 I Finsky : [159] afkx.a(13): [PLUS] Syncing for users with urgency above: NOW
01-02 13:57:27.697 8936 8936 I Finsky : [1] aasl.a(9): Connecting InstallListener to SplitInstallService broadcaster...
01-02 13:57:27.722 8146 9424 I GCore-Chimera-Crash: ChoKB2Fkc19mZHIQjZyOARiBAiDAsNip0-eRBAppCgljb250YW
01-02 13:57:27.722 8146 9424 I GCore-Chimera-Crash: luZXIQ-MGmbxhAIKyx_7D3QyoJZmFzdF9wYWlyKgVnYW1lcyoJ
01-02 13:57:27.722 8146 9424 I GCore-Chimera-Crash: bWFwc19jb3JlKhBtbGtpdC5vY3IuY29tbW9uKgNwYXkqDnZpc2
01-02 13:57:27.722 8146 9424 I GCore-Chimera-Crash: lvbi5iYXJjb2RlKgp2aXNpb24ub2NyCmoKCWNvbnRhaW5lchC0
01-02 13:57:27.722 8146 9424 I GCore-Chimera-Crash: 1bJvGIABIOywsOb-QyoJZmFzdF9wYWlyKgVnYW1lcyoJbWFwc1
01-02 13:57:27.722 8146 9424 I GCore-Chimera-Crash: 9jb3JlKhBtbGtpdC5vY3IuY29tbW9uKgNwYXkqDnZpc2lvbi5i
01-02 13:57:27.722 8146 9424 I GCore-Chimera-Crash: YXJjb2RlKgp2aXNpb24ub2NyCjMKD3RmbGl0ZV9keW5hbWl0ZR
01-02 13:57:27.722 8146 9424 I GCore-Chimera-Crash: CZvo0BGIECIKzC1tLLiY8EKg90ZmxpdGVfZHluYW1pdGUgAA==
01-02 13:57:27.722 8146 9424 I GCore-Chimera-Crash: GCore-Chimera-Crash
01-02 13:57:27.723 8146 9424 I DeviceDrDatabaseHelper: Cleaning stale data from database!
01-02 13:57:27.727 8146 9382 I GCore-Chimera-Crash: ChoKB2Fkc19mZHIQjZyOARiBAiDAsNip0-eRBAppCgljb250YW
01-02 13:57:27.727 8146 9382 I GCore-Chimera-Crash: luZXIQ-MGmbxhAIKyx_7D3QyoJZmFzdF9wYWlyKgVnYW1lcyoJ
01-02 13:57:27.727 8146 9382 I GCore-Chimera-Crash: bWFwc19jb3JlKhBtbGtpdC5vY3IuY29tbW9uKgNwYXkqDnZpc2
01-02 13:57:27.727 8146 9382 I GCore-Chimera-Crash: lvbi5iYXJjb2RlKgp2aXNpb24ub2NyCmoKCWNvbnRhaW5lchC0
01-02 13:57:27.727 8146 9382 I GCore-Chimera-Crash: 1bJvGIABIOywsOb-QyoJZmFzdF9wYWlyKgVnYW1lcyoJbWFwc1
01-02 13:57:27.727 8146 9382 I GCore-Chimera-Crash: 9jb3JlKhBtbGtpdC5vY3IuY29tbW9uKgNwYXkqDnZpc2lvbi5i
01-02 13:57:27.727 8146 9382 I GCore-Chimera-Crash: YXJjb2RlKgp2aXNpb24ub2NyCjMKD3RmbGl0ZV9keW5hbWl0ZR
01-02 13:57:27.727 8146 9382 I GCore-Chimera-Crash: CZvo0BGIECIKzC1tLLiY8EKg90ZmxpdGVfZHluYW1pdGUgAA==
01-02 13:57:27.727 8146 9382 I GCore-Chimera-Crash: GCore-Chimera-Crash
01-02 13:57:27.727 8146 9382 I DeviceDrDatabaseHelper: Cleaning stale data from database!
01-02 13:57:27.759 8936 9030 W art : Verification of java.lang.Object kjd.apply(java.lang.Object) took 116.343ms
01-02 13:57:27.773 8146 9421 E JavaBinder: !!! FAILED BINDER TRANSACTION !!! (parcel size = 1056768)
01-02 13:57:27.775 8146 8211 W art : Verification of boolean m.bps.k(com.google.android.gms.common.ConnectionResult, int) took 329.974ms
01-02 13:57:27.780 8146 9421 I GCore-Chimera-Crash: ChoKB2Fkc19mZHIQjZyOARiBAiDAsNip0-eRBAppCgljb250YW
01-02 13:57:27.780 8146 9421 I GCore-Chimera-Crash: luZXIQ-MGmbxhAIKyx_7D3QyoJZmFzdF9wYWlyKgVnYW1lcyoJ
01-02 13:57:27.780 8146 9421 I GCore-Chimera-Crash: bWFwc19jb3JlKhBtbGtpdC5vY3IuY29tbW9uKgNwYXkqDnZpc2
01-02 13:57:27.780 8146 9421 I GCore-Chimera-Crash: lvbi5iYXJjb2RlKgp2aXNpb24ub2NyCmoKCWNvbnRhaW5lchC0
01-02 13:57:27.780 8146 9421 I GCore-Chimera-Crash: 1bJvGIABIOywsOb-QyoJZmFzdF9wYWlyKgVnYW1lcyoJbWFwc1
01-02 13:57:27.780 8146 9421 I GCore-Chimera-Crash: 9jb3JlKhBtbGtpdC5vY3IuY29tbW9uKgNwYXkqDnZpc2lvbi5i
01-02 13:57:27.780 8146 9421 I GCore-Chimera-Crash: YXJjb2RlKgp2aXNpb24ub2NyCjMKD3RmbGl0ZV9keW5hbWl0ZR
01-02 13:57:27.780 8146 9421 I GCore-Chimera-Crash: CZvo0BGIECIKzC1tLLiY8EKg90ZmxpdGVfZHluYW1pdGUgAA==
01-02 13:57:27.780 8146 9421 I GCore-Chimera-Crash: GCore-Chimera-Crash
01-02 13:57:27.780 8146 9421 I DeviceDrDatabaseHelper: Cleaning stale data from database!
01-02 13:57:27.786 8146 9382 W DeviceDoctorHandler: Crash Hash: 9bfcd9e8d5cf1ffcda83fb71d5c9c4c6dc438180
01-02 13:57:27.789 8146 9382 W DeviceDoctorHandler: Shushing crash.
01-02 13:57:27.789 8146 9382 E DeviceDoctorHandler: FATAL EXCEPTION: [com.google.android.gms.chimera.container.intentoperation.GmsIntentOperationChimeraService-Executor] idle
01-02 13:57:27.789 8146 9382 E DeviceDoctorHandler: Process: com.google.android.gms, PID: 8146
01-02 13:57:27.789 8146 9382 E DeviceDoctorHandler: java.lang.RuntimeException: android.os.DeadSystemException
01-02 13:57:27.789 8146 9382 E DeviceDoctorHandler: at android.app.ApplicationPackageManager.getComponentEnabledSetting(ApplicationPackageManager.java:2100)
01-02 13:57:27.789 8146 9382 E DeviceDoctorHandler: at ahja.a(:com.google.android.gms@233414015@23.34.14 (040300-560151436):10)
01-02 13:57:27.789 8146 9382 E DeviceDoctorHandler: at com.google.android.gms.chromesync.sync.SyncIntentOperation.onHandleIntent(:com.google.android.gms@233414015@23.34.14 (040300-560151436):29)
01-02 13:57:27.789 8146 9382 E DeviceDoctorHandler: at com.google.android.chimera.IntentOperation.onHandleIntent(:com.google.android.gms@233414015@23.34.14 (040300-560151436):2)
01-02 13:57:27.789 8146 9382 E DeviceDoctorHandler: at aenc.onHandleIntent(:com.google.android.gms@233414015@23.34.14 (040300-560151436):10)
01-02 13:57:27.789 8146 9382 E DeviceDoctorHandler: at kvy.run(:com.google.android.gms@233414015@23.34.14 (040300-560151436):64)
01-02 13:57:27.789 8146 9382 E DeviceDoctorHandler: at kvx.run(:com.google.android.gms@233414015@23.34.14 (040300-560151436):152)
01-02 13:57:27.789 8146 9382 E DeviceDoctorHandler: at cznf.run(:com.google.android.gms@233414015@23.34.14 (040300-560151436):13)
01-02 13:57:27.789 8146 9382 E DeviceDoctorHandler: at java.util.concurrent.ThreadPoolExecutor.runWorker(ThreadPoolExecutor.java:1133)
01-02 13:57:27.789 8146 9382 E DeviceDoctorHandler: at java.util.concurrent.ThreadPoolExecutor$Worker.run(ThreadPoolExecutor.java:607)
01-02 13:57:27.789 8146 9382 E DeviceDoctorHandler: at java.lang.Thread.run(Thread.java:761)
01-02 13:57:27.789 8146 9382 E DeviceDoctorHandler: Caused by: android.os.DeadSystemException
01-02 13:57:27.789 8146 9382 E DeviceDoctorHandler: ... 11 more
01-02 13:57:27.789 8146 9382 E DeviceDoctorHandler:
01-02 13:57:27.790 9115 9487 W art : Verification of void com.google.android.libraries.drive.core.model.proto.ItemFields.() took 318.965ms
01-02 13:57:27.792 201 201 I lowmemorykiller: ActivityManager disconnected
01-02 13:57:27.792 201 201 I lowmemorykiller: Closing Activity Manager data connection
01-02 13:57:27.793 15294 15294 E : eof
01-02 13:57:27.793 15294 15294 E : failed to read size
01-02 13:57:27.793 15294 15294 I : closing connection
01-02 13:57:27.794 8146 8430 W Sensors : sensorservice died [0xa4eb26c0]
01-02 13:57:27.796 7700 7712 W Sensors : sensorservice died [0xa37c32c0]
01-02 13:57:27.798 7379 8528 W AudioFlinger: power manager service died !!!
01-02 13:57:27.798 7379 8528 W AudioFlinger: power manager service died !!!
01-02 13:57:27.798 7379 8528 W AudioFlinger: power manager service died !!!
01-02 13:57:27.810 8146 8146 D AndroidRuntime: Shutting down VM
01-02 13:57:27.811 8146 8146 I GCore-Chimera-Crash: ChoKB2Fkc19mZHIQjZyOARiBAiDAsNip0-eRBAppCgljb250YW
01-02 13:57:27.811 8146 8146 I GCore-Chimera-Crash: luZXIQ-MGmbxhAIKyx_7D3QyoJZmFzdF9wYWlyKgVnYW1lcyoJ
01-02 13:57:27.811 8146 8146 I GCore-Chimera-Crash: bWFwc19jb3JlKhBtbGtpdC5vY3IuY29tbW9uKgNwYXkqDnZpc2
01-02 13:57:27.811 8146 8146 I GCore-Chimera-Crash: lvbi5iYXJjb2RlKgp2aXNpb24ub2NyCmoKCWNvbnRhaW5lchC0
01-02 13:57:27.811 8146 8146 I GCore-Chimera-Crash: 1bJvGIABIOywsOb-QyoJZmFzdF9wYWlyKgVnYW1lcyoJbWFwc1
01-02 13:57:27.811 8146 8146 I GCore-Chimera-Crash: 9jb3JlKhBtbGtpdC5vY3IuY29tbW9uKgNwYXkqDnZpc2lvbi5i
01-02 13:57:27.811 8146 8146 I GCore-Chimera-Crash: YXJjb2RlKgp2aXNpb24ub2NyCjMKD3RmbGl0ZV9keW5hbWl0ZR
01-02 13:57:27.811 8146 8146 I GCore-Chimera-Crash: CZvo0BGIECIKzC1tLLiY8EKg90ZmxpdGVfZHluYW1pdGUgAA==
01-02 13:57:27.811 8146 8146 I GCore-Chimera-Crash: GCore-Chimera-Crash
01-02 13:57:27.811 8146 8146 I DeviceDrDatabaseHelper: Cleaning stale data from database!
01-02 13:57:27.816 8146 9422 I GCore-Chimera-Crash: ChoKB2Fkc19mZHIQjZyOARiBAiDAsNip0-eRBAppCgljb250YW
01-02 13:57:27.816 8146 9422 I GCore-Chimera-Crash: luZXIQ-MGmbxhAIKyx_7D3QyoJZmFzdF9wYWlyKgVnYW1lcyoJ
01-02 13:57:27.816 8146 9422 I GCore-Chimera-Crash: bWFwc19jb3JlKhBtbGtpdC5vY3IuY29tbW9uKgNwYXkqDnZpc2
01-02 13:57:27.816 8146 9422 I GCore-Chimera-Crash: lvbi5iYXJjb2RlKgp2aXNpb24ub2NyCmoKCWNvbnRhaW5lchC0
01-02 13:57:27.816 8146 9422 I GCore-Chimera-Crash: 1bJvGIABIOywsOb-QyoJZmFzdF9wYWlyKgVnYW1lcyoJbWFwc1
01-02 13:57:27.816 8146 9422 I GCore-Chimera-Crash: 9jb3JlKhBtbGtpdC5vY3IuY29tbW9uKgNwYXkqDnZpc2lvbi5i
01-02 13:57:27.816 8146 9422 I GCore-Chimera-Crash: YXJjb2RlKgp2aXNpb24ub2NyCjMKD3RmbGl0ZV9keW5hbWl0ZR
01-02 13:57:27.816 8146 9422 I GCore-Chimera-Crash: CZvo0BGIECIKzC1tLLiY8EKg90ZmxpdGVfZHluYW1pdGUgAA==
01-02 13:57:27.816 8146 9422 I GCore-Chimera-Crash: GCore-Chimera-Crash
01-02 13:57:27.817 8146 9422 I DeviceDrDatabaseHelper: Cleaning stale data from database!
01-02 13:57:27.819 202 202 I ServiceManager: service 'audio' died
01-02 13:57:27.819 202 202 I ServiceManager: service 'DockObserver' died
01-02 13:57:27.819 202 202 I ServiceManager: service 'usb' died
01-02 13:57:27.819 202 202 I ServiceManager: service 'serial' died
01-02 13:57:27.819 202 202 I ServiceManager: service 'hardware_properties' died
01-02 13:57:27.819 202 202 I ServiceManager: service 'jobscheduler' died
01-02 13:57:27.819 202 202 I ServiceManager: service 'soundtrigger' died
01-02 13:57:27.819 202 202 I ServiceManager: service 'backup' died
01-02 13:57:27.819 202 202 I ServiceManager: service 'appwidget' died
01-02 13:57:27.819 202 202 I ServiceManager: service 'voiceinteraction' died
01-02 13:57:27.819 202 202 I ServiceManager: service 'diskstats' died
01-02 13:57:27.819 202 202 I ServiceManager: service 'samplingprofiler' died
01-02 13:57:27.819 202 202 I ServiceManager: service 'network_time_update_service' died
01-02 13:57:27.819 202 202 I ServiceManager: service 'commontime_management' died
01-02 13:57:27.819 202 202 I ServiceManager: service 'dreams' died
01-02 13:57:27.819 202 202 I ServiceManager: service 'assetatlas' died
01-02 13:57:27.819 202 202 I ServiceManager: service 'graphicsstats' died
01-02 13:57:27.819 202 202 I ServiceManager: service 'print' died
01-02 13:57:27.819 202 202 I ServiceManager: service 'restrictions' died
01-02 13:57:27.819 202 202 I ServiceManager: service 'media_session' died
01-02 13:57:27.819 202 202 I ServiceManager: service 'media_router' died
01-02 13:57:27.819 202 202 I ServiceManager: service 'trust' died
01-02 13:57:27.819 202 202 I ServiceManager: service 'drm_device_management' died
01-02 13:57:27.819 202 202 I ServiceManager: service 'shortcut' died
01-02 13:57:27.819 202 202 I ServiceManager: service 'launcherapps' died
01-02 13:57:27.819 202 202 I ServiceManager: service 'media_projection' died
01-02 13:57:27.819 202 202 I ServiceManager: service 'imms' died
01-02 13:57:27.819 202 202 I ServiceManager: service 'bluetooth_manager' died
01-02 13:57:27.819 202 202 I ServiceManager: service 'connectivity_metrics_logger' died
01-02 13:57:27.819 202 202 I ServiceManager: service 'connmetrics' died
01-02 13:57:27.819 202 202 I ServiceManager: service 'netd_listener' died
01-02 13:57:27.819 202 202 I ServiceManager: service 'telecom' died
01-02 13:57:27.819 202 202 I ServiceManager: service 'contexthub_service' died
01-02 13:57:27.819 202 202 I ServiceManager: service 'otadexopt' died
01-02 13:57:27.819 202 202 I ServiceManager: service 'user' died
01-02 13:57:27.819 202 202 I ServiceManager: service 'activity' died
01-02 13:57:27.819 202 202 I ServiceManager: service 'procstats' died
01-02 13:57:27.819 202 202 I ServiceManager: service 'meminfo' died
01-02 13:57:27.819 202 202 I ServiceManager: service 'gfxinfo' died
01-02 13:57:27.819 202 202 I ServiceManager: service 'dbinfo' died
01-02 13:57:27.819 202 202 I ServiceManager: service 'cpuinfo' died
01-02 13:57:27.819 202 202 I ServiceManager: service 'permission' died
01-02 13:57:27.819 202 202 I ServiceManager: service 'processinfo' died
01-02 13:57:27.819 202 202 I ServiceManager: service 'battery' died
01-02 13:57:27.819 202 202 I ServiceManager: service 'usagestats' died
01-02 13:57:27.819 202 202 I ServiceManager: service 'webviewupdate' died
01-02 13:57:27.819 202 202 I ServiceManager: service 'scheduling_policy' died
01-02 13:57:27.819 202 202 I ServiceManager: service 'telephony.registry' died
01-02 13:57:27.819 202 202 I ServiceManager: service 'media.camera.proxy' died
01-02 13:57:27.820 202 202 I ServiceManager: service 'account' died
01-02 13:57:27.820 202 202 I ServiceManager: service 'content' died
01-02 13:57:27.820 202 202 I ServiceManager: service 'vibrator' died
01-02 13:57:27.820 202 202 I ServiceManager: service 'consumer_ir' died
01-02 13:57:27.820 202 202 I ServiceManager: service 'lock_settings' died
01-02 13:57:27.820 202 202 I ServiceManager: service 'alarm' died
01-02 13:57:27.820 202 202 I ServiceManager: service 'window' died
01-02 13:57:27.820 202 202 I ServiceManager: service 'input' died
01-02 13:57:27.820 202 202 I ServiceManager: service 'deviceidle' died
01-02 13:57:27.820 202 202 I ServiceManager: service 'package' died
01-02 13:57:27.820 202 202 I ServiceManager: service 'vrmanager' died
01-02 13:57:27.820 202 202 I ServiceManager: service 'pinner' died
01-02 13:57:27.820 202 202 I ServiceManager: service 'input_method' died
01-02 13:57:27.820 202 202 I ServiceManager: service 'accessibility' died
01-02 13:57:27.820 202 202 I ServiceManager: service 'mount' died
01-02 13:57:27.820 202 202 I ServiceManager: service 'uimode' died
01-02 13:57:27.820 202 202 I ServiceManager: service 'device_policy' died
01-02 13:57:27.820 202 202 I ServiceManager: service 'statusbar' died
01-02 13:57:27.820 202 202 I ServiceManager: service 'clipboard' died
01-02 13:57:27.820 202 202 I ServiceManager: service 'network_management' died
01-02 13:57:27.820 202 202 I ServiceManager: service 'textservices' died
01-02 13:57:27.820 202 202 I ServiceManager: service 'network_score' died
01-02 13:57:27.820 202 202 I ServiceManager: service 'netstats' died
01-02 13:57:27.820 202 202 I ServiceManager: service 'netpolicy' died
01-02 13:57:27.820 202 202 I ServiceManager: service 'wifip2p' died
01-02 13:57:27.820 202 202 I ServiceManager: service 'wifi' died
01-02 13:57:27.822 7859 8554 W Sensors : sensorservice died [0xa4da2cc0]
01-02 13:57:27.822 7859 8554 W Sensors : sensorservice died [0xa4da2cc0]
01-02 13:57:27.822 9115 9115 E JobService: Error reporting job finish to system: binder has goneaway.
01-02 13:57:27.823 202 202 I ServiceManager: service 'wifiscanner' died
01-02 13:57:27.823 202 202 I ServiceManager: service 'rttmanager' died
01-02 13:57:27.823 202 202 I ServiceManager: service 'batterystats' died
01-02 13:57:27.823 202 202 I ServiceManager: service 'appops' died
01-02 13:57:27.823 202 202 I ServiceManager: service 'power' died
01-02 13:57:27.823 202 202 I ServiceManager: service 'display' died
01-02 13:57:27.823 202 202 I ServiceManager: service 'ethernet' died
01-02 13:57:27.823 202 202 I ServiceManager: service 'connectivity' died
01-02 13:57:27.823 202 202 I ServiceManager: service 'servicediscovery' died
01-02 13:57:27.823 202 202 I ServiceManager: service 'updatelock' died
01-02 13:57:27.824 8438 8438 D AndroidRuntime: Shutting down VM
01-02 13:57:27.823 202 202 I ServiceManager: service 'recovery' died
01-02 13:57:27.824 202 202 I ServiceManager: service 'notification' died
01-02 13:57:27.824 202 202 I ServiceManager: service 'devicestoragemonitor' died
01-02 13:57:27.824 202 202 I ServiceManager: service 'barcode' died
01-02 13:57:27.824 202 202 I ServiceManager: service 'location' died
01-02 13:57:27.824 202 202 I ServiceManager: service 'country_detector' died
01-02 13:57:27.824 202 202 I ServiceManager: service 'sensorservice' died
01-02 13:57:27.824 202 202 I ServiceManager: service 'search' died
01-02 13:57:27.824 202 202 I ServiceManager: service 'dropbox' died
01-02 13:57:27.824 202 202 I ServiceManager: service 'wallpaper' died
01-02 13:57:27.830 7859 8225 E NetworkScheduler: Invalid package name : Perhaps you didn't include a PendingIntent in the extras?
01-02 13:57:27.831 8146 9382 W DeviceDoctorHandler: Hit a RuntimeException while trying to handle the crash.
01-02 13:57:27.831 8146 9382 W DeviceDoctorHandler: DeadSystemException: The system died; earlier logs will point to the root cause
01-02 13:57:27.840 8146 9382 E BaseUncaughtHandler: Hit an exception while processing the UncaughtExceptionHandler. Original exception:
01-02 13:57:27.840 8146 9382 E BaseUncaughtHandler: DeadSystemException: The system died; earlier logs will point to the root cause
01-02 13:57:27.840 8146 9382 E AndroidRuntime: FATAL EXCEPTION: [com.google.android.gms.chimera.container.intentoperation.GmsIntentOperationChimeraService-Executor] idle
01-02 13:57:27.840 8146 9382 E AndroidRuntime: Process: com.google.android.gms, PID: 8146
01-02 13:57:27.840 8146 9382 E AndroidRuntime: DeadSystemException: The system died; earlier logs will point to the root cause
01-02 13:57:27.841 8146 9382 I Process : Sending signal. PID: 8146 SIG: 9
01-02 13:57:27.854 8438 8585 E ExceptionReporter: Unchecked exception happened while running task: ae[UnbindWidgetClientRunable]
01-02 13:57:27.854 8438 8585 E ExceptionReporter: DeadSystemException: The system died; earlier logs will point to the root cause
01-02 13:57:27.854 7859 8203 E WifiScanner: Channel connection lost
01-02 13:57:27.857 8438 8585 E A : Encountered uncaught exception.
01-02 13:57:27.857 8438 8585 E A : DeadSystemException: The system died; earlier logs will point to the root cause
01-02 13:57:27.865 8438 8438 E A : Encountered uncaught exception.
01-02 13:57:27.865 8438 8438 E A : DeadSystemException: The system died; earlier logs will point to the root cause
01-02 13:57:27.866 8936 9056 E Finsky : [159] yhf.a(108): [PLUS] Failed to trigger NOW urgency sync
01-02 13:57:27.866 8936 9056 E Finsky : DeadSystemException: The system died; earlier logs will point to the root cause
01-02 13:57:27.867 8438 8438 D ClientLoggingReceiver: Log cancelled. The app has crashed and the log will be retried from another process.
01-02 13:57:27.867 8936 9056 I Finsky : [159] zkq.r(83): SCH: jobFinished: 37-3357. TimeElapsed: 14901ms.
01-02 13:57:27.873 8438 8585 W A : Failed to get process stats.
01-02 13:57:27.873 8438 8585 W A : DeadSystemException: The system died; earlier logs will point to the root cause
01-02 13:57:27.876 9115 9499 W CrashMetricServiceImpl: Failed to get process stats.
01-02 13:57:27.876 9115 9499 W CrashMetricServiceImpl: DeadSystemException: The system died; earlier logs will point to the root cause
01-02 13:57:27.877 9115 9499 W CrashMetricServiceImpl: Failed to get process stats.
01-02 13:57:27.877 9115 9499 W CrashMetricServiceImpl: DeadSystemException: The system died; earlier logs will point to the root cause
01-02 13:57:27.898 8438 8438 W System.err: java.lang.RuntimeException: android.os.DeadSystemException
01-02 13:57:27.899 8438 8438 W System.err: at android.app.ContextImpl.sendBroadcast(ContextImpl.java:886)
01-02 13:57:27.899 8438 8438 W System.err: at android.content.ContextWrapper.sendBroadcast(ContextWrapper.java:421)
01-02 13:57:27.899 8438 8438 W System.err: at com.google.apps.tiktok.logging.backends.clientlogging.q.a(PG:9)
01-02 13:57:27.899 8438 8438 W System.err: at com.google.android.libraries.ai.b.c.b(PG:9)
01-02 13:57:27.899 8438 8438 W System.err: at com.google.android.libraries.ai.b.b.uncaughtException(PG)
01-02 13:57:27.899 8438 8438 W System.err: at java.lang.ThreadGroup.uncaughtException(ThreadGroup.java:1068)
01-02 13:57:27.899 8438 8438 W System.err: at java.lang.ThreadGroup.uncaughtException(ThreadGroup.java:1063)
01-02 13:57:27.899 8438 8438 W System.err: Caused by: android.os.DeadSystemException
01-02 13:57:27.899 8438 8438 W System.err: ... 7 more
01-02 13:57:27.900 8438 8438 W A : Failed to get process stats.
01-02 13:57:27.900 8438 8438 W A : DeadSystemException: The system died; earlier logs will point to the root cause
01-02 13:57:27.928 8936 9056 E Finsky : [159] rej.a(402): SCH: Job 37-3357 threw exception
01-02 13:57:27.928 8936 9056 E Finsky : DeadSystemException: The system died; earlier logs will point to the root cause
01-02 13:57:27.932 8936 9064 I PlayCommon: [160] amec.j(28): Preparing logs for uploading
01-02 13:57:27.938 8936 9064 E PlayCommon: [160] amec.j(31): DeadSystemException while getting active NetworkInfo from ConnectivityManager: java.lang.RuntimeException: android.os.DeadSystemException.
01-02 13:57:27.941 7859 8392 I GCore-Chimera-Crash: ChoKB2Fkc19mZHIQjZyOARiBAiDAsNip0-eRBAppCgljb250YW
01-02 13:57:27.941 7859 8392 I GCore-Chimera-Crash: luZXIQ-MGmbxhAIKyx_7D3QyoJZmFzdF9wYWlyKgVnYW1lcyoJ
01-02 13:57:27.941 7859 8392 I GCore-Chimera-Crash: bWFwc19jb3JlKhBtbGtpdC5vY3IuY29tbW9uKgNwYXkqDnZpc2
01-02 13:57:27.941 7859 8392 I GCore-Chimera-Crash: lvbi5iYXJjb2RlKgp2aXNpb24ub2NyCmoKCWNvbnRhaW5lchC0
01-02 13:57:27.941 7859 8392 I GCore-Chimera-Crash: 1bJvGIABIOywsOb-QyoJZmFzdF9wYWlyKgVnYW1lcyoJbWFwc1
01-02 13:57:27.941 7859 8392 I GCore-Chimera-Crash: 9jb3JlKhBtbGtpdC5vY3IuY29tbW9uKgNwYXkqDnZpc2lvbi5i
01-02 13:57:27.941 7859 8392 I GCore-Chimera-Crash: YXJjb2RlKgp2aXNpb24ub2NyCjMKD3RmbGl0ZV9keW5hbWl0ZR
01-02 13:57:27.941 7859 8392 I GCore-Chimera-Crash: CZvo0BGIECIKzC1tLLiY8EKg90ZmxpdGVfZHluYW1pdGUgAA==
01-02 13:57:27.941 7859 8392 I GCore-Chimera-Crash: GCore-Chimera-Crash
01-02 13:57:27.942 7859 8392 I DeviceDrDatabaseHelper: Cleaning stale data from database!
01-02 13:57:27.943 7859 8225 E NetworkScheduler: Invalid package name : Perhaps you didn't include a PendingIntent in the extras?
01-02 13:57:27.943 7859 8225 E NetworkScheduler: Invalid package name : Perhaps you didn't include a PendingIntent in the extras?
01-02 13:57:27.949 8438 8585 E AndroidRuntime: FATAL EXCEPTION: EventBus0
01-02 13:57:27.949 8438 8585 E AndroidRuntime: Process: com.google.android.googlequicksearchbox:search, PID: 8438
01-02 13:57:27.949 8438 8585 E AndroidRuntime: DeadSystemException: The system died; earlier logs will point to the root cause
01-02 13:57:27.949 8438 8585 I Process : Sending signal. PID: 8438 SIG: 9
01-02 13:57:27.967 8936 9056 W Finsky.CrashDetector: Crash at version: 37.6.25-21 [0] [PR] 567743520.
01-02 13:57:27.967 8936 9056 E AndroidRuntime: FATAL EXCEPTION: bgExecutor #3
01-02 13:57:27.967 8936 9056 E AndroidRuntime: Process: com.android.vending, PID: 8936
01-02 13:57:27.967 8936 9056 E AndroidRuntime: DeadSystemException: The system died; earlier logs will point to the root cause
01-02 13:57:27.969 9115 9487 W art : Verification of void pkg.() took 177.476ms
01-02 13:57:27.984 8936 8948 E JavaBinder: *** Uncaught remote exception! (Exceptions are not yet supported across processes.)
01-02 13:57:27.984 8936 8948 E JavaBinder: DeadSystemException: The system died; earlier logs will point to the root cause
01-02 13:57:27.984 8936 8949 E JavaBinder: *** Uncaught remote exception! (Exceptions are not yet supported across processes.)
01-02 13:57:27.984 8936 8949 E JavaBinder: DeadSystemException: The system died; earlier logs will point to the root cause
01-02 13:57:27.985 8936 9056 I Process : Sending signal. PID: 8936 SIG: 9
01-02 13:57:28.048 9115 9487 E Cello : Failure to communicate over jni.
01-02 13:57:28.059 7859 9455 W ProximityAuth: [GetMyPublicKey] Failed to fetch public key.
01-02 13:57:28.060 7859 9387 I GCore-Chimera-Crash: ChoKB2Fkc19mZHIQjZyOARiBAiDAsNip0-eRBAppCgljb250YW
01-02 13:57:28.060 7859 9387 I GCore-Chimera-Crash: luZXIQ-MGmbxhAIKyx_7D3QyoJZmFzdF9wYWlyKgVnYW1lcyoJ
01-02 13:57:28.060 7859 9387 I GCore-Chimera-Crash: bWFwc19jb3JlKhBtbGtpdC5vY3IuY29tbW9uKgNwYXkqDnZpc2
01-02 13:57:28.060 7859 9387 I GCore-Chimera-Crash: lvbi5iYXJjb2RlKgp2aXNpb24ub2NyCmoKCWNvbnRhaW5lchC0
01-02 13:57:28.060 7859 9387 I GCore-Chimera-Crash: 1bJvGIABIOywsOb-QyoJZmFzdF9wYWlyKgVnYW1lcyoJbWFwc1
01-02 13:57:28.060 7859 9387 I GCore-Chimera-Crash: 9jb3JlKhBtbGtpdC5vY3IuY29tbW9uKgNwYXkqDnZpc2lvbi5i
01-02 13:57:28.060 7859 9387 I GCore-Chimera-Crash: YXJjb2RlKgp2aXNpb24ub2NyCjMKD3RmbGl0ZV9keW5hbWl0ZR
01-02 13:57:28.060 7859 9387 I GCore-Chimera-Crash: CZvo0BGIECIKzC1tLLiY8EKg90ZmxpdGVfZHluYW1pdGUgAA==
01-02 13:57:28.060 7859 9387 I GCore-Chimera-Crash: GCore-Chimera-Crash
01-02 13:57:28.060 9115 9487 F art : art/runtime/thread.cc:1661] No pending exception expected: java.lang.RuntimeException: android.os.DeadSystemException
01-02 13:57:28.060 9115 9487 F art : art/runtime/thread.cc:1661] at android.net.NetworkInfo android.net.ConnectivityManager.getActiveNetworkInfo() (ConnectivityManager.java:761)
01-02 13:57:28.060 9115 9487 F art : art/runtime/thread.cc:1661] at boolean lex.e() (PG:4)
01-02 13:57:28.060 9115 9487 F art : art/runtime/thread.cc:1661] at boolean lnh.b() (PG:1)
01-02 13:57:28.060 9115 9487 F art : art/runtime/thread.cc:1661] at boolean com.google.android.libraries.drive.core.impl.cello.jni.SlimJni__PlatformDelegate.isOnline() (PG:1)
01-02 13:57:28.060 9115 9487 F art : art/runtime/thread.cc:1661] at void com.google.android.libraries.drive.core.impl.cello.jni.SlimJni__Cello.native_initialize(long, long, byte[], byte[], com.google.android.libraries.drive.core.impl.cello.jni.SlimJni__Cello_InitializeCallback) (PG:-2)
01-02 13:57:28.060 9115 9487 F art : art/runtime/thread.cc:1661] at void com.google.android.libraries.drive.core.impl.cello.jni.SlimJni__Cello.initialize(lpq, com.google.apps.drive.cello.CreateOptions, com.google.apps.drive.cello.InitializeOptions, lpp$u) (PG:2)
01-02 13:57:28.060 9115 9487 F art : art/runtime/thread.cc:1661] at void lta.f() (PG:162)
01-02 13:57:28.060 9115 9487 F art : art/runtime/thread.cc:1661] at java.lang.Object ntr.call() (PG:32)
01-02 13:57:28.060 9115 9487 F art : art/runtime/thread.cc:1661] at java.lang.Object qnd$b.a() (PG:1)
01-02 13:57:28.060 9115 9487 F art : art/runtime/thread.cc:1661] at void qmp.run() (PG:4)
01-02 13:57:28.061 9115 9487 F art : art/runtime/thread.cc:1661] at void qnd.run() (PG:1)
01-02 13:57:28.061 9115 9487 F art : art/runtime/thread.cc:1661] at java.lang.Object java.util.concurrent.Executors$RunnableAdapter.call() (Executors.java:428)
01-02 13:57:28.061 9115 9487 F art : art/runtime/thread.cc:1661] at void java.util.concurrent.FutureTask.run() (FutureTask.java:237)
01-02 13:57:28.061 7859 9387 I DeviceDrDatabaseHelper: Cleaning stale data from database!
01-02 13:57:28.061 9115 9487 F art : art/runtime/thread.cc:1661] at void java.util.concurrent.ScheduledThreadPoolExecutor$ScheduledFutureTask.run() (ScheduledThreadPoolExecutor.java:272)
01-02 13:57:28.061 9115 9487 F art : art/runtime/thread.cc:1661] at void java.util.concurrent.ThreadPoolExecutor.runWorker(java.util.concurrent.ThreadPoolExecutor$Worker) (ThreadPoolExecutor.java:1133)
01-02 13:57:28.061 9115 9487 F art : art/runtime/thread.cc:1661] at void java.util.concurrent.ThreadPoolExecutor$Worker.run() (ThreadPoolExecutor.java:607)
01-02 13:57:28.061 9115 9487 F art : art/runtime/thread.cc:1661] at void java.lang.Thread.run() (Thread.java:761)
01-02 13:57:28.061 9115 9487 F art : art/runtime/thread.cc:1661] at void lnk.run() (PG:2)
01-02 13:57:28.061 9115 9487 F art : art/runtime/thread.cc:1661]
Caused by: android.os.DeadSystemException:
01-02 13:57:28.061 9115 9487 F art : art/runtime/thread.cc:1661] at android.net.NetworkInfo android.net.ConnectivityManager.getActiveNetworkInfo() (ConnectivityManager.java:761)
01-02 13:57:28.061 9115 9487 F art : art/runtime/thread.cc:1661] at boolean lex.e() (PG:4)
01-02 13:57:28.061 9115 9487 F art : art/runtime/thread.cc:1661] at boolean lnh.b() (PG:1)
01-02 13:57:28.061 9115 9487 F art : art/runtime/thread.cc:1661] at boolean com.google.android.libraries.drive.core.impl.cello.jni.SlimJni__PlatformDelegate.isOnline() (PG:1)
01-02 13:57:28.061 9115 9487 F art : art/runtime/thread.cc:1661] at void com.google.android.libraries.drive.core.impl.cello.jni.SlimJni__Cello.native_initialize(long, long, byte[], byte[], com.google.android.libraries.drive.core.impl.cello.jni.SlimJni__Cello_InitializeCallback) (PG:-2)
01-02 13:57:28.061 9115 9487 F art : art/runtime/thread.cc:1661] at void com.google.android.libraries.drive.core.impl.cello.jni.SlimJni__Cello.initialize(lpq, com.google.apps.drive.cello.CreateOptions, com.google.apps.drive.cello.InitializeOptions, lpp$u) (PG:2)
01-02 13:57:28.061 9115 9487 F art : art/runtime/thread.cc:1661] at void lta.f() (PG:162)
01-02 13:57:28.061 9115 9487 F art : art/runtime/thread.cc:1661] at java.lang.Object ntr.call() (PG:32)
01-02 13:57:28.061 9115 9487 F art : art/runtime/thread.cc:1661] at java.lang.Object qnd$b.a() (PG:1)
01-02 13:57:28.061 9115 9487 F art : art/runtime/thread.cc:1661] at void qmp.run() (PG:4)
01-02 13:57:28.061 9115 9487 F art : art/runtime/thread.cc:1661] at void qnd.run() (PG:1)
01-02 13:57:28.061 9115 9487 F art : art/runtime/thread.cc:1661] at java.lang.Object java.util.concurrent.Executors$RunnableAdapter.call() (Executors.java:428)
01-02 13:57:28.061 9115 9487 F art : art/runtime/thread.cc:1661] at void java.util.concurrent.FutureTask.run() (FutureTask.java:237)
01-02 13:57:28.061 9115 9487 F art : art/runtime/thread.cc:1661] at void java.util.concurrent.ScheduledThreadPoolExecutor$ScheduledFutureTask.run() (ScheduledThreadPoolExecutor.java:272)
01-02 13:57:28.061 9115 9487 F art : art/runtime/thread.cc:1661] at void java.util.concurrent.ThreadPoolExecutor.runWorker(java.util.concurrent.ThreadPoolExecutor$Worker) (ThreadPoolExecutor.java:1133)
01-02 13:57:28.061 9115 9487 F art : art/runtime/thread.cc:1661] at void java.util.concurrent.ThreadPoolExecutor$Worker.run() (ThreadPoolExecutor.java:607)
01-02 13:57:28.061 9115 9487 F art : art/runtime/thread.cc:1661] at void java.lang.Thread.run() (Thread.java:761)
01-02 13:57:28.061 9115 9487 F art : art/runtime/thread.cc:1661] at void lnk.run() (PG:2)
01-02 13:57:28.061 9115 9487 F art : art/runtime/thread.cc:1661]
01-02 13:57:28.061 7859 9455 E dfza : RuntimeException while executing runnable dfzp{utd@9da3b13} with executor MoreExecutors.directExecutor()
01-02 13:57:28.061 7859 9455 E dfza : java.lang.NullPointerException: Attempt to get length of null array
01-02 13:57:28.061 7859 9455 E dfza : at android.util.Base64.encode(Base64.java:494)
01-02 13:57:28.061 7859 9455 E dfza : at android.util.Base64.encodeToString(Base64.java:456)
01-02 13:57:28.061 7859 9455 E dfza : at com.google.android.gms.auth.proximity.RemoteDevice.a(:com.google.android.gms@233414015@23.34.14 (040300-560151436):3)
01-02 13:57:28.061 7859 9455 E dfza : at utd.b(:com.google.android.gms@233414015@23.34.14 (040300-560151436):3)
01-02 13:57:28.061 7859 9455 E dfza : at dfzp.run(:com.google.android.gms@233414015@23.34.14 (040300-560151436):30)
01-02 13:57:28.061 7859 9455 E dfza : at dfyx.execute(:com.google.android.gms@233414015@23.34.14 (040300-560151436):1)
01-02 13:57:28.061 7859 9455 E dfza : at dfza.c(:com.google.android.gms@233414015@23.34.14 (040300-560151436):1)
01-02 13:57:28.061 7859 9455 E dfza : at dfza.b(:com.google.android.gms@233414015@23.34.14 (040300-560151436):32)
01-02 13:57:28.061 7859 9455 E dfza : at ahid.done(:com.google.android.gms@233414015@23.34.14 (040300-560151436):6)
01-02 13:57:28.061 7859 9455 E dfza : at java.util.concurrent.FutureTask.finishCompletion(FutureTask.java:354)
01-02 13:57:28.061 7859 9455 E dfza : at java.util.concurrent.FutureTask.set(FutureTask.java:205)
01-02 13:57:28.061 7859 9455 E dfza : at java.util.concurrent.FutureTask.run(FutureTask.java:245)
01-02 13:57:28.061 7859 9455 E dfza : at ahhy.c(:com.google.android.gms@233414015@23.34.14 (040300-560151436):50)
01-02 13:57:28.061 7859 9455 E dfza : at ahhy.run(:com.google.android.gms@233414015@23.34.14 (040300-560151436):76)
01-02 13:57:28.061 7859 9455 E dfza : at java.util.concurrent.ThreadPoolExecutor.runWorker(ThreadPoolExecutor.java:1133)
01-02 13:57:28.061 7859 9455 E dfza : at java.util.concurrent.ThreadPoolExecutor$Worker.run(ThreadPoolExecutor.java:607)
01-02 13:57:28.061 7859 9455 E dfza : at ahnh.run(:com.google.android.gms@233414015@23.34.14 (040300-560151436):8)
01-02 13:57:28.061 7859 9455 E dfza : at java.lang.Thread.run(Thread.java:761)
01-02 13:57:28.066 7859 9547 I GCore-Chimera-Crash: ChoKB2Fkc19mZHIQjZyOARiBAiDAsNip0-eRBAppCgljb250YW
01-02 13:57:28.066 7859 9547 I GCore-Chimera-Crash: luZXIQ-MGmbxhAIKyx_7D3QyoJZmFzdF9wYWlyKgVnYW1lcyoJ
01-02 13:57:28.066 7859 9547 I GCore-Chimera-Crash: bWFwc19jb3JlKhBtbGtpdC5vY3IuY29tbW9uKgNwYXkqDnZpc2
01-02 13:57:28.066 7859 9547 I GCore-Chimera-Crash: lvbi5iYXJjb2RlKgp2aXNpb24ub2NyCmoKCWNvbnRhaW5lchC0
01-02 13:57:28.066 7859 9547 I GCore-Chimera-Crash: 1bJvGIABIOywsOb-QyoJZmFzdF9wYWlyKgVnYW1lcyoJbWFwc1
01-02 13:57:28.066 7859 9547 I GCore-Chimera-Crash: 9jb3JlKhBtbGtpdC5vY3IuY29tbW9uKgNwYXkqDnZpc2lvbi5i
01-02 13:57:28.066 7859 9547 I GCore-Chimera-Crash: YXJjb2RlKgp2aXNpb24ub2NyCjMKD3RmbGl0ZV9keW5hbWl0ZR
01-02 13:57:28.066 7859 9547 I GCore-Chimera-Crash: CZvo0BGIECIKzC1tLLiY8EKg90ZmxpdGVfZHluYW1pdGUgAA==
01-02 13:57:28.066 7859 9547 I GCore-Chimera-Crash: GCore-Chimera-Crash
01-02 13:57:28.066 7859 9547 I DeviceDrDatabaseHelper: Cleaning stale data from database!
01-02 13:57:28.070 7859 8822 I GCore-Chimera-Crash: ChoKB2Fkc19mZHIQjZyOARiBAiDAsNip0-eRBAppCgljb250YW
01-02 13:57:28.070 7859 8822 I GCore-Chimera-Crash: luZXIQ-MGmbxhAIKyx_7D3QyoJZmFzdF9wYWlyKgVnYW1lcyoJ
01-02 13:57:28.070 7859 8822 I GCore-Chimera-Crash: bWFwc19jb3JlKhBtbGtpdC5vY3IuY29tbW9uKgNwYXkqDnZpc2
01-02 13:57:28.070 7859 8822 I GCore-Chimera-Crash: lvbi5iYXJjb2RlKgp2aXNpb24ub2NyCmoKCWNvbnRhaW5lchC0
01-02 13:57:28.070 7859 8822 I GCore-Chimera-Crash: 1bJvGIABIOywsOb-QyoJZmFzdF9wYWlyKgVnYW1lcyoJbWFwc1
01-02 13:57:28.070 7859 8822 I GCore-Chimera-Crash: 9jb3JlKhBtbGtpdC5vY3IuY29tbW9uKgNwYXkqDnZpc2lvbi5i
01-02 13:57:28.070 7859 8822 I GCore-Chimera-Crash: YXJjb2RlKgp2aXNpb24ub2NyCjMKD3RmbGl0ZV9keW5hbWl0ZR
01-02 13:57:28.070 7859 8822 I GCore-Chimera-Crash: CZvo0BGIECIKzC1tLLiY8EKg90ZmxpdGVfZHluYW1pdGUgAA==
01-02 13:57:28.070 7859 8822 I GCore-Chimera-Crash: GCore-Chimera-Crash
01-02 13:57:28.070 7859 8822 I DeviceDrDatabaseHelper: Cleaning stale data from database!
01-02 13:57:28.080 7859 7870 I art : Background partial concurrent mark sweep GC freed 124809(5MB) AllocSpace objects, 7(144KB) LOS objects, 40% free, 8MB/14MB, paused 4.657ms total 155.367ms
01-02 13:57:28.080 7859 7868 E System : Uncaught exception thrown by finalizer
01-02 13:57:28.080 7859 7868 E System : java.lang.IllegalStateException: Lock wasn't released correctly
01-02 13:57:28.080 7859 7868 E System : at baos.finalize(:com.google.android.gms@233414015@23.34.14 (040300-560151436):12)
01-02 13:57:28.080 7859 7868 E System : at java.lang.Daemons$FinalizerDaemon.doFinalize(Daemons.java:222)
01-02 13:57:28.080 7859 7868 E System : at java.lang.Daemons$FinalizerDaemon.run(Daemons.java:209)
01-02 13:57:28.080 7859 7868 E System : at java.lang.Thread.run(Thread.java:761)
01-02 13:57:28.081 7859 7868 E System : Uncaught exception thrown by finalizer
01-02 13:57:28.081 9115 9197 E ProviderInstallerImpl: Failed to install GMS security ProviderInstaller
01-02 13:57:28.081 9115 9197 E ProviderInstallerImpl: DeadSystemException: The system died; earlier logs will point to the root cause
01-02 13:57:28.081 7859 7868 E System : java.lang.IllegalStateException: Lock wasn't released correctly
01-02 13:57:28.081 7859 7868 E System : at baos.finalize(:com.google.android.gms@233414015@23.34.14 (040300-560151436):12)
01-02 13:57:28.081 7859 7868 E System : at java.lang.Daemons$FinalizerDaemon.doFinalize(Daemons.java:222)
01-02 13:57:28.081 7859 7868 E System : at java.lang.Daemons$FinalizerDaemon.run(Daemons.java:209)
01-02 13:57:28.081 7859 7868 E System : at java.lang.Thread.run(Thread.java:761)
01-02 13:57:28.081 9115 9197 E ProviderInstallerImpl: Failed to install GMS security ProviderInstaller
01-02 13:57:28.081 9115 9197 E ProviderInstallerImpl: DeadSystemException: The system died; earlier logs will point to the root cause
01-02 13:57:28.081 7859 7868 E System : Uncaught exception thrown by finalizer
01-02 13:57:28.081 7859 7868 E System : java.lang.IllegalStateException: Lock wasn't released correctly
01-02 13:57:28.081 7859 7868 E System : at baos.finalize(:com.google.android.gms@233414015@23.34.14 (040300-560151436):12)
01-02 13:57:28.081 7859 7868 E System : at java.lang.Daemons$FinalizerDaemon.doFinalize(Daemons.java:222)
01-02 13:57:28.081 7859 7868 E System : at java.lang.Daemons$FinalizerDaemon.run(Daemons.java:209)
01-02 13:57:28.081 7859 7868 E System : at java.lang.Thread.run(Thread.java:761)
01-02 13:57:28.081 7859 7868 E System : Uncaught exception thrown by finalizer
01-02 13:57:28.081 7859 7868 E System : java.lang.IllegalStateException: Lock wasn't released correctly
01-02 13:57:28.081 7859 7868 E System : at baos.finalize(:com.google.android.gms@233414015@23.34.14 (040300-560151436):12)
01-02 13:57:28.081 7859 7868 E System : at java.lang.Daemons$FinalizerDaemon.doFinalize(Daemons.java:222)
01-02 13:57:28.081 7859 7868 E System : at java.lang.Daemons$FinalizerDaemon.run(Daemons.java:209)
01-02 13:57:28.081 7859 7868 E System : at java.lang.Thread.run(Thread.java:761)
01-02 13:57:28.082 7859 7868 E System : Uncaught exception thrown by finalizer
01-02 13:57:28.082 7859 7868 E System : java.lang.IllegalStateException: Lock wasn't released correctly
01-02 13:57:28.082 7859 7868 E System : at baos.finalize(:com.google.android.gms@233414015@23.34.14 (040300-560151436):12)
01-02 13:57:28.082 7859 7868 E System : at java.lang.Daemons$FinalizerDaemon.doFinalize(Daemons.java:222)
01-02 13:57:28.082 7859 7868 E System : at java.lang.Daemons$FinalizerDaemon.run(Daemons.java:209)
01-02 13:57:28.082 7859 7868 E System : at java.lang.Thread.run(Thread.java:761)
01-02 13:57:28.090 7859 8392 W DeviceDoctorHandler: Crash Hash: 428f089cfd30c8311591752dbaa746becbf2f9e6
01-02 13:57:28.093 7374 7374 E Zygote : Exit zygote because system server (7549) has terminated
01-02 13:57:28.107 7859 7868 E System : Uncaught exception thrown by finalizer
01-02 13:57:28.108 7859 7868 E System : java.lang.IllegalStateException: Lock wasn't released correctly
01-02 13:57:28.108 7859 7868 E System : at baos.finalize(:com.google.android.gms@233414015@23.34.14 (040300-560151436):12)
01-02 13:57:28.108 7859 7868 E System : at java.lang.Daemons$FinalizerDaemon.doFinalize(Daemons.java:222)
01-02 13:57:28.108 7859 7868 E System : at java.lang.Daemons$FinalizerDaemon.run(Daemons.java:209)
01-02 13:57:28.108 7859 7868 E System : at java.lang.Thread.run(Thread.java:761)
01-02 13:57:28.110 7859 8392 W DeviceDoctorHandler: Shushing crash.
01-02 13:57:28.110 7859 8392 E DeviceDoctorHandler: FATAL EXCEPTION: lowpool[4]
01-02 13:57:28.110 7859 8392 E DeviceDoctorHandler: Process: com.google.android.gms.persistent, PID: 7859
01-02 13:57:28.110 7859 8392 E DeviceDoctorHandler: java.lang.RuntimeException: android.os.DeadSystemException
01-02 13:57:28.110 7859 8392 E DeviceDoctorHandler: at android.app.ApplicationPackageManager.checkPermission(ApplicationPackageManager.java:509)
01-02 13:57:28.110 7859 8392 E DeviceDoctorHandler: at btzo.c(:com.google.android.gms@233414015@23.34.14 (040300-560151436):23)
01-02 13:57:28.110 7859 8392 E DeviceDoctorHandler: at bude.h(:com.google.android.gms@233414015@23.34.14 (040300-560151436):47)
01-02 13:57:28.110 7859 8392 E DeviceDoctorHandler: at btyx.run(:com.google.android.gms@233414015@23.34.14 (040300-560151436):72)
01-02 13:57:28.110 7859 8392 E DeviceDoctorHandler: at ahhy.c(:com.google.android.gms@233414015@23.34.14 (040300-560151436):50)
01-02 13:57:28.110 7859 8392 E DeviceDoctorHandler: at ahhy.run(:com.google.android.gms@233414015@23.34.14 (040300-560151436):97)
01-02 13:57:28.110 7859 8392 E DeviceDoctorHandler: at java.util.concurrent.ThreadPoolExecutor.runWorker(ThreadPoolExecutor.java:1133)
01-02 13:57:28.110 7859 8392 E DeviceDoctorHandler: at java.util.concurrent.ThreadPoolExecutor$Worker.run(ThreadPoolExecutor.java:607)
01-02 13:57:28.110 7859 8392 E DeviceDoctorHandler: at ahnh.run(:com.google.android.gms@233414015@23.34.14 (040300-560151436):8)
01-02 13:57:28.110 7859 8392 E DeviceDoctorHandler: at java.lang.Thread.run(Thread.java:761)
01-02 13:57:28.110 7859 8392 E DeviceDoctorHandler: Suppressed: czny:
01-02 13:57:28.110 7859 8392 E DeviceDoctorHandler: at tk_trace.AsyncOpImpl(Unknown Source)
01-02 13:57:28.110 7859 8392 E DeviceDoctorHandler: at tk_trace.AsyncOpTask(Unknown Source)
01-02 13:57:28.110 7859 8392 E DeviceDoctorHandler: at tk_trace.218-HandleSchedulerIntent(Unknown Source)
01-02 13:57:28.110 7859 8392 E DeviceDoctorHandler: at tk_trace.scheduler-SchedulerChimeraBoundService-IGmsTaskScheduler_0(Unknown Source)
01-02 13:57:28.110 7859 8392 E DeviceDoctorHandler: Caused by: android.os.DeadSystemException
01-02 13:57:28.110 7859 8392 E DeviceDoctorHandler: ... 10 more
01-02 13:57:28.110 7859 8392 E DeviceDoctorHandler:
01-02 13:57:28.112 7859 8392 I Process : Sending signal. PID: 7859 SIG: 9
01-02 13:57:28.141 202 202 I ServiceManager: service 'media.audio_flinger' died
01-02 13:57:28.141 202 202 I ServiceManager: service 'media.audio_policy' died
01-02 13:57:28.141 202 202 I ServiceManager: service 'media.sound_trigger_hw' died
01-02 13:57:28.141 202 202 I ServiceManager: service 'media.radio' died
01-02 13:57:28.143 202 202 I ServiceManager: service 'media.camera' died
01-02 13:57:28.143 202 202 I ServiceManager: service 'media.player' died
01-02 13:57:28.143 202 202 I ServiceManager: service 'media.resource_manager' died
01-02 13:57:28.153 202 202 I ServiceManager: service 'netd' died
01-02 13:57:28.222 9560 9560 I Netd : Netd 1.0 starting
01-02 13:57:28.223 9560 9560 D TetherController: Setting IP forward enable = 0
01-02 13:57:28.306 9558 9558 I cameraserver: ServiceManager: 0xb2a99420
01-02 13:57:28.306 9558 9558 I CameraService: CameraService started (pid=9558)
01-02 13:57:28.306 9558 9558 I CameraService: CameraService process starting
01-02 13:57:28.306 9558 9558 W BatteryNotifier: batterystats service unavailable!
01-02 13:57:28.306 9558 9558 W BatteryNotifier: batterystats service unavailable!
01-02 13:57:28.388 202 202 I ServiceManager: service 'simphonebook' died
01-02 13:57:28.388 202 202 I ServiceManager: service 'iphonesubinfo' died
01-02 13:57:28.388 202 202 I ServiceManager: service 'isms' died
01-02 13:57:28.388 202 202 I ServiceManager: service 'phone' died
01-02 13:57:28.388 202 202 I ServiceManager: service 'carrier_config' died
01-02 13:57:28.388 202 202 I ServiceManager: service 'isub' died
01-02 13:57:28.402 9557 9557 I : sMaxFastTracks = 8
01-02 13:57:28.402 9557 9557 I audioserver: ServiceManager: 0xb3299420
01-02 13:57:28.403 9557 9557 W BatteryNotifier: batterystats service unavailable!
01-02 13:57:28.403 9557 9557 I AudioFlinger: Using default 3000 mSec as standby time.
01-02 13:57:28.403 9557 9557 I AudioPolicyService: AudioPolicyService CSTOR in new mode
01-02 13:57:28.404 9557 9557 I APM::ConfigParsingUtils: loadAudioPolicyConfig() loaded /system/etc/audio_policy.conf
01-02 13:57:28.408 9557 9557 D AudioHardwareTiny: ALSA Audio Version: V1.1.0
01-02 13:57:28.408 9557 9557 D alsa_route: Get route table for sound card0 rockchiprt5640c
