01-02 13:56:14.396 7375 7375 D CameraHal: ParserVCMInfo(465): VCMGpioPwdn(NC) active(0)
01-02 13:56:14.396 7375 7375 D CameraHal: ParserVCMInfo(490): start current(0) rated current(100) vcm max(100) step mode(4) drv max(100)
01-02 13:56:14.396 7375 7375 D CameraHal: ParserFlashInfo(509): FlashName(Internal)
01-02 13:56:14.397 7375 7375 D CameraHal: ParserFlashInfo(512): FlashI2cBusNum(0)
01-02 13:56:14.397 7375 7375 D CameraHal: ParserFlashInfo(515): FlashI2cAddrByte(0)
01-02 13:56:14.397 7375 7375 D CameraHal: ParserFlashInfo(518): FlashI2cRate(0)
01-02 13:56:14.397 7375 7375 D CameraHal: ParserFlashInfo(521): FlashTrigger(NC) active(0)
01-02 13:56:14.397 7375 7375 D CameraHal: ParserFlashInfo(525): FlashEn(NC) active(0)
01-02 13:56:14.397 7375 7375 D CameraHal: ParserFlashInfo(532): FlashLuminance(0)
01-02 13:56:14.397 7375 7375 D CameraHal: ParserFlashInfo(535): FlashColorTemp(0)
01-02 13:56:14.397 7375 7375 D CameraHal: StartElementHandler(964): HDR(1)!
01-02 13:56:14.397 7375 7375 D CameraHal: StartElementHandler(968): ZSL(1)!
01-02 13:56:14.397 7375 7375 D CameraHal: StartElementHandler(972): zoom(1)!
01-02 13:56:14.397 7375 7375 D CameraHal: StartElementHandler(1014): Continue_SnapShot(1)!
01-02 13:56:14.397 7375 7375 D CameraHal: StartElementHandler(1017): InterpolationRes(0)!
01-02 13:56:14.397 7375 7375 D CameraHal: StartElementHandler(1002): PreviewSize(0x0)!
01-02 13:56:14.397 7375 7375 D CameraHal: StartElementHandler(1005): Preview_Minimum_FrameRate(0)!
01-02 13:56:14.397 7375 7375 D CameraHal: StartElementHandler(998): face detect config(0),max face num is (1)!
01-02 13:56:14.397 7375 7375 D CameraHal: StartElementHandler(993): Gammaout support 0(mGamma:1.000000,mOffSet:0)!
01-02 13:56:14.397 7375 7375 D CameraHal: ParserDVConfig(802): DV_QCIF(qcif) resolution(176x144) fps(10) support(1)
01-02 13:56:14.397 7375 7375 D CameraHal: ParserDVConfig(814): DV_QVGA(qvga) resolution(320x240) fps(10) support(1)
01-02 13:56:14.397 7375 7375 D CameraHal: ParserDVConfig(826): DV_CIF(cif) resolution(352x288) fps(10) support(1)
01-02 13:56:14.397 7375 7375 D CameraHal: ParserDVConfig(838): DV_VGA(480p) resolution(640x480) fps(10) support(0)
01-02 13:56:14.397 7375 7375 D CameraHal: ParserDVConfig(850): DV_480P(480p) resolution(720x480) fps(10) support(0)
01-02 13:56:14.397 7375 7375 D CameraHal: ParserDVConfig(874): DV_720P(720p) resolution(1280x720) fps(10) support(1)
01-02 13:56:14.397 7375 7375 D CameraHal: ParserDVConfig(886): DV_1080P(1080p) resolution(1920x1080) fps(10) support(1)
01-02 13:56:14.397 7375 7375 D CameraHal: ParserSensorInfo(190): SensorName(GC2145)
01-02 13:56:14.397 7375 7375 D CameraHal: ParserSensorInfo(198): SensorDevID(CAMSYS_DEVID_SENSOR_1A)
01-02 13:56:14.397 7375 7375 D CameraHal: ParserSensorInfo(209): SensorDevID(16777216)
01-02 13:56:14.397 7375 7375 D CameraHal: ParserSensorInfo(211): SensorHostDevID(CAMSYS_DEVID_MARVIN)
01-02 13:56:14.397 7375 7375 D CameraHal: ParserSensorInfo(226): Sensori2cBusNum(3)
01-02 13:56:14.397 7375 7375 D CameraHal: ParserSensorInfo(229): SensorI2cAddrByte(2)
01-02 13:56:14.397 7375 7375 D CameraHal: ParserSensorInfo(232): SensorI2cRate(100000)
01-02 13:56:14.398 7375 7375 D CameraHal: ParserSensorInfo(240): SensorAvdd(NC) min(0) max(0)
01-02 13:56:14.398 7375 7375 D CameraHal: ParserSensorInfo(254): SensorDvdd(NC) min(0) max(0)
01-02 13:56:14.398 7375 7375 D CameraHal: ParserSensorInfo(247): SensorDovdd(NC) min(18000000) max(18000000)
01-02 13:56:14.398 7375 7375 D CameraHal: ParserSensorInfo(235): SensorMclk(24000000)
01-02 13:56:14.398 7375 7375 D CameraHal: ParserSensorInfo(261): SensorGpioPwdn(RK30_PIN2_PB6) active(1)
01-02 13:56:14.398 7375 7375 D CameraHal: ParserSensorInfo(291): SensorFacing(front)
01-02 13:56:14.398 7375 7375 D CameraHal: ParserSensorInfo(300): SensorInterface(MIPI)
01-02 13:56:14.398 7375 7375 D CameraHal: ParserSensorInfo(313): SensorMirrorFlip(0)
01-02 13:56:14.398 7375 7375 D CameraHal: ParserSensorInfo(316): SensorOrientation(0)
01-02 13:56:14.398 7375 7375 D CameraHal: ParserSensorInfo(435): SensorFovParemeter fov_h(60.0)(60.000000) fov_v(60.0)(60.000000)
01-02 13:56:14.398 7375 7375 D CameraHal: ParserSensorInfo(438): SensorAWB_Frame_Skip fps(15)
01-02 13:56:14.398 7375 7375 E CameraHal: ParserSensorInfo(355): SensorPhy laneNum wrong (1) range[1,4]
01-02 13:56:14.398 7375 7375 E CameraHal: ParserSensorInfo(388): SensorPhy: phyindex: 1,open /dev/camsys_marvin1
01-02 13:56:14.398 7375 7375 D CameraHal: ParserSensorInfo(397): SensorGpioPwdn(RK30_PIN2_PB6) active(1)
01-02 13:56:14.398 7375 7375 D CameraHal: ParserSensorInfo(405): SensorPhy: MIPI lane: 1 phyindex: 1 fmt: 0x2b
01-02 13:56:14.398 7375 7375 D CameraHal: ParserVCMInfo(450): VCMDrvName(NC)
01-02 13:56:14.398 7375 7375 D CameraHal: ParserVCMInfo(453): VCMName(NC)
01-02 13:56:14.398 7375 7375 D CameraHal: ParserVCMInfo(456): VCMI2cBusNum(0)
01-02 13:56:14.398 7375 7375 D CameraHal: ParserVCMInfo(459): VCMI2cAddrByte(0)
01-02 13:56:14.398 7375 7375 D CameraHal: ParserVCMInfo(462): VCMI2cRate(0)
01-02 13:56:14.398 7375 7375 D CameraHal: ParserVCMInfo(477): VCMVdd(NC) min(0) max(0)
01-02 13:56:14.398 7375 7375 D CameraHal: ParserVCMInfo(471): VCMGpioPower(NC) active(0)
01-02 13:56:14.398 7375 7375 D CameraHal: ParserVCMInfo(465): VCMGpioPwdn(NC) active(0)
01-02 13:56:14.398 7375 7375 D CameraHal: ParserVCMInfo(490): start current(20) rated current(80) vcm max(100) step mode(13) drv max(100)
01-02 13:56:14.398 7375 7375 D CameraHal: ParserFlashInfo(509): FlashName(NC)
01-02 13:56:14.398 7375 7375 D CameraHal: ParserFlashInfo(512): FlashI2cBusNum(0)
01-02 13:56:14.398 7375 7375 D CameraHal: ParserFlashInfo(515): FlashI2cAddrByte(0)
01-02 13:56:14.398 7375 7375 D CameraHal: ParserFlashInfo(518): FlashI2cRate(0)
01-02 13:56:14.398 7375 7375 D CameraHal: ParserFlashInfo(521): FlashTrigger(NC) active(1)
01-02 13:56:14.398 7375 7375 D CameraHal: ParserFlashInfo(525): FlashEn(NC) active(1)
01-02 13:56:14.398 7375 7375 D CameraHal: ParserFlashInfo(532): FlashLuminance(0)
01-02 13:56:14.398 7375 7375 D CameraHal: ParserFlashInfo(535): FlashColorTemp(0)
01-02 13:56:14.398 7375 7375 D CameraHal: StartElementHandler(964): HDR(1)!
01-02 13:56:14.398 7375 7375 D CameraHal: StartElementHandler(968): ZSL(1)!
01-02 13:56:14.398 7375 7375 D CameraHal: StartElementHandler(972): zoom(1)!
01-02 13:56:14.398 7375 7375 D CameraHal: StartElementHandler(1014): Continue_SnapShot(1)!
01-02 13:56:14.398 7375 7375 D CameraHal: StartElementHandler(1017): InterpolationRes(0)!
01-02 13:56:14.398 7375 7375 D CameraHal: StartElementHandler(1002): PreviewSize(800x600)!
01-02 13:56:14.398 7375 7375 D CameraHal: StartElementHandler(998): face detect config(0),max face num is (0)!
01-02 13:56:14.398 7375 7375 D CameraHal: ParserDVConfig(802): DV_QCIF(qcif) resolution(176x144) fps(10) support(1)
01-02 13:56:14.398 7375 7375 D CameraHal: ParserDVConfig(814): DV_QVGA(qvga) resolution(320x240) fps(10) support(1)
01-02 13:56:14.399 7375 7375 D CameraHal: ParserDVConfig(826): DV_CIF(cif) resolution(352x288) fps(10) support(1)
01-02 13:56:14.399 7375 7375 D CameraHal: ParserDVConfig(838): DV_VGA(480p) resolution(640x480) fps(10) support(1)
01-02 13:56:14.399 7375 7375 D CameraHal: ParserDVConfig(850): DV_480P(480p) resolution(720x480) fps(10) support(0)
01-02 13:56:14.399 7375 7375 D CameraHal: ParserDVConfig(874): DV_720P(720p) resolution(1280x720) fps(10) support(0)
01-02 13:56:14.399 7375 7375 D CameraHal: ParserDVConfig(886): DV_1080P(1080p) resolution(1920x1080) fps(10) support(0)
01-02 13:56:14.399 7375 7375 D CameraHal: number of camdevice (2)
01-02 13:56:14.399 7375 7375 D CameraHal: now DV size(7)
01-02 13:56:14.399 7375 7375 E CameraHal: camera_get_number_of_cameras(789): board profiles cam num 2
01-02 13:56:14.399 7375 7375 D CameraHal: read cam name from xml(/data/camera/media_profiles.xml)
01-02 13:56:14.399 7375 7375 E CameraHal: is not exist, register all
01-02 13:56:14.401 7375 7375 E CameraHal: Open (/dev/camsys_marvin) failed, error=(No such file or directory)
01-02 13:56:14.401 7375 7375 E CameraHal: OV8858 device register failed!
01-02 13:56:14.403 7375 7375 E CameraHal: Open (/dev/camsys_marvin1) failed, error=(No such file or directory),try to open /dev/camsys_marvin
01-02 13:56:14.403 7375 7375 E CameraHal: Open (/dev/camsys_marvin) failed, error=(No such file or directory)
01-02 13:56:14.403 7375 7375 E CameraHal: GC2145 device register failed!
01-02 13:56:14.403 7375 7375 E CameraHal: camera_get_number_of_cameras(796): load sensor name(OV8858) connect 0
01-02 13:56:14.403 7375 7375 E CameraHal: camera_get_number_of_cameras(796): load sensor name(GC2145) connect 0
01-02 13:56:14.403 7375 7375 E CameraHal: camera_get_number_of_cameras(854): Open /dev/video0 failed! strr: No such file or directory
01-02 13:56:14.403 7375 7375 E CameraHal: camera_get_number_of_cameras(854): Open /dev/video1 failed! strr: No such file or directory
01-02 13:56:14.403 7375 7375 E CameraHal: camera_get_number_of_cameras(854): Open /dev/video2 failed! strr: No such file or directory
01-02 13:56:14.403 7375 7375 E CameraHal: camera_get_number_of_cameras(854): Open /dev/video3 failed! strr: No such file or directory
01-02 13:56:14.403 7375 7375 E CameraHal: camera_get_number_of_cameras(854): Open /dev/video4 failed! strr: No such file or directory
01-02 13:56:14.403 7375 7375 E CameraHal: camera_get_number_of_cameras(854): Open /dev/video5 failed! strr: No such file or directory
01-02 13:56:14.403 7375 7375 E CameraHal: camera_get_number_of_cameras(854): Open /dev/video6 failed! strr: No such file or directory
01-02 13:56:14.403 7375 7375 E CameraHal: camera_get_number_of_cameras(854): Open /dev/video7 failed! strr: No such file or directory
01-02 13:56:14.403 7375 7375 E CameraHal: camera_get_number_of_cameras(854): Open /dev/video8 failed! strr: No such file or directory
01-02 13:56:14.403 7375 7375 E CameraHal: camera_get_number_of_cameras(854): Open /dev/video9 failed! strr: No such file or directory
01-02 13:56:14.403 7375 7375 D CameraHal: camera_get_number_of_cameras(1246): camera_get_number_of_cameras(1246): Current board have 0 cameras attached.
01-02 13:56:14.403 7375 7375 D CameraHal: camera_get_number_of_cameras(1249): meida_profiles_xml_control time (10116)us
01-02 13:56:14.403 7375 7375 I CameraService: Loaded "RK29_ICS_CameraHal_Module" camera module
01-02 13:56:14.405 7375 7375 D CameraHal: createInstance(1035): open xml file(/etc/cam_board.xml) success
01-02 13:56:14.405 7375 7375 E CameraHal: cam_board.xml version(v0x0.0x0.0x0) != xml parser version(v0x0.0xf.0x0)
01-02 13:56:14.405 7375 7375 D CameraHal:
01-02 13:56:14.405 7375 7375 D CameraHal:
01-02 13:56:14.405 7375 7375 D CameraHal:
01-02 13:56:14.405 7375 7375 D CameraHal: Cam_board.xml Version Check:
01-02 13:56:14.405 7375 7375 D CameraHal: /etc/cam_board.xml : v0.0xf.0
01-02 13:56:14.405 7375 7375 D CameraHal: CameraHal_board_xml_parser: v0x0.0xf.0x0
01-02 13:56:14.405 7375 7375 D CameraHal: ParserSensorInfo(190): SensorName(OV8858)
01-02 13:56:14.405 7375 7375 D CameraHal: ParserSensorInfo(196): lensName(LG-9569A2)
01-02 13:56:14.405 7375 7375 D CameraHal: ParserSensorInfo(198): SensorDevID(CAMSYS_DEVID_SENSOR_1B)
01-02 13:56:14.405 7375 7375 D CameraHal: ParserSensorInfo(209): SensorDevID(33554432)
01-02 13:56:14.405 7375 7375 D CameraHal: ParserSensorInfo(211): SensorHostDevID(CAMSYS_DEVID_MARVIN)
01-02 13:56:14.405 7375 7375 D CameraHal: ParserSensorInfo(226): Sensori2cBusNum(3)
01-02 13:56:14.405 7375 7375 D CameraHal: ParserSensorInfo(229): SensorI2cAddrByte(2)
01-02 13:56:14.405 7375 7375 D CameraHal: ParserSensorInfo(232): SensorI2cRate(100000)
01-02 13:56:14.406 7375 7375 D CameraHal: ParserSensorInfo(240): SensorAvdd(NC) min(0) max(0)
01-02 13:56:14.406 7375 7375 D CameraHal: ParserSensorInfo(254): SensorDvdd(NC) min(0) max(0)
01-02 13:56:14.406 7375 7375 D CameraHal: ParserSensorInfo(247): SensorDovdd(NC) min(18000000) max(18000000)
01-02 13:56:14.406 7375 7375 D CameraHal: ParserSensorInfo(235): SensorMclk(24000000)
01-02 13:56:14.406 7375 7375 D CameraHal: ParserSensorInfo(285): SensorGpioPwen(RK30_PIN0_PC1) active(1)
01-02 13:56:14.406 7375 7375 D CameraHal: ParserSensorInfo(279): SensorGpioRst(RK30_PIN2_PB5) active(0)
01-02 13:56:14.406 7375 7375 D CameraHal: ParserSensorInfo(261): SensorGpioPwdn(RK30_PIN2_PB7) active(0)
01-02 13:56:14.406 7375 7375 D CameraHal: ParserSensorInfo(291): SensorFacing(front)
01-02 13:56:14.406 7375 7375 D CameraHal: ParserSensorInfo(300): SensorInterface(MIPI)
01-02 13:56:14.406 7375 7375 D CameraHal: ParserSensorInfo(313): SensorMirrorFlip(0)
01-02 13:56:14.406 7375 7375 D CameraHal: ParserSensorInfo(316): SensorOrientation(0)
01-02 13:56:14.406 7375 7375 D CameraHal: ParserSensorInfo(435): SensorFovParemeter fov_h(60.0)(60.000000) fov_v(60.0)(60.000000)
01-02 13:56:14.406 7375 7375 D CameraHal: ParserSensorInfo(438): SensorAWB_Frame_Skip fps(15)
01-02 13:56:14.406 7375 7375 D CameraHal: ParserSensorInfo(397): SensorGpioPwdn(RK30_PIN2_PB7) active(0)
01-02 13:56:14.406 7375 7375 D CameraHal: ParserSensorInfo(405): SensorPhy: MIPI lane: 4 phyindex: 0 fmt: 0x2b
01-02 13:56:14.406 7375 7375 D CameraHal: ParserVCMInfo(450): VCMDrvName(BuiltInSensor)
01-02 13:56:14.406 7375 7375 D CameraHal: ParserVCMInfo(453): VCMName(NC)
01-02 13:56:14.406 7375 7375 D CameraHal: ParserVCMInfo(456): VCMI2cBusNum(3)
01-02 13:56:14.406 7375 7375 D CameraHal: ParserVCMInfo(459): VCMI2cAddrByte(2)
01-02 13:56:14.406 7375 7375 D CameraHal: ParserVCMInfo(462): VCMI2cRate(0)
01-02 13:56:14.406 7375 7375 D CameraHal: ParserVCMInfo(477): VCMVdd(NC) min(0) max(0)
01-02 13:56:14.406 7375 7375 D CameraHal: ParserVCMInfo(471): VCMGpioPower(RK30_PIN7_PA5) active(1)
01-02 13:56:14.406 7375 7375 D CameraHal: ParserVCMInfo(465): VCMGpioPwdn(NC) active(0)
01-02 13:56:14.406 7375 7375 D CameraHal: ParserVCMInfo(490): start current(0) rated current(100) vcm max(100) step mode(4) drv max(100)
01-02 13:56:14.406 7375 7375 D CameraHal: ParserFlashInfo(509): FlashName(Internal)
01-02 13:56:14.406 7375 7375 D CameraHal: ParserFlashInfo(512): FlashI2cBusNum(0)
01-02 13:56:14.406 7375 7375 D CameraHal: ParserFlashInfo(515): FlashI2cAddrByte(0)
01-02 13:56:14.406 7375 7375 D CameraHal: ParserFlashInfo(518): FlashI2cRate(0)
01-02 13:56:14.406 7375 7375 D CameraHal: ParserFlashInfo(521): FlashTrigger(NC) active(0)
01-02 13:56:14.406 7375 7375 D CameraHal: ParserFlashInfo(525): FlashEn(NC) active(0)
01-02 13:56:14.406 7375 7375 D CameraHal: ParserFlashInfo(532): FlashLuminance(0)
01-02 13:56:14.406 7375 7375 D CameraHal: ParserFlashInfo(535): FlashColorTemp(0)
01-02 13:56:14.407 7375 7375 D CameraHal: StartElementHandler(964): HDR(1)!
01-02 13:56:14.407 7375 7375 D CameraHal: StartElementHandler(968): ZSL(1)!
01-02 13:56:14.407 7375 7375 D CameraHal: StartElementHandler(972): zoom(1)!
01-02 13:56:14.407 7375 7375 D CameraHal: StartElementHandler(1014): Continue_SnapShot(1)!
01-02 13:56:14.407 7375 7375 D CameraHal: StartElementHandler(1017): InterpolationRes(0)!
01-02 13:56:14.407 7375 7375 D CameraHal: StartElementHandler(1002): PreviewSize(0x0)!
01-02 13:56:14.407 7375 7375 D CameraHal: StartElementHandler(1005): Preview_Minimum_FrameRate(0)!
01-02 13:56:14.407 7375 7375 D CameraHal: StartElementHandler(998): face detect config(0),max face num is (1)!
01-02 13:56:14.407 7375 7375 D CameraHal: StartElementHandler(993): Gammaout support 0(mGamma:1.000000,mOffSet:0)!
01-02 13:56:14.407 7375 7375 D CameraHal: ParserDVConfig(802): DV_QCIF(qcif) resolution(176x144) fps(10) support(1)
01-02 13:56:14.407 7375 7375 D CameraHal: ParserDVConfig(814): DV_QVGA(qvga) resolution(320x240) fps(10) support(1)
01-02 13:56:14.407 7375 7375 D CameraHal: ParserDVConfig(826): DV_CIF(cif) resolution(352x288) fps(10) support(1)
01-02 13:56:14.407 7375 7375 D CameraHal: ParserDVConfig(838): DV_VGA(480p) resolution(640x480) fps(10) support(0)
01-02 13:56:14.407 7375 7375 D CameraHal: ParserDVConfig(850): DV_480P(480p) resolution(720x480) fps(10) support(0)
01-02 13:56:14.407 7375 7375 D CameraHal: ParserDVConfig(874): DV_720P(720p) resolution(1280x720) fps(10) support(1)
01-02 13:56:14.407 7375 7375 D CameraHal: ParserDVConfig(886): DV_1080P(1080p) resolution(1920x1080) fps(10) support(1)
01-02 13:56:14.407 7375 7375 D CameraHal: ParserSensorInfo(190): SensorName(GC2145)
01-02 13:56:14.407 7375 7375 D CameraHal: ParserSensorInfo(198): SensorDevID(CAMSYS_DEVID_SENSOR_1A)
01-02 13:56:14.407 7375 7375 D CameraHal: ParserSensorInfo(209): SensorDevID(16777216)
01-02 13:56:14.407 7375 7375 D CameraHal: ParserSensorInfo(211): SensorHostDevID(CAMSYS_DEVID_MARVIN)
01-02 13:56:14.407 7375 7375 D CameraHal: ParserSensorInfo(226): Sensori2cBusNum(3)
01-02 13:56:14.407 7375 7375 D CameraHal: ParserSensorInfo(229): SensorI2cAddrByte(2)
01-02 13:56:14.407 7375 7375 D CameraHal: ParserSensorInfo(232): SensorI2cRate(100000)
01-02 13:56:14.407 7375 7375 D CameraHal: ParserSensorInfo(240): SensorAvdd(NC) min(0) max(0)
01-02 13:56:14.407 7375 7375 D CameraHal: ParserSensorInfo(254): SensorDvdd(NC) min(0) max(0)
01-02 13:56:14.407 7375 7375 D CameraHal: ParserSensorInfo(247): SensorDovdd(NC) min(18000000) max(18000000)
01-02 13:56:14.407 7375 7375 D CameraHal: ParserSensorInfo(235): SensorMclk(24000000)
01-02 13:56:14.407 7375 7375 D CameraHal: ParserSensorInfo(261): SensorGpioPwdn(RK30_PIN2_PB6) active(1)
01-02 13:56:14.407 7375 7375 D CameraHal: ParserSensorInfo(291): SensorFacing(front)
01-02 13:56:14.407 7375 7375 D CameraHal: ParserSensorInfo(300): SensorInterface(MIPI)
01-02 13:56:14.407 7375 7375 D CameraHal: ParserSensorInfo(313): SensorMirrorFlip(0)
01-02 13:56:14.407 7375 7375 D CameraHal: ParserSensorInfo(316): SensorOrientation(0)
01-02 13:56:14.407 7375 7375 D CameraHal: ParserSensorInfo(435): SensorFovParemeter fov_h(60.0)(60.000000) fov_v(60.0)(60.000000)
01-02 13:56:14.407 7375 7375 D CameraHal: ParserSensorInfo(438): SensorAWB_Frame_Skip fps(15)
01-02 13:56:14.407 7375 7375 E CameraHal: ParserSensorInfo(355): SensorPhy laneNum wrong (1) range[1,4]
01-02 13:56:14.408 7375 7375 E CameraHal: ParserSensorInfo(388): SensorPhy: phyindex: 1,open /dev/camsys_marvin1
01-02 13:56:14.408 7375 7375 D CameraHal: ParserSensorInfo(397): SensorGpioPwdn(RK30_PIN2_PB6) active(1)
01-02 13:56:14.408 7375 7375 D CameraHal: ParserSensorInfo(405): SensorPhy: MIPI lane: 1 phyindex: 1 fmt: 0x2b
01-02 13:56:14.408 7375 7375 D CameraHal: ParserVCMInfo(450): VCMDrvName(NC)
01-02 13:56:14.408 7375 7375 D CameraHal: ParserVCMInfo(453): VCMName(NC)
01-02 13:56:14.408 7375 7375 D CameraHal: ParserVCMInfo(456): VCMI2cBusNum(0)
01-02 13:56:14.408 7375 7375 D CameraHal: ParserVCMInfo(459): VCMI2cAddrByte(0)
01-02 13:56:14.408 7375 7375 D CameraHal: ParserVCMInfo(462): VCMI2cRate(0)
01-02 13:56:14.408 7375 7375 D CameraHal: ParserVCMInfo(477): VCMVdd(NC) min(0) max(0)
01-02 13:56:14.408 7375 7375 D CameraHal: ParserVCMInfo(471): VCMGpioPower(NC) active(0)
01-02 13:56:14.408 7375 7375 D CameraHal: ParserVCMInfo(465): VCMGpioPwdn(NC) active(0)
01-02 13:56:14.408 7375 7375 D CameraHal: ParserVCMInfo(490): start current(20) rated current(80) vcm max(100) step mode(13) drv max(100)
01-02 13:56:14.408 7375 7375 D CameraHal: ParserFlashInfo(509): FlashName(NC)
01-02 13:56:14.408 7375 7375 D CameraHal: ParserFlashInfo(512): FlashI2cBusNum(0)
01-02 13:56:14.408 7375 7375 D CameraHal: ParserFlashInfo(515): FlashI2cAddrByte(0)
01-02 13:56:14.408 7375 7375 D CameraHal: ParserFlashInfo(518): FlashI2cRate(0)
01-02 13:56:14.408 7375 7375 D CameraHal: ParserFlashInfo(521): FlashTrigger(NC) active(1)
01-02 13:56:14.408 7375 7375 D CameraHal: ParserFlashInfo(525): FlashEn(NC) active(1)
01-02 13:56:14.408 7375 7375 D CameraHal: ParserFlashInfo(532): FlashLuminance(0)
01-02 13:56:14.408 7375 7375 D CameraHal: ParserFlashInfo(535): FlashColorTemp(0)
01-02 13:56:14.408 7375 7375 D CameraHal: StartElementHandler(964): HDR(1)!
01-02 13:56:14.408 7375 7375 D CameraHal: StartElementHandler(968): ZSL(1)!
01-02 13:56:14.408 7375 7375 D CameraHal: StartElementHandler(972): zoom(1)!
01-02 13:56:14.408 7375 7375 D CameraHal: StartElementHandler(1014): Continue_SnapShot(1)!
01-02 13:56:14.408 7375 7375 D CameraHal: StartElementHandler(1017): InterpolationRes(0)!
01-02 13:56:14.408 7375 7375 D CameraHal: StartElementHandler(1002): PreviewSize(800x600)!
01-02 13:56:14.408 7375 7375 D CameraHal: StartElementHandler(998): face detect config(0),max face num is (0)!
01-02 13:56:14.408 7375 7375 D CameraHal: ParserDVConfig(802): DV_QCIF(qcif) resolution(176x144) fps(10) support(1)
01-02 13:56:14.408 7375 7375 D CameraHal: ParserDVConfig(814): DV_QVGA(qvga) resolution(320x240) fps(10) support(1)
01-02 13:56:14.408 7375 7375 D CameraHal: ParserDVConfig(826): DV_CIF(cif) resolution(352x288) fps(10) support(1)
01-02 13:56:14.408 7375 7375 D CameraHal: ParserDVConfig(838): DV_VGA(480p) resolution(640x480) fps(10) support(1)
01-02 13:56:14.408 7375 7375 D CameraHal: ParserDVConfig(850): DV_480P(480p) resolution(720x480) fps(10) support(0)
01-02 13:56:14.408 7375 7375 D CameraHal: ParserDVConfig(874): DV_720P(720p) resolution(1280x720) fps(10) support(0)
01-02 13:56:14.408 7375 7375 D CameraHal: ParserDVConfig(886): DV_1080P(1080p) resolution(1920x1080) fps(10) support(0)
01-02 13:56:14.409 7375 7375 D CameraHal: number of camdevice (2)
01-02 13:56:14.409 7375 7375 D CameraHal: now DV size(7)
01-02 13:56:14.409 7375 7375 E CameraHal: camera_get_number_of_cameras(789): board profiles cam num 2
01-02 13:56:14.409 7375 7375 D CameraHal: read cam name from xml(/data/camera/media_profiles.xml)
01-02 13:56:14.409 7375 7375 E CameraHal: is not exist, register all
01-02 13:56:14.409 7375 7375 E CameraHal: Open (/dev/camsys_marvin) failed, error=(No such file or directory)
01-02 13:56:14.409 7375 7375 E CameraHal: OV8858 device register failed!
01-02 13:56:14.410 7375 7375 E CameraHal: Open (/dev/camsys_marvin1) failed, error=(No such file or directory),try to open /dev/camsys_marvin
01-02 13:56:14.410 7375 7375 E CameraHal: Open (/dev/camsys_marvin) failed, error=(No such file or directory)
01-02 13:56:14.410 7375 7375 E CameraHal: GC2145 device register failed!
01-02 13:56:14.410 7375 7375 E CameraHal: camera_get_number_of_cameras(796): load sensor name(OV8858) connect 0
01-02 13:56:14.410 7375 7375 E CameraHal: camera_get_number_of_cameras(796): load sensor name(GC2145) connect 0
01-02 13:56:14.410 7375 7375 E CameraHal: camera_get_number_of_cameras(854): Open /dev/video0 failed! strr: No such file or directory
01-02 13:56:14.410 7375 7375 E CameraHal: camera_get_number_of_cameras(854): Open /dev/video1 failed! strr: No such file or directory
01-02 13:56:14.410 7375 7375 E CameraHal: camera_get_number_of_cameras(854): Open /dev/video2 failed! strr: No such file or directory
01-02 13:56:14.410 7375 7375 E CameraHal: camera_get_number_of_cameras(854): Open /dev/video3 failed! strr: No such file or directory
01-02 13:56:14.410 7375 7375 E CameraHal: camera_get_number_of_cameras(854): Open /dev/video4 failed! strr: No such file or directory
01-02 13:56:14.410 7375 7375 E CameraHal: camera_get_number_of_cameras(854): Open /dev/video5 failed! strr: No such file or directory
01-02 13:56:14.410 7375 7375 E CameraHal: camera_get_number_of_cameras(854): Open /dev/video6 failed! strr: No such file or directory
01-02 13:56:14.410 7375 7375 E CameraHal: camera_get_number_of_cameras(854): Open /dev/video7 failed! strr: No such file or directory
01-02 13:56:14.410 7375 7375 E CameraHal: camera_get_number_of_cameras(854): Open /dev/video8 failed! strr: No such file or directory
01-02 13:56:14.410 7375 7375 E CameraHal: camera_get_number_of_cameras(854): Open /dev/video9 failed! strr: No such file or directory
01-02 13:56:14.410 7375 7375 D CameraHal: camera_get_number_of_cameras(1246): camera_get_number_of_cameras(1246): Current board have 0 cameras attached.
01-02 13:56:14.410 7375 7375 D CameraHal: camera_get_number_of_cameras(1249): meida_profiles_xml_control time (7081)us
01-02 13:56:14.412 7375 7375 D CameraHal: createInstance(1035): open xml file(/etc/cam_board.xml) success
01-02 13:56:14.412 7375 7375 E CameraHal: cam_board.xml version(v0x0.0x0.0x0) != xml parser version(v0x0.0xf.0x0)
01-02 13:56:14.412 7375 7375 D CameraHal:
01-02 13:56:14.412 7375 7375 D CameraHal:
01-02 13:56:14.412 7375 7375 D CameraHal:
01-02 13:56:14.412 7375 7375 D CameraHal: Cam_board.xml Version Check:
01-02 13:56:14.412 7375 7375 D CameraHal: /etc/cam_board.xml : v0.0xf.0
01-02 13:56:14.412 7375 7375 D CameraHal: CameraHal_board_xml_parser: v0x0.0xf.0x0
01-02 13:56:14.412 7375 7375 D CameraHal: ParserSensorInfo(190): SensorName(OV8858)
01-02 13:56:14.412 7375 7375 D CameraHal: ParserSensorInfo(196): lensName(LG-9569A2)
01-02 13:56:14.412 7375 7375 D CameraHal: ParserSensorInfo(198): SensorDevID(CAMSYS_DEVID_SENSOR_1B)
01-02 13:56:14.412 7375 7375 D CameraHal: ParserSensorInfo(209): SensorDevID(33554432)
01-02 13:56:14.413 7375 7375 D CameraHal: ParserSensorInfo(211): SensorHostDevID(CAMSYS_DEVID_MARVIN)
01-02 13:56:14.413 7375 7375 D CameraHal: ParserSensorInfo(226): Sensori2cBusNum(3)
01-02 13:56:14.413 7375 7375 D CameraHal: ParserSensorInfo(229): SensorI2cAddrByte(2)
01-02 13:56:14.413 7375 7375 D CameraHal: ParserSensorInfo(232): SensorI2cRate(100000)
01-02 13:56:14.413 7375 7375 D CameraHal: ParserSensorInfo(240): SensorAvdd(NC) min(0) max(0)
01-02 13:56:14.413 7375 7375 D CameraHal: ParserSensorInfo(254): SensorDvdd(NC) min(0) max(0)
01-02 13:56:14.413 7375 7375 D CameraHal: ParserSensorInfo(247): SensorDovdd(NC) min(18000000) max(18000000)
01-02 13:56:14.413 7375 7375 D CameraHal: ParserSensorInfo(235): SensorMclk(24000000)
01-02 13:56:14.413 7375 7375 D CameraHal: ParserSensorInfo(285): SensorGpioPwen(RK30_PIN0_PC1) active(1)
01-02 13:56:14.413 7375 7375 D CameraHal: ParserSensorInfo(279): SensorGpioRst(RK30_PIN2_PB5) active(0)
01-02 13:56:14.413 7375 7375 D CameraHal: ParserSensorInfo(261): SensorGpioPwdn(RK30_PIN2_PB7) active(0)
01-02 13:56:14.413 7375 7375 D CameraHal: ParserSensorInfo(291): SensorFacing(front)
01-02 13:56:14.413 7375 7375 D CameraHal: ParserSensorInfo(300): SensorInterface(MIPI)
01-02 13:56:14.413 7375 7375 D CameraHal: ParserSensorInfo(313): SensorMirrorFlip(0)
01-02 13:56:14.413 7375 7375 D CameraHal: ParserSensorInfo(316): SensorOrientation(0)
01-02 13:56:14.413 7375 7375 D CameraHal: ParserSensorInfo(435): SensorFovParemeter fov_h(60.0)(60.000000) fov_v(60.0)(60.000000)
01-02 13:56:14.413 7375 7375 D CameraHal: ParserSensorInfo(438): SensorAWB_Frame_Skip fps(15)
01-02 13:56:14.413 7375 7375 D CameraHal: ParserSensorInfo(397): SensorGpioPwdn(RK30_PIN2_PB7) active(0)
01-02 13:56:14.413 7375 7375 D CameraHal: ParserSensorInfo(405): SensorPhy: MIPI lane: 4 phyindex: 0 fmt: 0x2b
01-02 13:56:14.413 7375 7375 D CameraHal: ParserVCMInfo(450): VCMDrvName(BuiltInSensor)
01-02 13:56:14.413 7375 7375 D CameraHal: ParserVCMInfo(453): VCMName(NC)
01-02 13:56:14.413 7375 7375 D CameraHal: ParserVCMInfo(456): VCMI2cBusNum(3)
01-02 13:56:14.413 7375 7375 D CameraHal: ParserVCMInfo(459): VCMI2cAddrByte(2)
01-02 13:56:14.413 7375 7375 D CameraHal: ParserVCMInfo(462): VCMI2cRate(0)
01-02 13:56:14.413 7375 7375 D CameraHal: ParserVCMInfo(477): VCMVdd(NC) min(0) max(0)
01-02 13:56:14.413 7375 7375 D CameraHal: ParserVCMInfo(471): VCMGpioPower(RK30_PIN7_PA5) active(1)
01-02 13:56:14.413 7375 7375 D CameraHal: ParserVCMInfo(465): VCMGpioPwdn(NC) active(0)
01-02 13:56:14.413 7375 7375 D CameraHal: ParserVCMInfo(490): start current(0) rated current(100) vcm max(100) step mode(4) drv max(100)
01-02 13:56:14.413 7375 7375 D CameraHal: ParserFlashInfo(509): FlashName(Internal)
01-02 13:56:14.413 7375 7375 D CameraHal: ParserFlashInfo(512): FlashI2cBusNum(0)
01-02 13:56:14.413 7375 7375 D CameraHal: ParserFlashInfo(515): FlashI2cAddrByte(0)
01-02 13:56:14.413 7375 7375 D CameraHal: ParserFlashInfo(518): FlashI2cRate(0)
01-02 13:56:14.413 7375 7375 D CameraHal: ParserFlashInfo(521): FlashTrigger(NC) active(0)
01-02 13:56:14.413 7375 7375 D CameraHal: ParserFlashInfo(525): FlashEn(NC) active(0)
01-02 13:56:14.413 7375 7375 D CameraHal: ParserFlashInfo(532): FlashLuminance(0)
01-02 13:56:14.413 7375 7375 D CameraHal: ParserFlashInfo(535): FlashColorTemp(0)
01-02 13:56:14.414 7375 7375 D CameraHal: StartElementHandler(964): HDR(1)!
01-02 13:56:14.414 7375 7375 D CameraHal: StartElementHandler(968): ZSL(1)!
01-02 13:56:14.414 7375 7375 D CameraHal: StartElementHandler(972): zoom(1)!
01-02 13:56:14.414 7375 7375 D CameraHal: StartElementHandler(1014): Continue_SnapShot(1)!
01-02 13:56:14.414 7375 7375 D CameraHal: StartElementHandler(1017): InterpolationRes(0)!
01-02 13:56:14.414 7375 7375 D CameraHal: StartElementHandler(1002): PreviewSize(0x0)!
01-02 13:56:14.414 7375 7375 D CameraHal: StartElementHandler(1005): Preview_Minimum_FrameRate(0)!
01-02 13:56:14.414 7375 7375 D CameraHal: StartElementHandler(998): face detect config(0),max face num is (1)!
01-02 13:56:14.414 7375 7375 D CameraHal: StartElementHandler(993): Gammaout support 0(mGamma:1.000000,mOffSet:0)!
01-02 13:56:14.414 7375 7375 D CameraHal: ParserDVConfig(802): DV_QCIF(qcif) resolution(176x144) fps(10) support(1)
01-02 13:56:14.414 7375 7375 D CameraHal: ParserDVConfig(814): DV_QVGA(qvga) resolution(320x240) fps(10) support(1)
01-02 13:56:14.414 7375 7375 D CameraHal: ParserDVConfig(826): DV_CIF(cif) resolution(352x288) fps(10) support(1)
01-02 13:56:14.414 7375 7375 D CameraHal: ParserDVConfig(838): DV_VGA(480p) resolution(640x480) fps(10) support(0)
01-02 13:56:14.414 7375 7375 D CameraHal: ParserDVConfig(850): DV_480P(480p) resolution(720x480) fps(10) support(0)
01-02 13:56:14.414 7375 7375 D CameraHal: ParserDVConfig(874): DV_720P(720p) resolution(1280x720) fps(10) support(1)
01-02 13:56:14.414 7375 7375 D CameraHal: ParserDVConfig(886): DV_1080P(1080p) resolution(1920x1080) fps(10) support(1)
01-02 13:56:14.414 7375 7375 D CameraHal: ParserSensorInfo(190): SensorName(GC2145)
01-02 13:56:14.414 7375 7375 D CameraHal: ParserSensorInfo(198): SensorDevID(CAMSYS_DEVID_SENSOR_1A)
01-02 13:56:14.414 7375 7375 D CameraHal: ParserSensorInfo(209): SensorDevID(16777216)
01-02 13:56:14.414 7375 7375 D CameraHal: ParserSensorInfo(211): SensorHostDevID(CAMSYS_DEVID_MARVIN)
01-02 13:56:14.414 7375 7375 D CameraHal: ParserSensorInfo(226): Sensori2cBusNum(3)
01-02 13:56:14.414 7375 7375 D CameraHal: ParserSensorInfo(229): SensorI2cAddrByte(2)
01-02 13:56:14.414 7375 7375 D CameraHal: ParserSensorInfo(232): SensorI2cRate(100000)
01-02 13:56:14.414 7375 7375 D CameraHal: ParserSensorInfo(240): SensorAvdd(NC) min(0) max(0)
01-02 13:56:14.414 7375 7375 D CameraHal: ParserSensorInfo(254): SensorDvdd(NC) min(0) max(0)
01-02 13:56:14.414 7375 7375 D CameraHal: ParserSensorInfo(247): SensorDovdd(NC) min(18000000) max(18000000)
01-02 13:56:14.414 7375 7375 D CameraHal: ParserSensorInfo(235): SensorMclk(24000000)
01-02 13:56:14.414 7375 7375 D CameraHal: ParserSensorInfo(261): SensorGpioPwdn(RK30_PIN2_PB6) active(1)
01-02 13:56:14.414 7375 7375 D CameraHal: ParserSensorInfo(291): SensorFacing(front)
01-02 13:56:14.414 7375 7375 D CameraHal: ParserSensorInfo(300): SensorInterface(MIPI)
01-02 13:56:14.414 7375 7375 D CameraHal: ParserSensorInfo(313): SensorMirrorFlip(0)
01-02 13:56:14.414 7375 7375 D CameraHal: ParserSensorInfo(316): SensorOrientation(0)
01-02 13:56:14.414 7375 7375 D CameraHal: ParserSensorInfo(435): SensorFovParemeter fov_h(60.0)(60.000000) fov_v(60.0)(60.000000)
01-02 13:56:14.415 7375 7375 D CameraHal: ParserSensorInfo(438): SensorAWB_Frame_Skip fps(15)
01-02 13:56:14.415 7375 7375 E CameraHal: ParserSensorInfo(355): SensorPhy laneNum wrong (1) range[1,4]
01-02 13:56:14.415 7375 7375 E CameraHal: ParserSensorInfo(388): SensorPhy: phyindex: 1,open /dev/camsys_marvin1
01-02 13:56:14.415 7375 7375 D CameraHal: ParserSensorInfo(397): SensorGpioPwdn(RK30_PIN2_PB6) active(1)
01-02 13:56:14.415 7375 7375 D CameraHal: ParserSensorInfo(405): SensorPhy: MIPI lane: 1 phyindex: 1 fmt: 0x2b
01-02 13:56:14.415 7375 7375 D CameraHal: ParserVCMInfo(450): VCMDrvName(NC)
01-02 13:56:14.415 7375 7375 D CameraHal: ParserVCMInfo(453): VCMName(NC)
01-02 13:56:14.415 7375 7375 D CameraHal: ParserVCMInfo(456): VCMI2cBusNum(0)
01-02 13:56:14.415 7375 7375 D CameraHal: ParserVCMInfo(459): VCMI2cAddrByte(0)
01-02 13:56:14.415 7375 7375 D CameraHal: ParserVCMInfo(462): VCMI2cRate(0)
01-02 13:56:14.415 7375 7375 D CameraHal: ParserVCMInfo(477): VCMVdd(NC) min(0) max(0)
01-02 13:56:14.415 7375 7375 D CameraHal: ParserVCMInfo(471): VCMGpioPower(NC) active(0)
01-02 13:56:14.415 7375 7375 D CameraHal: ParserVCMInfo(465): VCMGpioPwdn(NC) active(0)
01-02 13:56:14.415 7375 7375 D CameraHal: ParserVCMInfo(490): start current(20) rated current(80) vcm max(100) step mode(13) drv max(100)
01-02 13:56:14.415 7375 7375 D CameraHal: ParserFlashInfo(509): FlashName(NC)
01-02 13:56:14.415 7375 7375 D CameraHal: ParserFlashInfo(512): FlashI2cBusNum(0)
01-02 13:56:14.415 7375 7375 D CameraHal: ParserFlashInfo(515): FlashI2cAddrByte(0)
01-02 13:56:14.415 7375 7375 D CameraHal: ParserFlashInfo(518): FlashI2cRate(0)
01-02 13:56:14.415 7375 7375 D CameraHal: ParserFlashInfo(521): FlashTrigger(NC) active(1)
01-02 13:56:14.415 7375 7375 D CameraHal: ParserFlashInfo(525): FlashEn(NC) active(1)
01-02 13:56:14.415 7375 7375 D CameraHal: ParserFlashInfo(532): FlashLuminance(0)
01-02 13:56:14.415 7375 7375 D CameraHal: ParserFlashInfo(535): FlashColorTemp(0)
01-02 13:56:14.415 7375 7375 D CameraHal: StartElementHandler(964): HDR(1)!
01-02 13:56:14.415 7375 7375 D CameraHal: StartElementHandler(968): ZSL(1)!
01-02 13:56:14.415 7375 7375 D CameraHal: StartElementHandler(972): zoom(1)!
01-02 13:56:14.415 7375 7375 D CameraHal: StartElementHandler(1014): Continue_SnapShot(1)!
01-02 13:56:14.415 7375 7375 D CameraHal: StartElementHandler(1017): InterpolationRes(0)!
01-02 13:56:14.415 7375 7375 D CameraHal: StartElementHandler(1002): PreviewSize(800x600)!
01-02 13:56:14.415 7375 7375 D CameraHal: StartElementHandler(998): face detect config(0),max face num is (0)!
01-02 13:56:14.415 7375 7375 D CameraHal: ParserDVConfig(802): DV_QCIF(qcif) resolution(176x144) fps(10) support(1)
01-02 13:56:14.415 7375 7375 D CameraHal: ParserDVConfig(814): DV_QVGA(qvga) resolution(320x240) fps(10) support(1)
01-02 13:56:14.415 7375 7375 D CameraHal: ParserDVConfig(826): DV_CIF(cif) resolution(352x288) fps(10) support(1)
01-02 13:56:14.415 7375 7375 D CameraHal: ParserDVConfig(838): DV_VGA(480p) resolution(640x480) fps(10) support(1)
01-02 13:56:14.415 7375 7375 D CameraHal: ParserDVConfig(850): DV_480P(480p) resolution(720x480) fps(10) support(0)
01-02 13:56:14.415 7375 7375 D CameraHal: ParserDVConfig(874): DV_720P(720p) resolution(1280x720) fps(10) support(0)
01-02 13:56:14.416 7375 7375 D CameraHal: ParserDVConfig(886): DV_1080P(1080p) resolution(1920x1080) fps(10) support(0)
01-02 13:56:14.416 7375 7375 D CameraHal: number of camdevice (2)
01-02 13:56:14.416 7375 7375 D CameraHal: now DV size(7)
01-02 13:56:14.416 7375 7375 E CameraHal: camera_get_number_of_cameras(789): board profiles cam num 2
01-02 13:56:14.416 7375 7375 D CameraHal: read cam name from xml(/data/camera/media_profiles.xml)
01-02 13:56:14.416 7375 7375 E CameraHal: is not exist, register all
01-02 13:56:14.416 7375 7375 E CameraHal: Open (/dev/camsys_marvin) failed, error=(No such file or directory)
01-02 13:56:14.416 7375 7375 E CameraHal: OV8858 device register failed!
01-02 13:56:14.417 7375 7375 E CameraHal: Open (/dev/camsys_marvin1) failed, error=(No such file or directory),try to open /dev/camsys_marvin
01-02 13:56:14.417 7375 7375 E CameraHal: Open (/dev/camsys_marvin) failed, error=(No such file or directory)
01-02 13:56:14.417 7375 7375 E CameraHal: GC2145 device register failed!
01-02 13:56:14.417 7375 7375 E CameraHal: camera_get_number_of_cameras(796): load sensor name(OV8858) connect 0
01-02 13:56:14.417 7375 7375 E CameraHal: camera_get_number_of_cameras(796): load sensor name(GC2145) connect 0
01-02 13:56:14.417 7375 7375 E CameraHal: camera_get_number_of_cameras(854): Open /dev/video0 failed! strr: No such file or directory
01-02 13:56:14.418 7375 7375 E CameraHal: camera_get_number_of_cameras(854): Open /dev/video1 failed! strr: No such file or directory
01-02 13:56:14.418 7375 7375 E CameraHal: camera_get_number_of_cameras(854): Open /dev/video2 failed! strr: No such file or directory
01-02 13:56:14.418 7375 7375 E CameraHal: camera_get_number_of_cameras(854): Open /dev/video3 failed! strr: No such file or directory
01-02 13:56:14.418 7375 7375 E CameraHal: camera_get_number_of_cameras(854): Open /dev/video4 failed! strr: No such file or directory
01-02 13:56:14.418 7375 7375 E CameraHal: camera_get_number_of_cameras(854): Open /dev/video5 failed! strr: No such file or directory
01-02 13:56:14.418 7375 7375 E CameraHal: camera_get_number_of_cameras(854): Open /dev/video6 failed! strr: No such file or directory
01-02 13:56:14.418 7375 7375 E CameraHal: camera_get_number_of_cameras(854): Open /dev/video7 failed! strr: No such file or directory
01-02 13:56:14.418 7375 7375 E CameraHal: camera_get_number_of_cameras(854): Open /dev/video8 failed! strr: No such file or directory
01-02 13:56:14.418 7375 7375 E CameraHal: camera_get_number_of_cameras(854): Open /dev/video9 failed! strr: No such file or directory
01-02 13:56:14.418 7375 7375 D CameraHal: camera_get_number_of_cameras(1246): camera_get_number_of_cameras(1246): Current board have 0 cameras attached.
01-02 13:56:14.418 7375 7375 D CameraHal: camera_get_number_of_cameras(1249): meida_profiles_xml_control time (7327)us
01-02 13:56:14.418 7375 7375 I ServiceManager: Waiting for service media.camera.proxy...
01-02 13:56:14.429 7374 7374 E memtrack: Couldn't load memtrack module (No such file or directory)
01-02 13:56:14.429 7374 7374 E android.os.Debug: failed to load memtrack module: -2
01-02 13:56:14.431 7374 7374 I Radio-JNI: register_android_hardware_Radio DONE
01-02 13:56:14.434 7374 7374 I SamplingProfilerIntegration: Profiling disabled.
01-02 13:56:14.434 7374 7374 D Zygote : begin preload
01-02 13:56:14.434 7374 7374 I Zygote : Installing ICU cache reference pinning...
01-02 13:56:14.434 7374 7374 I Zygote : Preloading ICU data...
01-02 13:56:14.460 7374 7374 I Zygote : Preloading classes...
01-02 13:56:14.462 7374 7374 W Zygote : Class not found for preloading: [Landroid.view.Display$ColorTransform;
01-02 13:56:14.469 7375 7375 I ServiceManager: Waiting for service media.camera.proxy...
01-02 13:56:14.519 7375 7375 I ServiceManager: Waiting for service media.camera.proxy...
01-02 13:56:14.569 7375 7375 I ServiceManager: Waiting for service media.camera.proxy...
01-02 13:56:14.597 7374 7374 E Typeface: Error mapping font file /system/fonts/DroidSansFallback.ttf
01-02 13:56:14.619 7375 7375 I ServiceManager: Waiting for service media.camera.proxy...
01-02 13:56:14.670 7375 7375 I ServiceManager: Waiting for service media.camera.proxy...
01-02 13:56:14.720 7375 7375 I ServiceManager: Waiting for service media.camera.proxy...
01-02 13:56:14.732 7374 7374 I art : Thread[1,tid=7374,Native,Thread*=0xac305400,peer=0x12c060d0,"main"] recursive attempt to load library "/system/lib/libmedia_jni.so"
01-02 13:56:14.732 7374 7374 D MtpDeviceJNI: register_android_mtp_MtpDevice
01-02 13:56:14.733 7374 7374 I art : Thread[1,tid=7374,Native,Thread*=0xac305400,peer=0x12c060d0,"main"] recursive attempt to load library "/system/lib/libmedia_jni.so"
01-02 13:56:14.733 7374 7374 I art : Thread[1,tid=7374,Native,Thread*=0xac305400,peer=0x12c060d0,"main"] recursive attempt to load library "/system/lib/libmedia_jni.so"
01-02 13:56:14.734 7374 7374 D MediaProfiles: CameraGroupFound(622): media_profiles_id: 0x0
01-02 13:56:14.734 7374 7374 D MediaProfiles: THIS IS RIGHT: getInstance(697): cameraHal version(0x1.0x51.0x1) before(0.3.33),so don't have file(/data/camera/media_profiles.xml)
01-02 13:56:14.734 7374 7374 W MediaProfiles: could not find media config xml file
01-02 13:56:14.760 7485 7485 I vpu_api : dlclose vpu lib
01-02 13:56:14.770 7375 7375 I ServiceManager: Waiting for service media.camera.proxy...
01-02 13:56:14.777 7374 7374 W Zygote : Class not found for preloading: android.view.Display$ColorTransform
01-02 13:56:14.778 7374 7374 W Zygote : Class not found for preloading: android.view.Display$ColorTransform$1
01-02 13:56:14.820 7375 7375 I ServiceManager: Waiting for service media.camera.proxy...
01-02 13:56:14.870 7375 7375 I ServiceManager: Waiting for service media.camera.proxy...
01-02 13:56:14.878 7374 7374 I System : Loaded time zone names for "" in 44ms (42ms in ICU)
01-02 13:56:14.899 7374 7374 I System : Loaded time zone names for "en_US" in 21ms (19ms in ICU)
01-02 13:56:14.921 7375 7375 I ServiceManager: Waiting for service media.camera.proxy...
01-02 13:56:14.924 7374 7374 I Zygote : ...preloaded 4158 classes in 464ms.
01-02 13:56:14.924 7374 7374 I art : VMRuntime.preloadDexCaches starting
01-02 13:56:14.971 7375 7375 I ServiceManager: Waiting for service media.camera.proxy...
01-02 13:56:15.021 7375 7375 I ServiceManager: Waiting for service media.camera.proxy...
01-02 13:56:15.059 7374 7374 I art : VMRuntime.preloadDexCaches strings total=286204 before=39874 after=39874
01-02 13:56:15.059 7374 7374 I art : VMRuntime.preloadDexCaches types total=23761 before=7889 after=7917
01-02 13:56:15.059 7374 7374 I art : VMRuntime.preloadDexCaches fields total=113006 before=41100 after=41317
01-02 13:56:15.059 7374 7374 I art : VMRuntime.preloadDexCaches methods total=199176 before=82707 after=83273
01-02 13:56:15.059 7374 7374 I art : VMRuntime.preloadDexCaches finished
01-02 13:56:15.059 7374 7374 I Zygote : Preloading resources...
01-02 13:56:15.071 7375 7375 I ServiceManager: Waiting for service media.camera.proxy...
01-02 13:56:15.079 7374 7374 W Resources: Preloaded drawable resource #0x108025c (android:drawable/dialog_background_material) that varies with configuration!!
01-02 13:56:15.080 7374 7374 W Resources: Preloaded drawable resource #0x1080298 (android:drawable/editbox_dropdown_background_dark) that varies with configuration!!
01-02 13:56:15.084 7374 7374 W Resources: Preloaded color resource #0x10600ea (android:color/material_grey_800) that varies with configuration!!
01-02 13:56:15.084 7374 7374 W Resources: Preloaded drawable resource #0x10802c9 (android:drawable/floating_popup_background_dark) that varies with configuration!!
01-02 13:56:15.092 7374 7374 W Resources: Preloaded drawable resource #0x108030b (android:drawable/ic_clear_disabled) that varies with configuration!!
01-02 13:56:15.092 7374 7374 W Resources: Preloaded drawable resource #0x1080310 (android:drawable/ic_clear_normal) that varies with configuration!!
01-02 13:56:15.094 7374 7374 W Resources: Preloaded drawable resource #0x1080359 (android:drawable/ic_go) that varies with configuration!!
01-02 13:56:15.098 7374 7374 W Resources: Preloaded drawable resource #0x1080038 (android:drawable/ic_menu_close_clear_cancel) that varies with configuration!!
01-02 13:56:15.100 7374 7374 W Resources: Preloaded drawable resource #0x1080045 (android:drawable/ic_menu_more) that varies with configuration!!
01-02 13:56:15.108 7374 7374 W Resources: Preloaded drawable resource #0x10804eb (android:drawable/menu_background_fill_parent_width) that varies with configuration!!
01-02 13:56:15.122 7375 7375 I ServiceManager: Waiting for service media.camera.proxy...
01-02 13:56:15.140 7374 7374 W Resources: Preloaded drawable resource #0x1080783 (android:drawable/text_edit_paste_window) that varies with configuration!!
01-02 13:56:15.142 7374 7374 W Resources: Preloaded drawable resource #0x1080096 (android:drawable/toast_frame) that varies with configuration!!
01-02 13:56:15.142 7374 7374 I Zygote : ...preloaded 114 resources in 83ms.
01-02 13:56:15.146 7374 7374 W Resources: Preloaded color resource #0x1060114 (android:color/background_cache_hint_selector_material_dark) that varies with configuration!!
01-02 13:56:15.146 7374 7374 W Resources: Preloaded color resource #0x1060119 (android:color/btn_default_material_dark) that varies with configuration!!
01-02 13:56:15.147 7374 7374 I Zygote : ...preloaded 41 resources in 5ms.
01-02 13:56:15.157 7374 7374 D libEGL : loaded /vendor/lib/egl/libGLES_mali.so
01-02 13:56:15.172 7375 7375 I ServiceManager: Waiting for service media.camera.proxy...
01-02 13:56:15.179 7374 7374 I Zygote : Preloading shared libraries...
01-02 13:56:15.190 7374 7374 I Zygote : Uninstalled ICU cache reference pinning...
01-02 13:56:15.191 7374 7374 I Zygote : Installed AndroidKeyStoreProvider in 1ms.
01-02 13:56:15.205 7374 7374 I Zygote : Warmed up JCA providers in 14ms.
01-02 13:56:15.205 7374 7374 D Zygote : end preload
01-02 13:56:15.205 7374 7374 I art : Starting a blocking GC Explicit
01-02 13:56:15.222 7375 7375 I ServiceManager: Waiting for service media.camera.proxy...
01-02 13:56:15.227 7374 7374 I art : Explicit concurrent mark sweep GC freed 38991(5MB) AllocSpace objects, 133(2MB) LOS objects, 39% free, 2MB/4MB, paused 174us total 21.943ms
01-02 13:56:15.230 7374 7374 I art : Starting a blocking GC Explicit
01-02 13:56:15.240 7374 7374 I art : Explicit concurrent mark sweep GC freed 4869(197KB) AllocSpace objects, 0(0B) LOS objects, 40% free, 2MB/3MB, paused 158us total 10.022ms
01-02 13:56:15.267 7374 7449 I art : Starting a blocking GC HeapTrim
01-02 13:56:15.269 7374 7374 I art : Starting a blocking GC Background
01-02 13:56:15.272 7375 7375 I ServiceManager: Waiting for service media.camera.proxy...
01-02 13:56:15.304 7374 7374 I Zygote : System server process 7549 has been created
01-02 13:56:15.305 7374 7374 I Zygote : Accepting command socket connections
01-02 13:56:15.310 7549 7549 I chatty : uid=1000 system_server expire 249 lines
01-02 13:56:15.311 15294 15294 I : new connection
01-02 13:56:15.315 15294 15294 E : eof
01-02 13:56:15.315 15294 15294 E : failed to read size
01-02 13:56:15.315 15294 15294 I : closing connection
01-02 13:56:15.323 7375 7375 I ServiceManager: Waiting for service media.camera.proxy...
01-02 13:56:15.358 7549 7549 I chatty : uid=1000 system_server expire 159 lines
01-02 13:56:15.365 15294 15294 I : new connection
01-02 13:56:15.373 7375 7375 I ServiceManager: Waiting for service media.camera.proxy...
01-02 13:56:15.427 7375 7375 I ServiceManager: Waiting for service media.camera.proxy...
01-02 13:56:15.477 7375 7375 I ServiceManager: Waiting for service media.camera.proxy...
01-02 13:56:15.527 7375 7375 I ServiceManager: Waiting for service media.camera.proxy...
01-02 13:56:15.545 7549 7591 I chatty : uid=1000(system) CpuTracker expire 1 line
01-02 13:56:15.548 7549 7575 I chatty : uid=1000(system) batterystats-sy expire 1 line
01-02 13:56:15.551 7549 7575 I chatty : uid=1000(system) batterystats-sy expire 1 line
01-02 13:56:15.572 7549 7590 I chatty : uid=1000(system) android.display expire 4 lines
01-02 13:56:15.573 203 203 D SurfaceFlinger: Set power mode=2, type=0 flinger=0xac1b2000
01-02 13:56:15.573 203 203 D SurfaceFlinger: Screen type=0 is already mode=2
01-02 13:56:15.575 203 203 D SurfaceFlinger: Set power mode=2, type=1 flinger=0xac1b2000
01-02 13:56:15.575 203 203 D SurfaceFlinger: Screen type=1 is already mode=2
01-02 13:56:15.578 7375 7375 I ServiceManager: Waiting for service media.camera.proxy...
01-02 13:56:15.628 7375 7375 I ServiceManager: Waiting for service media.camera.proxy...
01-02 13:56:15.655 7376 7376 V NatController: runCmd(/system/bin/iptables -w -F natctrl_FORWARD) res=0
01-02 13:56:15.665 7376 7376 V NatController: runCmd(/system/bin/ip6tables -w -F natctrl_FORWARD) res=0
01-02 13:56:15.675 7376 7376 V NatController: runCmd(/system/bin/iptables -w -A natctrl_FORWARD -j DROP) res=0
01-02 13:56:15.678 7375 7375 I ServiceManager: Waiting for service media.camera.proxy...
01-02 13:56:15.684 7376 7376 V NatController: runCmd(/system/bin/iptables -w -t nat -F natctrl_nat_POSTROUTING) res=0
01-02 13:56:15.694 7376 7376 V NatController: runCmd(/system/bin/ip6tables -w -t raw -F natctrl_raw_PREROUTING) res=0
01-02 13:56:15.711 7376 7376 V NatController: runCmd(/system/bin/iptables -w -F natctrl_tether_counters) res=0
01-02 13:56:15.721 7376 7376 V NatController: runCmd(/system/bin/ip6tables -w -F natctrl_tether_counters) res=0
01-02 13:56:15.729 7375 7375 I ServiceManager: Waiting for service media.camera.proxy...
01-02 13:56:15.730 7376 7376 V NatController: runCmd(/system/bin/iptables -w -X natctrl_tether_counters) res=0
01-02 13:56:15.740 7376 7376 V NatController: runCmd(/system/bin/ip6tables -w -X natctrl_tether_counters) res=0
01-02 13:56:15.757 7376 7376 V NatController: runCmd(/system/bin/iptables -w -N natctrl_tether_counters) res=0
01-02 13:56:15.767 7376 7376 V NatController: runCmd(/system/bin/ip6tables -w -N natctrl_tether_counters) res=0
01-02 13:56:15.777 7376 7376 V NatController: runCmd(/system/bin/iptables -w -t mangle -A natctrl_mangle_FORWARD -p tcp --tcp-flags SYN SYN -j TCPMSS --clamp-mss-to-pmtu) res=0
01-02 13:56:15.779 7375 7375 I ServiceManager: Waiting for service media.camera.proxy...
01-02 13:56:15.829 7375 7375 I ServiceManager: Waiting for service media.camera.proxy...
01-02 13:56:15.879 7375 7375 I ServiceManager: Waiting for service media.camera.proxy...
01-02 13:56:15.918 7376 7376 E Netd : cannot find interface dummy0
01-02 13:56:15.920 7376 7376 D MDnsDS : MDnsSdListener::Hander starting up
01-02 13:56:15.920 7376 7634 D MDnsDS : MDnsSdListener starting to monitor
01-02 13:56:15.920 7376 7634 D MDnsDS : Going to poll with pollCount 1
01-02 13:56:15.930 7375 7375 I ServiceManager: Waiting for service media.camera.proxy...
01-02 13:56:15.980 7375 7375 I ServiceManager: Waiting for service media.camera.proxy...
01-02 13:56:16.030 7375 7375 I ServiceManager: Waiting for service media.camera.proxy...
01-02 13:56:16.080 7375 7375 I ServiceManager: Waiting for service media.camera.proxy...
01-02 13:56:16.131 7375 7375 I ServiceManager: Waiting for service media.camera.proxy...
