01-02 13:56:21.351 7549 7650 D VoldConnector: RCV <- {659 public:8,1}
01-02 13:56:21.351 7549 7650 D VoldConnector: RCV <- {649 disk:8,0}
01-02 13:56:21.351 7549 7650 D VoldConnector: RCV <- {640 disk:8,0 8}
01-02 13:56:21.352 188 192 V vold : /system/bin/sgdisk
01-02 13:56:21.352 188 192 V vold : --android-dump
01-02 13:56:21.352 188 192 V vold : /dev/block/vold/disk:8,0
01-02 13:56:21.353 7549 7570 W GeofenceProxy: Odd, no component found for service com.android.location.service.GeofenceProvider
01-02 13:56:21.353 7549 7650 D VoldConnector: RCV <- {641 disk:8,0 8002732032}
01-02 13:56:21.353 7549 7650 D VoldConnector: RCV <- {642 disk:8,0 SanDisk
01-02 13:56:21.353 7549 7650 D VoldConnector: }
01-02 13:56:21.353 7549 7650 D VoldConnector: RCV <- {644 disk:8,0 /sys//devices/platform/ff500000.usb/usb2/2-1/2-1.1/2-1.1.4/2-1.1.4:1.0/host0/target0:0:0/0:0:0:0/block/sda}
01-02 13:56:21.354 7549 7570 D LocationManagerService: Hardware Activity-Recognition not supported.
01-02 13:56:21.355 7549 7570 W ActivityRecognitionProxy: Odd, no component found for service com.android.location.service.ActivityRecognitionProvider
01-02 13:56:21.361 7549 7549 V WiredAccessoryManager: notifyWiredAccessoryChanged: when=0 bits= mask=54
01-02 13:56:21.364 7549 7549 V WiredAccessoryManager: newName=h2w newState=0 headsetState=0 prev headsetState=0
01-02 13:56:21.364 7549 7549 V WiredAccessoryManager: init()
01-02 13:56:21.364 7549 7549 V WiredAccessoryManager: newName=hdmi newState=16 headsetState=16 prev headsetState=0
01-02 13:56:21.364 7549 7549 V WiredAccessoryManager: headsetName: connected
01-02 13:56:21.365 7549 7570 I MmsServiceBroker: Delay connecting to MmsService until an API is called
01-02 13:56:21.384 7700 7819 I vol.Events: writeEvent internal_ringer_mode_changed normal
01-02 13:56:21.384 7549 7570 I ActivityManager: Force stopping com.android.providers.media appid=10008 user=-1: vold reset
01-02 13:56:21.386 7549 7570 W KeyguardServiceDelegate: onScreenTurningOn(): no keyguard service!
01-02 13:56:21.389 7378 7757 I MediaPlayerService: MediaPlayerService::getOMX
01-02 13:56:21.390 7378 7757 I OMXClient: MuxOMX ctor
01-02 13:56:21.390 30005 5346 I OMXMaster: makeComponentInstance(OMX.google.aac.decoder) in mediacodec process
01-02 13:56:21.401 7549 7720 I ActivityManager: Start proc 7859:com.google.android.gms.persistent/u0a10 for broadcast com.google.android.gms/.chimera.GmsIntentOperationService$PersistentTrustedReceiver
01-02 13:56:21.431 188 192 V vold : DISK mbr
01-02 13:56:21.431 188 192 V vold :
01-02 13:56:21.431 188 192 V vold : PART 1 b
01-02 13:56:21.431 188 192 V vold :
01-02 13:56:21.432 188 192 I vold : type =b
01-02 13:56:21.432 7549 7650 D VoldConnector: RCV <- {650 public:8,1 0 "disk:8,0" ""}
01-02 13:56:21.433 7549 7650 D VoldConnector: RCV <- {651 public:8,1 0}
01-02 13:56:21.433 7549 7650 D VoldConnector: RCV <- {643 disk:8,0}
01-02 13:56:21.433 7549 7650 D VoldConnector: RCV <- {200 3 Command succeeded}
01-02 13:56:21.433 7549 7588 I chatty : uid=1000(system) android.fg expire 1 line
01-02 13:56:21.434 7549 7649 E VoldConnector: NDC Command {3 volume reset} took too long (1003ms)
01-02 13:56:21.434 7549 7649 D VoldConnector: SND -> {4 volume user_added 0 0}
01-02 13:56:21.435 7549 7650 D VoldConnector: RCV <- {200 4 Command succeeded}
01-02 13:56:21.436 7549 7649 D VoldConnector: SND -> {5 volume mount emulated 3 -1}
01-02 13:56:21.438 188 192 V vold : Waiting for FUSE to spin up...
01-02 13:56:21.439 7549 7650 D VoldConnector: RCV <- {651 emulated 1}
01-02 13:56:21.439 7549 7650 D VoldConnector: RCV <- {656 emulated /data/media}
01-02 13:56:21.439 7549 7650 D VoldConnector: RCV <- {655 emulated /storage/emulated}
01-02 13:56:21.458 7549 7591 W ProcessCpuTracker: Skipping unknown process pid 7856
01-02 13:56:21.476 7873 7873 W sdcard : Device explicitly disabled sdcardfs
01-02 13:56:21.488 188 192 V vold : Waiting for FUSE to spin up...
01-02 13:56:21.520 7700 7700 W System : ClassLoader referenced unknown path:
01-02 13:56:21.521 7700 7700 D ApplicationLoaders: ignored Vulkan layer search path /system/app/Camera2/lib/arm:/system/app/Camera2/Camera2.apk!/lib/armeabi-v7a:/system/lib:/vendor/lib for namespace 0xaed89090
01-02 13:56:21.539 7549 7650 D VoldConnector: RCV <- {651 emulated 2}
01-02 13:56:21.539 7549 7650 D VoldConnector: RCV <- {200 5 Command succeeded}
01-02 13:56:21.540 7549 7649 D VoldConnector: SND -> {6 volume mount public:8,1 2 0}
01-02 13:56:21.540 188 192 V vold : /system/bin/blkid
01-02 13:56:21.540 188 192 V vold : -c
01-02 13:56:21.540 188 192 V vold : /dev/null
01-02 13:56:21.540 188 192 V vold : -s
01-02 13:56:21.540 188 192 V vold : TYPE
01-02 13:56:21.540 188 192 V vold : -s
01-02 13:56:21.540 188 192 V vold : UUID
01-02 13:56:21.540 188 192 V vold : -s
01-02 13:56:21.540 188 192 V vold : LABEL
01-02 13:56:21.540 188 192 V vold : /dev/block/vold/public:8,1
01-02 13:56:21.541 7549 7650 D VoldConnector: RCV <- {651 public:8,1 1}
01-02 13:56:21.581 7378 7757 I MediaPlayerService: MediaPlayerService::getOMX
01-02 13:56:21.582 7378 7757 I OMXClient: MuxOMX ctor
01-02 13:56:21.582 30005 5346 I OMXMaster: makeComponentInstance(OMX.google.g711.alaw.decoder) in mediacodec process
01-02 13:56:21.595 188 192 V vold : /dev/block/vold/public:8,1: LABEL="JJK_8G" UUID="10FC-200C" TYPE="vfat"
01-02 13:56:21.596 188 192 V vold :
01-02 13:56:21.596 188 192 V vold : /system/bin/fsck_msdos
01-02 13:56:21.596 188 192 V vold : -p
01-02 13:56:21.596 188 192 V vold : -f
01-02 13:56:21.596 188 192 V vold : /dev/block/vold/public:8,1
01-02 13:56:21.597 7549 7650 D VoldConnector: RCV <- {652 public:8,1 vfat}
01-02 13:56:21.597 7549 7650 D VoldConnector: RCV <- {653 public:8,1 10FC-200C}
01-02 13:56:21.597 7549 7650 D VoldConnector: RCV <- {654 public:8,1 JJK_8G}
01-02 13:56:21.598 7549 7650 D VoldConnector: RCV <- {656 public:8,1 /mnt/media_rw/10FC-200C}
01-02 13:56:21.598 7549 7650 D VoldConnector: RCV <- {655 public:8,1 /storage/10FC-200C}
01-02 13:56:21.622 188 192 I fsck_msdos: ** /dev/block/vold/public:8,1
01-02 13:56:21.625 188 192 I fsck_msdos: ** Phase 1 - Read and Compare FATs
01-02 13:56:21.625 188 192 I fsck_msdos: Attempting to allocate 953 KB for FAT
01-02 13:56:21.675 188 192 I fsck_msdos: Attempting to allocate 953 KB for FAT
01-02 13:56:21.694 7700 7700 D LocalBluetoothProfileManager: Adding local MAP profile
01-02 13:56:21.696 7700 7700 D BluetoothMap: Create BluetoothMap proxy object
01-02 13:56:21.698 7700 7700 E BluetoothMap: Could not bind to Bluetooth MAP Service with Intent { act=android.bluetooth.IBluetoothMap }
01-02 13:56:21.701 7700 7700 E BluetoothPbap: Could not bind to Bluetooth Pbap Service with Intent { act=android.bluetooth.IBluetoothPbap }
01-02 13:56:21.701 7700 7700 D LocalBluetoothProfileManager: LocalBluetoothProfileManager construction complete
01-02 13:56:21.718 188 192 I fsck_msdos: ** Phase 2 - Check Cluster Chains
01-02 13:56:21.720 188 192 I fsck_msdos: ** Phase 3 - Checking Directories
01-02 13:56:21.723 7549 7562 D ConnectivityService: listenForNetwork for uid/pid:10025/7700 NetworkRequest [ LISTEN id=4, [] ]
01-02 13:56:21.732 7700 7700 I CameraManagerGlobal: Connecting to camera service
01-02 13:56:21.788 7700 7895 E ActivityThread: Failed to find provider info for com.android.contacts
01-02 13:56:21.789 7700 7838 D OpenGLRenderer: profile bars disabled
01-02 13:56:21.790 7700 7838 D OpenGLRenderer: ambientRatio = 1.50
01-02 13:56:21.794 7700 7700 D PhoneStatusBar: disable: < EXPAND* icons alerts system_info BACK* HOME* RECENT* clock SEARCH* quick_settings
> 01-02 13:56:21.811 188 192 I fsck_msdos: ** Phase 4 - Checking for Lost Files
01-02 13:56:21.811 188 192 I fsck_msdos: 37 files, 3430304 free (238269 clusters)
01-02 13:56:21.817 188 192 I Vold : Filesystem check completed OK
01-02 13:56:21.817 188 192 D vold : public:8,1 passed filesystem check
01-02 13:56:21.830 188 192 V vold : Waiting for FUSE to spin up...
01-02 13:56:21.852 7897 7897 W sdcard : Device explicitly disabled sdcardfs
01-02 13:56:21.863 7549 7589 I chatty : uid=1000(system) android.io expire 3 lines
01-02 13:56:21.873 7549 7901 I chatty : uid=1000(system) Thread-7 expire 2 lines
01-02 13:56:21.881 7549 7650 D VoldConnector: RCV <- {651 public:8,1 2}
01-02 13:56:21.881 7549 7650 D VoldConnector: RCV <- {200 6 Command succeeded}
01-02 13:56:21.882 7700 7700 D PhoneStatusBar: heads up is enabled
01-02 13:56:21.900 7549 7573 I chatty : uid=1000(system) android.ui expire 1 line
01-02 13:56:21.900 7700 7700 D StorageNotification: Notifying about public volume: VolumeInfo{public:8,1}:
01-02 13:56:21.900 7700 7700 D StorageNotification: type=PUBLIC diskId=disk:8,0 partGuid=null mountFlags=VISIBLE mountUserId=0
01-02 13:56:21.900 7700 7700 D StorageNotification: state=UNMOUNTED
01-02 13:56:21.900 7700 7700 D StorageNotification: fsType=null fsUuid=null fsLabel=null
01-02 13:56:21.900 7700 7700 D StorageNotification: path=null internalPath=null
01-02 13:56:21.904 7700 7700 D StorageNotification: Notifying about public volume: VolumeInfo{public:8,1}:
01-02 13:56:21.904 7700 7700 D StorageNotification: type=PUBLIC diskId=disk:8,0 partGuid=null mountFlags=VISIBLE mountUserId=0
01-02 13:56:21.904 7700 7700 D StorageNotification: state=CHECKING
01-02 13:56:21.904 7700 7700 D StorageNotification: fsType=null fsUuid=null fsLabel=null
01-02 13:56:21.904 7700 7700 D StorageNotification: path=null internalPath=null
01-02 13:56:21.914 7700 7700 D ViewRootImpl[StatusBar]: changeCanvasOpacity: opaque=true
01-02 13:56:21.957 7378 7757 I MediaPlayerService: MediaPlayerService::getOMX
01-02 13:56:21.958 7378 7757 I OMXClient: MuxOMX ctor
01-02 13:56:21.958 30005 5346 I OMXMaster: makeComponentInstance(OMX.google.g711.mlaw.decoder) in mediacodec process
01-02 13:56:22.002 7902 7902 I wpa_supplicant: Successfully initialized wpa_supplicant
01-02 13:56:22.002 7902 7902 D WifiHW : uevent path:/sys/bus/sdio/devices/./uevent
01-02 13:56:22.002 7902 7902 D WifiHW : uevent path:/sys/bus/sdio/devices/../uevent
01-02 13:56:22.002 7902 7902 D WifiHW : uevent path:/sys/bus/sdio/devices/mmc2:0001:1/uevent
01-02 13:56:22.002 7902 7902 D WifiHW : found device pid:vid : 02d0:a9a6
01-02 13:56:22.002 7902 7902 D WifiHW : wifi detectd return ret:0
01-02 13:56:22.002 7902 7902 D WifiHW : SDIO WIFI identify sucess
01-02 13:56:22.002 7902 7902 D WifiHW : check_wifi_chip_type_string: AP6236
01-02 13:56:22.011 7700 7838 I OpenGLRenderer: Initialized EGL, version 1.4
01-02 13:56:22.011 7700 7838 D OpenGLRenderer: Swap behavior 1
01-02 13:56:22.018 203 384 E BufferQueueProducer: [StatusBar] connect: already connected (cur=1 req=1)
01-02 13:56:22.090 7549 7656 D WifiService: New client listening to asynchronous messages
01-02 13:56:22.091 203 384 E BufferQueueProducer: [NavigationBar] connect: already connected (cur=1 req=1)
01-02 13:56:22.105 7902 7902 I wpa_supplicant: rfkill: Cannot open RFKILL control device
01-02 13:56:22.120 7700 7700 D StorageNotification: Notifying about public volume: VolumeInfo{public:8,1}:
01-02 13:56:22.120 7700 7700 D StorageNotification: type=PUBLIC diskId=disk:8,0 partGuid=null mountFlags=VISIBLE mountUserId=0
01-02 13:56:22.120 7700 7700 D StorageNotification: state=MOUNTED
01-02 13:56:22.120 7700 7700 D StorageNotification: fsType=vfat fsUuid=10FC-200C fsLabel=JJK_8G
01-02 13:56:22.120 7700 7700 D StorageNotification: path=/storage/10FC-200C internalPath=/mnt/media_rw/10FC-200C
01-02 13:56:22.144 7902 7902 I wpa_supplicant: rfkill: Cannot get wiphy information
01-02 13:56:22.161 7700 7700 W KeyguardUpdateMonitor: invalid subId in handleSimStateChange()
01-02 13:56:22.161 7700 7700 W KeyguardUpdateMonitor: invalid subId in handleServiceStateChange()
01-02 13:56:22.161 7549 7720 I ActivityManager: user 0 is still locked. Cannot load recents
01-02 13:56:22.207 7549 7720 I ActivityManager: user 0 is still locked. Cannot load recents
01-02 13:56:22.220 7549 7720 I chatty : uid=1000(system) Binder:7549_5 expire 1 line
01-02 13:56:22.221 7700 7700 W FingerprintManager: isFingerprintHardwareDetected(): Service not connected!
01-02 13:56:22.238 7902 7902 D WifiHW : check_wifi_chip_type_string: AP6236
01-02 13:56:22.269 7549 7575 E BatteryStatsService: no controller energy info supplied
01-02 13:56:22.286 7700 7710 I art : Background partial concurrent mark sweep GC freed 5065(313KB) AllocSpace objects, 0(0B) LOS objects, 40% free, 9MB/15MB, paused 6.036ms total 76.630ms
01-02 13:56:22.295 7549 7575 E BatteryStatsService: no controller energy info supplied
01-02 13:56:22.301 7376 7638 W CommandListener: Failed to retrieve HW addr for p2p0 (No such device)
01-02 13:56:22.302 7376 7638 D CommandListener: Setting iface cfg
01-02 13:56:22.303 7549 7655 E WifiP2pService: Unable to change interface settings: java.lang.IllegalStateException: command '32 interface setcfg p2p0 0.0.0.0 0 up' failed with '400 32 Failed to clear address (No such device)'
01-02 13:56:22.303 7549 7655 I chatty : uid=1000(system) WifiP2pService expire 3 lines
01-02 13:56:22.345 7378 7757 I MediaPlayerService: MediaPlayerService::getOMX
01-02 13:56:22.346 7378 7757 I OMXClient: MuxOMX ctor
01-02 13:56:22.346 30005 30280 I OMXMaster: makeComponentInstance(OMX.google.vorbis.decoder) in mediacodec process
01-02 13:56:22.371 7549 7590 W WindowManager: App freeze timeout expired.
01-02 13:56:22.406 7549 7590 I SystemServiceManager: Starting phase 1000
01-02 13:56:22.417 7549 7590 I ActivityManager: Start proc 7931:com.google.android.ext.services/u0a11 for on-hold
01-02 13:56:22.418 7549 7590 D ActivityManager: Finishing user boot 0
01-02 13:56:22.419 7549 7590 D CryptdConnector: SND -> {3 cryptfs prepare_user_storage ! 0 0 2}
01-02 13:56:22.420 188 193 D vold : e4crypt_prepare_user_storage for volume null, user 0, serial 0, flags 2
01-02 13:56:22.420 188 193 D vold : Preparing: /data/system_ce/0
01-02 13:56:22.420 188 193 D vold : Preparing: /data/misc_ce/0
01-02 13:56:22.420 188 193 D vold : Preparing: /data/media/0
01-02 13:56:22.421 188 193 D vold : Preparing: /data/data
01-02 13:56:22.421 7549 7651 D CryptdConnector: RCV <- {200 3 Command succeeded}
01-02 13:56:22.421 7549 7590 V UserManagerService: Found /data/user/0 with serial number 0
01-02 13:56:22.421 7549 7590 V UserManagerService: Found /data/system_ce/0 with serial number 0
01-02 13:56:22.422 7549 7590 V PackageManager: reconcileAppsData for null u0 0x2
01-02 13:56:22.437 7739 7752 I chatty : uid=10058(com.google.android.inputmethod.latin) HeapTaskDaemon expire 1 line
01-02 13:56:22.464 7859 7859 I chatty : uid=10010 com.google.android.gms.persistent expire 32 lines
01-02 13:56:22.470 7700 7700 D PhoneStatusBar: disable: < expand* icons alerts system_info back* home* recent* clock search* quick_settings
> 01-02 13:56:22.484 7937 7937 I bootstat: Service started: /system/bin/bootstat --record_boot_complete
01-02 13:56:22.484 7937 7937 I bootstat: Logging histogram: bootstat_mtime_matches_content 1
01-02 13:56:22.485 7937 7937 I bootstat: Logging histogram: bootstat_mtime_matches_content 1
01-02 13:56:22.495 7937 7937 E bootstat: Failed to read /data/misc/bootstat/post_decrypt_time_elapsed: No such file or directory
01-02 13:56:22.495 7937 7937 E bootstat: Failed to parse boot time record: /data/misc/bootstat/post_decrypt_time_elapsed
01-02 13:56:22.531 7948 7948 I bootstat: Service started: /system/bin/bootstat --record_boot_reason
01-02 13:56:22.531 7948 7948 I bootstat: Unknown boot reason:
01-02 13:56:22.585 7955 7955 I bootstat: Service started: /system/bin/bootstat --record_time_since_factory_reset
01-02 13:56:22.585 7955 7955 I bootstat: Logging histogram: factory_reset_current_time 1704178582
01-02 13:56:22.585 7955 7955 I bootstat: Logging histogram: bootstat_mtime_matches_content 1
01-02 13:56:22.585 7955 7955 I bootstat: Logging histogram: factory_reset_record_value 1622601908
01-02 13:56:22.605 7958 7958 I bootstat: Service started: /system/bin/bootstat -l
01-02 13:56:22.605 7958 7958 I bootstat: Logging histogram: bootstat_mtime_matches_content 1
01-02 13:56:22.606 7958 7958 I bootstat: Logging histogram: bootstat_mtime_matches_content 1
01-02 13:56:22.606 7958 7958 I bootstat: Logging histogram: bootstat_mtime_matches_content 1
01-02 13:56:22.606 7958 7958 I bootstat: Logging histogram: bootstat_mtime_matches_content 1
01-02 13:56:22.606 7958 7958 I bootstat: Logging histogram: bootstat_mtime_matches_content 1
01-02 13:56:22.606 7958 7958 I bootstat: Logging histogram: bootstat_mtime_matches_content 1
01-02 13:56:22.606 7958 7958 I bootstat: Logging histogram: bootstat_mtime_matches_content 1
01-02 13:56:22.606 7958 7958 I bootstat: Logging histogram: bootstat_mtime_matches_content 1
01-02 13:56:22.606 7958 7958 I bootstat: Logging histogram: bootstat_mtime_matches_content 1
01-02 13:56:22.606 7958 7958 I bootstat: Logging histogram: bootstat_mtime_matches_content 1
01-02 13:56:22.607 7958 7958 I bootstat: Logging histogram: bootstat_mtime_matches_content 1
01-02 13:56:22.609 7958 7958 I bootstat: Logging histogram: bootstat_mtime_matches_content 1
01-02 13:56:22.610 7958 7958 I bootstat: Logging histogram: last_boot_time_utc 1704178582
01-02 13:56:22.610 7958 7958 I bootstat: Logging histogram: build_date 1604886880
01-02 13:56:22.610 7958 7958 I bootstat: Logging histogram: ota_boot_complete_no_encryption 21
01-02 13:56:22.610 7958 7958 I bootstat: Logging histogram: ota_boot_complete 21
01-02 13:56:22.610 7958 7958 I bootstat: Logging histogram: boot_reason 1
01-02 13:56:22.610 7958 7958 I bootstat: Logging histogram: factory_reset_current_time 1704178582
01-02 13:56:22.610 7958 7958 I bootstat: Logging histogram: factory_reset 1622601908
01-02 13:56:22.610 7958 7958 I bootstat: Logging histogram: time_since_last_boot 95
01-02 13:56:22.610 7958 7958 I bootstat: Logging histogram: boot_complete_no_encryption 420602
01-02 13:56:22.610 7958 7958 I bootstat: Logging histogram: boot_complete 420602
01-02 13:56:22.610 7958 7958 I bootstat: Logging histogram: factory_reset_record_value 1622601908
01-02 13:56:22.610 7958 7958 I bootstat: Logging histogram: time_since_factory_reset 81576674
01-02 13:56:22.634 7700 7889 D skia : JPEG Decode 459
01-02 13:56:22.667 7378 7757 I MediaPlayerService: MediaPlayerService::getOMX
01-02 13:56:22.668 7378 7757 I OMXClient: MuxOMX ctor
01-02 13:56:22.668 30005 30280 I OMXMaster: makeComponentInstance(OMX.google.opus.decoder) in mediacodec process
01-02 13:56:22.738 7739 7960 I chatty : uid=10058(com.google.android.inputmethod.latin) sp-control-1 expire 1 line
01-02 13:56:22.744 7739 7739 I chatty : uid=10058(com.google.android.inputmethod.latin) expire 5 lines
01-02 13:56:22.786 15294 15294 W cutils : Expected path /data/data/com.google.android.gms with mode 700 but found 751
01-02 13:56:22.788 15294 15294 W cutils : Expected path /data/data/com.google.android.gms with mode 700 but found 751
01-02 13:56:22.788 7549 7666 I chatty : uid=1000(system) notification-sq expire 1 line
01-02 13:56:22.855 7739 7745 I chatty : uid=10058(com.google.android.inputmethod.latin) Jit thread pool expire 3 lines
01-02 13:56:22.872 7739 7739 I chatty : uid=10058(com.google.android.inputmethod.latin) expire 2 lines
01-02 13:56:22.970 7549 7590 V PackageManager: reconcileAppsData finished 108 packages
01-02 13:56:22.971 7549 7570 D BluetoothManagerService: User 0 unlocked
01-02 13:56:22.971 7549 7570 D MountService: onUnlockUser 0
01-02 13:56:22.971 7549 7570 D VoldConnector: SND -> {7 volume user_started 0}
01-02 13:56:22.972 7549 7589 D BluetoothManagerService: MESSAGE_USER_UNLOCKED
01-02 13:56:22.979 188 192 D vold : Linking /storage/emulated/0 to /mnt/user/0/primary
01-02 13:56:22.979 7549 7650 D VoldConnector: RCV <- {200 7 Command succeeded}
01-02 13:56:22.980 7549 7649 D MountService: Volume emulated broadcasting mounted to UserHandle{0}
01-02 13:56:22.985 7549 7649 D MountService: Volume public:8,1 broadcasting mounted to UserHandle{0}
01-02 13:56:22.987 7378 7757 I MediaPlayerService: MediaPlayerService::getOMX
01-02 13:56:22.988 7378 7757 I OMXClient: MuxOMX ctor
01-02 13:56:22.988 30005 5346 I OMXMaster: makeComponentInstance(OMX.google.raw.decoder) in mediacodec process
01-02 13:56:23.007 7931 7931 I art : Starting a blocking GC AddRemoveAppImageSpace
01-02 13:56:23.007 7931 7931 W System : ClassLoader referenced unknown path: /system/priv-app/GoogleExtServices/lib/arm
01-02 13:56:23.011 7549 7720 I ActivityManager: Start proc 7965:com.google.process.gapps/u0a10 for content provider com.google.android.gsf/.gservices.GservicesProvider
01-02 13:56:23.015 7700 7700 I Choreographer: Skipped 34 frames! The application may be doing too much work on its main thread.
01-02 13:56:23.035 203 237 E BufferQueueProducer: [com.android.systemui.ImageWallpaper] connect: already connected (cur=1 req=1)
01-02 13:56:23.054 7549 7570 V BackupManagerService: Starting with transport com.google.android.gms/.backup.BackupTransportService
01-02 13:56:23.054 7549 7570 V BackupManagerService: Found transports: 2
01-02 13:56:23.070 7549 7570 I BackupManagerService: Backup enabled => true
01-02 13:56:23.075 7549 7549 V BackupManagerService: Connected to transport ComponentInfo{android/com.android.internal.backup.LocalTransportService}
01-02 13:56:23.075 7549 7549 V BackupManagerService: Registering transport android/com.android.internal.backup.LocalTransportService::android/com.android.internal.backup.LocalTransport = android.app.backup.BackupTransport$TransportImpl@cde0e39
01-02 13:56:23.078 7549 7971 V KeyValueBackupJob: Scheduling k/v pass in 246 minutes
01-02 13:56:23.082 7739 7752 I chatty : uid=10058(com.google.android.inputmethod.latin) HeapTaskDaemon expire 1 line
01-02 13:56:23.083 7965 7965 I chatty : uid=10010(com.google.android.gms) com.google.process.gapps expire 4 lines
01-02 13:56:23.093 7739 7960 I chatty : uid=10058(com.google.android.inputmethod.latin) sp-control-1 expire 1 line
01-02 13:56:23.094 7739 7739 I chatty : uid=10058(com.google.android.inputmethod.latin) expire 4 lines
01-02 13:56:23.159 7549 7684 I chatty : uid=1000 system_server expire 2 lines
01-02 13:56:23.165 7549 7985 I chatty : uid=1000 system_server expire 2 lines
01-02 13:56:23.184 7378 7757 I MediaPlayerService: MediaPlayerService::getOMX
01-02 13:56:23.186 7376 7638 D CommandListener: Clearing all IP addresses on eth0
01-02 13:56:23.186 7378 7757 I OMXClient: MuxOMX ctor
01-02 13:56:23.187 30005 30280 I OMXMaster: makeComponentInstance(OMX.google.aac.encoder) in mediacodec process
01-02 13:56:23.197 7549 7986 I chatty : uid=1000(system) IpManager.eth0 expire 10 lines
01-02 13:56:23.321 7549 7971 I BackupManagerService: Found stale backup journal, scheduling
01-02 13:56:23.337 7549 7988 I chatty : uid=1000(system) DhcpClient expire 4 lines
01-02 13:56:23.343 7549 7992 I chatty : uid=1000(system) Thread-11 expire 3 lines
01-02 13:56:23.365 7549 7562 I chatty : uid=1000(system) Binder:7549_2 expire 3 lines
01-02 13:56:23.369 7378 7757 I MediaPlayerService: MediaPlayerService::getOMX
01-02 13:56:23.369 7378 7757 I OMXClient: MuxOMX ctor
01-02 13:56:23.370 30005 30280 I OMXMaster: makeComponentInstance(OMX.google.amrnb.encoder) in mediacodec process
01-02 13:56:23.391 7549 7986 D IpManager.eth0: onNewDhcpResults(IP address 192.168.10.6/24 Gateway 192.168.10.1 DNS servers: [ 168.126.63.1 168.126.63.2 ] Domains DHCP server /192.168.10.1 Vendor info null lease 7200 seconds)
01-02 13:56:23.391 7549 7986 D IpManager.eth0: onLinkPropertiesChange()
01-02 13:56:23.392 7549 7986 D EthernetNetworkFactory: onLinkPropertiesChange: lp = {InterfaceName: eth0 LinkAddresses: [fe80::106d:5eff:fe45:58c9/64,] Routes: [fe80::/64 -> :: eth0,192.168.10.0/24 -> 0.0.0.0 eth0,0.0.0.0/0 -> 192.168.10.1 eth0,] DnsAddresses: [] Domains: null MTU: 0 TcpBufferSizes: 524288,1048576,3145728,524288,1048576,2097152}
01-02 13:56:23.392 7549 7986 D IpManager.eth0: CMD_POST_DHCP_ACTION eth0/2 1 0 IP address 192.168.10.6/24 Gateway 192.168.10.1 DNS servers: [ 168.126.63.1 168.126.63.2 ] Domains DHCP server /192.168.10.1 Vendor info null lease 7200 seconds [rcvd_in=RunningState, proc_in=RunningState]
01-02 13:56:23.393 7376 7638 D CommandListener: Setting iface cfg
01-02 13:56:23.394 7549 7986 D IpManager.eth0: IPv4 configuration succeeded
01-02 13:56:23.394 7549 7986 D IpManager.eth0: CMD_CONFIGURE_LINKADDRESS eth0/2 0 0 192.168.10.6/24 [rcvd_in=RunningState, proc_in=RunningState]
01-02 13:56:23.394 7549 7986 D IpManager.eth0: newLp{{InterfaceName: eth0 LinkAddresses: [fe80::106d:5eff:fe45:58c9/64,192.168.10.6/24,] Routes: [fe80::/64 -> :: eth0,192.168.10.0/24 -> 0.0.0.0 eth0,0.0.0.0/0 -> 192.168.10.1 eth0,] DnsAddresses: [168.126.63.1,168.126.63.2,] Domains: null MTU: 0 TcpBufferSizes: 524288,1048576,3145728,524288,1048576,2097152}}
01-02 13:56:23.394 7549 7986 D IpManager.eth0: onProvisioningSuccess()
01-02 13:56:23.395 7549 7985 D EthernetNetworkFactory: success get ip: lp = {InterfaceName: eth0 LinkAddresses: [fe80::106d:5eff:fe45:58c9/64,192.168.10.6/24,] Routes: [fe80::/64 -> :: eth0,192.168.10.0/24 -> 0.0.0.0 eth0,0.0.0.0/0 -> 192.168.10.1 eth0,] DnsAddresses: [168.126.63.1,168.126.63.2,] Domains: null MTU: 0 TcpBufferSizes: 524288,1048576,3145728,524288,1048576,2097152}
01-02 13:56:23.395 7549 7985 D EthernetNetworkFactory: sendEthernetStateChangedBroadcast: curState = CONNECTED
01-02 13:56:23.396 7739 7960 I chatty : uid=10058(com.google.android.inputmethod.latin) sp-control-1 expire 3 lines
01-02 13:56:23.398 7549 7988 D DhcpClient: Scheduling renewal in 3599s
01-02 13:56:23.398 7549 7988 D DhcpClient: Scheduling rebind in 6299s
01-02 13:56:23.398 7549 7988 D DhcpClient: Scheduling expiry in 7199s
01-02 13:56:23.399 7549 7985 D ConnectivityService: registerNetworkAgent NetworkAgentInfo{ ni{[type: Ethernet[], state: CONNECTED/CONNECTED, reason: (unspecified), extra: 12:6d:5e:45:58:c9, failover: false, available: true, roaming: false, metered: false]} network{100} nethandle{429513165534} lp{{InterfaceName: eth0 LinkAddresses: [fe80::106d:5eff:fe45:58c9/64,192.168.10.6/24,] Routes: [fe80::/64 -> :: eth0,192.168.10.0/24 -> 0.0.0.0 eth0,0.0.0.0/0 -> 192.168.10.1 eth0,] DnsAddresses: [168.126.63.1,168.126.63.2,] Domains: null MTU: 0 TcpBufferSizes: 524288,1048576,3145728,524288,1048576,2097152}} nc{[ Transports: ETHERNET Capabilities: INTERNET&NOT_RESTRICTED&TRUSTED&NOT_VPN LinkUpBandwidth>=100000Kbps LinkDnBandwidth>=100000Kbps]} Score{30} everValidated{false} lastValidated{false} created{false} lingering{false} explicitlySelected{false} acceptUnvalidated{false} everCaptivePortalDetected{false} lastCaptivePortalDetected{false} }
01-02 13:56:23.399 7549 7985 D EthernetNetworkFactory: exiting ipProvisioningThread(eth0): mNetworkInfo=[type: Ethernet[], state: CONNECTED/CONNECTED, reason: (unspecified), extra: 12:6d:5e:45:58:c9, failover: false, available: true, roaming: false, metered: false]
01-02 13:56:23.400 7549 7661 D ConnectivityService: Got NetworkAgent Messenger
01-02 13:56:23.400 7549 7661 D ConnectivityService: NetworkAgentInfo [Ethernet () - 100] EVENT_NETWORK_INFO_CHANGED, going from null to CONNECTED
01-02 13:56:23.401 7549 7661 D ConnectivityService: Adding iface eth0 to network 100
01-02 13:56:23.444 7549 7661 D ConnectivityService: Adding Route [fe80::/64 -> :: eth0] to network 100
01-02 13:56:23.445 7549 7661 D ConnectivityService: Adding Route [192.168.10.0/24 -> 0.0.0.0 eth0] to network 100
01-02 13:56:23.446 7549 7661 D ConnectivityService: Adding Route [0.0.0.0/0 -> 192.168.10.1 eth0] to network 100
01-02 13:56:23.447 7549 7661 D ConnectivityService: Setting DNS servers for network 100 to [/168.126.63.1, /168.126.63.2]
01-02 13:56:23.459 7549 7661 D ConnectivityService: notifyType IP_CHANGED for NetworkAgentInfo [Ethernet () - 100]
01-02 13:56:23.471 7549 7562 W ResourceType: ResTable_typeSpec entry count inconsistent: given 88, previously 90
01-02 13:56:23.471 7549 7562 W ResourceType: ResTable_typeSpec entry count inconsistent: given 168, previously 172
01-02 13:56:23.472 7549 7562 W ResourceType: ResTable_typeSpec entry count inconsistent: given 3481, previously 3501
01-02 13:56:23.479 7549 7995 D NetworkMonitor/NetworkAgentInfo [Ethernet () - 100]: Validation disabled.
01-02 13:56:23.484 7549 7661 D ConnectivityService: scheduleUnvalidatedPrompt 100
01-02 13:56:23.485 7549 7661 D ConnectivityService: updateSignalStrengthThresholds: CONNECT, sending [] to NetworkAgentInfo [Ethernet () - 100]
01-02 13:56:23.485 7549 7661 D ConnectivityService: rematching NetworkAgentInfo [Ethernet () - 100]
01-02 13:56:23.485 7549 7661 D ConnectivityService: network has: [ Transports: ETHERNET Capabilities: INTERNET&NOT_RESTRICTED&TRUSTED&NOT_VPN&FOREGROUND LinkUpBandwidth>=100000Kbps LinkDnBandwidth>=100000Kbps]
01-02 13:56:23.485 7549 7661 D ConnectivityService: checking if request is satisfied: NetworkRequest [ REQUEST id=1, [ Capabilities: INTERNET&NOT_RESTRICTED&TRUSTED&NOT_VPN] ]
01-02 13:56:23.485 7549 7661 D ConnectivityService: currentScore = 0, newScore = 30
01-02 13:56:23.486 7549 7661 D ConnectivityService: rematch for NetworkAgentInfo [Ethernet () - 100]
01-02 13:56:23.486 7549 7661 D ConnectivityService: accepting network in place of null
01-02 13:56:23.486 7549 7661 D ConnectivityService: sending new Min Network Score(30): NetworkRequest [ REQUEST id=1, [ Capabilities: INTERNET&NOT_RESTRICTED&TRUSTED&NOT_VPN] ]
01-02 13:56:23.488 7549 7661 D ConnectivityService: Switching to new default network: NetworkAgentInfo{ ni{[type: Ethernet[], state: CONNECTED/CONNECTED, reason: (unspecified), extra: 12:6d:5e:45:58:c9, failover: false, available: true, roaming: false, metered: false]} network{100} nethandle{429513165534} lp{{InterfaceName: eth0 LinkAddresses: [fe80::106d:5eff:fe45:58c9/64,192.168.10.6/24,] Routes: [fe80::/64 -> :: eth0,192.168.10.0/24 -> 0.0.0.0 eth0,0.0.0.0/0 -> 192.168.10.1 eth0,] DnsAddresses: [168.126.63.1,168.126.63.2,] Domains: null MTU: 0 TcpBufferSizes: 524288,1048576,3145728,524288,1048576,2097152}} nc{[ Transports: ETHERNET Capabilities: INTERNET&NOT_RESTRICTED&TRUSTED&NOT_VPN&FOREGROUND LinkUpBandwidth>=100000Kbps LinkDnBandwidth>=100000Kbps]} Score{30} everValidated{false} lastValidated{false} created{true} lingering{false} explicitlySelected{false} acceptUnvalidated{false} everCaptivePortalDetected{false} lastCaptivePortalDetected{false} }
01-02 13:56:23.491 7549 7661 D ConnectivityService: Setting tx/rx TCP buffers to 524288,1048576,3145728,524288,1048576,2097152
01-02 13:56:23.498 7549 7661 D ConnectivityService: sending notification AVAILABLE for NetworkRequest [ LISTEN id=4, [] ]
01-02 13:56:23.498 7549 7661 D ConnectivityService: sending notification AVAILABLE for NetworkRequest [ LISTEN id=3, [] ]
01-02 13:56:23.498 7549 7661 D ConnectivityService: Sending CONNECTED broadcast for type 9 NetworkAgentInfo [Ethernet () - 100] isDefaultNetwork=true
01-02 13:56:23.498 7549 7661 D ConnectivityService: sendStickyBroadcast: action=android.net.conn.CONNECTIVITY_CHANGE
01-02 13:56:23.499 7549 7570 I ActivityManager: Start proc 8002:com.google.android.googlequicksearchbox:interactor/u0a27 for service com.google.android.googlequicksearchbox/com.google.android.voiceinteraction.GsaVoiceInteractionService
01-02 13:56:23.501 7549 7661 D ConnectivityService: notifyType PRECHECK for NetworkAgentInfo [Ethernet () - 100]
01-02 13:56:23.501 7549 7661 D ConnectivityService: sending notification for NetworkRequest [ REQUEST id=1, [ Capabilities: INTERNET&NOT_RESTRICTED&TRUSTED&NOT_VPN] ]
01-02 13:56:23.501 7549 7661 D ConnectivityService: sending notification for NetworkRequest [ LISTEN id=3, [] ]
01-02 13:56:23.501 7549 7661 D ConnectivityService: sending notification PRECHECK for NetworkRequest [ LISTEN id=3, [] ]
01-02 13:56:23.501 7549 7661 D ConnectivityService: sending notification for NetworkRequest [ LISTEN id=4, [] ]
01-02 13:56:23.501 7549 7661 D ConnectivityService: sending notification PRECHECK for NetworkRequest [ LISTEN id=4, [] ]
01-02 13:56:23.501 7549 7661 D ConnectivityService: NetworkAgent connected
01-02 13:56:23.502 7549 7661 D ConnectivityService: NetworkAgentInfo [Ethernet () - 100] validation passed
01-02 13:56:23.502 7549 7661 D ConnectivityService: rematching NetworkAgentInfo [Ethernet () - 100]
01-02 13:56:23.502 7549 7661 D ConnectivityService: network has: [ Transports: ETHERNET Capabilities: INTERNET&NOT_RESTRICTED&TRUSTED&NOT_VPN&VALIDATED&FOREGROUND LinkUpBandwidth>=100000Kbps LinkDnBandwidth>=100000Kbps]
01-02 13:56:23.502 7549 7661 D ConnectivityService: Network NetworkAgentInfo [Ethernet () - 100] was already satisfying request 1. No change.
01-02 13:56:23.502 7549 7661 D ConnectivityService: notifyType CAP_CHANGED for NetworkAgentInfo [Ethernet () - 100]
01-02 13:56:23.502 7549 7661 D ConnectivityService: sending notification for NetworkRequest [ REQUEST id=1, [ Capabilities: INTERNET&NOT_RESTRICTED&TRUSTED&NOT_VPN] ]
01-02 13:56:23.502 7549 7661 D ConnectivityService: sending notification for NetworkRequest [ LISTEN id=3, [] ]
01-02 13:56:23.502 7549 7661 D ConnectivityService: sending notification CAP_CHANGED for NetworkRequest [ LISTEN id=3, [] ]
01-02 13:56:23.502 7549 7661 D ConnectivityService: sending notification for NetworkRequest [ LISTEN id=4, [] ]
01-02 13:56:23.502 7549 7661 D ConnectivityService: sending notification CAP_CHANGED for NetworkRequest [ LISTEN id=4, [] ]
01-02 13:56:23.503 7549 7661 D ConnectivityService: sending new Min Network Score(70): NetworkRequest [ REQUEST id=1, [ Capabilities: INTERNET&NOT_RESTRICTED&TRUSTED&NOT_VPN] ]
01-02 13:56:23.504 7549 7661 D ConnectivityService: sendStickyBroadcast: action=android.net.conn.INET_CONDITION_ACTION
01-02 13:56:23.507 7549 7570 I ActivityManager: Loading recents for user 0 into memory.
01-02 13:56:23.522 7549 7562 I AccountManagerService: User 0 is unlocked - opening CE database
01-02 13:56:23.536 7549 7570 V ActivityManager: Skipping ContentProviderInfo{name=com.google.android.gms.fileprovider;com.google.android.gms.play-p2p-fileprovider className=com.google.android.gms.common.app.GmsFileProvider}
01-02 13:56:23.536 7549 7570 V ActivityManager: Installing ContentProviderInfo{name=com.google.android.gms.common.appdoctor className=com.google.android.gms.common.appdoctor.AppDoctorProvider}
01-02 13:56:23.537 7549 7570 V ActivityManager: Skipping ContentProviderInfo{name=com.google.android.gms.accountsettings.content className=com.google.android.gms.accountsettings.content.SettingsSearchContentProvider}
01-02 13:56:23.537 7549 7570 V ActivityManager: Installing ContentProviderInfo{name=com.google.android.gms.auth.accountstate className=com.google.android.gms.auth.account.be.accountstate.AccountStateContentProvider}
01-02 13:56:23.537 7549 7570 V ActivityManager: Installing ContentProviderInfo{name=com.google.android.gms.auth.confirm className=com.google.android.gms.auth.account.be.accountstate.CredentialStateContentProvider}
01-02 13:56:23.537 7549 7570 V ActivityManager: Installing ContentProviderInfo{name=com.google.android.gms.auth.accounts className=com.google.android.gms.auth.account.be.legacy.AccountContentProvider}
01-02 13:56:23.538 7549 7570 V ActivityManager: Skipping ContentProviderInfo{name=com.google.android.gms.chromesync className=com.google.android.gms.chromesync.sync.SyncContentProvider}
01-02 13:56:23.538 7549 7570 V ActivityManager: Skipping ContentProviderInfo{name=com.google.android.gms.download className=com.google.android.gms.common.download.provider.DownloadsProvider}
01-02 13:56:23.538 7549 7570 V ActivityManager: Skipping ContentProviderInfo{name=com.google.android.gms.common.stats.net.contentprovider className=com.google.android.gms.common.stats.net.contentprovider.NetworkUsageContentProvider}
01-02 13:56:23.538 7549 7570 V ActivityManager: Skipping ContentProviderInfo{name=com.google.android.gms className=com.google.android.gms.app.search.GmsSearchIndexablesProvider}
01-02 13:56:23.538 7549 7570 V ActivityManager: Installing ContentProviderInfo{name=com.google.android.gms.findmydevice className=com.google.android.gms.findmydevice.spot.localstorage.DebugStateProvider}
01-02 13:56:23.538 7549 7570 V ActivityManager: Installing ContentProviderInfo{name=com.google.android.gms.fitness className=com.google.android.gms.fitness.sync.FitnessContentProvider}
01-02 13:56:23.538 7549 7570 V ActivityManager: Installing ContentProviderInfo{name=com.google.android.gms.fonts className=com.google.android.gms.fonts.provider.FontsProvider}
01-02 13:56:23.539 7549 7570 V ActivityManager: Skipping ContentProviderInfo{name=com.google.android.gms.games.background className=com.google.android.gms.games.chimera.GamesContentProviderProxy}
01-02 13:56:23.539 7549 7570 V ActivityManager: Skipping ContentProviderInfo{name=com.google.android.gms.games className=com.google.android.gms.games.provider.NotificationStubContentProvider}
01-02 13:56:23.539 7549 7570 V ActivityManager: Skipping ContentProviderInfo{name=com.google.android.gms.icing.indexapi className=com.google.android.gms.icing.indexapi.IndexApiContentProvider}
01-02 13:56:23.539 7549 7570 V ActivityManager: Skipping ContentProviderInfo{name=com.google.android.gms.icing.proxy.apps className=com.google.android.gms.icing.proxy.AppsContentProvider}
01-02 13:56:23.539 7549 7570 V ActivityManager: Skipping ContentProviderInfo{name=com.google.android.gms.icing.proxy className=com.google.android.gms.icing.proxy.InternalIcingCorporaProvider}
01-02 13:56:23.539 7549 7570 V ActivityManager: Installing ContentProviderInfo{name=com.google.android.gms.instantapps.provider.api className=com.google.android.gms.instantapps.routing.InstantAppsContentProvider}
01-02 13:56:23.539 7549 7570 V ActivityManager: Installing ContentProviderInfo{name=com.google.android.location.reporting className=com.google.android.location.reporting.service.utils.ReportingContentProvider}
01-02 13:56:23.540 7549 7570 V ActivityManager: Installing ContentProviderInfo{name=com.google.android.location.drivingmode.provider className=com.google.android.gms.drivingmode.DrivingModeProvider}
01-02 13:56:23.540 7549 7570 V ActivityManager: Skipping ContentProviderInfo{name=com.google.android.gms.nearby.fastpair className=com.google.android.gms.nearby.discovery.fastpair.slice.FastPairSliceProvider}
01-02 13:56:23.540 7549 7570 V ActivityManager: Skipping ContentProviderInfo{name=com.google.android.gms.nearby.sharing className=com.google.android.gms.nearby.sharing.SharingSliceProvider}
01-02 13:56:23.540 7549 7570 V ActivityManager: Skipping ContentProviderInfo{name=com.google.android.gms.update.phone className=com.google.android.gms.update.OtaSuggestionSummaryProvider}
01-02 13:56:23.540 7549 7570 V ActivityManager: Skipping ContentProviderInfo{name=com.google.android.gms.people className=com.google.android.gms.people.service.PeopleContentProvider}
01-02 13:56:23.540 7549 7570 V ActivityManager: Skipping ContentProviderInfo{name=com.google.android.gms.people.gal.provider className=com.google.android.gms.people.service.galprovider.PeopleGalProvider}
01-02 13:56:23.540 7549 7570 V ActivityManager: Skipping ContentProviderInfo{name=com.google.android.gms.plus;com.google.android.gms.plus.action className=com.google.android.gms.plus.provider.PlusProvider}
01-02 13:56:23.540 7549 7570 V ActivityManager: Skipping ContentProviderInfo{name=com.google.android.gms.reminders className=com.google.android.gms.reminders.provider.RemindersProvider}
01-02 13:56:23.540 7549 7570 V ActivityManager: Installing ContentProviderInfo{name=com.google.android.gms.security.provider className=com.google.android.gms.security.provider.SecurityProvider}
01-02 13:56:23.540 7549 7570 V ActivityManager: Skipping ContentProviderInfo{name=com.google.android.gms.subscribedfeeds className=com.google.android.gms.subscribedfeeds.GmsSubscribedFeedsProvider}
01-02 13:56:23.540 7549 7570 V ActivityManager: Skipping ContentProviderInfo{name=com.google.android.gms.thunderbird.config className=com.google.android.gms.thunderbird.config.EmergencyConfigContentProvider}
01-02 13:56:23.540 7549 7570 V ActivityManager: Skipping ContentProviderInfo{name=com.google.android.gms.wallet className=com.google.android.gms.wallet.setupwizard.PaymentsSetupWizardSuggestionStateProvider}
01-02 13:56:23.541 7549 7570 V ActivityManager: Skipping ContentProviderInfo{name=com.google.android.chimera.router.gms className=com.google.android.gms.chimera.container.router.GmsComponentRouterProvider}
01-02 13:56:23.541 7549 7570 V ActivityManager: Installing ContentProviderInfo{name=com.google.android.chimera.router.persistent className=com.google.android.gms.chimera.container.router.PersistentComponentRouterProvider}
01-02 13:56:23.541 7549 7570 V ActivityManager: Skipping ContentProviderInfo{name=com.google.android.chimera.router.remapping1 className=com.google.android.gms.chimera.container.router.RemappingComponentRouterProvider}
01-02 13:56:23.541 7549 7570 V ActivityManager: Installing ContentProviderInfo{name=com.google.android.gms.lifecycle-process className=androidx.lifecycle.ProcessLifecycleOwnerInitializer}
01-02 13:56:23.542 7549 7570 V ActivityManager: Installing ContentProviderInfo{name=com.google.android.inputmethod.latin.fileprovider className=com.google.android.libraries.inputmethod.fileprovider.CrashResistantFileProvider}
01-02 13:56:23.542 7549 7570 V ActivityManager: Installing ContentProviderInfo{name=com.google.android.inputmethod.latin className=com.google.android.apps.inputmethod.latin.preference.SettingsSearchIndexablesProvider}
01-02 13:56:23.543 7549 7570 V ActivityManager: Installing ContentProviderInfo{name=com.google.android.inputmethod.latin.clipboard_content className=com.google.android.apps.inputmethod.libs.clipboard.ClipboardContentProvider}
01-02 13:56:23.543 7549 7570 V ActivityManager: Installing ContentProviderInfo{name=com.google.android.inputmethod.latin.inputactionprovider className=androidx.core.content.FileProvider}
01-02 13:56:23.543 7549 7570 V ActivityManager: Installing ContentProviderInfo{name=com.google.android.inputmethod.latin.swissarmyknifefileprovider className=com.google.android.apps.inputmethod.libs.swissarmyknife.CrashResistantSwissArmyKnifeFileProvider}
01-02 13:56:23.544 7549 7570 V ActivityManager: Installing ContentProviderInfo{name=com.google.android.inputmethod.latin.wdb className=com.google.android.libraries.inputmethod.webdebugbridge.WebDebugBridgeContentProvider}
01-02 13:56:23.544 7549 7570 D ActivityManager: Sending BOOT_COMPLETE user #0
01-02 13:56:23.548 7549 7589 D Tethering: InitialState got CMD_UPSTREAM_CHANGED
01-02 13:56:23.549 7713 7713 D FallbackHome: User unlocked and real home found; let's go!
01-02 13:56:23.555 7378 7757 I MediaPlayerService: MediaPlayerService::getOMX
01-02 13:56:23.555 7378 7757 I OMXClient: MuxOMX ctor
01-02 13:56:23.555 30005 5346 I OMXMaster: makeComponentInstance(OMX.google.amrwb.encoder) in mediacodec process
01-02 13:56:23.562 7549 7654 D SntpClient: round trip: 9ms, clock offset: -2ms
01-02 13:56:23.576 7549 7718 I ActivityManager: Start proc 8017:com.android.smspush/u0a69 for service com.android.smspush/.WapPushManager
01-02 13:56:23.580 7687 7687 D CarrierSvcBindHelper: Received android.intent.action.USER_UNLOCKED
01-02 13:56:23.600 7549 7772 I ActivityManager: Start proc 8024:com.android.keychain/1000 for service com.android.keychain/.KeyChainService
01-02 13:56:23.601 7549 7561 I ActivityManager: START u0 {act=android.intent.action.MAIN cat=[android.intent.category.HOME] flg=0x10000100 cmp=com.android.launcher3/.Launcher} from uid 0 on display 0
01-02 13:56:23.656 7549 7561 I ActivityManager: Start proc 8038:com.android.launcher3/u0a59 for activity com.android.launcher3/.Launcher
01-02 13:56:23.699 7739 7745 I chatty : uid=10058(com.google.android.inputmethod.latin) Jit thread pool expire 3 lines
01-02 13:56:23.738 7549 7549 W ResourceType: ResTable_typeSpec entry count inconsistent: given 23, previously 37
01-02 13:56:23.739 7549 7549 W ResourceType: ResTable_typeSpec entry count inconsistent: given 817, previously 2120
01-02 13:56:23.739 7549 7549 W ResourceType: ResTable_typeSpec entry count inconsistent: given 1502, previously 1505
01-02 13:56:23.754 7378 7757 I MediaPlayerService: MediaPlayerService::getOMX
01-02 13:56:23.755 7378 7757 I OMXClient: MuxOMX ctor
01-02 13:56:23.755 30005 30280 I OMXMaster: makeComponentInstance(OMX.google.flac.encoder) in mediacodec process
01-02 13:56:23.765 8024 8024 W System : ClassLoader referenced unknown path: /system/app/KeyChain/lib/arm
01-02 13:56:23.774 7739 7960 I chatty : uid=10058(com.google.android.inputmethod.latin) sp-control-1 expire 1 line
01-02 13:56:23.792 8017 8017 W System : ClassLoader referenced unknown path: /system/app/WAPPushManager/lib/arm
01-02 13:56:23.806 7549 7569 I ActivityManager: Start proc 8071:com.android.printspooler/u0a68 for service com.android.printspooler/.model.PrintSpoolerService
01-02 13:56:23.816 8038 8038 W System : ClassLoader referenced unknown path: /system/app/Launcher3/lib/arm
01-02 13:56:23.836 8038 8038 D LauncherProvider: Launcher process started
01-02 13:56:23.859 8038 8038 V Launcher: LauncherAppState inited
01-02 13:56:23.864 8038 8038 I InvariantDeviceProfile: -------------------------------------------------------------
01-02 13:56:23.864 8038 8038 I InvariantDeviceProfile: display metrics widthPixels=1366, heightPixels=720
01-02 13:56:23.864 8038 8038 I InvariantDeviceProfile: display range smallestSize x=768, smallestSize y=696
01-02 13:56:23.864 8038 8038 I InvariantDeviceProfile: display range largestSize x=1366, largestSize y=1294
01-02 13:56:23.864 8038 8038 I InvariantDeviceProfile: display minWidthDps=696.0, minHeightDps=1294.0
01-02 13:56:23.864 8038 8038 I InvariantDeviceProfile: device profile, name = APEXA-AW1560
01-02 13:56:23.864 8038 8038 I InvariantDeviceProfile: -------------------------------------------------------------
01-02 13:56:23.947 7700 7700 W KeyguardUpdateMonitor: invalid subId in handleSimStateChange()
01-02 13:56:23.966 7549 7549 I FusedLocation: engine stopped (com.android.location.fused)
01-02 13:56:24.039 7739 7739 I chatty : uid=10058(com.google.android.inputmethod.latin) expire 6 lines
01-02 13:56:24.089 7378 7757 I MediaPlayerService: MediaPlayerService::getOMX
01-02 13:56:24.089 7378 7757 I OMXClient: MuxOMX ctor
01-02 13:56:24.090 30005 30280 I OMXMaster: makeComponentInstance(OMX.rk.video_decoder.avc) in mediacodec process
01-02 13:56:24.100 8002 8002 I art : Starting a blocking GC AddRemoveAppImageSpace
01-02 13:56:24.181 30005 30280 I ROCKCHIP_LOG: Rockchip_OSAL_SharedMemory_Open(399): ion_client_create...DRM: 6
01-02 13:56:24.188 30005 5346 E ROCKCHIP_VIDEO_DECCONTROL: Rkvpu_OMX_GetExtensionIndex(2032): OMX_IndexParamdescribeColorFormat get
01-02 13:56:24.188 30005 30280 E ROCKCHIP_VIDEO_DECCONTROL: Rkvpu_OMX_GetExtensionIndex(2032): OMX_IndexParamdescribeColorFormat get
01-02 13:56:24.189 30005 5346 E OMXNodeInstance: getExtensionIndex(7535d044:rk._decoder.avc, OMX.google.android.index.configureVideoTunnelMode) ERROR: BadParameter(0x80001005)
01-02 13:56:24.189 30005 30280 W OMXNodeInstance: [7535d044:rk._decoder.avc] component does not support metadata mode; using fallback
01-02 13:56:24.262 7549 7986 D IpManager.eth0: newLp{{InterfaceName: eth0 LinkAddresses: [fe80::106d:5eff:fe45:58c9/64,192.168.10.6/24,] Routes: [fe80::/64 -> :: eth0,192.168.10.0/24 -> 0.0.0.0 eth0,0.0.0.0/0 -> 192.168.10.1 eth0,] DnsAddresses: [168.126.63.1,168.126.63.2,] Domains: null MTU: 0 TcpBufferSizes: 524288,1048576,3145728,524288,1048576,2097152}}
01-02 13:56:24.263 7739 7745 I chatty : uid=10058(com.google.android.inputmethod.latin) Jit thread pool expire 1 line
01-02 13:56:24.274 7378 7757 I MediaPlayerService: MediaPlayerService::getOMX
01-02 13:56:24.275 7378 7757 I OMXClient: MuxOMX ctor
01-02 13:56:24.275 30005 5346 I OMXMaster: makeComponentInstance(OMX.rk.video_decoder.m2v) in mediacodec process
01-02 13:56:24.318 8002 8002 I MultiDex: VM with version 2.1.0 has multidex support
01-02 13:56:24.318 8002 8002 I MultiDex: Installing application
01-02 13:56:24.318 8002 8002 I MultiDex: VM has multidex support, MultiDex support library is disabled.
01-02 13:56:24.334 7739 7739 I chatty : uid=10058(com.google.android.inputmethod.latin) expire 9 lines
01-02 13:56:24.360 30005 5346 I ROCKCHIP_LOG: Rockchip_OSAL_SharedMemory_Open(399): ion_client_create...DRM: 6
01-02 13:56:24.360 30005 5346 E ROCKCHIP_VIDEO_DECCONTROL: Rkvpu_OMX_GetExtensionIndex(2032): OMX_IndexParamdescribeColorFormat get
01-02 13:56:24.361 30005 30280 E ROCKCHIP_VIDEO_DECCONTROL: Rkvpu_OMX_GetExtensionIndex(2032): OMX_IndexParamdescribeColorFormat get
01-02 13:56:24.361 30005 5346 E OMXNodeInstance: getExtensionIndex(7535d045:rk._decoder.m2v, OMX.google.android.index.configureVideoTunnelMode) ERROR: BadParameter(0x80001005)
01-02 13:56:24.362 30005 30280 W OMXNodeInstance: [7535d045:rk._decoder.m2v] component does not support metadata mode; using fallback
01-02 13:56:24.446 7378 7757 I MediaPlayerService: MediaPlayerService::getOMX
01-02 13:56:24.447 7378 7757 I OMXClient: MuxOMX ctor
01-02 13:56:24.447 30005 5346 I OMXMaster: makeComponentInstance(OMX.rk.video_decoder.vp8) in mediacodec process
01-02 13:56:24.530 30005 5346 I ROCKCHIP_LOG: Rockchip_OSAL_SharedMemory_Open(399): ion_client_create...DRM: 6
01-02 13:56:24.531 30005 5346 E ROCKCHIP_VIDEO_DECCONTROL: Rkvpu_OMX_GetExtensionIndex(2032): OMX_IndexParamdescribeColorFormat get
01-02 13:56:24.532 30005 30280 E ROCKCHIP_VIDEO_DECCONTROL: Rkvpu_OMX_GetExtensionIndex(2032): OMX_IndexParamdescribeColorFormat get
01-02 13:56:24.532 30005 5346 E OMXNodeInstance: getExtensionIndex(7535d046:rk._decoder.vp8, OMX.google.android.index.configureVideoTunnelMode) ERROR: BadParameter(0x80001005)
01-02 13:56:24.532 30005 30280 W OMXNodeInstance: [7535d046:rk._decoder.vp8] component does not support metadata mode; using fallback
01-02 13:56:24.559 7549 7857 D AlarmManagerService: Setting time of day to sec=1704178584
01-02 13:56:24.569 7549 7549 D ConditionProviders.SCP: onReceive android.intent.action.TIME_SET
