01-02 13:56:13.119 4810 4853 W InputManager: at com.android.server.ServiceThread.run(ServiceThread.java:46)
01-02 13:56:13.120 4810 5272 E SchedPolicy: set_timerslack_ns prctl failed: Invalid argument
01-02 13:56:13.120 4810 5272 E SchedPolicy: set_timerslack_ns prctl failed: Invalid argument
01-02 13:56:13.120 4810 5272 E SchedPolicy: set_timerslack_ns prctl failed: Invalid argument
01-02 13:56:13.120 4810 4902 E SchedPolicy: set_timerslack_ns prctl failed: Invalid argument
01-02 13:56:13.121 4810 4902 E SchedPolicy: set_timerslack_ns prctl failed: Invalid argument
01-02 13:56:13.123 4810 4853 W InputManager: Could not parse keyboard layout resource from receiver com.google.android.inputmethod.japanese/com.google.android.apps.inputmethod.libs.japanese.keyboard.InputDeviceReceiver
01-02 13:56:13.123 4810 4853 W InputManager: android.content.res.Resources$NotFoundException: Resource ID #0x7f160046
01-02 13:56:13.123 4810 4853 W InputManager: at android.content.res.ResourcesImpl.getValue(ResourcesImpl.java:190)
01-02 13:56:13.123 4810 4853 W InputManager: at android.content.res.Resources.loadXmlResourceParser(Resources.java:2101)
01-02 13:56:13.123 4810 4853 W InputManager: at android.content.res.Resources.getXml(Resources.java:1164)
01-02 13:56:13.123 4810 4853 W InputManager: at com.android.server.input.InputManagerService.visitKeyboardLayoutsInPackage(InputManagerService.java:1189)
01-02 13:56:13.123 4810 4853 W InputManager: at com.android.server.input.InputManagerService.visitAllKeyboardLayouts(InputManagerService.java:1143)
01-02 13:56:13.123 4810 4853 W InputManager: at com.android.server.input.InputManagerService.updateKeyboardLayouts(InputManagerService.java:1021)
01-02 13:56:13.123 4810 4853 W InputManager: at com.android.server.input.InputManagerService.-wrap14(InputManagerService.java)
01-02 13:56:13.123 4810 4853 W InputManager: at com.android.server.input.InputManagerService$2.onReceive(InputManagerService.java:373)
01-02 13:56:13.123 4810 4853 W InputManager: at android.app.LoadedApk$ReceiverDispatcher$Args.run(LoadedApk.java:1122)
01-02 13:56:13.123 4810 4853 W InputManager: at android.os.Handler.handleCallback(Handler.java:758)
01-02 13:56:13.123 4810 4853 W InputManager: at android.os.Handler.dispatchMessage(Handler.java:95)
01-02 13:56:13.123 4810 4853 W InputManager: at android.os.Looper.loop(Looper.java:154)
01-02 13:56:13.123 4810 4853 W InputManager: at android.os.HandlerThread.run(HandlerThread.java:61)
01-02 13:56:13.123 4810 4853 W InputManager: at com.android.server.ServiceThread.run(ServiceThread.java:46)
01-02 13:56:13.125 4810 4902 E SchedPolicy: set_timerslack_ns prctl failed: Invalid argument
01-02 13:56:13.127 4810 4853 W InputManager: Could not parse keyboard layout resource from receiver com.google.android.inputmethod.latin/com.google.android.apps.inputmethod.libs.japanese.keyboard.InputDeviceReceiver
01-02 13:56:13.127 4810 4853 W InputManager: android.content.res.Resources$NotFoundException: Resource ID #0x7f170907
01-02 13:56:13.127 4810 4853 W InputManager: at android.content.res.ResourcesImpl.getValue(ResourcesImpl.java:190)
01-02 13:56:13.127 4810 4853 W InputManager: at android.content.res.Resources.loadXmlResourceParser(Resources.java:2101)
01-02 13:56:13.127 4810 4853 W InputManager: at android.content.res.Resources.getXml(Resources.java:1164)
01-02 13:56:13.127 4810 4853 W InputManager: at com.android.server.input.InputManagerService.visitKeyboardLayoutsInPackage(InputManagerService.java:1189)
01-02 13:56:13.127 4810 4853 W InputManager: at com.android.server.input.InputManagerService.visitAllKeyboardLayouts(InputManagerService.java:1143)
01-02 13:56:13.127 4810 4853 W InputManager: at com.android.server.input.InputManagerService.updateKeyboardLayouts(InputManagerService.java:1021)
01-02 13:56:13.127 4810 4853 W InputManager: at com.android.server.input.InputManagerService.-wrap14(InputManagerService.java)
01-02 13:56:13.127 4810 4853 W InputManager: at com.android.server.input.InputManagerService$2.onReceive(InputManagerService.java:373)
01-02 13:56:13.127 4810 4853 W InputManager: at android.app.LoadedApk$ReceiverDispatcher$Args.run(LoadedApk.java:1122)
01-02 13:56:13.127 4810 4853 W InputManager: at android.os.Handler.handleCallback(Handler.java:758)
01-02 13:56:13.127 4810 4853 W InputManager: at android.os.Handler.dispatchMessage(Handler.java:95)
01-02 13:56:13.127 4810 4853 W InputManager: at android.os.Looper.loop(Looper.java:154)
01-02 13:56:13.127 4810 4853 W InputManager: at android.os.HandlerThread.run(HandlerThread.java:61)
01-02 13:56:13.127 4810 4853 W InputManager: at com.android.server.ServiceThread.run(ServiceThread.java:46)
01-02 13:56:13.132 4810 4976 E SchedPolicy: set_timerslack_ns prctl failed: Invalid argument
01-02 13:56:13.132 4810 4822 E SchedPolicy: set_timerslack_ns prctl failed: Invalid argument
01-02 13:56:13.133 6282 6414 I PlayCommon: [170] amec.j(28): Preparing logs for uploading
01-02 13:56:13.133 4810 7236 E SchedPolicy: set_timerslack_ns prctl failed: Invalid argument
01-02 13:56:13.135 4810 5230 E SchedPolicy: set_timerslack_ns prctl failed: Invalid argument
01-02 13:56:13.135 4810 5272 E SchedPolicy: set_timerslack_ns prctl failed: Invalid argument
01-02 13:56:13.136 4810 4976 E SchedPolicy: set_timerslack_ns prctl failed: Invalid argument
01-02 13:56:13.138 4810 7236 E SchedPolicy: set_timerslack_ns prctl failed: Invalid argument
01-02 13:56:13.138 4810 4902 E SchedPolicy: set_timerslack_ns prctl failed: Invalid argument
01-02 13:56:13.140 4810 4822 E SchedPolicy: set_timerslack_ns prctl failed: Invalid argument
01-02 13:56:13.143 4810 4902 E SchedPolicy: set_timerslack_ns prctl failed: Invalid argument
01-02 13:56:13.143 4810 5272 E SchedPolicy: set_timerslack_ns prctl failed: Invalid argument
01-02 13:56:13.143 4810 4902 E SchedPolicy: set_timerslack_ns prctl failed: Invalid argument
01-02 13:56:13.145 4810 4902 E SchedPolicy: set_timerslack_ns prctl failed: Invalid argument
01-02 13:56:13.145 4810 5272 E SchedPolicy: set_timerslack_ns prctl failed: Invalid argument
01-02 13:56:13.146 4810 4902 E SchedPolicy: set_timerslack_ns prctl failed: Invalid argument
01-02 13:56:13.147 4810 4902 E SchedPolicy: set_timerslack_ns prctl failed: Invalid argument
01-02 13:56:13.148 4810 4902 E SchedPolicy: set_timerslack_ns prctl failed: Invalid argument
01-02 13:56:13.150 4810 4902 E SchedPolicy: set_timerslack_ns prctl failed: Invalid argument
01-02 13:56:13.150 4810 4902 E SchedPolicy: set_timerslack_ns prctl failed: Invalid argument
01-02 13:56:13.150 4810 4902 E SchedPolicy: set_timerslack_ns prctl failed: Invalid argument
01-02 13:56:13.150 4810 4902 E SchedPolicy: set_timerslack_ns prctl failed: Invalid argument
01-02 13:56:13.151 5802 5930 E JavaBinder: !!! FAILED BINDER TRANSACTION !!! (parcel size = 4096)
01-02 13:56:13.152 5802 5930 E A : System crashed while updating appWidget (id=3429)
01-02 13:56:13.152 5802 5930 E A : DeadSystemException: The system died; earlier logs will point to the root cause
01-02 13:56:13.153 4810 5272 E SchedPolicy: set_timerslack_ns prctl failed: Invalid argument
01-02 13:56:13.153 4810 5272 E SchedPolicy: set_timerslack_ns prctl failed: Invalid argument
01-02 13:56:13.153 4810 4902 E SchedPolicy: set_timerslack_ns prctl failed: Invalid argument
01-02 13:56:13.153 4810 4902 E SchedPolicy: set_timerslack_ns prctl failed: Invalid argument
01-02 13:56:13.154 4810 4902 E SchedPolicy: set_timerslack_ns prctl failed: Invalid argument
01-02 13:56:13.154 4810 4902 E SchedPolicy: set_timerslack_ns prctl failed: Invalid argument
01-02 13:56:13.154 4810 4902 E SchedPolicy: set_timerslack_ns prctl failed: Invalid argument
01-02 13:56:13.154 4810 4902 E SchedPolicy: set_timerslack_ns prctl failed: Invalid argument
01-02 13:56:13.158 4810 4902 E SchedPolicy: set_timerslack_ns prctl failed: Invalid argument
01-02 13:56:13.158 4810 4902 E SchedPolicy: set_timerslack_ns prctl failed: Invalid argument
01-02 13:56:13.159 4810 4829 I chatty : uid=1000 system_server expire 3 lines
01-02 13:56:13.161 4810 4902 E SchedPolicy: set_timerslack_ns prctl failed: Invalid argument
01-02 13:56:13.161 4810 4902 E SchedPolicy: set_timerslack_ns prctl failed: Invalid argument
01-02 13:56:13.162 4810 4902 E SchedPolicy: set_timerslack_ns prctl failed: Invalid argument
01-02 13:56:13.162 4810 4902 E SchedPolicy: set_timerslack_ns prctl failed: Invalid argument
01-02 13:56:13.163 4810 4810 I chatty : uid=1000 system_server expire 3 lines
01-02 13:56:13.164 4810 4810 W ResourceType: No known package when getting value for resource number 0x7f19007a
01-02 13:56:13.164 4810 4810 W PackageManager: Failure retrieving xml 0x7f19007a in package com.google.android.gms
01-02 13:56:13.164 4810 4810 W PackageManager: android.content.res.Resources$NotFoundException: Resource ID #0x7f19007a
01-02 13:56:13.164 4810 4810 W PackageManager: at android.content.res.ResourcesImpl.getValue(ResourcesImpl.java:190)
01-02 13:56:13.164 4810 4810 W PackageManager: at android.content.res.Resources.loadXmlResourceParser(Resources.java:2101)
01-02 13:56:13.164 4810 4810 W PackageManager: at android.content.res.Resources.getXml(Resources.java:1164)
01-02 13:56:13.164 4810 4810 W PackageManager: at android.app.ApplicationPackageManager.getXml(ApplicationPackageManager.java:1541)
01-02 13:56:13.164 4810 4810 W PackageManager: at android.content.pm.PackageItemInfo.loadXmlMetaData(PackageItemInfo.java:343)
01-02 13:56:13.164 4810 4810 W PackageManager: at android.content.pm.RegisteredServicesCache.parseServiceInfo(RegisteredServicesCache.java:592)
01-02 13:56:13.164 4810 4810 W PackageManager: at android.content.pm.RegisteredServicesCache.generateServicesMap(RegisteredServicesCache.java:435)
01-02 13:56:13.164 4810 4810 W PackageManager: at android.content.pm.RegisteredServicesCache.handlePackageEvent(RegisteredServicesCache.java:200)
01-02 13:56:13.164 4810 4810 W PackageManager: at android.content.pm.RegisteredServicesCache.-wrap0(RegisteredServicesCache.java)
01-02 13:56:13.164 4810 4810 W PackageManager: at android.content.pm.RegisteredServicesCache$1.onReceive(RegisteredServicesCache.java:209)
01-02 13:56:13.164 4810 4810 W PackageManager: at android.app.LoadedApk$ReceiverDispatcher$Args.run(LoadedApk.java:1122)
01-02 13:56:13.164 4810 4810 W PackageManager: at android.os.Handler.handleCallback(Handler.java:758)
01-02 13:56:13.164 4810 4810 W PackageManager: at android.os.Handler.dispatchMessage(Handler.java:95)
01-02 13:56:13.164 4810 4810 W PackageManager: at android.os.Looper.loop(Looper.java:154)
01-02 13:56:13.164 4810 4810 W PackageManager: at com.android.server.SystemServer.run(SystemServer.java:361)
01-02 13:56:13.164 4810 4810 W PackageManager: at com.android.server.SystemServer.main(SystemServer.java:228)
01-02 13:56:13.164 4810 4810 W PackageManager: at java.lang.reflect.Method.invoke(Native Method)
01-02 13:56:13.164 4810 4810 W PackageManager: at com.android.internal.os.ZygoteInit$MethodAndArgsCaller.run(ZygoteInit.java:914)
01-02 13:56:13.164 4810 4810 W PackageManager: at com.android.internal.os.ZygoteInit.main(ZygoteInit.java:804)
01-02 13:56:13.164 4810 4810 W PackageManager: Unable to load service info ResolveInfo{e239eba com.google.android.gms/.reminders.sync.RemindersSyncService m=0x108000}
01-02 13:56:13.164 4810 4810 W PackageManager: org.xmlpull.v1.XmlPullParserException: No android.content.SyncAdapter meta-data
01-02 13:56:13.164 4810 4810 W PackageManager: at android.content.pm.RegisteredServicesCache.parseServiceInfo(RegisteredServicesCache.java:594)
01-02 13:56:13.164 4810 4810 W PackageManager: at android.content.pm.RegisteredServicesCache.generateServicesMap(RegisteredServicesCache.java:435)
01-02 13:56:13.164 4810 4810 W PackageManager: at android.content.pm.RegisteredServicesCache.handlePackageEvent(RegisteredServicesCache.java:200)
01-02 13:56:13.164 4810 4810 W PackageManager: at android.content.pm.RegisteredServicesCache.-wrap0(RegisteredServicesCache.java)
01-02 13:56:13.164 4810 4810 W PackageManager: at android.content.pm.RegisteredServicesCache$1.onReceive(RegisteredServicesCache.java:209)
01-02 13:56:13.164 4810 4810 W PackageManager: at android.app.LoadedApk$ReceiverDispatcher$Args.run(LoadedApk.java:1122)
01-02 13:56:13.164 4810 4810 W PackageManager: at android.os.Handler.handleCallback(Handler.java:758)
01-02 13:56:13.164 4810 4810 W PackageManager: at android.os.Handler.dispatchMessage(Handler.java:95)
01-02 13:56:13.164 4810 4810 W PackageManager: at android.os.Looper.loop(Looper.java:154)
01-02 13:56:13.164 4810 4810 W PackageManager: at com.android.server.SystemServer.run(SystemServer.java:361)
01-02 13:56:13.164 4810 4810 W PackageManager: at com.android.server.SystemServer.main(SystemServer.java:228)
01-02 13:56:13.164 4810 4810 W PackageManager: at java.lang.reflect.Method.invoke(Native Method)
01-02 13:56:13.164 4810 4810 W PackageManager: at com.android.internal.os.ZygoteInit$MethodAndArgsCaller.run(ZygoteInit.java:914)
01-02 13:56:13.164 4810 4810 W PackageManager: at com.android.internal.os.ZygoteInit.main(ZygoteInit.java:804)
01-02 13:56:13.164 4810 4810 W ResourceType: No known package when getting value for resource number 0x7f190087
01-02 13:56:13.165 4810 4810 W PackageManager: Failure retrieving xml 0x7f190087 in package com.google.android.gms
01-02 13:56:13.165 4810 4810 W PackageManager: android.content.res.Resources$NotFoundException: Resource ID #0x7f190087
01-02 13:56:13.165 4810 4810 W PackageManager: at android.content.res.ResourcesImpl.getValue(ResourcesImpl.java:190)
01-02 13:56:13.165 4810 4810 W PackageManager: at android.content.res.Resources.loadXmlResourceParser(Resources.java:2101)
01-02 13:56:13.165 4810 4810 W PackageManager: at android.content.res.Resources.getXml(Resources.java:1164)
01-02 13:56:13.165 4810 4810 W PackageManager: at android.app.ApplicationPackageManager.getXml(ApplicationPackageManager.java:1541)
01-02 13:56:13.165 4810 4810 W PackageManager: at android.content.pm.PackageItemInfo.loadXmlMetaData(PackageItemInfo.java:343)
01-02 13:56:13.165 4810 4810 W PackageManager: at android.content.pm.RegisteredServicesCache.parseServiceInfo(RegisteredServicesCache.java:592)
01-02 13:56:13.165 4810 4810 W PackageManager: at android.content.pm.RegisteredServicesCache.generateServicesMap(RegisteredServicesCache.java:435)
01-02 13:56:13.165 4810 4810 W PackageManager: at android.content.pm.RegisteredServicesCache.handlePackageEvent(RegisteredServicesCache.java:200)
01-02 13:56:13.165 4810 4810 W PackageManager: at android.content.pm.RegisteredServicesCache.-wrap0(RegisteredServicesCache.java)
01-02 13:56:13.165 4810 4810 W PackageManager: at android.content.pm.RegisteredServicesCache$1.onReceive(RegisteredServicesCache.java:209)
01-02 13:56:13.165 4810 4810 W PackageManager: at android.app.LoadedApk$ReceiverDispatcher$Args.run(LoadedApk.java:1122)
01-02 13:56:13.165 4810 4810 W PackageManager: at android.os.Handler.handleCallback(Handler.java:758)
01-02 13:56:13.165 4810 4810 W PackageManager: at android.os.Handler.dispatchMessage(Handler.java:95)
01-02 13:56:13.165 4810 4810 W PackageManager: at android.os.Looper.loop(Looper.java:154)
01-02 13:56:13.165 4810 4810 W PackageManager: at com.android.server.SystemServer.run(SystemServer.java:361)
01-02 13:56:13.165 4810 4810 W PackageManager: at com.android.server.SystemServer.main(SystemServer.java:228)
01-02 13:56:13.165 4810 4810 W PackageManager: at java.lang.reflect.Method.invoke(Native Method)
01-02 13:56:13.165 4810 4810 W PackageManager: at com.android.internal.os.ZygoteInit$MethodAndArgsCaller.run(ZygoteInit.java:914)
01-02 13:56:13.165 4810 4810 W PackageManager: at com.android.internal.os.ZygoteInit.main(ZygoteInit.java:804)
01-02 13:56:13.165 4810 4810 W PackageManager: Unable to load service info ResolveInfo{f95f961 com.google.android.gms/.subscribedfeeds.SyncService m=0x108000}
01-02 13:56:13.165 4810 4810 W PackageManager: org.xmlpull.v1.XmlPullParserException: No android.content.SyncAdapter meta-data
01-02 13:56:13.165 4810 4810 W PackageManager: at android.content.pm.RegisteredServicesCache.parseServiceInfo(RegisteredServicesCache.java:594)
01-02 13:56:13.165 4810 4810 W PackageManager: at android.content.pm.RegisteredServicesCache.generateServicesMap(RegisteredServicesCache.java:435)
01-02 13:56:13.165 4810 4810 W PackageManager: at android.content.pm.RegisteredServicesCache.handlePackageEvent(RegisteredServicesCache.java:200)
01-02 13:56:13.165 4810 4810 W PackageManager: at android.content.pm.RegisteredServicesCache.-wrap0(RegisteredServicesCache.java)
01-02 13:56:13.165 4810 4810 W PackageManager: at android.content.pm.RegisteredServicesCache$1.onReceive(RegisteredServicesCache.java:209)
01-02 13:56:13.165 4810 4810 W PackageManager: at android.app.LoadedApk$ReceiverDispatcher$Args.run(LoadedApk.java:1122)
01-02 13:56:13.165 4810 4810 W PackageManager: at android.os.Handler.handleCallback(Handler.java:758)
01-02 13:56:13.165 4810 4810 W PackageManager: at android.os.Handler.dispatchMessage(Handler.java:95)
01-02 13:56:13.165 4810 4810 W PackageManager: at android.os.Looper.loop(Looper.java:154)
01-02 13:56:13.165 4810 4810 W PackageManager: at com.android.server.SystemServer.run(SystemServer.java:361)
01-02 13:56:13.165 4810 4810 W PackageManager: at com.android.server.SystemServer.main(SystemServer.java:228)
01-02 13:56:13.165 4810 4810 W PackageManager: at java.lang.reflect.Method.invoke(Native Method)
01-02 13:56:13.165 4810 4810 W PackageManager: at com.android.internal.os.ZygoteInit$MethodAndArgsCaller.run(ZygoteInit.java:914)
01-02 13:56:13.165 4810 4810 W PackageManager: at com.android.internal.os.ZygoteInit.main(ZygoteInit.java:804)
01-02 13:56:13.165 4810 4810 W ResourceType: No known package when getting value for resource number 0x7f190086
01-02 13:56:13.166 4810 4902 E SchedPolicy: set_timerslack_ns prctl failed: Invalid argument
01-02 13:56:13.166 4810 4810 W PackageManager: Failure retrieving xml 0x7f190086 in package com.google.android.gms
01-02 13:56:13.166 4810 4810 W PackageManager: android.content.res.Resources$NotFoundException: Resource ID #0x7f190086
01-02 13:56:13.166 4810 4810 W PackageManager: at android.content.res.ResourcesImpl.getValue(ResourcesImpl.java:190)
01-02 13:56:13.166 4810 4810 W PackageManager: at android.content.res.Resources.loadXmlResourceParser(Resources.java:2101)
01-02 13:56:13.166 4810 4810 W PackageManager: at android.content.res.Resources.getXml(Resources.java:1164)
01-02 13:56:13.166 4810 4810 W PackageManager: at android.app.ApplicationPackageManager.getXml(ApplicationPackageManager.java:1541)
01-02 13:56:13.166 4810 4810 W PackageManager: at android.content.pm.PackageItemInfo.loadXmlMetaData(PackageItemInfo.java:343)
01-02 13:56:13.166 4810 4810 W PackageManager: at android.content.pm.RegisteredServicesCache.parseServiceInfo(RegisteredServicesCache.java:592)
01-02 13:56:13.166 4810 4810 W PackageManager: at android.content.pm.RegisteredServicesCache.generateServicesMap(RegisteredServicesCache.java:435)
01-02 13:56:13.166 4810 4810 W PackageManager: at android.content.pm.RegisteredServicesCache.handlePackageEvent(RegisteredServicesCache.java:200)
01-02 13:56:13.166 4810 4810 W PackageManager: at android.content.pm.RegisteredServicesCache.-wrap0(RegisteredServicesCache.java)
01-02 13:56:13.166 4810 4810 W PackageManager: at android.content.pm.RegisteredServicesCache$1.onReceive(RegisteredServicesCache.java:209)
01-02 13:56:13.166 4810 4810 W PackageManager: at android.app.LoadedApk$ReceiverDispatcher$Args.run(LoadedApk.java:1122)
01-02 13:56:13.166 4810 4810 W PackageManager: at android.os.Handler.handleCallback(Handler.java:758)
01-02 13:56:13.166 4810 4810 W PackageManager: at android.os.Handler.dispatchMessage(Handler.java:95)
01-02 13:56:13.166 4810 4810 W PackageManager: at android.os.Looper.loop(Looper.java:154)
01-02 13:56:13.166 4810 4810 W PackageManager: at com.android.server.SystemServer.run(SystemServer.java:361)
01-02 13:56:13.166 4810 4810 W PackageManager: at com.android.server.SystemServer.main(SystemServer.java:228)
01-02 13:56:13.166 4810 4810 W PackageManager: at java.lang.reflect.Method.invoke(Native Method)
01-02 13:56:13.166 4810 4810 W PackageManager: at com.android.internal.os.ZygoteInit$MethodAndArgsCaller.run(ZygoteInit.java:914)
01-02 13:56:13.166 4810 4810 W PackageManager: at com.android.internal.os.ZygoteInit.main(ZygoteInit.java:804)
01-02 13:56:13.166 4810 4902 E SchedPolicy: set_timerslack_ns prctl failed: Invalid argument
01-02 13:56:13.166 4810 4810 W PackageManager: Unable to load service info ResolveInfo{38db574 com.google.android.gms/.subscribedfeeds.GmsFeedsSyncService m=0x108000}
01-02 13:56:13.166 4810 4810 W PackageManager: org.xmlpull.v1.XmlPullParserException: No android.content.SyncAdapter meta-data
01-02 13:56:13.166 4810 4810 W PackageManager: at android.content.pm.RegisteredServicesCache.parseServiceInfo(RegisteredServicesCache.java:594)
01-02 13:56:13.166 4810 4810 W PackageManager: at android.content.pm.RegisteredServicesCache.generateServicesMap(RegisteredServicesCache.java:435)
01-02 13:56:13.166 4810 4810 W PackageManager: at android.content.pm.RegisteredServicesCache.handlePackageEvent(RegisteredServicesCache.java:200)
01-02 13:56:13.166 4810 4810 W PackageManager: at android.content.pm.RegisteredServicesCache.-wrap0(RegisteredServicesCache.java)
01-02 13:56:13.166 4810 4810 W PackageManager: at android.content.pm.RegisteredServicesCache$1.onReceive(RegisteredServicesCache.java:209)
01-02 13:56:13.166 4810 4810 W PackageManager: at android.app.LoadedApk$ReceiverDispatcher$Args.run(LoadedApk.java:1122)
01-02 13:56:13.166 4810 4810 W PackageManager: at android.os.Handler.handleCallback(Handler.java:758)
01-02 13:56:13.166 4810 4810 W PackageManager: at android.os.Handler.dispatchMessage(Handler.java:95)
01-02 13:56:13.166 4810 4810 W PackageManager: at android.os.Looper.loop(Looper.java:154)
01-02 13:56:13.166 4810 4810 W PackageManager: at com.android.server.SystemServer.run(SystemServer.java:361)
01-02 13:56:13.166 4810 4810 W PackageManager: at com.android.server.SystemServer.main(SystemServer.java:228)
01-02 13:56:13.166 4810 4810 W PackageManager: at java.lang.reflect.Method.invoke(Native Method)
01-02 13:56:13.166 4810 4810 W PackageManager: at com.android.internal.os.ZygoteInit$MethodAndArgsCaller.run(ZygoteInit.java:914)
01-02 13:56:13.166 4810 4810 W PackageManager: at com.android.internal.os.ZygoteInit.main(ZygoteInit.java:804)
01-02 13:56:13.167 4810 4810 W : Unable to open '/data/app/com.google.android.inputmethod.pinyin-1/base.apk': Too many open files
01-02 13:56:13.167 4810 4810 W zipro : Error opening archive /data/app/com.google.android.inputmethod.pinyin-1/base.apk: I/O Error
01-02 13:56:13.167 4810 4810 D asset : failed to open Zip archive '/data/app/com.google.android.inputmethod.pinyin-1/base.apk'
01-02 13:56:13.167 4810 4902 E SchedPolicy: set_timerslack_ns prctl failed: Invalid argument
01-02 13:56:13.169 4810 5272 E SchedPolicy: set_timerslack_ns prctl failed: Invalid argument
01-02 13:56:13.170 6282 6414 E PlayCommon: [170] amec.l(78): Failed to get auth token: android.accounts.AuthenticatorException: bind failure
01-02 13:56:13.170 4810 4822 E SchedPolicy: set_timerslack_ns prctl failed: Invalid argument
01-02 13:56:13.170 4810 7236 E SchedPolicy: set_timerslack_ns prctl failed: Invalid argument
01-02 13:56:13.171 6282 6414 W PlayCommon: [170] amec.j(239): Deferring log upload because couldn't retrieve auth token
01-02 13:56:13.173 4810 4819 W art : Suspending all threads took: 6.120ms
01-02 13:56:13.174 4810 4976 E SchedPolicy: set_timerslack_ns prctl failed: Invalid argument
01-02 13:56:13.174 4810 4902 E SchedPolicy: set_timerslack_ns prctl failed: Invalid argument
01-02 13:56:13.176 4810 4822 E SchedPolicy: set_timerslack_ns prctl failed: Invalid argument
01-02 13:56:13.176 4810 4976 E SchedPolicy: set_timerslack_ns prctl failed: Invalid argument
01-02 13:56:13.178 4810 4976 E SchedPolicy: set_timerslack_ns prctl failed: Invalid argument
01-02 13:56:13.178 4810 4822 E SchedPolicy: set_timerslack_ns prctl failed: Invalid argument
01-02 13:56:13.178 4810 4976 E SchedPolicy: set_timerslack_ns prctl failed: Invalid argument
01-02 13:56:13.178 4810 4976 E SchedPolicy: set_timerslack_ns prctl failed: Invalid argument
01-02 13:56:13.179 4810 5272 E SchedPolicy: set_timerslack_ns prctl failed: Invalid argument
01-02 13:56:13.180 4810 5272 E SchedPolicy: set_timerslack_ns prctl failed: Invalid argument
01-02 13:56:13.180 4810 7236 E SchedPolicy: set_timerslack_ns prctl failed: Invalid argument
01-02 13:56:13.180 4810 4976 E SchedPolicy: set_timerslack_ns prctl failed: Invalid argument
01-02 13:56:13.181 4810 5272 E SchedPolicy: set_timerslack_ns prctl failed: Invalid argument
01-02 13:56:13.181 4810 4822 E SchedPolicy: set_timerslack_ns prctl failed: Invalid argument
01-02 13:56:13.183 4810 4822 E SchedPolicy: set_timerslack_ns prctl failed: Invalid argument
01-02 13:56:13.183 4810 4822 E SchedPolicy: set_timerslack_ns prctl failed: Invalid argument
01-02 13:56:13.183 4810 4822 E SchedPolicy: set_timerslack_ns prctl failed: Invalid argument
01-02 13:56:13.183 4810 4822 E SchedPolicy: set_timerslack_ns prctl failed: Invalid argument
01-02 13:56:13.185 5802 5930 E JavaBinder: !!! FAILED BINDER TRANSACTION !!! (parcel size = 4096)
01-02 13:56:13.186 5802 5930 E A : System crashed while updating appWidget (id=3425)
01-02 13:56:13.186 5802 5930 E A : DeadSystemException: The system died; earlier logs will point to the root cause
01-02 13:56:13.187 4810 5272 E SchedPolicy: set_timerslack_ns prctl failed: Invalid argument
01-02 13:56:13.187 4810 4822 E SchedPolicy: set_timerslack_ns prctl failed: Invalid argument
01-02 13:56:13.187 4810 4822 E SchedPolicy: set_timerslack_ns prctl failed: Invalid argument
01-02 13:56:13.187 4810 5272 E SchedPolicy: set_timerslack_ns prctl failed: Invalid argument
01-02 13:56:13.187 4810 4822 E SchedPolicy: set_timerslack_ns prctl failed: Invalid argument
01-02 13:56:13.187 4810 4822 E SchedPolicy: set_timerslack_ns prctl failed: Invalid argument
01-02 13:56:13.188 4810 4822 E SchedPolicy: set_timerslack_ns prctl failed: Invalid argument
01-02 13:56:13.188 4810 4822 E SchedPolicy: set_timerslack_ns prctl failed: Invalid argument
01-02 13:56:13.190 4810 4822 E SchedPolicy: set_timerslack_ns prctl failed: Invalid argument
01-02 13:56:13.191 4810 4822 E SchedPolicy: set_timerslack_ns prctl failed: Invalid argument
01-02 13:56:13.191 4810 4822 E SchedPolicy: set_timerslack_ns prctl failed: Invalid argument
01-02 13:56:13.191 4810 4822 E SchedPolicy: set_timerslack_ns prctl failed: Invalid argument
01-02 13:56:13.191 4810 4810 W ResourceType: No known package when getting value for resource number 0x7f080171
01-02 13:56:13.192 4810 4822 E SchedPolicy: set_timerslack_ns prctl failed: Invalid argument
01-02 13:56:13.192 4810 4822 E SchedPolicy: set_timerslack_ns prctl failed: Invalid argument
01-02 13:56:13.192 4810 4810 W PackageManager: Failure retrieving xml 0x7f080171 in package com.google.android.inputmethod.pinyin
01-02 13:56:13.192 4810 4810 W PackageManager: android.content.res.Resources$NotFoundException: Resource ID #0x7f080171
01-02 13:56:13.192 4810 4810 W PackageManager: at android.content.res.ResourcesImpl.getValue(ResourcesImpl.java:190)
01-02 13:56:13.192 4810 4810 W PackageManager: at android.content.res.Resources.loadXmlResourceParser(Resources.java:2101)
01-02 13:56:13.192 4810 4810 W PackageManager: at android.content.res.Resources.getXml(Resources.java:1164)
01-02 13:56:13.192 4810 4810 W PackageManager: at android.app.ApplicationPackageManager.getXml(ApplicationPackageManager.java:1541)
01-02 13:56:13.192 4810 4810 W PackageManager: at android.content.pm.PackageItemInfo.loadXmlMetaData(PackageItemInfo.java:343)
01-02 13:56:13.192 4810 4810 W PackageManager: at android.content.pm.RegisteredServicesCache.parseServiceInfo(RegisteredServicesCache.java:592)
01-02 13:56:13.192 4810 4810 W PackageManager: at android.content.pm.RegisteredServicesCache.generateServicesMap(RegisteredServicesCache.java:435)
01-02 13:56:13.192 4810 4810 W PackageManager: at android.content.pm.RegisteredServicesCache.handlePackageEvent(RegisteredServicesCache.java:200)
01-02 13:56:13.192 4810 4810 W PackageManager: at android.content.pm.RegisteredServicesCache.-wrap0(RegisteredServicesCache.java)
01-02 13:56:13.192 4810 4810 W PackageManager: at android.content.pm.RegisteredServicesCache$1.onReceive(RegisteredServicesCache.java:209)
01-02 13:56:13.192 4810 4810 W PackageManager: at android.app.LoadedApk$ReceiverDispatcher$Args.run(LoadedApk.java:1122)
01-02 13:56:13.192 4810 4810 W PackageManager: at android.os.Handler.handleCallback(Handler.java:758)
01-02 13:56:13.192 4810 4810 W PackageManager: at android.os.Handler.dispatchMessage(Handler.java:95)
01-02 13:56:13.192 4810 4810 W PackageManager: at android.os.Looper.loop(Looper.java:154)
01-02 13:56:13.192 4810 4810 W PackageManager: at com.android.server.SystemServer.run(SystemServer.java:361)
01-02 13:56:13.192 4810 4810 W PackageManager: at com.android.server.SystemServer.main(SystemServer.java:228)
01-02 13:56:13.192 4810 4810 W PackageManager: at java.lang.reflect.Method.invoke(Native Method)
01-02 13:56:13.192 4810 4810 W PackageManager: at com.android.internal.os.ZygoteInit$MethodAndArgsCaller.run(ZygoteInit.java:914)
01-02 13:56:13.192 4810 4810 W PackageManager: at com.android.internal.os.ZygoteInit.main(ZygoteInit.java:804)
01-02 13:56:13.192 4810 4819 I art : Background partial concurrent mark sweep GC freed 52636(4MB) AllocSpace objects, 0(0B) LOS objects, 33% free, 17MB/25MB, paused 7.522ms total 128.700ms
01-02 13:56:13.351 201 201 I lowmemorykiller: ActivityManager disconnected
01-02 13:56:13.351 201 201 I lowmemorykiller: Closing Activity Manager data connection
01-02 13:56:13.353 15294 15294 E : eof
01-02 13:56:13.353 15294 15294 E : failed to read size
01-02 13:56:13.353 15294 15294 I : closing connection
01-02 13:56:13.353 202 202 I ServiceManager: service 'telecom' died
01-02 13:56:13.353 202 202 I ServiceManager: service 'contexthub_service' died
01-02 13:56:13.353 202 202 I ServiceManager: service 'dropbox' died
01-02 13:56:13.353 202 202 I ServiceManager: service 'wallpaper' died
01-02 13:56:13.353 202 202 I ServiceManager: service 'audio' died
01-02 13:56:13.353 202 202 I ServiceManager: service 'DockObserver' died
01-02 13:56:13.353 202 202 I ServiceManager: service 'usb' died
01-02 13:56:13.354 202 202 I ServiceManager: service 'serial' died
01-02 13:56:13.354 202 202 I ServiceManager: service 'hardware_properties' died
01-02 13:56:13.354 202 202 I ServiceManager: service 'jobscheduler' died
01-02 13:56:13.354 202 202 I ServiceManager: service 'soundtrigger' died
01-02 13:56:13.354 202 202 I ServiceManager: service 'backup' died
01-02 13:56:13.354 202 202 I ServiceManager: service 'appwidget' died
01-02 13:56:13.354 202 202 I ServiceManager: service 'voiceinteraction' died
01-02 13:56:13.354 202 202 I ServiceManager: service 'diskstats' died
01-02 13:56:13.354 202 202 I ServiceManager: service 'samplingprofiler' died
01-02 13:56:13.354 202 202 I ServiceManager: service 'network_time_update_service' died
01-02 13:56:13.354 202 202 I ServiceManager: service 'commontime_management' died
01-02 13:56:13.354 202 202 I ServiceManager: service 'dreams' died
01-02 13:56:13.354 202 202 I ServiceManager: service 'assetatlas' died
01-02 13:56:13.354 202 202 I ServiceManager: service 'graphicsstats' died
01-02 13:56:13.354 202 202 I ServiceManager: service 'print' died
01-02 13:56:13.354 202 202 I ServiceManager: service 'restrictions' died
01-02 13:56:13.354 202 202 I ServiceManager: service 'media_session' died
01-02 13:56:13.354 202 202 I ServiceManager: service 'media_router' died
01-02 13:56:13.354 202 202 I ServiceManager: service 'trust' died
01-02 13:56:13.354 202 202 I ServiceManager: service 'drm_device_management' died
01-02 13:56:13.354 202 202 I ServiceManager: service 'shortcut' died
01-02 13:56:13.354 202 202 I ServiceManager: service 'launcherapps' died
01-02 13:56:13.354 202 202 I ServiceManager: service 'media_projection' died
01-02 13:56:13.354 202 202 I ServiceManager: service 'imms' died
01-02 13:56:13.354 202 202 I ServiceManager: service 'bluetooth_manager' died
01-02 13:56:13.354 202 202 I ServiceManager: service 'connectivity_metrics_logger' died
01-02 13:56:13.354 202 202 I ServiceManager: service 'connmetrics' died
01-02 13:56:13.354 202 202 I ServiceManager: service 'netd_listener' died
01-02 13:56:13.354 7214 7294 I chatty : uid=10010 com.google.android.gms.persistent expire 1 line
01-02 13:56:13.354 202 202 I ServiceManager: service 'otadexopt' died
01-02 13:56:13.354 202 202 I ServiceManager: service 'user' died
01-02 13:56:13.354 202 202 I ServiceManager: service 'activity' died
01-02 13:56:13.354 202 202 I ServiceManager: service 'procstats' died
01-02 13:56:13.354 202 202 I ServiceManager: service 'meminfo' died
01-02 13:56:13.354 202 202 I ServiceManager: service 'gfxinfo' died
01-02 13:56:13.354 202 202 I ServiceManager: service 'dbinfo' died
01-02 13:56:13.354 202 202 I ServiceManager: service 'cpuinfo' died
01-02 13:56:13.354 202 202 I ServiceManager: service 'permission' died
01-02 13:56:13.354 202 202 I ServiceManager: service 'processinfo' died
01-02 13:56:13.354 202 202 I ServiceManager: service 'battery' died
01-02 13:56:13.354 202 202 I ServiceManager: service 'usagestats' died
01-02 13:56:13.354 202 202 I ServiceManager: service 'webviewupdate' died
01-02 13:56:13.354 202 202 I ServiceManager: service 'scheduling_policy' died
01-02 13:56:13.354 202 202 I ServiceManager: service 'telephony.registry' died
01-02 13:56:13.354 202 202 I ServiceManager: service 'lock_settings' died
01-02 13:56:13.354 202 202 I ServiceManager: service 'media.camera.proxy' died
01-02 13:56:13.354 202 202 I ServiceManager: service 'account' died
01-02 13:56:13.354 202 202 I ServiceManager: service 'content' died
01-02 13:56:13.354 202 202 I ServiceManager: service 'vibrator' died
01-02 13:56:13.354 202 202 I ServiceManager: service 'consumer_ir' died
01-02 13:56:13.354 202 202 I ServiceManager: service 'alarm' died
01-02 13:56:13.354 202 202 I ServiceManager: service 'window' died
01-02 13:56:13.354 202 202 I ServiceManager: service 'input' died
01-02 13:56:13.354 202 202 I ServiceManager: service 'vrmanager' died
01-02 13:56:13.354 202 202 I ServiceManager: service 'deviceidle' died
01-02 13:56:13.355 202 202 I ServiceManager: service 'device_policy' died
01-02 13:56:13.355 202 202 I ServiceManager: service 'package' died
01-02 13:56:13.355 202 202 I ServiceManager: service 'pinner' died
01-02 13:56:13.355 202 202 I ServiceManager: service 'input_method' died
01-02 13:56:13.355 202 202 I ServiceManager: service 'accessibility' died
01-02 13:56:13.355 202 202 I ServiceManager: service 'mount' died
01-02 13:56:13.355 202 202 I ServiceManager: service 'uimode' died
01-02 13:56:13.355 202 202 I ServiceManager: service 'statusbar' died
01-02 13:56:13.355 4963 5596 W Sensors : sensorservice died [0xa30c30c0]
01-02 13:56:13.355 202 202 I ServiceManager: service 'clipboard' died
01-02 13:56:13.355 202 202 I ServiceManager: service 'network_management' died
01-02 13:56:13.355 202 202 I ServiceManager: service 'textservices' died
01-02 13:56:13.355 202 202 I ServiceManager: service 'network_score' died
01-02 13:56:13.355 202 202 I ServiceManager: service 'netstats' died
01-02 13:56:13.355 202 202 I ServiceManager: service 'netpolicy' died
01-02 13:56:13.355 202 202 I ServiceManager: service 'wifip2p' died
01-02 13:56:13.355 202 202 I ServiceManager: service 'wifi' died
01-02 13:56:13.355 202 202 I ServiceManager: service 'wifiscanner' died
01-02 13:56:13.355 202 202 I ServiceManager: service 'batterystats' died
01-02 13:56:13.355 202 202 I ServiceManager: service 'appops' died
01-02 13:56:13.355 202 202 I ServiceManager: service 'power' died
01-02 13:56:13.355 202 202 I ServiceManager: service 'display' died
01-02 13:56:13.355 202 202 I ServiceManager: service 'rttmanager' died
01-02 13:56:13.355 202 202 I ServiceManager: service 'ethernet' died
01-02 13:56:13.355 202 202 I ServiceManager: service 'connectivity' died
01-02 13:56:13.355 202 202 I ServiceManager: service 'servicediscovery' died
01-02 13:56:13.355 202 202 I ServiceManager: service 'updatelock' died
01-02 13:56:13.355 202 202 I ServiceManager: service 'recovery' died
01-02 13:56:13.355 202 202 I ServiceManager: service 'notification' died
01-02 13:56:13.355 202 202 I ServiceManager: service 'sensorservice' died
01-02 13:56:13.355 202 202 I ServiceManager: service 'devicestoragemonitor' died
01-02 13:56:13.355 202 202 I ServiceManager: service 'barcode' died
01-02 13:56:13.355 202 202 I ServiceManager: service 'location' died
01-02 13:56:13.355 202 202 I ServiceManager: service 'country_detector' died
01-02 13:56:13.355 202 202 I ServiceManager: service 'search' died
01-02 13:56:13.357 4645 5582 W AudioFlinger: power manager service died !!!
01-02 13:56:13.357 4645 5582 W AudioFlinger: power manager service died !!!
01-02 13:56:13.357 4645 5582 W AudioFlinger: power manager service died !!!
01-02 13:56:13.357 5802 5910 W Sensors : sensorservice died [0xa48abc40]
01-02 13:56:13.361 7214 7228 I chatty : uid=10010 com.google.android.gms.persistent expire 2 lines
01-02 13:56:13.367 7214 7292 I chatty : uid=10010 com.google.android.gms.persistent expire 1 line
01-02 13:56:13.399 5802 5802 D AndroidRuntime: Shutting down VM
01-02 13:56:13.410 4641 4641 E Zygote : Exit zygote because system server (4810) has terminated
01-02 13:56:13.425 7339 7339 I chatty : uid=10010(com.google.android.gms) expire 2 lines
01-02 13:56:13.426 5802 5859 E A : Encountered uncaught exception.
01-02 13:56:13.426 5802 5859 E A : DeadSystemException: The system died; earlier logs will point to the root cause
01-02 13:56:13.426 7339 7339 E AndroidRuntime: FATAL EXCEPTION: main
01-02 13:56:13.426 7339 7339 E AndroidRuntime: PID: 7339
01-02 13:56:13.426 7339 7339 E AndroidRuntime: DeadSystemException: The system died; earlier logs will point to the root cause
01-02 13:56:13.427 7339 7339 E AndroidRuntime: Error reporting crash
01-02 13:56:13.427 7339 7339 E AndroidRuntime: java.lang.NullPointerException: Attempt to invoke virtual method 'void android.app.ActivityThread$Profiler.stopProfiling()' on a null object reference
01-02 13:56:13.427 7339 7339 E AndroidRuntime: at android.app.ActivityThread.stopProfiling(ActivityThread.java:4887)
01-02 13:56:13.427 7339 7339 E AndroidRuntime: at com.android.internal.os.RuntimeInit$UncaughtHandler.uncaughtException(RuntimeInit.java:93)
01-02 13:56:13.427 7339 7339 E AndroidRuntime: at java.lang.ThreadGroup.uncaughtException(ThreadGroup.java:1068)
01-02 13:56:13.427 7339 7339 E AndroidRuntime: at java.lang.ThreadGroup.uncaughtException(ThreadGroup.java:1063)
01-02 13:56:13.427 6282 6448 E PlayCommon: [186] amec.g(823): RuntimeException while reading interactive status from PowerManager: java.lang.RuntimeException: android.os.DeadSystemException.
01-02 13:56:13.447 202 202 I ServiceManager: service 'media.camera' died
01-02 13:56:13.464 202 202 I ServiceManager: service 'media.audio_flinger' died
01-02 13:56:13.464 202 202 I ServiceManager: service 'media.audio_policy' died
01-02 13:56:13.464 202 202 I ServiceManager: service 'media.sound_trigger_hw' died
01-02 13:56:13.464 202 202 I ServiceManager: service 'media.radio' died
01-02 13:56:13.464 202 202 I ServiceManager: service 'media.player' died
01-02 13:56:13.464 202 202 I ServiceManager: service 'media.resource_manager' died
01-02 13:56:13.464 202 202 I ServiceManager: service 'netd' died
01-02 13:56:13.545 7376 7376 I Netd : Netd 1.0 starting
01-02 13:56:13.551 7376 7376 D TetherController: Setting IP forward enable = 0
01-02 13:56:13.704 7375 7375 I chatty : uid=1047(cameraserver) /system/bin/cameraserver expire 24 lines
01-02 13:56:13.719 202 202 I ServiceManager: service 'simphonebook' died
01-02 13:56:13.719 202 202 I ServiceManager: service 'iphonesubinfo' died
01-02 13:56:13.719 202 202 I ServiceManager: service 'isms' died
01-02 13:56:13.719 202 202 I ServiceManager: service 'phone' died
01-02 13:56:13.719 202 202 I ServiceManager: service 'carrier_config' died
01-02 13:56:13.719 202 202 I ServiceManager: service 'isub' died
01-02 13:56:13.808 7379 7379 I : sMaxFastTracks = 8
01-02 13:56:13.808 7379 7379 I audioserver: ServiceManager: 0xa8499420
01-02 13:56:13.808 7379 7379 W BatteryNotifier: batterystats service unavailable!
01-02 13:56:13.808 7379 7379 I AudioFlinger: Using default 3000 mSec as standby time.
01-02 13:56:13.809 7379 7379 I AudioPolicyService: AudioPolicyService CSTOR in new mode
01-02 13:56:13.810 7379 7379 I APM::ConfigParsingUtils: loadAudioPolicyConfig() loaded /system/etc/audio_policy.conf
01-02 13:56:13.813 7379 7379 D AudioHardwareTiny: ALSA Audio Version: V1.1.0
01-02 13:56:13.814 7379 7379 D alsa_route: Get route table for sound card0 rockchiprt5640c
01-02 13:56:13.814 7379 7379 D AudioHardwareTiny: read_snd_card_info buf0 = rockchiprt5640c
01-02 13:56:13.814 7379 7379 D AudioHardwareTiny: read_snd_card_info buf1 =
01-02 13:56:13.814 7379 7379 D AudioHardwareTiny: read_snd_card_info buf2 =
01-02 13:56:13.814 7379 7379 I AudioFlinger: loadHwModule() Loaded primary audio interface from Manta audio HW HAL (audio) handle 10
01-02 13:56:13.814 7379 7379 I AudioFlinger: openOutput(), module 10 Device 2, SamplingRate 48000, Format 0x000001, Channels 3, flags 2
01-02 13:56:13.814 7379 7379 D AudioHardwareTiny: audio hal adev_open_output_stream devices = 0x2, flags = 2, samplerate = 48000
01-02 13:56:13.814 7379 7379 D AudioHardwareTiny: out->config.rate = 44100, out->config.channels = 2 out->config.format = 0,out->config.flag = 0
01-02 13:56:13.814 7379 7379 I AudioFlinger: HAL output buffer size 512 frames, normal sink buffer size 1024 frames
01-02 13:56:13.820 7379 7379 I BufferProvider: found effect "Multichannel Downmix To Stereo" from The Android Open Source Project
01-02 13:56:13.820 7379 7379 I AudioFlinger: Using module 10 has the primary audio interface
01-02 13:56:13.820 7379 7379 D AudioHardwareTiny: adev_set_mode: set_mode = 0
01-02 13:56:13.827 7379 7395 I AudioFlinger: AudioFlinger's thread 0xa8003f00 ready to run
01-02 13:56:13.827 7379 7395 W BatteryNotifier: batterystats service unavailable!
01-02 13:56:13.827 7379 7395 W BatteryNotifier: batterystats service unavailable!
01-02 13:56:13.828 7379 7395 W BatteryNotifier: batterystats service unavailable!
01-02 13:56:13.829 7379 7395 D AudioHardwareTiny: out_set_parameters: kvpairs = routing=2
01-02 13:56:13.829 7379 7395 W AudioFlinger: no wake lock to update, system not ready yet
01-02 13:56:13.829 7379 7379 D AudioHardwareTiny: pcm_config->rate:44100,in->requested_rate:48000,in->channel_mask:2
01-02 13:56:13.832 7379 7379 D AudioHardwareTiny: in->mSpeexFrameSize:560
01-02 13:56:13.835 7379 7396 I AudioFlinger: AudioFlinger's thread 0xa7c03f00 ready to run
01-02 13:56:13.836 7379 7379 I bt_a2dp_hw: adev_open: adev_open in A2dp_hw module
01-02 13:56:13.836 7379 7379 I AudioFlinger: loadHwModule() Loaded a2dp audio interface from A2DP Audio HW HAL (audio) handle 18
01-02 13:56:13.859 7379 7379 I AudioFlinger: loadHwModule() Loaded usb audio interface from USB audio HW HAL (audio) handle 26
01-02 13:56:13.860 7379 7379 I r_submix: adev_open(name=audio_hw_if)
01-02 13:56:13.860 7379 7379 I r_submix: adev_init_check()
01-02 13:56:13.860 7379 7379 I AudioFlinger: loadHwModule() Loaded r_submix audio interface from Wifi Display audio HAL (audio) handle 34
01-02 13:56:13.860 7379 7379 D r_submix: adev_open_input_stream(addr=0)
01-02 13:56:13.860 7379 7379 D r_submix: submix_audio_device_create_pipe_l(addr=0, idx=9)
01-02 13:56:13.860 7379 7379 D r_submix: now using address 0 for route 9
01-02 13:56:13.863 7379 7398 I AudioFlinger: AudioFlinger's thread 0xa7b83580 ready to run
01-02 13:56:13.863 7379 7379 D r_submix: adev_close_input_stream()
01-02 13:56:13.863 7379 7379 D r_submix: submix_audio_device_release_pipe_l(idx=9) addr=0
01-02 13:56:13.863 7379 7379 D r_submix: submix_audio_device_destroy_pipe_l(): pipe destroyed
01-02 13:56:13.863 7379 7379 I RadioService: RadioService
01-02 13:56:13.863 7379 7379 I RadioService: onFirstRef
01-02 13:56:13.864 7379 7379 E RadioService: couldn't load radio module radio.primary (No such file or directory)
01-02 13:56:13.864 7379 7379 E SoundTriggerHwService: couldn't load sound trigger module sound_trigger.primary (No such file or directory)
01-02 13:56:14.064 7378 7378 I vpu_api : dlopen vpu lib success
01-02 13:56:14.065 7378 7378 I mediaserver: ServiceManager: 0xacb99480
01-02 13:56:14.065 7378 7378 W BatteryNotifier: batterystats service unavailable!
01-02 13:56:14.238 7374 7374 I vpu_api : dlopen vpu lib success
01-02 13:56:14.244 7374 7374 D AndroidRuntime: >>>>>> START com.android.internal.os.ZygoteInit uid 0 <<<<<<
01-02 13:56:14.251 7374 7374 D AndroidRuntime: CheckJNI is OFF
01-02 13:56:14.252 7374 7374 I art : option[0]=-Xzygote
01-02 13:56:14.252 7374 7374 I art : option[1]=-Xstacktracefile:/data/anr/traces.txt
01-02 13:56:14.252 7374 7374 I art : option[2]=exit
01-02 13:56:14.252 7374 7374 I art : option[3]=vfprintf
01-02 13:56:14.252 7374 7374 I art : option[4]=sensitiveThread
01-02 13:56:14.252 7374 7374 I art : option[5]=-verbose:gc
01-02 13:56:14.252 7374 7374 I art : option[6]=-Xms16m
01-02 13:56:14.252 7374 7374 I art : option[7]=-Xmx512m
01-02 13:56:14.252 7374 7374 I art : option[8]=-XX:HeapGrowthLimit=192m
01-02 13:56:14.252 7374 7374 I art : option[9]=-XX:HeapMinFree=512k
01-02 13:56:14.252 7374 7374 I art : option[10]=-XX:HeapMaxFree=8m
01-02 13:56:14.252 7374 7374 I art : option[11]=-XX:HeapTargetUtilization=0.75
01-02 13:56:14.252 7374 7374 I art : option[12]=-Xusejit:true
01-02 13:56:14.252 7374 7374 I art : option[13]=-Xjitsaveprofilinginfo
01-02 13:56:14.252 7374 7374 I art : option[14]=-agentlib:jdwp=transport=dt_android_adb,suspend=n,server=y
01-02 13:56:14.252 7374 7374 I art : option[15]=-Ximage-compiler-option
01-02 13:56:14.252 7374 7374 I art : option[16]=--runtime-arg
01-02 13:56:14.252 7374 7374 I art : option[17]=-Ximage-compiler-option
01-02 13:56:14.252 7374 7374 I art : option[18]=-Xms64m
01-02 13:56:14.252 7374 7374 I art : option[19]=-Ximage-compiler-option
01-02 13:56:14.252 7374 7374 I art : option[20]=--runtime-arg
01-02 13:56:14.252 7374 7374 I art : option[21]=-Ximage-compiler-option
01-02 13:56:14.252 7374 7374 I art : option[22]=-Xmx64m
01-02 13:56:14.252 7374 7374 I art : option[23]=-Ximage-compiler-option
01-02 13:56:14.252 7374 7374 I art : option[24]=--image-classes=/system/etc/preloaded-classes
01-02 13:56:14.252 7374 7374 I art : option[25]=-Ximage-compiler-option
01-02 13:56:14.252 7374 7374 I art : option[26]=--compiled-classes=/system/etc/compiled-classes
01-02 13:56:14.252 7374 7374 I art : option[27]=-Xcompiler-option
01-02 13:56:14.252 7374 7374 I art : option[28]=--runtime-arg
01-02 13:56:14.252 7374 7374 I art : option[29]=-Xcompiler-option
01-02 13:56:14.252 7374 7374 I art : option[30]=-Xms64m
01-02 13:56:14.252 7374 7374 I art : option[31]=-Xcompiler-option
01-02 13:56:14.252 7374 7374 I art : option[32]=--runtime-arg
01-02 13:56:14.252 7374 7374 I art : option[33]=-Xcompiler-option
01-02 13:56:14.252 7374 7374 I art : option[34]=-Xmx512m
01-02 13:56:14.252 7374 7374 I art : option[35]=-Ximage-compiler-option
01-02 13:56:14.252 7374 7374 I art : option[36]=--instruction-set-variant=cortex-a15
01-02 13:56:14.252 7374 7374 I art : option[37]=-Xcompiler-option
01-02 13:56:14.252 7374 7374 I art : option[38]=--instruction-set-variant=cortex-a15
01-02 13:56:14.253 7374 7374 I art : option[39]=-Ximage-compiler-option
01-02 13:56:14.253 7374 7374 I art : option[40]=--instruction-set-features=default
01-02 13:56:14.253 7374 7374 I art : option[41]=-Xcompiler-option
01-02 13:56:14.253 7374 7374 I art : option[42]=--instruction-set-features=default
01-02 13:56:14.253 7374 7374 I art : option[43]=-Duser.locale=en-US
01-02 13:56:14.253 7374 7374 I art : option[44]=--cpu-abilist=armeabi-v7a,armeabi
01-02 13:56:14.253 7374 7374 I art : option[45]=-Xfingerprint:Android/rk3288/rk3288:7.1/NHG47K/20201109.105440:user/release-keys
01-02 13:56:14.392 7374 7374 D ICU : No timezone override file found: /data/misc/zoneinfo/current/icu/icu_tzdata.dat
01-02 13:56:14.396 7375 7375 D CameraHal: ParserSensorInfo(279): SensorGpioRst(RK30_PIN2_PB5) active(0)
01-02 13:56:14.396 7375 7375 D CameraHal: ParserSensorInfo(261): SensorGpioPwdn(RK30_PIN2_PB7) active(0)
01-02 13:56:14.396 7375 7375 D CameraHal: ParserSensorInfo(291): SensorFacing(front)
01-02 13:56:14.396 7375 7375 D CameraHal: ParserSensorInfo(300): SensorInterface(MIPI)
01-02 13:56:14.396 7375 7375 D CameraHal: ParserSensorInfo(313): SensorMirrorFlip(0)
01-02 13:56:14.396 7375 7375 D CameraHal: ParserSensorInfo(316): SensorOrientation(0)
01-02 13:56:14.396 7375 7375 D CameraHal: ParserSensorInfo(435): SensorFovParemeter fov_h(60.0)(60.000000) fov_v(60.0)(60.000000)
01-02 13:56:14.396 7375 7375 D CameraHal: ParserSensorInfo(438): SensorAWB_Frame_Skip fps(15)
01-02 13:56:14.396 7375 7375 D CameraHal: ParserSensorInfo(397): SensorGpioPwdn(RK30_PIN2_PB7) active(0)
01-02 13:56:14.396 7375 7375 D CameraHal: ParserSensorInfo(405): SensorPhy: MIPI lane: 4 phyindex: 0 fmt: 0x2b
01-02 13:56:14.396 7375 7375 D CameraHal: ParserVCMInfo(450): VCMDrvName(BuiltInSensor)
01-02 13:56:14.396 7375 7375 D CameraHal: ParserVCMInfo(453): VCMName(NC)
01-02 13:56:14.396 7375 7375 D CameraHal: ParserVCMInfo(456): VCMI2cBusNum(3)
01-02 13:56:14.396 7375 7375 D CameraHal: ParserVCMInfo(459): VCMI2cAddrByte(2)
01-02 13:56:14.396 7375 7375 D CameraHal: ParserVCMInfo(462): VCMI2cRate(0)
01-02 13:56:14.396 7375 7375 D CameraHal: ParserVCMInfo(477): VCMVdd(NC) min(0) max(0)
01-02 13:56:14.396 7375 7375 D CameraHal: ParserVCMInfo(471): VCMGpioPower(RK30_PIN7_PA5) active(1)
