01-02 13:56:24.570 7549 7549 D ConditionProviders.SCP: notifyCondition condition://android/schedule?days=6.7&start=23.30&end=10.0&exitAtAlarm=false STATE_FALSE reason=!meetsSchedule
01-02 13:56:24.570 7549 7549 D ConditionProviders.SCP: notifyCondition condition://android/schedule?days=1.2.3.4.5&start=22.0&end=7.0&exitAtAlarm=false STATE_FALSE reason=!meetsSchedule
01-02 13:56:24.570 7549 7549 D ConditionProviders.SCP: Scheduling evaluate for Tue Jan 02 22:00:00 GMT+07:00 2024 (1704207600000), in +8h3m35s430ms, now=Tue Jan 02 13:56:24 GMT+07:00 2024 (1704178584570)
01-02 13:56:24.597 7549 7667 I ActivityManager: Start proc 8123:com.android.providers.calendar/u0a2 for content provider com.android.providers.calendar/.CalendarProvider2
01-02 13:56:24.618 7378 7757 I MediaPlayerService: MediaPlayerService::getOMX
01-02 13:56:24.619 7378 7757 I OMXClient: MuxOMX ctor
01-02 13:56:24.619 30005 5346 I OMXMaster: makeComponentInstance(OMX.rk.video_decoder.h263) in mediacodec process
01-02 13:56:24.623 7859 7870 I chatty : uid=10010(com.google.android.gms) HeapTaskDaemon expire 5 lines
01-02 13:56:24.705 30005 5346 I ROCKCHIP_LOG: Rockchip_OSAL_SharedMemory_Open(399): ion_client_create...DRM: 6
01-02 13:56:24.707 30005 5346 E ROCKCHIP_VIDEO_DECCONTROL: Rkvpu_OMX_GetExtensionIndex(2032): OMX_IndexParamdescribeColorFormat get
01-02 13:56:24.707 30005 30280 E ROCKCHIP_VIDEO_DECCONTROL: Rkvpu_OMX_GetExtensionIndex(2032): OMX_IndexParamdescribeColorFormat get
01-02 13:56:24.708 30005 5346 E OMXNodeInstance: getExtensionIndex(7535d047:rk._decoder.h263, OMX.google.android.index.configureVideoTunnelMode) ERROR: BadParameter(0x80001005)
01-02 13:56:24.708 30005 30280 W OMXNodeInstance: [7535d047:rk._decoder.h263] component does not support metadata mode; using fallback
01-02 13:56:24.714 7739 7996 I chatty : uid=10058(com.google.android.inputmethod.latin) Light-P0-1 expire 2 lines
01-02 13:56:24.773 8123 8123 W System : ClassLoader referenced unknown path: /system/priv-app/CalendarProvider/lib/arm
01-02 13:56:24.793 7378 7757 I MediaPlayerService: MediaPlayerService::getOMX
01-02 13:56:24.793 7378 7757 I OMXClient: MuxOMX ctor
01-02 13:56:24.793 30005 30280 I OMXMaster: makeComponentInstance(OMX.rk.video_decoder.m4v) in mediacodec process
01-02 13:56:24.820 8123 8123 I CalendarProvider2: Created com.android.providers.calendar.CalendarAlarmManager@9e4a399(com.android.providers.calendar.CalendarProvider2@188765e)
01-02 13:56:24.830 7739 7752 I chatty : uid=10058(com.google.android.inputmethod.latin) HeapTaskDaemon expire 1 line
01-02 13:56:24.877 30005 30280 I ROCKCHIP_LOG: Rockchip_OSAL_SharedMemory_Open(399): ion_client_create...DRM: 6
01-02 13:56:24.879 30005 30395 E ROCKCHIP_VIDEO_DECCONTROL: Rkvpu_OMX_GetExtensionIndex(2032): OMX_IndexParamdescribeColorFormat get
01-02 13:56:24.879 30005 5346 E ROCKCHIP_VIDEO_DECCONTROL: Rkvpu_OMX_GetExtensionIndex(2032): OMX_IndexParamdescribeColorFormat get
01-02 13:56:24.880 30005 30395 E OMXNodeInstance: getExtensionIndex(7535d048:rk._decoder.m4v, OMX.google.android.index.configureVideoTunnelMode) ERROR: BadParameter(0x80001005)
01-02 13:56:24.880 30005 5346 W OMXNodeInstance: [7535d048:rk._decoder.m4v] component does not support metadata mode; using fallback
01-02 13:56:24.920 7549 8022 I ActivityManager: Start proc 8146:com.google.android.gms/u0a10 for service com.google.android.gms/.chimera.GmsIntentOperationService
01-02 13:56:24.976 7378 7757 I MediaPlayerService: MediaPlayerService::getOMX
01-02 13:56:24.976 7378 7757 I OMXClient: MuxOMX ctor
01-02 13:56:24.976 30005 30395 I OMXMaster: makeComponentInstance(OMX.rk.video_decoder.hevc) in mediacodec process
01-02 13:56:25.059 30005 30395 I ROCKCHIP_LOG: Rockchip_OSAL_SharedMemory_Open(399): ion_client_create...DRM: 6
01-02 13:56:25.061 30005 30280 E ROCKCHIP_VIDEO_DECCONTROL: Rkvpu_OMX_GetExtensionIndex(2032): OMX_IndexParamdescribeColorFormat get
01-02 13:56:25.062 30005 5346 E ROCKCHIP_VIDEO_DECCONTROL: Rkvpu_OMX_GetExtensionIndex(2032): OMX_IndexParamdescribeColorFormat get
01-02 13:56:25.062 30005 30280 E OMXNodeInstance: getExtensionIndex(7535d049:rk._decoder.hevc, OMX.google.android.index.configureVideoTunnelMode) ERROR: BadParameter(0x80001005)
01-02 13:56:25.062 30005 5346 W OMXNodeInstance: [7535d049:rk._decoder.hevc] component does not support metadata mode; using fallback
01-02 13:56:25.098 7859 8138 I chatty : uid=10010 com.google.android.gms.persistent expire 1 line
01-02 13:56:25.145 7739 7739 I PhenotypeModule: PhenotypeModule.onCreate():170 onCreate()
01-02 13:56:25.146 7378 7757 I MediaPlayerService: MediaPlayerService::getOMX
01-02 13:56:25.146 7378 7757 I OMXClient: MuxOMX ctor
01-02 13:56:25.147 7739 7739 I PhenotypeModule: PhenotypeModule.maybeFetchAndUpdate():215 maybeFetchAndUpdate: start new task to fetch
01-02 13:56:25.147 30005 30280 I OMXMaster: makeComponentInstance(OMX.rk.video_encoder.avc) in mediacodec process
01-02 13:56:25.153 7739 7739 W NotificationCenter: NotificationCenter$ListenerData.notifyOnExecutor():667 Heavy notify work detected on UI thread: |ikb->jqx| takes 32ms
01-02 13:56:25.153 7739 7739 W NotificationCenter: NotificationCenter$ListenerData.notifyOnExecutor():667 Heavy notify work detected on UI thread: |kqx->jqx| takes 428ms
01-02 13:56:25.153 7859 7865 I chatty : uid=10010(com.google.android.gms) Jit thread pool expire 3 lines
01-02 13:56:25.218 7739 7739 W NotificationCenter: NotificationCenter$ListenerData.notifyOnExecutor():667 Heavy notify work detected on UI thread: |jvx->jqx| takes 62ms
01-02 13:56:25.219 7739 7739 W NotificationCenter: NotificationCenter$ListenerData.notifyOnExecutor():667 Heavy notify work detected on UI thread: |kqx->jqx| takes 65ms
01-02 13:56:25.230 30005 30280 I ROCKCHIP_LOG: Rockchip_OSAL_SharedMemory_Open(399): ion_client_create...DRM: 6
01-02 13:56:25.236 7378 7757 W ACodec : [OMX.rk.video_encoder.avc] stopping checking profiles after 32: 8/1
01-02 13:56:25.237 7378 7757 W ACodec : do not know color format 0x7f000789 = 2130708361
01-02 13:56:25.238 30005 30280 E OMXNodeInstance: getConfig(7535d04a:rk._encoder.avc, ConfigAndroidIntraRefresh(0x6f60000a)) ERROR: UnsupportedIndex(0x8000101a)
01-02 13:56:25.259 8146 8146 I chatty : uid=10010(com.google.android.gms) expire 9 lines
01-02 13:56:25.294 7739 7739 I FirebaseApp: Device unlocked: initializing all Firebase APIs for app [DEFAULT]
01-02 13:56:25.331 7378 7757 I MediaPlayerService: MediaPlayerService::getOMX
01-02 13:56:25.331 7378 7757 I OMXClient: MuxOMX ctor
01-02 13:56:25.331 30005 30395 I OMXMaster: makeComponentInstance(OMX.google.h264.decoder) in mediacodec process
01-02 13:56:25.410 7739 7739 W NotificationCenter: NotificationCenter$ListenerData.notifyOnExecutor():667 Heavy notify work detected on UI thread: |hrp->jqv| takes 21ms
01-02 13:56:25.459 7378 7757 W ACodec : [OMX.google.h264.decoder] stopping checking profiles after 32: 2/8000
01-02 13:56:25.460 30005 5346 E OMXNodeInstance: getExtensionIndex(7535d04b:google.h264.decoder, OMX.google.android.index.configureVideoTunnelMode) ERROR: UnsupportedIndex(0x8000101a)
01-02 13:56:25.460 30005 30395 W OMXNodeInstance: [7535d04b:google.h264.decoder] component does not support metadata mode; using fallback
01-02 13:56:25.466 7739 8164 W art : Verification of void ggx.i(gyz) took 100.816ms
01-02 13:56:25.470 7739 7739 I NormalModeController: NormalModeController.getKeyboardBodyViewHolderPaddingBottom():93 currentPrimeKeyboardType:SOFT systemPaddingBottom:-1
01-02 13:56:25.484 7859 7859 I chatty : uid=10010 com.google.android.gms.persistent expire 49 lines
01-02 13:56:25.534 7739 7752 W art : Suspending all threads took: 25.870ms
01-02 13:56:25.583 7549 7549 V BackupManagerService: Connected to transport ComponentInfo{com.google.android.gms/com.google.android.gms.backup.BackupTransportService}
01-02 13:56:25.585 7549 7549 V BackupManagerService: Registering transport com.google.android.gms/.backup.BackupTransportService::com.google.android.gms/.backup.BackupTransportService = com.android.internal.backup.IBackupTransport$Stub$Proxy@9f8cf15
01-02 13:56:25.643 7549 7558 I art : Background sticky concurrent mark sweep GC freed 115430(4MB) AllocSpace objects, 1(20KB) LOS objects, 27% free, 12MB/16MB, paused 2.270ms total 116.440ms
01-02 13:56:25.645 7378 7757 I MediaPlayerService: MediaPlayerService::getOMX
01-02 13:56:25.649 7378 7757 I OMXClient: MuxOMX ctor
01-02 13:56:25.649 30005 5346 I OMXMaster: makeComponentInstance(OMX.google.hevc.decoder) in mediacodec process
01-02 13:56:25.671 7739 8179 W art : Verification of void jlb.j() took 166.884ms
01-02 13:56:25.674 7739 8164 W art : Verification of boolean gih.h(gfq, int) took 172.569ms
01-02 13:56:25.677 7739 8178 W art : Verification of com.google.android.apps.inputmethod.libs.delight5.Delight5Facilitator com.google.android.apps.inputmethod.libs.delight5.Delight5Facilitator.h(android.content.Context) took 171.150ms
01-02 13:56:25.687 7739 7739 I NormalModeController: NormalModeController.getKeyboardBodyViewHolderPaddingBottom():93 currentPrimeKeyboardType:SOFT systemPaddingBottom:-1
01-02 13:56:25.774 30005 5346 E OMXNodeInstance: getExtensionIndex(7535d04c:google.hevc.decoder, OMX.google.android.index.configureVideoTunnelMode) ERROR: UnsupportedIndex(0x8000101a)
01-02 13:56:25.774 30005 30395 W OMXNodeInstance: [7535d04c:google.hevc.decoder] component does not support metadata mode; using fallback
01-02 13:56:25.789 7739 8178 W art : Verification of boolean com.google.android.apps.inputmethod.libs.delight5.Delight5Facilitator.H(java.util.List, onp) took 111.651ms
01-02 13:56:25.863 7739 8164 W art : Verification of java.lang.Object gfa.createFromParcel(android.os.Parcel) took 127.808ms
01-02 13:56:25.956 7378 7757 I MediaPlayerService: MediaPlayerService::getOMX
01-02 13:56:25.969 8146 8199 I chatty : uid=10010(com.google.android.gms) highpool[0] expire 3 lines
01-02 13:56:25.970 7739 8164 W art : Verification of boolean gjz.b(gjy, android.content.ServiceConnection, java.lang.String) took 106.527ms
01-02 13:56:25.971 7378 7757 I OMXClient: MuxOMX ctor
01-02 13:56:25.971 8123 8123 I CalendarProvider2: Sending notification intent: Intent { act=android.intent.action.PROVIDER_CHANGED dat=content://com.android.calendar flg=0x20000000 }
01-02 13:56:25.971 30005 30395 I OMXMaster: makeComponentInstance(OMX.google.vp8.decoder) in mediacodec process
01-02 13:56:25.971 8123 8123 W ContentResolver: Failed to get type for: content://com.android.calendar (Unknown URL content://com.android.calendar)
01-02 13:56:25.976 7739 8178 W art : Verification of ilr com.google.android.apps.inputmethod.libs.delight5.Delight5Facilitator.k(java.util.List, boolean, boolean) took 123.206ms
01-02 13:56:26.077 7739 7745 I art : Do full code cache collection, code=82KB, data=125KB
01-02 13:56:26.095 30005 5346 E OMXNodeInstance: getExtensionIndex(7535d04d:google.vp8.decoder, OMX.google.android.index.configureVideoTunnelMode) ERROR: UnsupportedIndex(0x8000101a)
01-02 13:56:26.095 30005 30395 W OMXNodeInstance: [7535d04d:google.vp8.decoder] component does not support metadata mode; using fallback
01-02 13:56:26.138 7739 7745 I art : Starting a blocking GC JitCodeCache
01-02 13:56:26.138 7739 7745 I art : After code cache collection, code=50KB, data=42KB
01-02 13:56:26.143 8146 8146 I chatty : uid=10010(com.google.android.gms) expire 1 line
01-02 13:56:26.248 7859 7865 I chatty : uid=10010(com.google.android.gms) Jit thread pool expire 1 line
01-02 13:56:26.281 7378 7757 I MediaPlayerService: MediaPlayerService::getOMX
01-02 13:56:26.284 7378 7757 I OMXClient: MuxOMX ctor
01-02 13:56:26.285 30005 30395 I OMXMaster: makeComponentInstance(OMX.google.vp9.decoder) in mediacodec process
01-02 13:56:26.294 7859 7870 I chatty : uid=10010(com.google.android.gms) HeapTaskDaemon expire 2 lines
01-02 13:56:26.302 7859 7865 I chatty : uid=10010(com.google.android.gms) Jit thread pool expire 2 lines
01-02 13:56:26.318 7859 7868 I chatty : uid=10010(com.google.android.gms) FinalizerDaemon expire 1 line
01-02 13:56:26.355 7859 7859 I chatty : uid=10010 com.google.android.gms.persistent expire 3 lines
01-02 13:56:26.392 7739 8178 W art : Verification of boolean com.google.android.keyboard.client.delight5.Decoder.loadLanguageModel(otf) took 108.247ms
01-02 13:56:26.411 30005 30395 E OMXNodeInstance: getExtensionIndex(7535d04e:google.vp9.decoder, OMX.google.android.index.configureVideoTunnelMode) ERROR: UnsupportedIndex(0x8000101a)
01-02 13:56:26.411 30005 5346 W OMXNodeInstance: [7535d04e:google.vp9.decoder] component does not support metadata mode; using fallback
01-02 13:56:26.423 7859 8210 I chatty : uid=10010 com.google.android.gms.persistent expire 2 lines
01-02 13:56:26.506 7859 7859 I chatty : uid=10010 com.google.android.gms.persistent expire 4 lines
01-02 13:56:26.587 7859 8186 I chatty : uid=10010(com.google.android.gms) highpool[3] expire 1 line
01-02 13:56:26.592 7859 7859 I chatty : uid=10010 com.google.android.gms.persistent expire 1 line
01-02 13:56:26.593 7378 7757 I MediaPlayerService: MediaPlayerService::getOMX
01-02 13:56:26.593 7378 7757 I OMXClient: MuxOMX ctor
01-02 13:56:26.593 30005 30395 I OMXMaster: makeComponentInstance(OMX.google.h263.encoder) in mediacodec process
01-02 13:56:26.647 8146 8156 I chatty : uid=10010(com.google.android.gms) HeapTaskDaemon expire 1 line
01-02 13:56:26.697 8146 8226 I chatty : uid=10010(com.google.android.gms) expire 1 line
01-02 13:56:26.716 30005 30395 I SoftMPEG4Encoder: Construct SoftMPEG4Encoder
01-02 13:56:26.718 7378 7757 W ACodec : do not know color format 0x7f000789 = 2130708361
01-02 13:56:26.718 30005 5346 E OMXNodeInstance: getConfig(7535d04f:google.h263.encoder, ConfigAndroidIntraRefresh(0x6f60000a)) ERROR: Undefined(0x80001001)
01-02 13:56:26.719 7739 8179 W art : Verification of com.google.android.gms.feedback.ErrorReport gks.a(android.os.Parcel) took 279.456ms
01-02 13:56:26.739 8146 8232 I chatty : uid=10010(com.google.android.gms) expire 1 line
01-02 13:56:26.788 7859 7870 I chatty : uid=10010(com.google.android.gms) HeapTaskDaemon expire 1 line
01-02 13:56:26.885 8038 8038 W System : ClassLoader referenced unknown path:
01-02 13:56:26.886 8038 8038 D ApplicationLoaders: ignored Vulkan layer search path /data/app/com.google.android.googlequicksearchbox-2/lib/arm:/data/app/com.google.android.googlequicksearchbox-2/base.apk!/lib/armeabi-v7a for namespace 0xaef63090
01-02 13:56:26.900 7378 7757 I MediaPlayerService: MediaPlayerService::getOMX
01-02 13:56:26.903 7378 7757 I OMXClient: MuxOMX ctor
01-02 13:56:26.903 30005 5346 I OMXMaster: makeComponentInstance(OMX.google.mpeg4.encoder) in mediacodec process
01-02 13:56:26.976 7859 8138 I chatty : uid=10010 com.google.android.gms.persistent expire 1 line
01-02 13:56:26.987 7859 7859 I chatty : uid=10010 com.google.android.gms.persistent expire 2 lines
01-02 13:56:26.990 7859 8186 I chatty : uid=10010(com.google.android.gms) highpool[3] expire 1 line
01-02 13:56:26.992 7859 8165 I chatty : uid=10010(com.google.android.gms) GoogleApiHandle expire 1 line
01-02 13:56:27.012 8146 8146 I chatty : uid=10010(com.google.android.gms) expire 2 lines
01-02 13:56:27.026 7859 7859 I chatty : uid=10010 com.google.android.gms.persistent expire 6 lines
01-02 13:56:27.031 30005 5346 I SoftMPEG4Encoder: Construct SoftMPEG4Encoder
01-02 13:56:27.033 7378 7757 W ACodec : do not know color format 0x7f000789 = 2130708361
01-02 13:56:27.033 30005 5346 E OMXNodeInstance: getConfig(7535d050:google.mpeg4.encoder, ConfigAndroidIntraRefresh(0x6f60000a)) ERROR: Undefined(0x80001001)
01-02 13:56:27.043 8038 8088 V GridSizeMigrationTask: Workspace migration completed in 62
01-02 13:56:27.050 8038 8088 D Launcher.Model: loadWorkspace: loading default favorites
01-02 13:56:27.137 7859 8210 I chatty : uid=10010 com.google.android.gms.persistent expire 1 line
01-02 13:56:27.143 8038 8243 I OpenGLRenderer: Initialized EGL, version 1.4
01-02 13:56:27.143 8038 8243 D OpenGLRenderer: Swap behavior 1
01-02 13:56:27.155 8146 8146 I chatty : uid=10010(com.google.android.gms) expire 1 line
01-02 13:56:27.168 7859 8214 I chatty : uid=10010 com.google.android.gms.persistent expire 1 line
01-02 13:56:27.181 203 384 E BufferQueueProducer: [com.android.launcher3/com.android.launcher3.Launcher] connect: already connected (cur=1 req=1)
01-02 13:56:27.226 7859 8122 I chatty : uid=10010 com.google.android.gms.persistent expire 1 line
01-02 13:56:27.244 8146 8156 I chatty : uid=10010(com.google.android.gms) HeapTaskDaemon expire 1 line
01-02 13:56:27.250 7378 7757 I MediaPlayerService: MediaPlayerService::getOMX
01-02 13:56:27.253 7378 7757 I OMXClient: MuxOMX ctor
01-02 13:56:27.253 30005 30395 I OMXMaster: makeComponentInstance(OMX.google.vp8.encoder) in mediacodec process
01-02 13:56:27.261 7549 7657 D WIFI : Registering NetworkFactory
01-02 13:56:27.261 7549 7657 D WIFI_UT : Registering NetworkFactory
01-02 13:56:27.261 7549 7661 D ConnectivityService: Got NetworkFactory Messenger for WIFI
01-02 13:56:27.261 7549 7661 D ConnectivityService: Got NetworkFactory Messenger for WIFI_UT
01-02 13:56:27.261 7549 7661 D ConnectivityService: NetworkFactory connected
01-02 13:56:27.261 7549 7661 D ConnectivityService: NetworkFactory connected
01-02 13:56:27.263 7549 7657 D WIFI : got request NetworkRequest [ REQUEST id=1, [ Capabilities: INTERNET&NOT_RESTRICTED&TRUSTED&NOT_VPN] ] with score 70
01-02 13:56:27.263 7549 7657 D WIFI_UT : got request NetworkRequest [ REQUEST id=1, [ Capabilities: INTERNET&NOT_RESTRICTED&TRUSTED&NOT_VPN] ] with score 70
01-02 13:56:27.267 7859 7859 I chatty : uid=10010 com.google.android.gms.persistent expire 1 line
01-02 13:56:27.268 7859 8186 I chatty : uid=10010(com.google.android.gms) highpool[3] expire 1 line
01-02 13:56:27.278 7549 7549 I ActivityManager: Start proc 8260:com.google.android.marvin.talkback/u0a73 for broadcast com.google.android.marvin.talkback/com.google.android.accessibility.talkback.BootReceiver
01-02 13:56:27.280 7549 7590 I ActivityManager: Displayed com.android.launcher3/.Launcher: +3s676ms
01-02 13:56:27.332 7739 8179 W art : Verification of java.lang.Iterable mij.s(android.net.Uri) took 107.990ms
01-02 13:56:27.355 7700 7700 W ResourceType: ResTable_typeSpec entry count inconsistent: given 88, previously 90
01-02 13:56:27.355 7700 7700 W ResourceType: ResTable_typeSpec entry count inconsistent: given 168, previously 172
01-02 13:56:27.356 7700 7700 W ResourceType: ResTable_typeSpec entry count inconsistent: given 3481, previously 3501
01-02 13:56:27.359 7700 7700 W ResourceType: ResTable_typeSpec entry count inconsistent: given 88, previously 90
01-02 13:56:27.359 7700 7700 W ResourceType: ResTable_typeSpec entry count inconsistent: given 168, previously 172
01-02 13:56:27.359 7700 7700 W ResourceType: ResTable_typeSpec entry count inconsistent: given 3481, previously 3501
01-02 13:56:27.380 8146 8226 I chatty : uid=10010(com.google.android.gms) expire 1 line
01-02 13:56:27.392 7378 7757 W ACodec : do not know color format 0x7f000789 = 2130708361
01-02 13:56:27.392 7859 8138 I chatty : uid=10010 com.google.android.gms.persistent expire 1 line
01-02 13:56:27.392 30005 30395 E OMXNodeInstance: getConfig(7535d051:google.vp8.encoder, ConfigAndroidIntraRefresh(0x6f60000a)) ERROR: Undefined(0x80001001)
01-02 13:56:27.398 8146 8233 I chatty : uid=10010(com.google.android.gms) expire 1 line
01-02 13:56:27.401 7859 8206 I chatty : uid=10010(com.google.android.gms) highpool[5] expire 1 line
01-02 13:56:27.540 8146 8228 I chatty : uid=10010(com.google.android.gms) expire 1 line
01-02 13:56:27.559 8260 8260 I art : Starting a blocking GC AddRemoveAppImageSpace
01-02 13:56:27.587 7739 8179 W art : Verification of void mjv.(android.content.Context, heh, eiu, bcc, androidx.work.impl.WorkDatabase, bdg, java.util.List) took 185.531ms
01-02 13:56:27.607 7378 7757 I MediaPlayerService: MediaPlayerService::getOMX
01-02 13:56:27.607 7378 7757 I OMXClient: MuxOMX ctor
01-02 13:56:27.609 7378 7757 I MediaPlayerService: MediaPlayerService::getOMX
01-02 13:56:27.610 7378 7757 I OMXClient: MuxOMX ctor
01-02 13:56:27.610 7378 7757 W MediaCodecList: unable to open media codecs configuration xml file: /data/misc/media/media_codecs_profiling_results.xml
01-02 13:56:27.611 7378 7758 I MediaPlayerService: MediaPlayerService::getOMX
01-02 13:56:27.611 7378 7758 I OMXClient: MuxOMX ctor
01-02 13:56:27.611 7378 7758 I ACodec : onAllocateComponent:6752 mSoftCodecPref:0 componentName:
01-02 13:56:27.611 7378 7758 I ACodec : onAllocateComponent:6783 mSoftCodecPref:0 componentName:OMX.google.vorbis.decoder
01-02 13:56:27.612 30005 30280 I OMXMaster: makeComponentInstance(OMX.google.vorbis.decoder) in mediacodec process
01-02 13:56:27.612 7378 7733 I MediaPlayerService: MediaPlayerService::getOMX
01-02 13:56:27.613 7549 7788 I OMXClient: MuxOMX ctor
01-02 13:56:27.613 7549 7788 I ACodec : onAllocateComponent:6752 mSoftCodecPref:0 componentName:
01-02 13:56:27.614 7378 7411 I MediaPlayerService: MediaPlayerService::getOMX
01-02 13:56:27.615 7700 7818 I OMXClient: MuxOMX ctor
01-02 13:56:27.615 7700 7818 I ACodec : onAllocateComponent:6752 mSoftCodecPref:0 componentName:
01-02 13:56:27.617 7549 7788 I ACodec : onAllocateComponent:6783 mSoftCodecPref:0 componentName:OMX.google.vorbis.decoder
01-02 13:56:27.617 7700 7818 I ACodec : onAllocateComponent:6783 mSoftCodecPref:0 componentName:OMX.google.vorbis.decoder
01-02 13:56:27.665 7739 8178 I ShortcutsDataManager: ShortcutsDataManager.onContentChanged():72 onContentChanged()
01-02 13:56:27.670 7859 7868 I chatty : uid=10010(com.google.android.gms) FinalizerDaemon expire 8 lines
01-02 13:56:27.673 7859 7870 I chatty : uid=10010(com.google.android.gms) HeapTaskDaemon expire 3 lines
01-02 13:56:27.720 7739 8178 I ContactsDataManager: ContactsDataManager.onContentChanged():158 onContentChanged()
01-02 13:56:27.744 30005 5346 I OMXMaster: makeComponentInstance(OMX.google.vorbis.decoder) in mediacodec process
01-02 13:56:27.776 7859 8206 I chatty : uid=10010(com.google.android.gms) highpool[5] expire 7 lines
01-02 13:56:27.812 7739 8179 W art : Verification of void mjz.() took 126.189ms
01-02 13:56:27.822 7739 8178 W art : Verification of void cwn.v() took 101.730ms
01-02 13:56:27.829 30005 30395 I OMXMaster: makeComponentInstance(OMX.google.vorbis.decoder) in mediacodec process
01-02 13:56:27.829 8146 8232 I chatty : uid=10010(com.google.android.gms) expire 1 line
01-02 13:56:27.835 8146 8154 I chatty : uid=10010(com.google.android.gms) FinalizerDaemon expire 4 lines
01-02 13:56:27.842 7859 7859 I chatty : uid=10010 com.google.android.gms.persistent expire 3 lines
01-02 13:56:27.883 7859 8121 I chatty : uid=10010(com.google.android.gms) lowpool[1] expire 1 line
01-02 13:56:27.918 30005 5346 E OMXNodeInstance: setConfig(7535d052:google.vorbis.decoder, ConfigPriority(0x6f800002)) ERROR: Undefined(0x80001001)
01-02 13:56:27.918 7378 7758 I ACodec : codec does not support config priority (err -2147483648)
01-02 13:56:27.920 7378 7758 I MediaCodec: MediaCodec will operate in async mode
01-02 13:56:27.929 7739 8178 I EmailDataManager: EmailDataManager.onContentChanged():117 onContentChanged()
01-02 13:56:27.947 7378 7756 D AudioTrack: Client defaulted notificationFrames to 11264 for frameCount 22528
01-02 13:56:27.966 7739 7739 I GoogleInputMethodServic: GoogleInputMethodService.setShouldResetInputView():4349 Reset input view at next onStartInput()
01-02 13:56:27.969 7739 7998 I NetworkInfoNotification: NetworkInfoNotification$Listener.onReceive():96 onNetworkAvailable: networkState = CONNECTION_UNKNOWN, isAirplaneModeOn = false
01-02 13:56:28.075 7859 8272 I chatty : uid=10010(com.google.android.gms) NearbyDiscovery expire 10 lines
01-02 13:56:28.088 7739 7739 W NotificationCenter: NotificationCenter$ListenerData.notifyOnExecutor():667 Heavy notify work detected on UI thread: |jmy->jnw| takes 27ms
01-02 13:56:28.128 7549 7768 I MediaCodec: callingProcessName:system_server
01-02 13:56:28.132 7378 7733 I MediaPlayerService: MediaPlayerService::getOMX
01-02 13:56:28.134 7549 8307 I OMXClient: MuxOMX ctor
01-02 13:56:28.134 7549 8307 I ACodec : onAllocateComponent:6752 mSoftCodecPref:0 componentName:
01-02 13:56:28.134 7549 8307 I ACodec : onAllocateComponent:6783 mSoftCodecPref:0 componentName:OMX.google.vorbis.decoder
01-02 13:56:28.135 30005 7952 I OMXMaster: makeComponentInstance(OMX.google.vorbis.decoder) in mediacodec process
01-02 13:56:28.168 8260 8260 I art : Rejecting re-init on previously-failed class java.lang.Class: java.lang.NoClassDefFoundError: Failed resolution of: Landroid/accessibilityservice/FingerprintGestureController$FingerprintGestureCallback;
01-02 13:56:28.168 8260 8260 I art : at void com.google.android.accessibility.talkback.BootReceiver.onReceive(android.content.Context, android.content.Intent) (PG:1)
01-02 13:56:28.168 8260 8260 I art : at void android.app.ActivityThread.handleReceiver(android.app.ActivityThread$ReceiverData) (ActivityThread.java:3045)
01-02 13:56:28.168 8260 8260 I art : at void android.app.ActivityThread.-wrap18(android.app.ActivityThread, android.app.ActivityThread$ReceiverData) (ActivityThread.java:-1)
01-02 13:56:28.168 8260 8260 I art : at void android.app.ActivityThread$H.handleMessage(android.os.Message) (ActivityThread.java:1566)
01-02 13:56:28.168 8260 8260 I art : at void android.os.Handler.dispatchMessage(android.os.Message) (Handler.java:102)
01-02 13:56:28.168 8260 8260 I art : at void android.os.Looper.loop() (Looper.java:154)
01-02 13:56:28.168 8260 8260 I art : at void android.app.ActivityThread.main(java.lang.String[]) (ActivityThread.java:6140)
01-02 13:56:28.168 8260 8260 I art : at java.lang.Object java.lang.reflect.Method.invoke!(java.lang.Object, java.lang.Object[]) (Method.java:-2)
01-02 13:56:28.168 8260 8260 I art : at void com.android.internal.os.ZygoteInit$MethodAndArgsCaller.run() (ZygoteInit.java:914)
01-02 13:56:28.168 8260 8260 I art : at void com.android.internal.os.ZygoteInit.main(java.lang.String[]) (ZygoteInit.java:804)
01-02 13:56:28.168 8260 8260 I art : Caused by: java.lang.ClassNotFoundException: Didn't find class "android.accessibilityservice.FingerprintGestureController$FingerprintGestureCallback" on path: DexPathList[[zip file "/data/app/com.google.android.marvin.talkback-1/base.apk", zip file "/data/app/com.google.android.marvin.talkback-1/split_config.armeabi_v7a.apk"],nativeLibraryDirectories=[/data/app/com.google.android.marvin.talkback-1/lib/arm, /data/app/com.google.android.marvin.talkback-1/base.apk!/lib/armeabi-v7a, /data/app/com.google.android.marvin.talkback-1/split_config.armeabi_v7a.apk!/lib/armeabi-v7a, /system/lib, /vendor/lib]]
01-02 13:56:28.168 8260 8260 I art : at java.lang.Class dalvik.system.BaseDexClassLoader.findClass(java.lang.String) (BaseDexClassLoader.java:56)
01-02 13:56:28.168 8260 8260 I art : at java.lang.Class java.lang.ClassLoader.loadClass(java.lang.String, boolean) (ClassLoader.java:380)
01-02 13:56:28.168 8260 8260 I art : at java.lang.Class java.lang.ClassLoader.loadClass(java.lang.String) (ClassLoader.java:312)
01-02 13:56:28.168 8260 8260 I art : at void com.google.android.accessibility.talkback.BootReceiver.onReceive(android.content.Context, android.content.Intent) (PG:1)
01-02 13:56:28.168 8260 8260 I art : at void android.app.ActivityThread.handleReceiver(android.app.ActivityThread$ReceiverData) (ActivityThread.java:3045)
01-02 13:56:28.168 8260 8260 I art : at void android.app.ActivityThread.-wrap18(android.app.ActivityThread, android.app.ActivityThread$ReceiverData) (ActivityThread.java:-1)
01-02 13:56:28.169 8260 8260 I art : at void android.app.ActivityThread$H.handleMessage(android.os.Message) (ActivityThread.java:1566)
01-02 13:56:28.169 8260 8260 I art : at void android.os.Handler.dispatchMessage(android.os.Message) (Handler.java:102)
01-02 13:56:28.169 8260 8260 I art : at void android.os.Looper.loop() (Looper.java:154)
01-02 13:56:28.169 8260 8260 I art : at void android.app.ActivityThread.main(java.lang.String[]) (ActivityThread.java:6140)
01-02 13:56:28.169 8260 8260 I art : at java.lang.Object java.lang.reflect.Method.invoke!(java.lang.Object, java.lang.Object[]) (Method.java:-2)
01-02 13:56:28.169 8260 8260 I art : at void com.android.internal.os.ZygoteInit$MethodAndArgsCaller.run() (ZygoteInit.java:914)
01-02 13:56:28.169 8260 8260 I art : at void com.android.internal.os.ZygoteInit.main(java.lang.String[]) (ZygoteInit.java:804)
01-02 13:56:28.169 8260 8260 I art :
01-02 13:56:28.179 7379 7395 D AudioHardwareTiny: start_output_stream
01-02 13:56:28.180 7378 7734 D NuPlayerDriver: notifyListener_l(0xacbaac00), (6, 0, 0), loop setting(0, 0)
01-02 13:56:28.180 7379 7395 D alsa_route: route_info->sound_card 0, route_info->devices 0
01-02 13:56:28.181 7379 7395 D alsa_route: route_set_controls() set route 0
01-02 13:56:28.181 7379 7395 E alsa_route: set_controls() Can not get ctl : DAI select
01-02 13:56:28.203 7739 7739 W NotificationCenter: NotificationCenter$ListenerData.notifyOnExecutor():667 Heavy notify work detected on UI thread: |ixb->jqx| takes 236ms
01-02 13:56:28.207 7549 8066 I ActivityManager: Start proc 8310:com.android.deskclock/u0a41 for broadcast com.android.deskclock/.AlarmInitReceiver
01-02 13:56:28.211 7739 7739 W NotificationCenter: NotificationCenter$ListenerData.notifyOnExecutor():667 Heavy notify work detected on UI thread: |hrp->jqv| takes 2800ms
01-02 13:56:28.235 7739 7929 W art : Verification of void evx.run() took 139.696ms
01-02 13:56:28.286 7739 7996 I JapaneseMozcExtension: JapaneseMozcExtension.onCreateServiceInternal():74 onCreateServiceInternal()
01-02 13:56:28.325 8310 8310 W System : ClassLoader referenced unknown path: /system/app/DeskClock/lib/arm
01-02 13:56:28.359 8146 8156 I chatty : uid=10010(com.google.android.gms) HeapTaskDaemon expire 1 line
01-02 13:56:28.387 8310 8310 I AlarmClock: AlarmInitReceiver android.intent.action.LOCKED_BOOT_COMPLETED
01-02 13:56:28.389 7739 7960 I SP : Registering emoticon_content_description.2022081613, url: https://www.gstatic.com/android/keyboard/emoticon_content_desc/202208161305/superpacks_manifest.json, constraints: W:*:*:*, flags: bg, requested: 2022081613, current: 2022081613
01-02 13:56:28.424 8146 8146 I chatty : uid=10010(com.google.android.gms) expire 8 lines
01-02 13:56:28.451 7700 7801 I MediaCodec: callingProcessName:com.android.systemui
01-02 13:56:28.453 7378 7411 I MediaPlayerService: MediaPlayerService::getOMX
01-02 13:56:28.475 7700 8335 I OMXClient: MuxOMX ctor
01-02 13:56:28.475 7700 8335 I ACodec : onAllocateComponent:6752 mSoftCodecPref:0 componentName:
01-02 13:56:28.476 7700 8335 I ACodec : onAllocateComponent:6783 mSoftCodecPref:0 componentName:OMX.google.vorbis.decoder
01-02 13:56:28.476 30005 30280 I OMXMaster: makeComponentInstance(OMX.google.vorbis.decoder) in mediacodec process
01-02 13:56:28.495 7739 8179 W art : Verification of void jma.(jmc) took 157.400ms
01-02 13:56:28.496 7739 7929 W art : Verification of void mzh.() took 168.344ms
01-02 13:56:28.510 7549 7561 W ActivityManager: Unable to start service Intent { act=com.google.android.gms.home.service.START pkg=com.google.android.gms } U=0: not found
01-02 13:56:28.537 7549 7561 W ActivityManager: Unbind failed: could not find connection for android.os.BinderProxy@1f15349
01-02 13:56:28.543 7859 8165 I chatty : uid=10010(com.google.android.gms) GoogleApiHandle expire 1 line
01-02 13:56:28.556 7739 7998 W art : Verification of boolean hqb.a(java.lang.Object) took 213.396ms
01-02 13:56:28.559 7739 7739 W art : Verification of void ijw.() took 213.254ms
01-02 13:56:28.567 7739 8297 W art : Verification of void bmn.aj(android.content.Context, java.lang.String, java.util.Set, mhi) took 259.339ms
01-02 13:56:28.573 7739 7996 W art : Verification of void jft.(android.content.Context) took 238.057ms
01-02 13:56:28.609 7739 7998 I SpeechPackManager: SpeechPackManager.init():175 init()
01-02 13:56:28.609 7739 7998 I SpeechPackManager: SpeechPackManager.registerManifest():467 registerManifest() : https://dl.google.com/android/voice/gboard/terse/superpacks-manifest-20210519.json
01-02 13:56:28.638 8002 8002 W art : Verification of com.google.protobuf.bt com.google.protobuf.gg.h(com.google.protobuf.MessageLite, int) took 113.805ms
01-02 13:56:28.712 7739 7929 I OnDevicePackDownloadMod: OnDevicePackDownloadModule.onCreate():62 onCreate()
01-02 13:56:28.712 7859 8272 I chatty : uid=10010(com.google.android.gms) NearbyDiscovery expire 1 line
01-02 13:56:28.735 7739 7739 I UFCGuarder: UFCGuarder.onCreate():55 onCreate
01-02 13:56:28.736 7739 7739 W NotificationCenter: NotificationCenter$ListenerData.notifyOnExecutor():667 Heavy notify work detected on UI thread: |hrp->jqx| takes 525ms
01-02 13:56:28.737 7739 7739 W NotificationCenter: NotificationCenter$ListenerData.notifyOnExecutor():667 Heavy notify work detected on UI thread: |kqx->jqv| takes 3518ms
01-02 13:56:28.741 8146 8156 I chatty : uid=10010(com.google.android.gms) HeapTaskDaemon expire 2 lines
01-02 13:56:28.742 7739 8221 I JobSchedulerImpl: JobSchedulerImpl.schedule():92 Schedule task: mdd_periodical_task_MDD.CHARGING.PERIODIC.TASK (id=-625184177). Success.
01-02 13:56:28.749 7739 7739 I InputMethodEntryManager: InputMethodEntryManager.startLoadingInputMethodEntrySettings():745 Start loading input method entry settings: [LanguageTagVariantTuple{languageTag=en-US, variant=qwerty}, LanguageTagVariantTuple{languageTag=vi, variant=qwerty}, LanguageTagVariantTuple{languageTag=zz, variant=qwerty}]
01-02 13:56:28.778 8146 8240 I chatty : uid=10010(com.google.android.gms) GoogleApiHandle expire 2 lines
01-02 13:56:28.787 7549 7768 I MediaCodec: callingProcessName:system_server
01-02 13:56:28.804 7378 7411 I MediaPlayerService: MediaPlayerService::getOMX
01-02 13:56:28.805 7549 8344 I OMXClient: MuxOMX ctor
01-02 13:56:28.805 7549 8344 I ACodec : onAllocateComponent:6752 mSoftCodecPref:0 componentName:
01-02 13:56:28.806 7549 8344 I ACodec : onAllocateComponent:6783 mSoftCodecPref:0 componentName:OMX.google.vorbis.decoder
01-02 13:56:28.809 30005 30280 I OMXMaster: makeComponentInstance(OMX.google.vorbis.decoder) in mediacodec process
01-02 13:56:28.823 7739 8221 I JobSchedulerImpl: JobSchedulerImpl.schedule():92 Schedule task: mdd_periodical_task_MDD.MAINTENANCE.PERIODIC.GCM.TASK (id=-1115903610). Success.
01-02 13:56:28.837 7859 8272 I chatty : uid=10010(com.google.android.gms) NearbyDiscovery expire 2 lines
01-02 13:56:28.850 7739 8221 I JobSchedulerImpl: JobSchedulerImpl.schedule():92 Schedule task: mdd_periodical_task_MDD.CELLULAR.CHARGING.PERIODIC.TASK (id=671901099). Success.
01-02 13:56:28.897 7739 7739 I InputMethodEntryManager: InputMethodEntryManager.updateInputMethodEntrySettingsLoadingTask():832 update loading task with resetImplicitlyEnabledEntries is false
01-02 13:56:28.898 7739 7739 W NotificationCenter: NotificationCenter$ListenerData.notifyOnExecutor():667 Heavy notify work detected on UI thread: |ivt->jqv| takes 160ms
01-02 13:56:28.910 7739 8221 I JobSchedulerImpl: JobSchedulerImpl.schedule():92 Schedule task: mdd_periodical_task_MDD.WIFI.CHARGING.PERIODIC.TASK (id=1350725024). Success.
01-02 13:56:28.911 7739 7739 I DeviceModeUtil: DeviceModeUtil.getDeviceMode():140 Get device mode tablet by ui mode:1 and smallestScreenWidthDp:768
01-02 13:56:28.953 7739 7739 W NotificationCenter: NotificationCenter$ListenerData.notifyOnExecutor():667 Heavy notify work detected on UI thread: |jmy->jnw| takes 26ms
01-02 13:56:28.991 8146 8146 I chatty : uid=10010(com.google.android.gms) expire 2 lines
01-02 13:56:28.995 7859 8227 I chatty : uid=10010(com.google.android.gms) GoogleLocationS expire 1 line
01-02 13:56:29.015 7739 7739 I PhenotypeModule: PhenotypeModule$2.onDeviceFormFactorChanged():183 onDeviceFormFactorChanged(): tablet
01-02 13:56:29.029 7739 7996 I AbstractOpenableExtensi: AbstractOpenableExtension.maybeDestroyExistingKeyboardGroupManager():518 Destroy existing keyboard group manager in ewf
01-02 13:56:29.030 7739 7996 I AbstractOpenableExtensi: AbstractOpenableExtension.createKeyboardGroupManagerListenableFuture():126 Create keyboard group manager listenable future in ewf
01-02 13:56:29.039 7739 7998 I KeyboardGroupDefParser: KeyboardGroupDefParser.parseKeyboardGroupDef():83 parseKeyboardGroupDef() 2132214032 -> 0_resource_name_obfuscated : WaitTime = 4 ms : RunTime = 0 ms
01-02 13:56:29.042 7700 7801 I MediaCodec: callingProcessName:com.android.systemui
01-02 13:56:29.046 7378 7411 I MediaPlayerService: MediaPlayerService::getOMX
01-02 13:56:29.050 7700 8351 I OMXClient: MuxOMX ctor
01-02 13:56:29.050 7700 8351 I ACodec : onAllocateComponent:6752 mSoftCodecPref:0 componentName:
01-02 13:56:29.051 7700 8351 I ACodec : onAllocateComponent:6783 mSoftCodecPref:0 componentName:OMX.google.vorbis.decoder
01-02 13:56:29.051 30005 30280 I OMXMaster: makeComponentInstance(OMX.google.vorbis.decoder) in mediacodec process
01-02 13:56:29.054 7859 8222 I chatty : uid=10010 com.google.android.gms.persistent expire 1 line
01-02 13:56:29.077 7739 7996 I DeviceModeUtil: DeviceModeUtil.getDeviceMode():140 Get device mode tablet by ui mode:1 and smallestScreenWidthDp:768
01-02 13:56:29.079 8146 8151 I chatty : uid=10010(com.google.android.gms) Jit thread pool expire 3 lines
01-02 13:56:29.081 7739 7998 I KeyboardGroupDefParser: KeyboardGroupDefParser.parseKeyboardGroupDef():83 parseKeyboardGroupDef() 2132214034 -> 0_resource_name_obfuscated : WaitTime = 3 ms : RunTime = 1 ms
01-02 13:56:29.086 7739 7739 W NotificationCenter: NotificationCenter$ListenerData.notifyOnExecutor():667 Heavy notify work detected on UI thread: |hla->jqx| takes 68ms
01-02 13:56:29.086 7739 7739 I AccessPointsListHolderC: AccessPointsListHolderController.removeAccessPoint():286 The access point one_handed is not added
01-02 13:56:29.087 7739 7739 I AccessPointsListHolderC: AccessPointsListHolderController.removeAccessPoint():286 The access point split is not added
01-02 13:56:29.087 7739 7739 I AccessPointsListHolderC: AccessPointsListHolderController.removeAccessPoint():286 The access point keyboard_resize is not added
01-02 13:56:29.126 7739 7739 W NotificationCenter: NotificationCenter$ListenerData.notifyOnExecutor():667 Heavy notify work detected on UI thread: |hla->jqv| takes 24ms
01-02 13:56:29.129 7739 7739 I InputMethodEntryManager: InputMethodEntryManager$5.onSuccess():851 Success load entries: [LanguageTagVariantTuple{languageTag=en-US, variant=qwerty}, LanguageTagVariantTuple{languageTag=vi, variant=qwerty}, LanguageTagVariantTuple{languageTag=zz, variant=qwerty}], resetImplicitlyEnabledEntries=false
01-02 13:56:29.130 7739 7739 I InputMethodEntryManager: InputMethodEntryManager.changeEnabledInputMethodEntries():1716 Change enabled input method entries, useSystemLanguage=true, old=, new=en-US:qwerty;vi:qwerty
01-02 13:56:29.167 7739 7929 I InputActionMetricsProce: InputActionMetricsProcessor.onAttached():91 Attached to metrics manager.
01-02 13:56:29.170 7739 7739 W InputMethodEntryManager: InputMethodEntryManager.changeCurrentInputMethodEntry():2932 Set current input method entry: source=UNSPECIFIED, entryChanged=true
01-02 13:56:29.177 7739 7998 W InputMethodEntryManager: InputMethodEntryManager.getEnabledMultilingualSecondaryLanguages():2188 getEnabledMultilingualSecondaryLanguages is called before initialized
01-02 13:56:29.207 7739 7739 I GoogleInputMethodServic: GoogleInputMethodService.onStartInput():1889 onStartInput(EditorInfo{EditorInfo{packageName=com.android.launcher3, inputType=0, inputTypeString=NULL, enableLearning=false, autoCorrection=false, autoComplete=false, imeOptions=0, privateImeOptions=null, actionName=UNSPECIFIED, actionLabel=null, initialSelStart=-1, initialSelEnd=-1, initialCapsMode=0, label=null, fieldId=-1, fieldName=null, extras=null, hintText=null, hintLocales=[]}}, false)
01-02 13:56:29.218 7739 7929 I FileRestoreModule: FileRestoreModule.maybePerformRestore():42 There is no restore app version, skip restore
01-02 13:56:29.222 7739 7739 I GoogleInputMethodServic: GoogleInputMethodService.updateDeviceLockedStatus():2097 repeatCheckTimes = 1, locked = false
01-02 13:56:29.228 8002 8047 W art : Suspending all threads took: 10.893ms
01-02 13:56:29.231 8002 8047 I art : Background sticky concurrent mark sweep GC freed 6993(723KB) AllocSpace objects, 0(0B) LOS objects, 11% free, 4MB/5MB, paused 11.304ms total 72.715ms
01-02 13:56:29.245 7739 7929 I JobSchedulerImpl: JobSchedulerImpl.schedule():92 Schedule task: FILE CLEANING (id=1534697245). Success.
01-02 13:56:29.297 7378 7757 I NuPlayerDecoder: [audio] saw output EOS
01-02 13:56:29.340 8002 8008 I art : Do partial code cache collection, code=21KB, data=31KB
01-02 13:56:29.346 7549 7768 I MediaCodec: callingProcessName:system_server
01-02 13:56:29.349 8002 8008 I art : After code cache collection, code=21KB, data=31KB
01-02 13:56:29.349 8002 8008 I art : Increasing code cache capacity to 128KB
01-02 13:56:29.360 7378 7411 I MediaPlayerService: MediaPlayerService::getOMX
01-02 13:56:29.361 7549 8364 I OMXClient: MuxOMX ctor
01-02 13:56:29.361 7549 8364 I ACodec : onAllocateComponent:6752 mSoftCodecPref:0 componentName:
01-02 13:56:29.361 7549 8364 I ACodec : onAllocateComponent:6783 mSoftCodecPref:0 componentName:OMX.google.vorbis.decoder
01-02 13:56:29.362 30005 30299 I OMXMaster: makeComponentInstance(OMX.google.vorbis.decoder) in mediacodec process
01-02 13:56:29.388 7859 7859 I chatty : uid=10010 com.google.android.gms.persistent expire 2 lines
01-02 13:56:29.392 7739 8356 W art : Verification of void ntg.(java.io.InputStream, long) took 149.887ms
01-02 13:56:29.400 7739 7739 I ThemeFlags: ThemeFlags.refreshCachedPhenotypeFlags():217 Default theme may be changed.
01-02 13:56:29.401 7739 7739 I GoogleInputMethodServic: GoogleInputMethodService.setShouldResetInputView():4349 Reset input view at next onStartInput()
01-02 13:56:29.401 7739 7739 I GoogleInputMethodServic: GoogleInputMethodService.onStartInputInternal():1985 Reset input view per cached request.
01-02 13:56:29.401 7739 7739 I GoogleInputMethodServic: GoogleInputMethodService.clearInputMethodServiceData():1526 clearInputMethodServiceData for resetInputView
01-02 13:56:29.428 7859 8227 I chatty : uid=10010(com.google.android.gms) GoogleLocationS expire 1 line
01-02 13:56:29.433 7739 7739 I KeyboardModeManager: KeyboardModeManager.setKeyboardViewHolderProvider():588 setInputView() : supportsOneHandedMode=false
01-02 13:56:29.435 7549 7561 I ActivityManager: Start proc 8366:android.process.media/u0a8 for broadcast com.android.providers.downloads/.DownloadReceiver
01-02 13:56:29.448 8146 8146 I chatty : uid=10010(com.google.android.gms) expire 1 line
01-02 13:56:29.449 7859 7859 I chatty : uid=10010 com.google.android.gms.persistent expire 23 lines
01-02 13:56:29.482 7739 7739 I NormalModeController: NormalModeController.getKeyboardBodyViewHolderPaddingBottom():93 currentPrimeKeyboardType:SOFT systemPaddingBottom:-1
01-02 13:56:29.482 7739 7739 I KeyboardModeManager: KeyboardModeManager.setKeyboardViewHolderProvider():578 setInputView() : entry=null
01-02 13:56:29.516 8366 8366 W System : ClassLoader referenced unknown path: /system/priv-app/DownloadProvider/lib/arm
01-02 13:56:29.530 7859 8227 I chatty : uid=10010(com.google.android.gms) GoogleLocationS expire 1 line
01-02 13:56:29.546 8366 8366 W System : ClassLoader referenced unknown path: /system/priv-app/MediaProvider/lib/arm
01-02 13:56:29.547 8366 8366 D ApplicationLoaders: ignored Vulkan layer search path /system/priv-app/MediaProvider/lib/arm:/system/priv-app/MediaProvider/MediaProvider.apk!/lib/armeabi-v7a:/system/lib:/vendor/lib for namespace 0xaef63090
01-02 13:56:29.550 8146 8232 I chatty : uid=10010(com.google.android.gms) expire 2 lines
01-02 13:56:29.570 7739 7929 W art : Verification of void lxz.uncaughtException(java.lang.Thread, java.lang.Throwable) took 182.637ms
01-02 13:56:29.654 7739 7739 I StyledKeyboardTheme: StyledKeyboardTheme.():109 Pref: [], themeName: [assets:theme_package_metadata_google_blue_light.binarypb], darkMode: [false], cacheKey: [builtin_google_blue_light.binarypb]
01-02 13:56:29.655 7739 7739 I DeviceModeUtil: DeviceModeUtil.getDeviceMode():140 Get device mode tablet by ui mode:1 and smallestScreenWidthDp:768
01-02 13:56:29.665 8146 8226 I chatty : uid=10010(com.google.android.gms) expire 30 lines
01-02 13:56:29.669 7739 7739 I DeviceModeUtil: DeviceModeUtil.getDeviceMode():140 Get device mode tablet by ui mode:1 and smallestScreenWidthDp:768
01-02 13:56:29.709 7739 8179 W art : Verification of void ctp.() took 129.054ms
01-02 13:56:29.718 7739 7739 I DeviceModeUtil: DeviceModeUtil.getDeviceMode():140 Get device mode tablet by ui mode:1 and smallestScreenWidthDp:768
01-02 13:56:29.734 7549 7558 I art : Background partial concurrent mark sweep GC freed 19855(944KB) AllocSpace objects, 3(60KB) LOS objects, 33% free, 11MB/17MB, paused 3.980ms total 208.642ms
01-02 13:56:29.755 7739 7929 I JobSchedulerImpl: JobSchedulerImpl.schedule():92 Schedule task: TRAINING_CACHE_STORAGE_MAINTENANCE_TASK (id=380288759). Success.
01-02 13:56:29.824 7739 7752 W art : Suspending all threads took: 43.109ms
01-02 13:56:29.850 7378 7734 D NuPlayerDriver: notifyListener_l(0xacbaac00), (2, 0, 0), loop setting(0, 0)
01-02 13:56:29.855 7739 7739 I DeviceModeUtil: DeviceModeUtil.getDeviceMode():140 Get device mode tablet by ui mode:1 and smallestScreenWidthDp:768
01-02 13:56:29.855 7739 7739 I KeyboardThemeProvider: KeyboardThemeProvider.applyKeyboardTheme():27 Apply keyboard theme: theme_border_gm3_stylesheet_navredesign_googleblue_materiallight_tablet_keyboard_width_tablet_extra_large_600_builtin_google_blue_light.binarypb_land
01-02 13:56:29.857 7739 7739 I GoogleInputMethodServic: GoogleInputMethodService.onCreateInputView():1793 onCreateInputView()
01-02 13:56:29.867 7549 7768 I MediaCodec: callingProcessName:system_server
01-02 13:56:29.875 7378 7964 I MediaPlayerService: MediaPlayerService::getOMX
01-02 13:56:29.875 7549 8407 I OMXClient: MuxOMX ctor
01-02 13:56:29.875 7549 8407 I ACodec : onAllocateComponent:6752 mSoftCodecPref:0 componentName:
01-02 13:56:29.876 7549 8407 I ACodec : onAllocateComponent:6783 mSoftCodecPref:0 componentName:OMX.google.vorbis.decoder
01-02 13:56:29.877 30005 5346 I OMXMaster: makeComponentInstance(OMX.google.vorbis.decoder) in mediacodec process
01-02 13:56:29.899 7739 7739 I KeyboardHeightUtil: KeyboardHeightUtil.getKeyboardHeightRatio():193 systemKeyboardHeightRatio:1.000000; userKeyboardHeightRatio:1.000000.
01-02 13:56:29.937 7859 8272 I chatty : uid=10010(com.google.android.gms) NearbyDiscovery expire 1 line
01-02 13:56:29.943 7739 8297 I DynamicLanguageModelOpe: DynamicLanguageModelOperation.perform():43 perform() : 20 : cwo : Completed
01-02 13:56:29.945 7739 7929 I UserFeatureCache: UserFeatureCache.onCreate():314 onCreate()
01-02 13:56:29.945 7739 7929 I NativeLibHelper: NativeLibHelper.loadLibrary():162 Loaded native library:integrated_shared_object (result=true)
01-02 13:56:29.951 8002 8047 W art : Suspending all threads took: 24.953ms
01-02 13:56:29.952 7739 8221 I DynamiteModule: Considering local module com.google.android.gms.cronet_dynamite:0 and remote module com.google.android.gms.cronet_dynamite:2411
01-02 13:56:29.952 7739 8221 I DynamiteModule: Selected remote version of com.google.android.gms.cronet_dynamite, version >= 2411
01-02 13:56:29.969 8002 8047 I art : Background sticky concurrent mark sweep GC freed 31253(3MB) AllocSpace objects, 0(0B) LOS objects, 38% free, 4MB/7MB, paused 25.452ms total 58.601ms
01-02 13:56:30.104 8366 8366 D MediaScannerReceiver: action: android.intent.action.MEDIA_MOUNTED path: /storage/emulated/0
01-02 13:56:30.119 7549 8016 I ActivityManager: Start proc 8414:com.psb.android.update.service/1000 for broadcast com.psb.android.update.service/.SystemUpdateReceiver
01-02 13:56:30.192 7739 8221 W System : ClassLoader referenced unknown path:
01-02 13:56:30.193 7739 8221 D ApplicationLoaders: ignored Vulkan layer search path /data/app/com.google.android.gms-1/lib/arm:/data/app/com.google.android.gms-1/base.apk!/lib/armeabi-v7a:/data/app/com.google.android.gms-1/split_config.en.apk!/lib/armeabi-v7a:/data/app/com.google.android.gms-1/split_config.mdpi.apk!/lib/armeabi-v7a for namespace 0xaed8c090
01-02 13:56:30.228 7739 8179 W art : Verification of boolean ekg.a(jkr, java.lang.Object[]) took 106.570ms
01-02 13:56:30.248 7549 7768 I MediaCodec: callingProcessName:system_server
01-02 13:56:30.252 7859 7870 I chatty : uid=10010(com.google.android.gms) HeapTaskDaemon expire 12 lines
01-02 13:56:30.256 8414 8414 D SystemUpdateReceiver: action = android.intent.action.MEDIA_MOUNTED
01-02 13:56:30.261 7859 7868 I chatty : uid=10010(com.google.android.gms) FinalizerDaemon expire 3 lines
01-02 13:56:30.263 7378 7411 I MediaPlayerService: MediaPlayerService::getOMX
01-02 13:56:30.264 7549 8428 I OMXClient: MuxOMX ctor
01-02 13:56:30.264 7549 8428 I ACodec : onAllocateComponent:6752 mSoftCodecPref:0 componentName:
01-02 13:56:30.269 7549 8428 I ACodec : onAllocateComponent:6783 mSoftCodecPref:0 componentName:OMX.google.vorbis.decoder
01-02 13:56:30.269 30005 5346 I OMXMaster: makeComponentInstance(OMX.google.vorbis.decoder) in mediacodec process
01-02 13:56:30.295 7739 7960 I SP : Registering emoticon_content_description.2022081613, url: https://www.gstatic.com/android/keyboard/emoticon_content_desc/202208161305/superpacks_manifest.json, constraints: W:*:*:*, flags: bg, requested: 2022081613, current: 2022081613
01-02 13:56:30.296 7739 8402 I SpeechPackManager: SpeechPackManager.lambda$registerManifest$4():474 registerManifest() : Reusing hash 1327534105
01-02 13:56:30.356 7859 8115 I chatty : uid=10010(com.google.android.gms) highpool[0] expire 3 lines
01-02 13:56:30.371 7739 7960 I SP : Registering emoticon_content_description.2022081613, url: https://www.gstatic.com/android/keyboard/emoticon_content_desc/202208161305/superpacks_manifest.json, constraints: W:*:*:*, flags: bg, requested: 2022081613, current: 2022081613
