01-02 13:57:28.409 9557 9557 D AudioHardwareTiny: read_snd_card_info buf0 = rockchiprt5640c
01-02 13:57:28.409 9557 9557 D AudioHardwareTiny: read_snd_card_info buf1 =
01-02 13:57:28.409 9557 9557 D AudioHardwareTiny: read_snd_card_info buf2 =
01-02 13:57:28.409 9557 9557 I AudioFlinger: loadHwModule() Loaded primary audio interface from Manta audio HW HAL (audio) handle 10
01-02 13:57:28.409 9557 9557 I AudioFlinger: openOutput(), module 10 Device 2, SamplingRate 48000, Format 0x000001, Channels 3, flags 2
01-02 13:57:28.409 9557 9557 D AudioHardwareTiny: audio hal adev_open_output_stream devices = 0x2, flags = 2, samplerate = 48000
01-02 13:57:28.409 9557 9557 D AudioHardwareTiny: out->config.rate = 44100, out->config.channels = 2 out->config.format = 0,out->config.flag = 0
01-02 13:57:28.409 9557 9557 I AudioFlinger: HAL output buffer size 512 frames, normal sink buffer size 1024 frames
01-02 13:57:28.411 9557 9557 I BufferProvider: found effect "Multichannel Downmix To Stereo" from The Android Open Source Project
01-02 13:57:28.412 9557 9557 I AudioFlinger: Using module 10 has the primary audio interface
01-02 13:57:28.412 9557 9557 D AudioHardwareTiny: adev_set_mode: set_mode = 0
01-02 13:57:28.412 9557 9573 I AudioFlinger: AudioFlinger's thread 0xb2e03600 ready to run
01-02 13:57:28.412 9557 9573 W BatteryNotifier: batterystats service unavailable!
01-02 13:57:28.412 9557 9573 W BatteryNotifier: batterystats service unavailable!
01-02 13:57:28.413 9557 9573 W BatteryNotifier: batterystats service unavailable!
01-02 13:57:28.413 9557 9573 D AudioHardwareTiny: out_set_parameters: kvpairs = routing=2
01-02 13:57:28.413 9557 9573 W AudioFlinger: no wake lock to update, system not ready yet
01-02 13:57:28.413 9557 9557 D AudioHardwareTiny: pcm_config->rate:44100,in->requested_rate:48000,in->channel_mask:2
01-02 13:57:28.415 9557 9557 D AudioHardwareTiny: in->mSpeexFrameSize:560
01-02 13:57:28.418 9557 9575 I AudioFlinger: AudioFlinger's thread 0xb2a03180 ready to run
01-02 13:57:28.421 9557 9557 I bt_a2dp_hw: adev_open: adev_open in A2dp_hw module
01-02 13:57:28.421 9557 9557 I AudioFlinger: loadHwModule() Loaded a2dp audio interface from A2DP Audio HW HAL (audio) handle 18
01-02 13:57:28.422 9557 9557 I AudioFlinger: loadHwModule() Loaded usb audio interface from USB audio HW HAL (audio) handle 26
01-02 13:57:28.422 9557 9557 I r_submix: adev_open(name=audio_hw_if)
01-02 13:57:28.422 9557 9557 I r_submix: adev_init_check()
01-02 13:57:28.422 9557 9557 I AudioFlinger: loadHwModule() Loaded r_submix audio interface from Wifi Display audio HAL (audio) handle 34
01-02 13:57:28.422 9557 9557 D r_submix: adev_open_input_stream(addr=0)
01-02 13:57:28.422 9557 9557 D r_submix: submix_audio_device_create_pipe_l(addr=0, idx=9)
01-02 13:57:28.422 9557 9557 D r_submix: now using address 0 for route 9
01-02 13:57:28.424 9557 9576 I AudioFlinger: AudioFlinger's thread 0xb2983bc0 ready to run
01-02 13:57:28.424 9557 9557 D r_submix: adev_close_input_stream()
01-02 13:57:28.424 9557 9557 D r_submix: submix_audio_device_release_pipe_l(idx=9) addr=0
01-02 13:57:28.424 9557 9557 D r_submix: submix_audio_device_destroy_pipe_l(): pipe destroyed
01-02 13:57:28.425 9557 9557 I RadioService: RadioService
01-02 13:57:28.425 9557 9557 I RadioService: onFirstRef
01-02 13:57:28.425 9557 9557 E RadioService: couldn't load radio module radio.primary (No such file or directory)
01-02 13:57:28.426 9557 9557 E SoundTriggerHwService: couldn't load sound trigger module sound_trigger.primary (No such file or directory)
01-02 13:57:28.735 9559 9559 I vpu_api : dlopen vpu lib success
01-02 13:57:28.739 9559 9559 I mediaserver: ServiceManager: 0xa6919480
01-02 13:57:28.739 9559 9559 W BatteryNotifier: batterystats service unavailable!
01-02 13:57:28.961 9556 9556 I vpu_api : dlopen vpu lib success
01-02 13:57:28.968 9558 9558 I vpu_api : dlopen vpu lib success
01-02 13:57:28.969 9556 9556 D AndroidRuntime: >>>>>> START com.android.internal.os.ZygoteInit uid 0 <<<<<<
01-02 13:57:28.974 9556 9556 D AndroidRuntime: CheckJNI is OFF
01-02 13:57:28.975 9556 9556 I art : option[0]=-Xzygote
01-02 13:57:28.975 9556 9556 I art : option[1]=-Xstacktracefile:/data/anr/traces.txt
01-02 13:57:28.975 9556 9556 I art : option[2]=exit
01-02 13:57:28.975 9556 9556 I art : option[3]=vfprintf
01-02 13:57:28.975 9556 9556 I art : option[4]=sensitiveThread
01-02 13:57:28.975 9556 9556 I art : option[5]=-verbose:gc
01-02 13:57:28.975 9556 9556 I art : option[6]=-Xms16m
01-02 13:57:28.975 9556 9556 I art : option[7]=-Xmx512m
01-02 13:57:28.975 9556 9556 I art : option[8]=-XX:HeapGrowthLimit=192m
01-02 13:57:28.975 9556 9556 I art : option[9]=-XX:HeapMinFree=512k
01-02 13:57:28.975 9556 9556 I art : option[10]=-XX:HeapMaxFree=8m
01-02 13:57:28.975 9556 9556 I art : option[11]=-XX:HeapTargetUtilization=0.75
01-02 13:57:28.975 9556 9556 I art : option[12]=-Xusejit:true
01-02 13:57:28.975 9556 9556 I art : option[13]=-Xjitsaveprofilinginfo
01-02 13:57:28.975 9556 9556 I art : option[14]=-agentlib:jdwp=transport=dt_android_adb,suspend=n,server=y
01-02 13:57:28.975 9556 9556 I art : option[15]=-Ximage-compiler-option
01-02 13:57:28.975 9556 9556 I art : option[16]=--runtime-arg
01-02 13:57:28.975 9556 9556 I art : option[17]=-Ximage-compiler-option
01-02 13:57:28.975 9556 9556 I art : option[18]=-Xms64m
01-02 13:57:28.975 9556 9556 I art : option[19]=-Ximage-compiler-option
01-02 13:57:28.975 9556 9556 I art : option[20]=--runtime-arg
01-02 13:57:28.975 9556 9556 I art : option[21]=-Ximage-compiler-option
01-02 13:57:28.975 9556 9556 I art : option[22]=-Xmx64m
01-02 13:57:28.975 9556 9556 I art : option[23]=-Ximage-compiler-option
01-02 13:57:28.975 9556 9556 I art : option[24]=--image-classes=/system/etc/preloaded-classes
01-02 13:57:28.975 9556 9556 I art : option[25]=-Ximage-compiler-option
01-02 13:57:28.975 9556 9556 I art : option[26]=--compiled-classes=/system/etc/compiled-classes
01-02 13:57:28.975 9556 9556 I art : option[27]=-Xcompiler-option
01-02 13:57:28.975 9556 9556 I art : option[28]=--runtime-arg
01-02 13:57:28.975 9556 9556 I art : option[29]=-Xcompiler-option
01-02 13:57:28.975 9556 9556 I art : option[30]=-Xms64m
01-02 13:57:28.975 9556 9556 I art : option[31]=-Xcompiler-option
01-02 13:57:28.975 9556 9556 I art : option[32]=--runtime-arg
01-02 13:57:28.975 9556 9556 I art : option[33]=-Xcompiler-option
01-02 13:57:28.975 9556 9556 I art : option[34]=-Xmx512m
01-02 13:57:28.975 9556 9556 I art : option[35]=-Ximage-compiler-option
01-02 13:57:28.975 9556 9556 I art : option[36]=--instruction-set-variant=cortex-a15
01-02 13:57:28.976 9556 9556 I art : option[37]=-Xcompiler-option
01-02 13:57:28.976 9556 9556 I art : option[38]=--instruction-set-variant=cortex-a15
01-02 13:57:28.976 9556 9556 I art : option[39]=-Ximage-compiler-option
01-02 13:57:28.976 9556 9556 I art : option[40]=--instruction-set-features=default
01-02 13:57:28.976 9556 9556 I art : option[41]=-Xcompiler-option
01-02 13:57:28.976 9556 9556 I art : option[42]=--instruction-set-features=default
01-02 13:57:28.976 9556 9556 I art : option[43]=-Duser.locale=en-US
01-02 13:57:28.976 9556 9556 I art : option[44]=--cpu-abilist=armeabi-v7a,armeabi
01-02 13:57:28.976 9556 9556 I art : option[45]=-Xfingerprint:Android/rk3288/rk3288:7.1/NHG47K/20201109.105440:user/release-keys
01-02 13:57:28.980 9558 9558 D CameraHal: createInstance(1035): open xml file(/etc/cam_board.xml) success
01-02 13:57:28.980 9558 9558 E CameraHal: cam_board.xml version(v0x0.0x0.0x0) != xml parser version(v0x0.0xf.0x0)
01-02 13:57:28.980 9558 9558 D CameraHal:
01-02 13:57:28.980 9558 9558 D CameraHal:
01-02 13:57:28.980 9558 9558 D CameraHal:
01-02 13:57:28.980 9558 9558 D CameraHal: Cam_board.xml Version Check:
01-02 13:57:28.980 9558 9558 D CameraHal: /etc/cam_board.xml : v0.0xf.0
01-02 13:57:28.980 9558 9558 D CameraHal: CameraHal_board_xml_parser: v0x0.0xf.0x0
01-02 13:57:28.980 9558 9558 D CameraHal: ParserSensorInfo(190): SensorName(OV8858)
01-02 13:57:28.980 9558 9558 D CameraHal: ParserSensorInfo(196): lensName(LG-9569A2)
01-02 13:57:28.980 9558 9558 D CameraHal: ParserSensorInfo(198): SensorDevID(CAMSYS_DEVID_SENSOR_1B)
01-02 13:57:28.980 9558 9558 D CameraHal: ParserSensorInfo(209): SensorDevID(33554432)
01-02 13:57:28.980 9558 9558 D CameraHal: ParserSensorInfo(211): SensorHostDevID(CAMSYS_DEVID_MARVIN)
01-02 13:57:28.980 9558 9558 D CameraHal: ParserSensorInfo(226): Sensori2cBusNum(3)
01-02 13:57:28.980 9558 9558 D CameraHal: ParserSensorInfo(229): SensorI2cAddrByte(2)
01-02 13:57:28.980 9558 9558 D CameraHal: ParserSensorInfo(232): SensorI2cRate(100000)
01-02 13:57:28.980 9558 9558 D CameraHal: ParserSensorInfo(240): SensorAvdd(NC) min(0) max(0)
01-02 13:57:28.980 9558 9558 D CameraHal: ParserSensorInfo(254): SensorDvdd(NC) min(0) max(0)
01-02 13:57:28.980 9558 9558 D CameraHal: ParserSensorInfo(247): SensorDovdd(NC) min(18000000) max(18000000)
01-02 13:57:28.980 9558 9558 D CameraHal: ParserSensorInfo(235): SensorMclk(24000000)
01-02 13:57:28.980 9558 9558 D CameraHal: ParserSensorInfo(285): SensorGpioPwen(RK30_PIN0_PC1) active(1)
01-02 13:57:28.980 9558 9558 D CameraHal: ParserSensorInfo(279): SensorGpioRst(RK30_PIN2_PB5) active(0)
01-02 13:57:28.980 9558 9558 D CameraHal: ParserSensorInfo(261): SensorGpioPwdn(RK30_PIN2_PB7) active(0)
01-02 13:57:28.980 9558 9558 D CameraHal: ParserSensorInfo(291): SensorFacing(front)
01-02 13:57:28.980 9558 9558 D CameraHal: ParserSensorInfo(300): SensorInterface(MIPI)
01-02 13:57:28.980 9558 9558 D CameraHal: ParserSensorInfo(313): SensorMirrorFlip(0)
01-02 13:57:28.980 9558 9558 D CameraHal: ParserSensorInfo(316): SensorOrientation(0)
01-02 13:57:28.980 9558 9558 D CameraHal: ParserSensorInfo(435): SensorFovParemeter fov_h(60.0)(60.000000) fov_v(60.0)(60.000000)
01-02 13:57:28.980 9558 9558 D CameraHal: ParserSensorInfo(438): SensorAWB_Frame_Skip fps(15)
01-02 13:57:28.980 9558 9558 D CameraHal: ParserSensorInfo(397): SensorGpioPwdn(RK30_PIN2_PB7) active(0)
01-02 13:57:28.980 9558 9558 D CameraHal: ParserSensorInfo(405): SensorPhy: MIPI lane: 4 phyindex: 0 fmt: 0x2b
01-02 13:57:28.980 9558 9558 D CameraHal: ParserVCMInfo(450): VCMDrvName(BuiltInSensor)
01-02 13:57:28.980 9558 9558 D CameraHal: ParserVCMInfo(453): VCMName(NC)
01-02 13:57:28.980 9558 9558 D CameraHal: ParserVCMInfo(456): VCMI2cBusNum(3)
01-02 13:57:28.980 9558 9558 D CameraHal: ParserVCMInfo(459): VCMI2cAddrByte(2)
01-02 13:57:28.980 9558 9558 D CameraHal: ParserVCMInfo(462): VCMI2cRate(0)
01-02 13:57:28.980 9558 9558 D CameraHal: ParserVCMInfo(477): VCMVdd(NC) min(0) max(0)
01-02 13:57:28.980 9558 9558 D CameraHal: ParserVCMInfo(471): VCMGpioPower(RK30_PIN7_PA5) active(1)
01-02 13:57:28.980 9558 9558 D CameraHal: ParserVCMInfo(465): VCMGpioPwdn(NC) active(0)
01-02 13:57:28.980 9558 9558 D CameraHal: ParserVCMInfo(490): start current(0) rated current(100) vcm max(100) step mode(4) drv max(100)
01-02 13:57:28.980 9558 9558 D CameraHal: ParserFlashInfo(509): FlashName(Internal)
01-02 13:57:28.980 9558 9558 D CameraHal: ParserFlashInfo(512): FlashI2cBusNum(0)
01-02 13:57:28.980 9558 9558 D CameraHal: ParserFlashInfo(515): FlashI2cAddrByte(0)
01-02 13:57:28.980 9558 9558 D CameraHal: ParserFlashInfo(518): FlashI2cRate(0)
01-02 13:57:28.981 9558 9558 D CameraHal: ParserFlashInfo(521): FlashTrigger(NC) active(0)
01-02 13:57:28.981 9558 9558 D CameraHal: ParserFlashInfo(525): FlashEn(NC) active(0)
01-02 13:57:28.981 9558 9558 D CameraHal: ParserFlashInfo(532): FlashLuminance(0)
01-02 13:57:28.981 9558 9558 D CameraHal: ParserFlashInfo(535): FlashColorTemp(0)
01-02 13:57:28.981 9558 9558 D CameraHal: StartElementHandler(964): HDR(1)!
01-02 13:57:28.981 9558 9558 D CameraHal: StartElementHandler(968): ZSL(1)!
01-02 13:57:28.981 9558 9558 D CameraHal: StartElementHandler(972): zoom(1)!
01-02 13:57:28.981 9558 9558 D CameraHal: StartElementHandler(1014): Continue_SnapShot(1)!
01-02 13:57:28.981 9558 9558 D CameraHal: StartElementHandler(1017): InterpolationRes(0)!
01-02 13:57:28.981 9558 9558 D CameraHal: StartElementHandler(1002): PreviewSize(0x0)!
01-02 13:57:28.981 9558 9558 D CameraHal: StartElementHandler(1005): Preview_Minimum_FrameRate(0)!
01-02 13:57:28.981 9558 9558 D CameraHal: StartElementHandler(998): face detect config(0),max face num is (1)!
01-02 13:57:28.981 9558 9558 D CameraHal: StartElementHandler(993): Gammaout support 0(mGamma:1.000000,mOffSet:0)!
01-02 13:57:28.981 9558 9558 D CameraHal: ParserDVConfig(802): DV_QCIF(qcif) resolution(176x144) fps(10) support(1)
01-02 13:57:28.981 9558 9558 D CameraHal: ParserDVConfig(814): DV_QVGA(qvga) resolution(320x240) fps(10) support(1)
01-02 13:57:28.981 9558 9558 D CameraHal: ParserDVConfig(826): DV_CIF(cif) resolution(352x288) fps(10) support(1)
01-02 13:57:28.981 9558 9558 D CameraHal: ParserDVConfig(838): DV_VGA(480p) resolution(640x480) fps(10) support(0)
01-02 13:57:28.981 9558 9558 D CameraHal: ParserDVConfig(850): DV_480P(480p) resolution(720x480) fps(10) support(0)
01-02 13:57:28.981 9558 9558 D CameraHal: ParserDVConfig(874): DV_720P(720p) resolution(1280x720) fps(10) support(1)
01-02 13:57:28.981 9558 9558 D CameraHal: ParserDVConfig(886): DV_1080P(1080p) resolution(1920x1080) fps(10) support(1)
01-02 13:57:28.981 9558 9558 D CameraHal: ParserSensorInfo(190): SensorName(GC2145)
01-02 13:57:28.981 9558 9558 D CameraHal: ParserSensorInfo(198): SensorDevID(CAMSYS_DEVID_SENSOR_1A)
01-02 13:57:28.981 9558 9558 D CameraHal: ParserSensorInfo(209): SensorDevID(16777216)
01-02 13:57:28.981 9558 9558 D CameraHal: ParserSensorInfo(211): SensorHostDevID(CAMSYS_DEVID_MARVIN)
01-02 13:57:28.981 9558 9558 D CameraHal: ParserSensorInfo(226): Sensori2cBusNum(3)
01-02 13:57:28.981 9558 9558 D CameraHal: ParserSensorInfo(229): SensorI2cAddrByte(2)
01-02 13:57:28.981 9558 9558 D CameraHal: ParserSensorInfo(232): SensorI2cRate(100000)
01-02 13:57:28.981 9558 9558 D CameraHal: ParserSensorInfo(240): SensorAvdd(NC) min(0) max(0)
01-02 13:57:28.981 9558 9558 D CameraHal: ParserSensorInfo(254): SensorDvdd(NC) min(0) max(0)
01-02 13:57:28.981 9558 9558 D CameraHal: ParserSensorInfo(247): SensorDovdd(NC) min(18000000) max(18000000)
01-02 13:57:28.982 9558 9558 D CameraHal: ParserSensorInfo(235): SensorMclk(24000000)
01-02 13:57:28.982 9558 9558 D CameraHal: ParserSensorInfo(261): SensorGpioPwdn(RK30_PIN2_PB6) active(1)
01-02 13:57:28.982 9558 9558 D CameraHal: ParserSensorInfo(291): SensorFacing(front)
01-02 13:57:28.982 9558 9558 D CameraHal: ParserSensorInfo(300): SensorInterface(MIPI)
01-02 13:57:28.982 9558 9558 D CameraHal: ParserSensorInfo(313): SensorMirrorFlip(0)
01-02 13:57:28.982 9558 9558 D CameraHal: ParserSensorInfo(316): SensorOrientation(0)
01-02 13:57:28.982 9558 9558 D CameraHal: ParserSensorInfo(435): SensorFovParemeter fov_h(60.0)(60.000000) fov_v(60.0)(60.000000)
01-02 13:57:28.982 9558 9558 D CameraHal: ParserSensorInfo(438): SensorAWB_Frame_Skip fps(15)
01-02 13:57:28.982 9558 9558 E CameraHal: ParserSensorInfo(355): SensorPhy laneNum wrong (1) range[1,4]
01-02 13:57:28.982 9558 9558 E CameraHal: ParserSensorInfo(388): SensorPhy: phyindex: 1,open /dev/camsys_marvin1
01-02 13:57:28.982 9558 9558 D CameraHal: ParserSensorInfo(397): SensorGpioPwdn(RK30_PIN2_PB6) active(1)
01-02 13:57:28.982 9558 9558 D CameraHal: ParserSensorInfo(405): SensorPhy: MIPI lane: 1 phyindex: 1 fmt: 0x2b
01-02 13:57:28.982 9558 9558 D CameraHal: ParserVCMInfo(450): VCMDrvName(NC)
01-02 13:57:28.982 9558 9558 D CameraHal: ParserVCMInfo(453): VCMName(NC)
01-02 13:57:28.982 9558 9558 D CameraHal: ParserVCMInfo(456): VCMI2cBusNum(0)
01-02 13:57:28.982 9558 9558 D CameraHal: ParserVCMInfo(459): VCMI2cAddrByte(0)
01-02 13:57:28.982 9558 9558 D CameraHal: ParserVCMInfo(462): VCMI2cRate(0)
01-02 13:57:28.982 9558 9558 D CameraHal: ParserVCMInfo(477): VCMVdd(NC) min(0) max(0)
01-02 13:57:28.982 9558 9558 D CameraHal: ParserVCMInfo(471): VCMGpioPower(NC) active(0)
01-02 13:57:28.982 9558 9558 D CameraHal: ParserVCMInfo(465): VCMGpioPwdn(NC) active(0)
01-02 13:57:28.982 9558 9558 D CameraHal: ParserVCMInfo(490): start current(20) rated current(80) vcm max(100) step mode(13) drv max(100)
01-02 13:57:28.982 9558 9558 D CameraHal: ParserFlashInfo(509): FlashName(NC)
01-02 13:57:28.982 9558 9558 D CameraHal: ParserFlashInfo(512): FlashI2cBusNum(0)
01-02 13:57:28.982 9558 9558 D CameraHal: ParserFlashInfo(515): FlashI2cAddrByte(0)
01-02 13:57:28.982 9558 9558 D CameraHal: ParserFlashInfo(518): FlashI2cRate(0)
01-02 13:57:28.982 9558 9558 D CameraHal: ParserFlashInfo(521): FlashTrigger(NC) active(1)
01-02 13:57:28.982 9558 9558 D CameraHal: ParserFlashInfo(525): FlashEn(NC) active(1)
01-02 13:57:28.982 9558 9558 D CameraHal: ParserFlashInfo(532): FlashLuminance(0)
01-02 13:57:28.982 9558 9558 D CameraHal: ParserFlashInfo(535): FlashColorTemp(0)
01-02 13:57:28.982 9558 9558 D CameraHal: StartElementHandler(964): HDR(1)!
01-02 13:57:28.982 9558 9558 D CameraHal: StartElementHandler(968): ZSL(1)!
01-02 13:57:28.982 9558 9558 D CameraHal: StartElementHandler(972): zoom(1)!
01-02 13:57:28.983 9558 9558 D CameraHal: StartElementHandler(1014): Continue_SnapShot(1)!
01-02 13:57:28.983 9558 9558 D CameraHal: StartElementHandler(1017): InterpolationRes(0)!
01-02 13:57:28.983 9558 9558 D CameraHal: StartElementHandler(1002): PreviewSize(800x600)!
01-02 13:57:28.983 9558 9558 D CameraHal: StartElementHandler(998): face detect config(0),max face num is (0)!
01-02 13:57:28.983 9558 9558 D CameraHal: ParserDVConfig(802): DV_QCIF(qcif) resolution(176x144) fps(10) support(1)
01-02 13:57:28.983 9558 9558 D CameraHal: ParserDVConfig(814): DV_QVGA(qvga) resolution(320x240) fps(10) support(1)
01-02 13:57:28.983 9558 9558 D CameraHal: ParserDVConfig(826): DV_CIF(cif) resolution(352x288) fps(10) support(1)
01-02 13:57:28.983 9558 9558 D CameraHal: ParserDVConfig(838): DV_VGA(480p) resolution(640x480) fps(10) support(1)
01-02 13:57:28.983 9558 9558 D CameraHal: ParserDVConfig(850): DV_480P(480p) resolution(720x480) fps(10) support(0)
01-02 13:57:28.983 9558 9558 D CameraHal: ParserDVConfig(874): DV_720P(720p) resolution(1280x720) fps(10) support(0)
01-02 13:57:28.983 9558 9558 D CameraHal: ParserDVConfig(886): DV_1080P(1080p) resolution(1920x1080) fps(10) support(0)
01-02 13:57:28.983 9558 9558 D CameraHal: number of camdevice (2)
01-02 13:57:28.983 9558 9558 D CameraHal: now DV size(7)
01-02 13:57:28.983 9558 9558 E CameraHal: camera_get_number_of_cameras(789): board profiles cam num 2
01-02 13:57:28.983 9558 9558 D CameraHal: read cam name from xml(/data/camera/media_profiles.xml)
01-02 13:57:28.983 9558 9558 E CameraHal: is not exist, register all
01-02 13:57:28.984 9558 9558 E CameraHal: Open (/dev/camsys_marvin) failed, error=(No such file or directory)
01-02 13:57:28.984 9558 9558 E CameraHal: OV8858 device register failed!
01-02 13:57:28.986 9558 9558 E CameraHal: Open (/dev/camsys_marvin1) failed, error=(No such file or directory),try to open /dev/camsys_marvin
01-02 13:57:28.986 9558 9558 E CameraHal: Open (/dev/camsys_marvin) failed, error=(No such file or directory)
01-02 13:57:28.986 9558 9558 E CameraHal: GC2145 device register failed!
01-02 13:57:28.986 9558 9558 E CameraHal: camera_get_number_of_cameras(796): load sensor name(OV8858) connect 0
01-02 13:57:28.986 9558 9558 E CameraHal: camera_get_number_of_cameras(796): load sensor name(GC2145) connect 0
01-02 13:57:28.986 9558 9558 E CameraHal: camera_get_number_of_cameras(854): Open /dev/video0 failed! strr: No such file or directory
01-02 13:57:28.986 9558 9558 E CameraHal: camera_get_number_of_cameras(854): Open /dev/video1 failed! strr: No such file or directory
01-02 13:57:28.986 9558 9558 E CameraHal: camera_get_number_of_cameras(854): Open /dev/video2 failed! strr: No such file or directory
01-02 13:57:28.986 9558 9558 E CameraHal: camera_get_number_of_cameras(854): Open /dev/video3 failed! strr: No such file or directory
01-02 13:57:28.986 9558 9558 E CameraHal: camera_get_number_of_cameras(854): Open /dev/video4 failed! strr: No such file or directory
01-02 13:57:28.986 9558 9558 E CameraHal: camera_get_number_of_cameras(854): Open /dev/video5 failed! strr: No such file or directory
01-02 13:57:28.986 9558 9558 E CameraHal: camera_get_number_of_cameras(854): Open /dev/video6 failed! strr: No such file or directory
01-02 13:57:28.986 9558 9558 E CameraHal: camera_get_number_of_cameras(854): Open /dev/video7 failed! strr: No such file or directory
01-02 13:57:28.986 9558 9558 E CameraHal: camera_get_number_of_cameras(854): Open /dev/video8 failed! strr: No such file or directory
01-02 13:57:28.986 9558 9558 E CameraHal: camera_get_number_of_cameras(854): Open /dev/video9 failed! strr: No such file or directory
01-02 13:57:28.986 9558 9558 D CameraHal: camera_get_number_of_cameras(1246): camera_get_number_of_cameras(1246): Current board have 0 cameras attached.
01-02 13:57:28.986 9558 9558 D CameraHal: camera_get_number_of_cameras(1249): meida_profiles_xml_control time (8594)us
01-02 13:57:28.986 9558 9558 I CameraService: Loaded "RK29_ICS_CameraHal_Module" camera module
01-02 13:57:28.989 9558 9558 D CameraHal: createInstance(1035): open xml file(/etc/cam_board.xml) success
01-02 13:57:28.989 9558 9558 E CameraHal: cam_board.xml version(v0x0.0x0.0x0) != xml parser version(v0x0.0xf.0x0)
01-02 13:57:28.989 9558 9558 D CameraHal:
01-02 13:57:28.989 9558 9558 D CameraHal:
01-02 13:57:28.989 9558 9558 D CameraHal:
01-02 13:57:28.989 9558 9558 D CameraHal: Cam_board.xml Version Check:
01-02 13:57:28.989 9558 9558 D CameraHal: /etc/cam_board.xml : v0.0xf.0
01-02 13:57:28.989 9558 9558 D CameraHal: CameraHal_board_xml_parser: v0x0.0xf.0x0
01-02 13:57:28.989 9558 9558 D CameraHal: ParserSensorInfo(190): SensorName(OV8858)
01-02 13:57:28.989 9558 9558 D CameraHal: ParserSensorInfo(196): lensName(LG-9569A2)
01-02 13:57:28.989 9558 9558 D CameraHal: ParserSensorInfo(198): SensorDevID(CAMSYS_DEVID_SENSOR_1B)
01-02 13:57:28.989 9558 9558 D CameraHal: ParserSensorInfo(209): SensorDevID(33554432)
01-02 13:57:28.989 9558 9558 D CameraHal: ParserSensorInfo(211): SensorHostDevID(CAMSYS_DEVID_MARVIN)
01-02 13:57:28.989 9558 9558 D CameraHal: ParserSensorInfo(226): Sensori2cBusNum(3)
01-02 13:57:28.989 9558 9558 D CameraHal: ParserSensorInfo(229): SensorI2cAddrByte(2)
01-02 13:57:28.989 9558 9558 D CameraHal: ParserSensorInfo(232): SensorI2cRate(100000)
01-02 13:57:28.989 9558 9558 D CameraHal: ParserSensorInfo(240): SensorAvdd(NC) min(0) max(0)
01-02 13:57:28.989 9558 9558 D CameraHal: ParserSensorInfo(254): SensorDvdd(NC) min(0) max(0)
01-02 13:57:28.989 9558 9558 D CameraHal: ParserSensorInfo(247): SensorDovdd(NC) min(18000000) max(18000000)
01-02 13:57:28.989 9558 9558 D CameraHal: ParserSensorInfo(235): SensorMclk(24000000)
01-02 13:57:28.989 9558 9558 D CameraHal: ParserSensorInfo(285): SensorGpioPwen(RK30_PIN0_PC1) active(1)
01-02 13:57:28.990 9558 9558 D CameraHal: ParserSensorInfo(279): SensorGpioRst(RK30_PIN2_PB5) active(0)
01-02 13:57:28.990 9558 9558 D CameraHal: ParserSensorInfo(261): SensorGpioPwdn(RK30_PIN2_PB7) active(0)
01-02 13:57:28.990 9558 9558 D CameraHal: ParserSensorInfo(291): SensorFacing(front)
01-02 13:57:28.990 9558 9558 D CameraHal: ParserSensorInfo(300): SensorInterface(MIPI)
01-02 13:57:28.990 9558 9558 D CameraHal: ParserSensorInfo(313): SensorMirrorFlip(0)
01-02 13:57:28.990 9558 9558 D CameraHal: ParserSensorInfo(316): SensorOrientation(0)
01-02 13:57:28.990 9558 9558 D CameraHal: ParserSensorInfo(435): SensorFovParemeter fov_h(60.0)(60.000000) fov_v(60.0)(60.000000)
01-02 13:57:28.990 9558 9558 D CameraHal: ParserSensorInfo(438): SensorAWB_Frame_Skip fps(15)
01-02 13:57:28.990 9558 9558 D CameraHal: ParserSensorInfo(397): SensorGpioPwdn(RK30_PIN2_PB7) active(0)
01-02 13:57:28.990 9558 9558 D CameraHal: ParserSensorInfo(405): SensorPhy: MIPI lane: 4 phyindex: 0 fmt: 0x2b
01-02 13:57:28.990 9558 9558 D CameraHal: ParserVCMInfo(450): VCMDrvName(BuiltInSensor)
01-02 13:57:28.990 9558 9558 D CameraHal: ParserVCMInfo(453): VCMName(NC)
01-02 13:57:28.990 9558 9558 D CameraHal: ParserVCMInfo(456): VCMI2cBusNum(3)
01-02 13:57:28.990 9558 9558 D CameraHal: ParserVCMInfo(459): VCMI2cAddrByte(2)
01-02 13:57:28.990 9558 9558 D CameraHal: ParserVCMInfo(462): VCMI2cRate(0)
01-02 13:57:28.990 9558 9558 D CameraHal: ParserVCMInfo(477): VCMVdd(NC) min(0) max(0)
01-02 13:57:28.990 9558 9558 D CameraHal: ParserVCMInfo(471): VCMGpioPower(RK30_PIN7_PA5) active(1)
01-02 13:57:28.990 9558 9558 D CameraHal: ParserVCMInfo(465): VCMGpioPwdn(NC) active(0)
01-02 13:57:28.990 9558 9558 D CameraHal: ParserVCMInfo(490): start current(0) rated current(100) vcm max(100) step mode(4) drv max(100)
01-02 13:57:28.990 9558 9558 D CameraHal: ParserFlashInfo(509): FlashName(Internal)
01-02 13:57:28.990 9558 9558 D CameraHal: ParserFlashInfo(512): FlashI2cBusNum(0)
01-02 13:57:28.990 9558 9558 D CameraHal: ParserFlashInfo(515): FlashI2cAddrByte(0)
01-02 13:57:28.990 9558 9558 D CameraHal: ParserFlashInfo(518): FlashI2cRate(0)
01-02 13:57:28.990 9558 9558 D CameraHal: ParserFlashInfo(521): FlashTrigger(NC) active(0)
01-02 13:57:28.990 9558 9558 D CameraHal: ParserFlashInfo(525): FlashEn(NC) active(0)
01-02 13:57:28.990 9558 9558 D CameraHal: ParserFlashInfo(532): FlashLuminance(0)
01-02 13:57:28.990 9558 9558 D CameraHal: ParserFlashInfo(535): FlashColorTemp(0)
01-02 13:57:28.990 9558 9558 D CameraHal: StartElementHandler(964): HDR(1)!
01-02 13:57:28.990 9558 9558 D CameraHal: StartElementHandler(968): ZSL(1)!
01-02 13:57:28.990 9558 9558 D CameraHal: StartElementHandler(972): zoom(1)!
01-02 13:57:28.990 9558 9558 D CameraHal: StartElementHandler(1014): Continue_SnapShot(1)!
01-02 13:57:28.990 9558 9558 D CameraHal: StartElementHandler(1017): InterpolationRes(0)!
01-02 13:57:28.990 9558 9558 D CameraHal: StartElementHandler(1002): PreviewSize(0x0)!
01-02 13:57:28.990 9558 9558 D CameraHal: StartElementHandler(1005): Preview_Minimum_FrameRate(0)!
01-02 13:57:28.990 9558 9558 D CameraHal: StartElementHandler(998): face detect config(0),max face num is (1)!
01-02 13:57:28.990 9558 9558 D CameraHal: StartElementHandler(993): Gammaout support 0(mGamma:1.000000,mOffSet:0)!
01-02 13:57:28.991 9558 9558 D CameraHal: ParserDVConfig(802): DV_QCIF(qcif) resolution(176x144) fps(10) support(1)
01-02 13:57:28.991 9558 9558 D CameraHal: ParserDVConfig(814): DV_QVGA(qvga) resolution(320x240) fps(10) support(1)
01-02 13:57:28.991 9558 9558 D CameraHal: ParserDVConfig(826): DV_CIF(cif) resolution(352x288) fps(10) support(1)
01-02 13:57:28.991 9558 9558 D CameraHal: ParserDVConfig(838): DV_VGA(480p) resolution(640x480) fps(10) support(0)
01-02 13:57:28.991 9558 9558 D CameraHal: ParserDVConfig(850): DV_480P(480p) resolution(720x480) fps(10) support(0)
01-02 13:57:28.991 9558 9558 D CameraHal: ParserDVConfig(874): DV_720P(720p) resolution(1280x720) fps(10) support(1)
01-02 13:57:28.991 9558 9558 D CameraHal: ParserDVConfig(886): DV_1080P(1080p) resolution(1920x1080) fps(10) support(1)
01-02 13:57:28.991 9558 9558 D CameraHal: ParserSensorInfo(190): SensorName(GC2145)
01-02 13:57:28.991 9558 9558 D CameraHal: ParserSensorInfo(198): SensorDevID(CAMSYS_DEVID_SENSOR_1A)
01-02 13:57:28.991 9558 9558 D CameraHal: ParserSensorInfo(209): SensorDevID(16777216)
01-02 13:57:28.991 9558 9558 D CameraHal: ParserSensorInfo(211): SensorHostDevID(CAMSYS_DEVID_MARVIN)
01-02 13:57:28.991 9558 9558 D CameraHal: ParserSensorInfo(226): Sensori2cBusNum(3)
01-02 13:57:28.991 9558 9558 D CameraHal: ParserSensorInfo(229): SensorI2cAddrByte(2)
01-02 13:57:28.991 9558 9558 D CameraHal: ParserSensorInfo(232): SensorI2cRate(100000)
01-02 13:57:28.991 9558 9558 D CameraHal: ParserSensorInfo(240): SensorAvdd(NC) min(0) max(0)
01-02 13:57:28.991 9558 9558 D CameraHal: ParserSensorInfo(254): SensorDvdd(NC) min(0) max(0)
01-02 13:57:28.991 9558 9558 D CameraHal: ParserSensorInfo(247): SensorDovdd(NC) min(18000000) max(18000000)
01-02 13:57:28.991 9558 9558 D CameraHal: ParserSensorInfo(235): SensorMclk(24000000)
01-02 13:57:28.991 9558 9558 D CameraHal: ParserSensorInfo(261): SensorGpioPwdn(RK30_PIN2_PB6) active(1)
01-02 13:57:28.991 9558 9558 D CameraHal: ParserSensorInfo(291): SensorFacing(front)
01-02 13:57:28.991 9558 9558 D CameraHal: ParserSensorInfo(300): SensorInterface(MIPI)
01-02 13:57:28.991 9558 9558 D CameraHal: ParserSensorInfo(313): SensorMirrorFlip(0)
01-02 13:57:28.991 9558 9558 D CameraHal: ParserSensorInfo(316): SensorOrientation(0)
01-02 13:57:28.991 9558 9558 D CameraHal: ParserSensorInfo(435): SensorFovParemeter fov_h(60.0)(60.000000) fov_v(60.0)(60.000000)
01-02 13:57:28.991 9558 9558 D CameraHal: ParserSensorInfo(438): SensorAWB_Frame_Skip fps(15)
01-02 13:57:28.991 9558 9558 E CameraHal: ParserSensorInfo(355): SensorPhy laneNum wrong (1) range[1,4]
01-02 13:57:28.991 9558 9558 E CameraHal: ParserSensorInfo(388): SensorPhy: phyindex: 1,open /dev/camsys_marvin1
01-02 13:57:28.991 9558 9558 D CameraHal: ParserSensorInfo(397): SensorGpioPwdn(RK30_PIN2_PB6) active(1)
01-02 13:57:28.991 9558 9558 D CameraHal: ParserSensorInfo(405): SensorPhy: MIPI lane: 1 phyindex: 1 fmt: 0x2b
01-02 13:57:28.991 9558 9558 D CameraHal: ParserVCMInfo(450): VCMDrvName(NC)
01-02 13:57:28.991 9558 9558 D CameraHal: ParserVCMInfo(453): VCMName(NC)
01-02 13:57:28.991 9558 9558 D CameraHal: ParserVCMInfo(456): VCMI2cBusNum(0)
01-02 13:57:28.991 9558 9558 D CameraHal: ParserVCMInfo(459): VCMI2cAddrByte(0)
01-02 13:57:28.991 9558 9558 D CameraHal: ParserVCMInfo(462): VCMI2cRate(0)
01-02 13:57:28.991 9558 9558 D CameraHal: ParserVCMInfo(477): VCMVdd(NC) min(0) max(0)
01-02 13:57:28.991 9558 9558 D CameraHal: ParserVCMInfo(471): VCMGpioPower(NC) active(0)
01-02 13:57:28.991 9558 9558 D CameraHal: ParserVCMInfo(465): VCMGpioPwdn(NC) active(0)
01-02 13:57:28.991 9558 9558 D CameraHal: ParserVCMInfo(490): start current(20) rated current(80) vcm max(100) step mode(13) drv max(100)
01-02 13:57:28.991 9558 9558 D CameraHal: ParserFlashInfo(509): FlashName(NC)
01-02 13:57:28.991 9558 9558 D CameraHal: ParserFlashInfo(512): FlashI2cBusNum(0)
01-02 13:57:28.991 9558 9558 D CameraHal: ParserFlashInfo(515): FlashI2cAddrByte(0)
01-02 13:57:28.991 9558 9558 D CameraHal: ParserFlashInfo(518): FlashI2cRate(0)
01-02 13:57:28.991 9558 9558 D CameraHal: ParserFlashInfo(521): FlashTrigger(NC) active(1)
01-02 13:57:28.991 9558 9558 D CameraHal: ParserFlashInfo(525): FlashEn(NC) active(1)
01-02 13:57:28.991 9558 9558 D CameraHal: ParserFlashInfo(532): FlashLuminance(0)
01-02 13:57:28.991 9558 9558 D CameraHal: ParserFlashInfo(535): FlashColorTemp(0)
01-02 13:57:28.992 9558 9558 D CameraHal: StartElementHandler(964): HDR(1)!
01-02 13:57:28.992 9558 9558 D CameraHal: StartElementHandler(968): ZSL(1)!
01-02 13:57:28.992 9558 9558 D CameraHal: StartElementHandler(972): zoom(1)!
01-02 13:57:28.992 9558 9558 D CameraHal: StartElementHandler(1014): Continue_SnapShot(1)!
01-02 13:57:28.992 9558 9558 D CameraHal: StartElementHandler(1017): InterpolationRes(0)!
01-02 13:57:28.992 9558 9558 D CameraHal: StartElementHandler(1002): PreviewSize(800x600)!
01-02 13:57:28.992 9558 9558 D CameraHal: StartElementHandler(998): face detect config(0),max face num is (0)!
01-02 13:57:28.992 9558 9558 D CameraHal: ParserDVConfig(802): DV_QCIF(qcif) resolution(176x144) fps(10) support(1)
01-02 13:57:28.992 9558 9558 D CameraHal: ParserDVConfig(814): DV_QVGA(qvga) resolution(320x240) fps(10) support(1)
01-02 13:57:28.992 9558 9558 D CameraHal: ParserDVConfig(826): DV_CIF(cif) resolution(352x288) fps(10) support(1)
01-02 13:57:28.992 9558 9558 D CameraHal: ParserDVConfig(838): DV_VGA(480p) resolution(640x480) fps(10) support(1)
01-02 13:57:28.992 9558 9558 D CameraHal: ParserDVConfig(850): DV_480P(480p) resolution(720x480) fps(10) support(0)
01-02 13:57:28.992 9558 9558 D CameraHal: ParserDVConfig(874): DV_720P(720p) resolution(1280x720) fps(10) support(0)
01-02 13:57:28.992 9558 9558 D CameraHal: ParserDVConfig(886): DV_1080P(1080p) resolution(1920x1080) fps(10) support(0)
01-02 13:57:28.992 9558 9558 D CameraHal: number of camdevice (2)
01-02 13:57:28.992 9558 9558 D CameraHal: now DV size(7)
01-02 13:57:28.992 9558 9558 E CameraHal: camera_get_number_of_cameras(789): board profiles cam num 2
01-02 13:57:28.992 9558 9558 D CameraHal: read cam name from xml(/data/camera/media_profiles.xml)
01-02 13:57:28.992 9558 9558 E CameraHal: is not exist, register all
01-02 13:57:28.993 9558 9558 E CameraHal: Open (/dev/camsys_marvin) failed, error=(No such file or directory)
01-02 13:57:28.993 9558 9558 E CameraHal: OV8858 device register failed!
01-02 13:57:28.993 9558 9558 E CameraHal: Open (/dev/camsys_marvin1) failed, error=(No such file or directory),try to open /dev/camsys_marvin
01-02 13:57:28.993 9558 9558 E CameraHal: Open (/dev/camsys_marvin) failed, error=(No such file or directory)
01-02 13:57:28.993 9558 9558 E CameraHal: GC2145 device register failed!
01-02 13:57:28.994 9558 9558 E CameraHal: camera_get_number_of_cameras(796): load sensor name(OV8858) connect 0
01-02 13:57:28.994 9558 9558 E CameraHal: camera_get_number_of_cameras(796): load sensor name(GC2145) connect 0
01-02 13:57:28.994 9558 9558 E CameraHal: camera_get_number_of_cameras(854): Open /dev/video0 failed! strr: No such file or directory
01-02 13:57:28.994 9558 9558 E CameraHal: camera_get_number_of_cameras(854): Open /dev/video1 failed! strr: No such file or directory
01-02 13:57:28.994 9558 9558 E CameraHal: camera_get_number_of_cameras(854): Open /dev/video2 failed! strr: No such file or directory
01-02 13:57:28.994 9558 9558 E CameraHal: camera_get_number_of_cameras(854): Open /dev/video3 failed! strr: No such file or directory
01-02 13:57:28.994 9558 9558 E CameraHal: camera_get_number_of_cameras(854): Open /dev/video4 failed! strr: No such file or directory
01-02 13:57:28.994 9558 9558 E CameraHal: camera_get_number_of_cameras(854): Open /dev/video5 failed! strr: No such file or directory
01-02 13:57:28.994 9558 9558 E CameraHal: camera_get_number_of_cameras(854): Open /dev/video6 failed! strr: No such file or directory
01-02 13:57:28.994 9558 9558 E CameraHal: camera_get_number_of_cameras(854): Open /dev/video7 failed! strr: No such file or directory
01-02 13:57:28.994 9558 9558 E CameraHal: camera_get_number_of_cameras(854): Open /dev/video8 failed! strr: No such file or directory
01-02 13:57:28.994 9558 9558 E CameraHal: camera_get_number_of_cameras(854): Open /dev/video9 failed! strr: No such file or directory
01-02 13:57:28.994 9558 9558 D CameraHal: camera_get_number_of_cameras(1246): camera_get_number_of_cameras(1246): Current board have 0 cameras attached.
01-02 13:57:28.994 9558 9558 D CameraHal: camera_get_number_of_cameras(1249): meida_profiles_xml_control time (7615)us
01-02 13:57:28.996 9558 9558 D CameraHal: createInstance(1035): open xml file(/etc/cam_board.xml) success
01-02 13:57:28.996 9558 9558 E CameraHal: cam_board.xml version(v0x0.0x0.0x0) != xml parser version(v0x0.0xf.0x0)
01-02 13:57:28.996 9558 9558 D CameraHal:
01-02 13:57:28.996 9558 9558 D CameraHal:
01-02 13:57:28.996 9558 9558 D CameraHal:
01-02 13:57:28.996 9558 9558 D CameraHal: Cam_board.xml Version Check:
01-02 13:57:28.996 9558 9558 D CameraHal: /etc/cam_board.xml : v0.0xf.0
01-02 13:57:28.996 9558 9558 D CameraHal: CameraHal_board_xml_parser: v0x0.0xf.0x0
01-02 13:57:28.996 9558 9558 D CameraHal: ParserSensorInfo(190): SensorName(OV8858)
01-02 13:57:28.996 9558 9558 D CameraHal: ParserSensorInfo(196): lensName(LG-9569A2)
01-02 13:57:28.996 9558 9558 D CameraHal: ParserSensorInfo(198): SensorDevID(CAMSYS_DEVID_SENSOR_1B)
01-02 13:57:28.996 9558 9558 D CameraHal: ParserSensorInfo(209): SensorDevID(33554432)
01-02 13:57:28.996 9558 9558 D CameraHal: ParserSensorInfo(211): SensorHostDevID(CAMSYS_DEVID_MARVIN)
01-02 13:57:28.996 9558 9558 D CameraHal: ParserSensorInfo(226): Sensori2cBusNum(3)
01-02 13:57:28.996 9558 9558 D CameraHal: ParserSensorInfo(229): SensorI2cAddrByte(2)
01-02 13:57:28.996 9558 9558 D CameraHal: ParserSensorInfo(232): SensorI2cRate(100000)
01-02 13:57:28.996 9558 9558 D CameraHal: ParserSensorInfo(240): SensorAvdd(NC) min(0) max(0)
01-02 13:57:28.996 9558 9558 D CameraHal: ParserSensorInfo(254): SensorDvdd(NC) min(0) max(0)
01-02 13:57:28.996 9558 9558 D CameraHal: ParserSensorInfo(247): SensorDovdd(NC) min(18000000) max(18000000)
01-02 13:57:28.996 9558 9558 D CameraHal: ParserSensorInfo(235): SensorMclk(24000000)
01-02 13:57:28.996 9558 9558 D CameraHal: ParserSensorInfo(285): SensorGpioPwen(RK30_PIN0_PC1) active(1)
01-02 13:57:28.996 9558 9558 D CameraHal: ParserSensorInfo(279): SensorGpioRst(RK30_PIN2_PB5) active(0)
01-02 13:57:28.996 9558 9558 D CameraHal: ParserSensorInfo(261): SensorGpioPwdn(RK30_PIN2_PB7) active(0)
01-02 13:57:28.996 9558 9558 D CameraHal: ParserSensorInfo(291): SensorFacing(front)
01-02 13:57:28.996 9558 9558 D CameraHal: ParserSensorInfo(300): SensorInterface(MIPI)
01-02 13:57:28.996 9558 9558 D CameraHal: ParserSensorInfo(313): SensorMirrorFlip(0)
01-02 13:57:28.996 9558 9558 D CameraHal: ParserSensorInfo(316): SensorOrientation(0)
01-02 13:57:28.996 9558 9558 D CameraHal: ParserSensorInfo(435): SensorFovParemeter fov_h(60.0)(60.000000) fov_v(60.0)(60.000000)
01-02 13:57:28.996 9558 9558 D CameraHal: ParserSensorInfo(438): SensorAWB_Frame_Skip fps(15)
01-02 13:57:28.996 9558 9558 D CameraHal: ParserSensorInfo(397): SensorGpioPwdn(RK30_PIN2_PB7) active(0)
01-02 13:57:28.996 9558 9558 D CameraHal: ParserSensorInfo(405): SensorPhy: MIPI lane: 4 phyindex: 0 fmt: 0x2b
01-02 13:57:28.996 9558 9558 D CameraHal: ParserVCMInfo(450): VCMDrvName(BuiltInSensor)
01-02 13:57:28.996 9558 9558 D CameraHal: ParserVCMInfo(453): VCMName(NC)
01-02 13:57:28.996 9558 9558 D CameraHal: ParserVCMInfo(456): VCMI2cBusNum(3)
01-02 13:57:28.996 9558 9558 D CameraHal: ParserVCMInfo(459): VCMI2cAddrByte(2)
01-02 13:57:28.996 9558 9558 D CameraHal: ParserVCMInfo(462): VCMI2cRate(0)
01-02 13:57:28.996 9558 9558 D CameraHal: ParserVCMInfo(477): VCMVdd(NC) min(0) max(0)
01-02 13:57:28.996 9558 9558 D CameraHal: ParserVCMInfo(471): VCMGpioPower(RK30_PIN7_PA5) active(1)
01-02 13:57:28.996 9558 9558 D CameraHal: ParserVCMInfo(465): VCMGpioPwdn(NC) active(0)
01-02 13:57:28.996 9558 9558 D CameraHal: ParserVCMInfo(490): start current(0) rated current(100) vcm max(100) step mode(4) drv max(100)
01-02 13:57:28.996 9558 9558 D CameraHal: ParserFlashInfo(509): FlashName(Internal)
01-02 13:57:28.997 9558 9558 D CameraHal: ParserFlashInfo(512): FlashI2cBusNum(0)
01-02 13:57:28.997 9558 9558 D CameraHal: ParserFlashInfo(515): FlashI2cAddrByte(0)
01-02 13:57:28.997 9558 9558 D CameraHal: ParserFlashInfo(518): FlashI2cRate(0)
01-02 13:57:28.997 9558 9558 D CameraHal: ParserFlashInfo(521): FlashTrigger(NC) active(0)
01-02 13:57:28.997 9558 9558 D CameraHal: ParserFlashInfo(525): FlashEn(NC) active(0)
01-02 13:57:28.997 9558 9558 D CameraHal: ParserFlashInfo(532): FlashLuminance(0)
01-02 13:57:28.997 9558 9558 D CameraHal: ParserFlashInfo(535): FlashColorTemp(0)
01-02 13:57:28.997 9558 9558 D CameraHal: StartElementHandler(964): HDR(1)!
01-02 13:57:28.997 9558 9558 D CameraHal: StartElementHandler(968): ZSL(1)!
01-02 13:57:28.997 9558 9558 D CameraHal: StartElementHandler(972): zoom(1)!
01-02 13:57:28.997 9558 9558 D CameraHal: StartElementHandler(1014): Continue_SnapShot(1)!
01-02 13:57:28.997 9558 9558 D CameraHal: StartElementHandler(1017): InterpolationRes(0)!
01-02 13:57:28.997 9558 9558 D CameraHal: StartElementHandler(1002): PreviewSize(0x0)!
01-02 13:57:28.997 9558 9558 D CameraHal: StartElementHandler(1005): Preview_Minimum_FrameRate(0)!
01-02 13:57:28.997 9558 9558 D CameraHal: StartElementHandler(998): face detect config(0),max face num is (1)!
01-02 13:57:28.997 9558 9558 D CameraHal: StartElementHandler(993): Gammaout support 0(mGamma:1.000000,mOffSet:0)!
01-02 13:57:28.997 9558 9558 D CameraHal: ParserDVConfig(802): DV_QCIF(qcif) resolution(176x144) fps(10) support(1)
01-02 13:57:28.997 9558 9558 D CameraHal: ParserDVConfig(814): DV_QVGA(qvga) resolution(320x240) fps(10) support(1)
01-02 13:57:28.997 9558 9558 D CameraHal: ParserDVConfig(826): DV_CIF(cif) resolution(352x288) fps(10) support(1)
01-02 13:57:28.997 9558 9558 D CameraHal: ParserDVConfig(838): DV_VGA(480p) resolution(640x480) fps(10) support(0)
01-02 13:57:28.997 9558 9558 D CameraHal: ParserDVConfig(850): DV_480P(480p) resolution(720x480) fps(10) support(0)
01-02 13:57:28.997 9558 9558 D CameraHal: ParserDVConfig(874): DV_720P(720p) resolution(1280x720) fps(10) support(1)
01-02 13:57:28.997 9558 9558 D CameraHal: ParserDVConfig(886): DV_1080P(1080p) resolution(1920x1080) fps(10) support(1)
01-02 13:57:28.997 9558 9558 D CameraHal: ParserSensorInfo(190): SensorName(GC2145)
01-02 13:57:29.051 9558 9558 I ServiceManager: Waiting for service media.camera.proxy...
01-02 13:57:29.086 9556 9556 D ICU : No timezone override file found: /data/misc/zoneinfo/current/icu/icu_tzdata.dat
01-02 13:57:29.101 9558 9558 I ServiceManager: Waiting for service media.camera.proxy...
01-02 13:57:29.120 9556 9556 E memtrack: Couldn't load memtrack module (No such file or directory)
01-02 13:57:29.120 9556 9556 E android.os.Debug: failed to load memtrack module: -2
01-02 13:57:29.121 9556 9556 I Radio-JNI: register_android_hardware_Radio DONE
01-02 13:57:29.126 9556 9556 I SamplingProfilerIntegration: Profiling disabled.
01-02 13:57:29.126 9556 9556 D Zygote : begin preload
01-02 13:57:29.126 9556 9556 I Zygote : Installing ICU cache reference pinning...
01-02 13:57:29.126 9556 9556 I Zygote : Preloading ICU data...
01-02 13:57:29.141 9556 9556 I Zygote : Preloading classes...
01-02 13:57:29.144 9556 9556 W Zygote : Class not found for preloading: [Landroid.view.Display$ColorTransform;
01-02 13:57:29.152 9558 9558 I ServiceManager: Waiting for service media.camera.proxy...
01-02 13:57:29.202 9558 9558 I ServiceManager: Waiting for service media.camera.proxy...
01-02 13:57:29.233 9556 9556 E Typeface: Error mapping font file /system/fonts/DroidSansFallback.ttf
01-02 13:57:29.252 9558 9558 I ServiceManager: Waiting for service media.camera.proxy...
01-02 13:57:29.302 9558 9558 I ServiceManager: Waiting for service media.camera.proxy...
01-02 13:57:29.349 9556 9556 I art : Thread[1,tid=9556,Native,Thread*=0xb2785400,peer=0x12c060d0,"main"] recursive attempt to load library "/system/lib/libmedia_jni.so"
01-02 13:57:29.350 9556 9556 D MtpDeviceJNI: register_android_mtp_MtpDevice
01-02 13:57:29.350 9556 9556 I art : Thread[1,tid=9556,Native,Thread*=0xb2785400,peer=0x12c060d0,"main"] recursive attempt to load library "/system/lib/libmedia_jni.so"
01-02 13:57:29.350 9556 9556 I art : Thread[1,tid=9556,Native,Thread*=0xb2785400,peer=0x12c060d0,"main"] recursive attempt to load library "/system/lib/libmedia_jni.so"
01-02 13:57:29.351 9556 9556 D MediaProfiles: CameraGroupFound(622): media_profiles_id: 0x0
01-02 13:57:29.351 9556 9556 D MediaProfiles: THIS IS RIGHT: getInstance(697): cameraHal version(0x1.0x51.0x1) before(0.3.33),so don't have file(/data/camera/media_profiles.xml)
01-02 13:57:29.351 9556 9556 W MediaProfiles: could not find media config xml file
01-02 13:57:29.353 9558 9558 I ServiceManager: Waiting for service media.camera.proxy...
01-02 13:57:29.376 9666 9666 I vpu_api : dlclose vpu lib
01-02 13:57:29.391 9556 9556 W Zygote : Class not found for preloading: android.view.Display$ColorTransform
01-02 13:57:29.391 9556 9556 W Zygote : Class not found for preloading: android.view.Display$ColorTransform$1
01-02 13:57:29.403 9558 9558 I ServiceManager: Waiting for service media.camera.proxy...
01-02 13:57:29.453 9558 9558 I ServiceManager: Waiting for service media.camera.proxy...
01-02 13:57:29.484 9556 9556 I System : Loaded time zone names for "" in 37ms (35ms in ICU)
01-02 13:57:29.503 9558 9558 I ServiceManager: Waiting for service media.camera.proxy...
01-02 13:57:29.505 9556 9556 I System : Loaded time zone names for "en_US" in 20ms (18ms in ICU)
01-02 13:57:29.530 9556 9556 I Zygote : ...preloaded 4158 classes in 388ms.
01-02 13:57:29.530 9556 9556 I art : VMRuntime.preloadDexCaches starting
01-02 13:57:29.554 9558 9558 I ServiceManager: Waiting for service media.camera.proxy...
01-02 13:57:29.604 9558 9558 I ServiceManager: Waiting for service media.camera.proxy...
01-02 13:57:29.654 9558 9558 I ServiceManager: Waiting for service media.camera.proxy...
01-02 13:57:29.661 9556 9556 I art : VMRuntime.preloadDexCaches strings total=286204 before=39874 after=39874
01-02 13:57:29.661 9556 9556 I art : VMRuntime.preloadDexCaches types total=23761 before=7889 after=7917
01-02 13:57:29.661 9556 9556 I art : VMRuntime.preloadDexCaches fields total=113006 before=41100 after=41317
01-02 13:57:29.661 9556 9556 I art : VMRuntime.preloadDexCaches methods total=199176 before=82707 after=83273
01-02 13:57:29.661 9556 9556 I art : VMRuntime.preloadDexCaches finished
01-02 13:57:29.662 9556 9556 I Zygote : Preloading resources...
01-02 13:57:29.676 9556 9556 W Resources: Preloaded drawable resource #0x108025c (android:drawable/dialog_background_material) that varies with configuration!!
01-02 13:57:29.677 9556 9556 W Resources: Preloaded drawable resource #0x1080298 (android:drawable/editbox_dropdown_background_dark) that varies with configuration!!
01-02 13:57:29.680 9556 9556 W Resources: Preloaded color resource #0x10600ea (android:color/material_grey_800) that varies with configuration!!
01-02 13:57:29.680 9556 9556 W Resources: Preloaded drawable resource #0x10802c9 (android:drawable/floating_popup_background_dark) that varies with configuration!!
01-02 13:57:29.686 9556 9556 W Resources: Preloaded drawable resource #0x108030b (android:drawable/ic_clear_disabled) that varies with configuration!!
01-02 13:57:29.687 9556 9556 W Resources: Preloaded drawable resource #0x1080310 (android:drawable/ic_clear_normal) that varies with configuration!!
01-02 13:57:29.689 9556 9556 W Resources: Preloaded drawable resource #0x1080359 (android:drawable/ic_go) that varies with configuration!!
01-02 13:57:29.692 9556 9556 W Resources: Preloaded drawable resource #0x1080038 (android:drawable/ic_menu_close_clear_cancel) that varies with configuration!!
01-02 13:57:29.694 9556 9556 W Resources: Preloaded drawable resource #0x1080045 (android:drawable/ic_menu_more) that varies with configuration!!
01-02 13:57:29.700 9556 9556 W Resources: Preloaded drawable resource #0x10804eb (android:drawable/menu_background_fill_parent_width) that varies with configuration!!
01-02 13:57:29.704 9558 9558 I ServiceManager: Waiting for service media.camera.proxy...
01-02 13:57:29.729 9556 9556 W Resources: Preloaded drawable resource #0x1080783 (android:drawable/text_edit_paste_window) that varies with configuration!!
01-02 13:57:29.732 9556 9556 W Resources: Preloaded drawable resource #0x1080096 (android:drawable/toast_frame) that varies with configuration!!
01-02 13:57:29.732 9556 9556 I Zygote : ...preloaded 114 resources in 70ms.
01-02 13:57:29.735 9556 9556 W Resources: Preloaded color resource #0x1060114 (android:color/background_cache_hint_selector_material_dark) that varies with configuration!!
01-02 13:57:29.736 9556 9556 W Resources: Preloaded color resource #0x1060119 (android:color/btn_default_material_dark) that varies with configuration!!
01-02 13:57:29.737 9556 9556 I Zygote : ...preloaded 41 resources in 5ms.
01-02 13:57:29.752 9556 9556 D libEGL : loaded /vendor/lib/egl/libGLES_mali.so
01-02 13:57:29.755 9558 9558 I ServiceManager: Waiting for service media.camera.proxy...
01-02 13:57:29.775 9556 9556 I Zygote : Preloading shared libraries...
01-02 13:57:29.785 9556 9556 I Zygote : Uninstalled ICU cache reference pinning...
01-02 13:57:29.786 9556 9556 I Zygote : Installed AndroidKeyStoreProvider in 2ms.
01-02 13:57:29.800 9556 9556 I Zygote : Warmed up JCA providers in 14ms.
01-02 13:57:29.800 9556 9556 D Zygote : end preload
01-02 13:57:29.800 9556 9556 I art : Starting a blocking GC Explicit
01-02 13:57:29.805 9558 9558 I ServiceManager: Waiting for service media.camera.proxy...
01-02 13:57:29.822 9556 9556 I art : Explicit concurrent mark sweep GC freed 38991(5MB) AllocSpace objects, 133(2MB) LOS objects, 39% free, 2MB/4MB, paused 169us total 21.921ms
01-02 13:57:29.824 9556 9556 I art : Starting a blocking GC Explicit
01-02 13:57:29.834 9556 9556 I art : Explicit concurrent mark sweep GC freed 4869(197KB) AllocSpace objects, 0(0B) LOS objects, 40% free, 2MB/3MB, paused 163us total 9.663ms
01-02 13:57:29.855 9558 9558 I ServiceManager: Waiting for service media.camera.proxy...
01-02 13:57:29.868 9556 9636 I art : Starting a blocking GC HeapTrim
01-02 13:57:29.870 9556 9556 I art : Starting a blocking GC Background
01-02 13:57:29.905 9558 9558 I ServiceManager: Waiting for service media.camera.proxy...
01-02 13:57:29.906 9556 9556 I Zygote : System server process 9727 has been created
01-02 13:57:29.907 9556 9556 I Zygote : Accepting command socket connections
01-02 13:57:29.912 9727 9727 I InstallerConnection: connecting...
01-02 13:57:29.913 15294 15294 I : new connection
01-02 13:57:29.916 9727 9727 I InstallerConnection: disconnecting...
01-02 13:57:29.916 15294 15294 E : eof
01-02 13:57:29.916 15294 15294 E : failed to read size
01-02 13:57:29.916 15294 15294 I : closing connection
01-02 13:57:29.925 9727 9727 I SystemServer: Entered the Android system server!
01-02 13:57:29.956 9558 9558 I ServiceManager: Waiting for service media.camera.proxy...
01-02 13:57:29.959 9727 9727 I GpioService-JNI: register_android_server_GpioService...DONE
01-02 13:57:29.959 9727 9727 I BarcodeService-JNI: register_android_server_BarcodeService...DONE
01-02 13:57:29.963 9727 9727 I SystemServiceManager: Starting com.android.server.pm.Installer
01-02 13:57:29.964 9727 9727 I Installer: Waiting for installd to be ready.
01-02 13:57:29.964 9727 9727 I InstallerConnection: connecting...
01-02 13:57:29.964 15294 15294 I : new connection
01-02 13:57:29.964 9727 9727 I SystemServiceManager: Starting com.android.server.am.ActivityManagerService$Lifecycle
01-02 13:57:29.972 9727 9727 I ActivityManager: Memory class: 192
