01-02 13:56:19.316 7549 7649 W PackageManager: Unknown permission android.permission.USE_FULL_SCREEN_INTENT in package com.google.android.gms
01-02 13:56:19.316 7549 7649 W PackageManager: Unknown permission com.sec.android.app.myfiles.permission.READ in package com.google.android.gms
01-02 13:56:19.316 7549 7649 W PackageManager: Unknown permission com.sec.android.app.myfiles.permission.WRITE in package com.google.android.gms
01-02 13:56:19.316 7549 7649 W PackageManager: Unknown permission com.sec.android.gallery3d.provider2.READ in package com.google.android.gms
01-02 13:56:19.316 7549 7649 W PackageManager: Unknown permission com.sec.android.gallery3d.provider2.WRITE in package com.google.android.gms
01-02 13:56:19.316 7549 7649 W PackageManager: Unknown permission android.permission.UWB_PRIVILEGED in package com.google.android.gms
01-02 13:56:19.316 7549 7649 W PackageManager: Unknown permission android.permission.UWB_RANGING in package com.google.android.gms
01-02 13:56:19.316 7549 7649 W PackageManager: Unknown permission com.google.pixel.exo.BIND_TO_BOOTSTRAPPING in package com.google.android.gms
01-02 13:56:19.316 7549 7649 W PackageManager: Unknown permission android.permission.REQUEST_COMPANION_PROFILE_COMPUTER in package com.google.android.gms
01-02 13:56:19.316 7549 7649 W PackageManager: Unknown permission android.permission.REQUEST_COMPANION_RUN_IN_BACKGROUND in package com.google.android.gms
01-02 13:56:19.316 7549 7649 W PackageManager: Unknown permission android.permission.REQUEST_COMPANION_SELF_MANAGED in package com.google.android.gms
01-02 13:56:19.316 7549 7649 W PackageManager: Unknown permission android.permission.CONTROL_DISPLAY_SATURATION in package com.google.android.gms
01-02 13:56:19.316 7549 7649 W PackageManager: Unknown permission com.google.android.hangouts.START_HANGOUT in package com.google.android.gms
01-02 13:56:19.316 7549 7649 W PackageManager: Unknown permission com.google.android.setupwizard.SETUP_PROGRESS_SERVICE in package com.google.android.gms
01-02 13:56:19.316 7549 7649 W PackageManager: Unknown permission android.car.permission.CAR_POWERTRAIN in package com.google.android.gms
01-02 13:56:19.316 7549 7649 W PackageManager: Unknown permission android.car.permission.CAR_ENERGY in package com.google.android.gms
01-02 13:56:19.316 7549 7649 W PackageManager: Unknown permission android.car.permission.CAR_ENERGY_PORTS in package com.google.android.gms
01-02 13:56:19.316 7549 7649 W PackageManager: Unknown permission android.car.permission.CAR_EXTERIOR_LIGHTS in package com.google.android.gms
01-02 13:56:19.316 7549 7649 W PackageManager: Unknown permission android.car.permission.CAR_INFO in package com.google.android.gms
01-02 13:56:19.316 7549 7649 W PackageManager: Unknown permission android.car.permission.CAR_MILEAGE in package com.google.android.gms
01-02 13:56:19.316 7549 7649 W PackageManager: Unknown permission android.car.permission.CAR_TIRES in package com.google.android.gms
01-02 13:56:19.316 7549 7649 W PackageManager: Unknown permission android.car.permission.CONTROL_CAR_CLIMATE in package com.google.android.gms
01-02 13:56:19.316 7549 7649 W PackageManager: Unknown permission android.car.permission.CONTROL_CAR_DOORS in package com.google.android.gms
01-02 13:56:19.316 7549 7649 W PackageManager: Unknown permission android.car.permission.CONTROL_CAR_EXTERIOR_LIGHTS in package com.google.android.gms
01-02 13:56:19.316 7549 7649 W PackageManager: Unknown permission android.car.permission.CONTROL_CAR_MIRRORS in package com.google.android.gms
01-02 13:56:19.316 7549 7649 W PackageManager: Unknown permission android.car.permission.CONTROL_CAR_SEATS in package com.google.android.gms
01-02 13:56:19.316 7549 7649 W PackageManager: Unknown permission android.car.permission.CONTROL_CAR_WINDOWS in package com.google.android.gms
01-02 13:56:19.316 7549 7649 W PackageManager: Unknown permission android.car.permission.READ_CAR_DISPLAY_UNITS in package com.google.android.gms
01-02 13:56:19.316 7549 7649 W PackageManager: Not granting permission android.permission.MODIFY_DAY_NIGHT_MODE to package com.google.android.gms (protectionLevel=18 flags=0xb8483ec5)
01-02 13:56:19.316 7549 7649 W PackageManager: Unknown permission com.google.android.permission.ACCESSIBILITY_SCAN_SERVICE in package com.google.android.gms
01-02 13:56:19.316 7549 7649 W PackageManager: Unknown permission android.permission.ACTIVITY_EMBEDDING in package com.google.android.gms
01-02 13:56:19.316 7549 7649 W PackageManager: Unknown permission android.permission.FOREGROUND_SERVICE_MEDIA_PROJECTION in package com.google.android.gms
01-02 13:56:19.316 7549 7649 W PackageManager: Unknown permission android.permission.PROVIDE_RESOLVER_RANKER_SERVICE in package com.google.android.gms
01-02 13:56:19.316 7549 7649 W PackageManager: Unknown permission com.google.android.clockwork.settings.SHOW_FACTORY_RESET_CONFIRMATION in package com.google.android.gms
01-02 13:56:19.316 7549 7649 W PackageManager: Unknown permission com.google.android.wearable.READ_SETTINGS in package com.google.android.gms
01-02 13:56:19.316 7549 7649 W PackageManager: Unknown permission com.google.android.wearable.permission.URI_REDIRECT_TO_REMOTE in package com.google.android.gms
01-02 13:56:19.316 7549 7649 W PackageManager: Unknown permission android.permission.READ_MEDIA_AUDIO in package com.google.android.gms
01-02 13:56:19.316 7549 7649 W PackageManager: Unknown permission android.permission.READ_MEDIA_IMAGES in package com.google.android.gms
01-02 13:56:19.316 7549 7649 W PackageManager: Unknown permission android.permission.READ_MEDIA_VIDEO in package com.google.android.gms
01-02 13:56:19.316 7549 7649 W PackageManager: Unknown permission android.permission.ACCESS_MEDIA_LOCATION in package com.google.android.gms
01-02 13:56:19.317 7549 7649 W PackageManager: Unknown permission android.permission.FOREGROUND_SERVICE_DATA_SYNC in package com.google.android.gms
01-02 13:56:19.317 7549 7649 W PackageManager: Unknown permission android.permission.DOMAIN_VERIFICATION_AGENT in package com.google.android.gms
01-02 13:56:19.327 7549 7569 I UsageStatsService: User[0] Rollover scheduled @ 2024-01-02 20:32:48(1704202368074)
01-02 13:56:19.372 7549 7649 W MountService: No primary storage mounted!
01-02 13:56:19.373 7549 7649 D VoldConnector: SND -> {2 asec list}
01-02 13:56:19.373 7549 7650 D VoldConnector: RCV <- {200 2 asec operation succeeded}
01-02 13:56:19.374 7549 7549 I SystemServer: StartLockSettingsService
01-02 13:56:19.374 7549 7549 I SystemServiceManager: Starting com.android.server.LockSettingsService$Lifecycle
01-02 13:56:19.379 7549 7549 I SystemServiceManager: Starting com.android.server.DeviceIdleController
01-02 13:56:19.382 7549 7549 I SystemServiceManager: Starting com.android.server.devicepolicy.DevicePolicyManagerService$Lifecycle
01-02 13:56:19.387 7549 7549 I SystemServer: StartStatusBarManagerService
01-02 13:56:19.388 7549 7549 I SystemServer: StartClipboardService
01-02 13:56:19.390 7549 7549 I SystemServer: StartNetworkManagementService
01-02 13:56:19.392 7549 7652 I NetworkManagement: onDaemonConnected()
01-02 13:56:19.393 7549 7549 I SystemServiceManager: Starting com.android.server.TextServicesManagerService$Lifecycle
01-02 13:56:19.395 7549 7549 W TextServicesManagerService: no available spell checker services found
01-02 13:56:19.395 7549 7549 I SystemServer: StartNetworkScoreService
01-02 13:56:19.397 7549 7549 I SystemServer: StartNetworkStatsService
01-02 13:56:19.400 7549 7549 I SystemServer: StartNetworkPolicyManagerService
01-02 13:56:19.403 7549 7549 I SystemServer: No Wi-Fi NAN Service (NAN support Not Present)
01-02 13:56:19.404 7549 7549 I SystemServiceManager: Starting com.android.server.wifi.p2p.WifiP2pService
01-02 13:56:19.418 7549 7549 I SystemServiceManager: Starting com.android.server.wifi.WifiService
01-02 13:56:19.475 7376 7638 D CommandListener: Clearing all IP addresses on wlan0
01-02 13:56:19.477 7549 7658 I chatty : uid=1000(system) IpManager.wlan0 expire 1 line
01-02 13:56:19.477 7549 7657 I chatty : uid=1000(system) WifiStateMachin expire 52 lines
01-02 13:56:19.483 7549 7549 I SystemServiceManager: Starting com.android.server.wifi.scanner.WifiScanningService
01-02 13:56:19.484 7549 7549 I SystemServiceManager: Starting com.android.server.wifi.RttService
01-02 13:56:19.485 7549 7549 I SystemServer: StartEthernetService
01-02 13:56:19.486 7549 7549 I SystemServiceManager: Starting com.android.server.ethernet.EthernetService
01-02 13:56:19.487 7549 7549 I SystemServer: StartConnectivityService
01-02 13:56:19.492 7549 7549 D ConnectivityService: ConnectivityService starting up
01-02 13:56:19.494 7549 7549 D ConnectivityService: wifiOnly=true
01-02 13:56:19.494 7549 7549 D ConnectivityService: naString=wifi,1,1,2,-1,true config=android.net.NetworkConfig@5b2760f
01-02 13:56:19.494 7549 7549 D ConnectivityService: naString=mobile,0,0,0,-1,true config=android.net.NetworkConfig@b8f069c
01-02 13:56:19.494 7549 7549 D ConnectivityService: networkAttributes - ignoring mobile as this dev is wifiOnly 0
01-02 13:56:19.494 7549 7549 D ConnectivityService: naString=mobile_mms,2,0,2,60000,false config=android.net.NetworkConfig@89188a5
01-02 13:56:19.494 7549 7549 D ConnectivityService: networkAttributes - ignoring mobile as this dev is wifiOnly 2
01-02 13:56:19.495 7549 7549 D ConnectivityService: naString=mobile_supl,3,0,2,60000,true config=android.net.NetworkConfig@237a47a
01-02 13:56:19.495 7549 7549 D ConnectivityService: networkAttributes - ignoring mobile as this dev is wifiOnly 3
01-02 13:56:19.495 7549 7549 D ConnectivityService: naString=mobile_dun,4,0,2,60000,true config=android.net.NetworkConfig@62a642b
01-02 13:56:19.495 7549 7549 D ConnectivityService: networkAttributes - ignoring mobile as this dev is wifiOnly 4
01-02 13:56:19.495 7549 7549 D ConnectivityService: naString=mobile_hipri,5,0,3,60000,true config=android.net.NetworkConfig@ed3f088
01-02 13:56:19.495 7549 7549 D ConnectivityService: networkAttributes - ignoring mobile as this dev is wifiOnly 5
01-02 13:56:19.495 7549 7549 D ConnectivityService: naString=mobile_fota,10,0,2,60000,true config=android.net.NetworkConfig@4b70a21
01-02 13:56:19.495 7549 7549 D ConnectivityService: networkAttributes - ignoring mobile as this dev is wifiOnly 10
01-02 13:56:19.495 7549 7549 D ConnectivityService: naString=mobile_ims,11,0,2,60000,true config=android.net.NetworkConfig@d8b8e46
01-02 13:56:19.495 7549 7549 D ConnectivityService: networkAttributes - ignoring mobile as this dev is wifiOnly 11
01-02 13:56:19.495 7549 7549 D ConnectivityService: naString=mobile_cbs,12,0,2,60000,true config=android.net.NetworkConfig@9e91807
01-02 13:56:19.495 7549 7549 D ConnectivityService: networkAttributes - ignoring mobile as this dev is wifiOnly 12
01-02 13:56:19.495 7549 7549 D ConnectivityService: naString=bluetooth,7,7,0,-1,true config=android.net.NetworkConfig@9fb8d34
01-02 13:56:19.495 7549 7549 D ConnectivityService: naString=ethernet,9,9,9,-1,true config=android.net.NetworkConfig@f59275d
01-02 13:56:19.495 7549 7549 D ConnectivityService: naString=pppoe,15,15,5,-1,true config=android.net.NetworkConfig@1e248d2
01-02 13:56:19.495 7549 7549 D ConnectivityService: networkAttributes - ignoring mobile as this dev is wifiOnly 15
01-02 13:56:19.495 7549 7549 D ConnectivityService: mNetworksDefined=4
01-02 13:56:19.495 7549 7549 E ConnectivityService: Ignoring protectedNetwork 10
01-02 13:56:19.495 7549 7549 E ConnectivityService: Ignoring protectedNetwork 11
01-02 13:56:19.495 7549 7549 E ConnectivityService: Ignoring protectedNetwork 12
01-02 13:56:19.495 7549 7549 E ConnectivityService: Ignoring protectedNetwork 14
01-02 13:56:19.495 7549 7549 E ConnectivityService: Ignoring protectedNetwork 15
01-02 13:56:19.503 7549 7549 I SystemServer: StartNsdService
01-02 13:56:19.505 7549 7549 I SystemServer: StartUpdateLockService
01-02 13:56:19.506 7549 7549 I SystemServiceManager: Starting com.android.server.RecoverySystemService
01-02 13:56:19.507 7549 7549 I SystemServiceManager: Starting com.android.server.notification.NotificationManagerService
01-02 13:56:19.517 7549 7549 D ConditionProviders.SCP: new ScheduleConditionProvider()
01-02 13:56:19.529 7549 7549 I SystemServiceManager: Starting com.android.server.storage.DeviceStorageMonitorService
01-02 13:56:19.531 7549 7549 I SystemServiceManager: Starting com.android.server.barcode.BarcodeService
01-02 13:56:19.531 7549 7549 D BarcodeService: Start service
01-02 13:56:19.532 7549 7549 I SystemServer: StartLocationManagerService
01-02 13:56:19.534 7549 7549 I SystemServer: StartCountryDetectorService
01-02 13:56:19.535 7549 7549 I SystemServer: StartSearchManagerService
01-02 13:56:19.535 7549 7549 I SystemServiceManager: Starting com.android.server.search.SearchManagerService$Lifecycle
01-02 13:56:19.537 7549 7549 I SystemServiceManager: Starting com.android.server.DropBoxManagerService
01-02 13:56:19.538 7549 7549 I SystemServer: StartWallpaperManagerService
01-02 13:56:19.538 7549 7549 I SystemServiceManager: Starting com.android.server.wallpaper.WallpaperManagerService$Lifecycle
01-02 13:56:19.541 7549 7549 I SystemServer: StartAudioService
01-02 13:56:19.541 7549 7549 I SystemServiceManager: Starting com.android.server.audio.AudioService$Lifecycle
01-02 13:56:19.546 7379 7379 D PermissionCache: checking android.permission.MODIFY_AUDIO_SETTINGS for uid=1000 => granted (285 us)
01-02 13:56:19.549 7379 7395 W AudioFlinger: no wake lock to update, system not ready yet
01-02 13:56:19.559 7379 7379 D AudioHardwareTiny: adev_set_parameters: kvpairs = orientation=undefined
01-02 13:56:19.560 7549 7549 I SystemServiceManager: Starting com.android.server.DockObserver
01-02 13:56:19.561 7549 7549 W DockObserver: This kernel does not have dock station support
01-02 13:56:19.561 7549 7549 I SystemServer: StartWiredAccessoryManager
01-02 13:56:19.562 7549 7549 W WiredAccessoryManager: This kernel does not have usb audio support
01-02 13:56:19.562 7549 7549 W WiredAccessoryManager: This kernel does not have dp audio support
01-02 13:56:19.562 7549 7549 I SystemServiceManager: Starting com.android.server.usb.UsbService$Lifecycle
01-02 13:56:19.565 7549 7549 E UsbDeviceManager: failed to write to /sys/class/android_usb/android0/f_rndis/ethaddr
01-02 13:56:19.569 7549 7549 I SystemServer: StartSerialService
01-02 13:56:19.570 7549 7549 I SystemServiceManager: Starting com.android.server.twilight.TwilightService
01-02 13:56:19.571 7549 7549 I SystemServiceManager: Starting com.android.server.job.JobSchedulerService
01-02 13:56:19.573 7549 7549 D JobStore: Start tag: job-info
01-02 13:56:19.587 7549 7549 I SystemServiceManager: Starting com.android.server.soundtrigger.SoundTriggerService
01-02 13:56:19.588 7549 7549 I SystemServiceManager: Starting com.android.server.backup.BackupManagerService$Lifecycle
01-02 13:56:19.590 7549 7549 I SystemServiceManager: Starting com.android.server.appwidget.AppWidgetService
01-02 13:56:19.594 7549 7549 I SystemServiceManager: Starting com.android.server.voiceinteraction.VoiceInteractionManagerService
01-02 13:56:19.595 7549 7549 I SystemServiceManager: Starting com.android.server.SensorNotificationService
01-02 13:56:19.596 7549 7549 I SystemServiceManager: Starting com.android.server.ContextHubSystemService
01-02 13:56:19.596 7549 7549 I SystemServer: StartDiskStatsService
01-02 13:56:19.598 7549 7549 I SystemServer: StartSamplingProfilerService
01-02 13:56:19.600 7549 7549 I SystemServer: StartNetworkTimeUpdateService
01-02 13:56:19.601 7549 7549 I SystemServer: StartCommonTimeManagementService
01-02 13:56:19.602 7549 7549 I SystemServer: CertBlacklister
01-02 13:56:19.603 7549 7549 I SystemServiceManager: Starting com.android.server.emergency.EmergencyAffordanceService
01-02 13:56:19.603 7549 7549 I SystemServiceManager: Starting com.android.server.dreams.DreamManagerService
01-02 13:56:19.605 7549 7549 I SystemServer: StartAssetAtlasService
01-02 13:56:19.607 7549 7549 I SystemServiceManager: Starting com.android.server.print.PrintManagerService
01-02 13:56:19.607 7549 7671 I chatty : uid=1000 system_server expire 2 lines
01-02 13:56:19.610 7549 7549 I SystemServiceManager: Starting com.android.server.restrictions.RestrictionsManagerService
01-02 13:56:19.611 7549 7549 I SystemServiceManager: Starting com.android.server.media.MediaSessionService
01-02 13:56:19.613 7549 7549 I SystemServer: StartMediaRouterService
01-02 13:56:19.615 7549 7549 I SystemServiceManager: Starting com.android.server.trust.TrustManagerService
01-02 13:56:20.082 7549 7549 I SystemServer: StartBackgroundDexOptService
01-02 13:56:20.083 7549 7549 I SystemServiceManager: Starting com.android.server.pm.ShortcutService$Lifecycle
01-02 13:56:20.088 7549 7549 I SystemServiceManager: Starting com.android.server.pm.LauncherAppsService
01-02 13:56:20.090 7549 7549 I SystemServiceManager: Starting com.android.server.media.projection.MediaProjectionManagerService
01-02 13:56:20.097 7549 7549 I SystemServiceManager: Starting com.android.server.MmsServiceBroker
01-02 13:56:20.099 7549 7549 I SystemServiceManager: Starting com.android.server.retaildemo.RetailDemoModeService
01-02 13:56:20.112 7549 7549 E LockSettingsStorage: Cannot read file java.io.FileNotFoundException: /data/system/gatekeeper.password.key: open failed: ENOENT (No such file or directory)
01-02 13:56:20.113 7549 7549 E LockSettingsStorage: Cannot read file java.io.FileNotFoundException: /data/system/password.key: open failed: ENOENT (No such file or directory)
01-02 13:56:20.113 7549 7549 E LockSettingsStorage: Cannot read file java.io.FileNotFoundException: /data/system/gatekeeper.pattern.key: open failed: ENOENT (No such file or directory)
01-02 13:56:20.114 7549 7549 E LockSettingsStorage: Cannot read file java.io.FileNotFoundException: /data/system/gatekeeper.gesture.key: open failed: ENOENT (No such file or directory)
01-02 13:56:20.114 7549 7549 E LockSettingsStorage: Cannot read file java.io.FileNotFoundException: /data/system/gesture.key: open failed: ENOENT (No such file or directory)
01-02 13:56:20.115 7549 7549 I SystemServiceManager: Starting phase 480
01-02 13:56:20.132 7549 7549 I SystemServiceManager: Starting phase 500
01-02 13:56:20.138 7549 7549 D ConnectivityService: listenForNetwork for uid/pid:1000/7549 NetworkRequest [ LISTEN id=3, [] ]
01-02 13:56:20.141 7549 7549 I WifiService: WifiService starting up with Wi-Fi enabled
01-02 13:56:20.143 7549 7549 D WifiService: setWifiEnabled: true pid=7549, uid=1000
01-02 13:56:20.145 7549 7656 I chatty : uid=1000(system) WifiService expire 2 lines
01-02 13:56:20.150 7549 7661 D ConnectivityService: Got NetworkFactory Messenger for Ethernet
01-02 13:56:20.150 7549 7661 D ConnectivityService: NetworkFactory connected
01-02 13:56:20.151 7549 7683 I chatty : uid=1000(system) EthernetService expire 3 lines
01-02 13:56:20.154 7376 7638 D CommandListener: Setting iface cfg
01-02 13:56:20.154 7376 7630 I Netd : Destroyed 1 sockets on 192.168.10.6 in 0.2 ms
01-02 13:56:20.155 209 6941 E adbd : error reading protocol FD 23: Connection reset by peer
01-02 13:56:20.156 7376 7638 D CommandListener: Trying to bring up eth0
01-02 13:56:20.161 7379 7379 D PermissionCache: checking android.permission.CAPTURE_AUDIO_HOTWORD for uid=1000 => granted (126 us)
01-02 13:56:20.161 7549 7549 W SoundTriggerHelper: listModules status=0, # of modules=0
01-02 13:56:20.173 7549 7549 V UserManagerService: Found /data/user_de/0 with serial number 0
01-02 13:56:20.173 7549 7549 V UserManagerService: Found /data/user/0 with serial number 0
01-02 13:56:20.173 7549 7549 V UserManagerService: Found /data/system_de/0 with serial number 0
01-02 13:56:20.174 7549 7549 V UserManagerService: Found /data/system_ce/0 with serial number 0
01-02 13:56:20.174 7549 7593 W KeyguardServiceDelegate: onScreenTurningOn(): no keyguard service!
01-02 13:56:20.281 7549 7549 D ActivityManager: OK, system ready!
01-02 13:56:20.282 7549 7549 I ActivityManager: System now ready
01-02 13:56:20.283 7549 7549 I ActivityManager: Config changes=4 {1.0 dualscreenflag=DISABLE ?mcc?mnc [en_US,vi_VN] ldltr sw768dp w1366dp h696dp 160dpi xlrg long land finger -keyb/v/h -nav/h s.5}
01-02 13:56:20.289 7549 7570 I SystemServer: Making services ready
01-02 13:56:20.289 7549 7570 I SystemServiceManager: Starting phase 550
01-02 13:56:20.322 7549 7549 I ActivityManager: Start proc 7687:com.android.phone/1001 for added application com.android.phone
01-02 13:56:20.333 7549 7549 I ActivityManager: Start proc 7700:com.android.systemui/u0a25 for added application com.android.systemui
01-02 13:56:20.334 7549 7549 I ActivityManager: START u0 {act=android.intent.action.MAIN cat=[android.intent.category.HOME] flg=0x10000100 cmp=com.android.settings/.FallbackHome} from uid 0 on display 0
01-02 13:56:20.343 7549 7549 I ActivityManager: Loaded persisted task ids for user 0
01-02 13:56:20.357 7549 7549 I ActivityManager: Start proc 7713:com.android.settings/1000 for activity com.android.settings/.FallbackHome
01-02 13:56:20.366 7549 7549 D ConditionProviders.SCP: onConnected
01-02 13:56:20.367 7549 7549 D ConditionProviders: Subscribing to condition://android/schedule?days=1.2.3.4.5&start=22.0&end=7.0&exitAtAlarm=false with ComponentInfo{android/com.android.server.notification.ScheduleConditionProvider}
01-02 13:56:20.368 7549 7549 D ConditionProviders: Subscribing to condition://android/event?userId=-10000&calendar=&reply=1 with ComponentInfo{android/com.android.server.notification.EventConditionProvider}
01-02 13:56:20.368 7549 7549 D ConditionProviders: Subscribing to condition://android/schedule?days=6.7&start=23.30&end=10.0&exitAtAlarm=false with ComponentInfo{android/com.android.server.notification.ScheduleConditionProvider}
01-02 13:56:20.371 7549 7660 I chatty : uid=1000(system) WifiRttService expire 2 lines
01-02 13:56:20.373 7549 7659 I chatty : uid=1000(system) WifiScanningSer expire 3 lines
01-02 13:56:20.373 7549 7570 D BluetoothManagerService: Bluetooth boot completed
01-02 13:56:20.373 7549 7570 E InputMethodManagerService: Ignoring updateSystemUiLocked due to an invalid token. uid:1000 token:null
01-02 13:56:20.376 7378 7411 I MediaPlayerService: processName cmdline:/proc/7549/cmdline
01-02 13:56:20.392 7687 7687 W System : ClassLoader referenced unknown path: /system/priv-app/TeleService/lib/arm
01-02 13:56:20.395 7378 7730 D NuPlayerDriver: notifyListener_l(0xacbaaa80), (1, 0, 0), loop setting(0, 0)
01-02 13:56:20.397 7713 7713 W System : ClassLoader referenced unknown path: /system/priv-app/Settings/lib/arm
01-02 13:56:20.400 7378 7729 D NuPlayerDriver: reset(0xacbaaa80) at state 4
01-02 13:56:20.400 7378 7729 D NuPlayerDriver: notifyListener_l(0xacbaaa80), (8, 0, 0), loop setting(0, 0)
01-02 13:56:20.401 7378 7730 D NuPlayerDriver: notifyResetComplete(0xacbaaa80)
01-02 13:56:20.401 7378 7378 D NuPlayerDriver: reset(0xacbaaa80) at state 0
01-02 13:56:20.404 7378 7378 I MediaPlayerService: processName cmdline:/proc/7549/cmdline
01-02 13:56:20.424 7549 7570 I ActivityManager: Start proc 7739:com.google.android.inputmethod.latin/u0a58 for service com.google.android.inputmethod.latin/com.android.inputmethod.latin.LatinIME
01-02 13:56:20.425 7378 7734 D NuPlayerDriver: notifyListener_l(0xacbaac00), (1, 0, 0), loop setting(0, 0)
01-02 13:56:20.425 7549 7570 V InputMethodManagerService: Adding window token: android.os.Binder@dc73b23
01-02 13:56:20.426 7549 7649 D MountService: Thinking about init, mSystemReady=true, mDaemonConnected=true
01-02 13:56:20.426 7549 7649 D MountService: Setting up emulation state, initlocked=false
01-02 13:56:20.426 7549 7649 D CryptdConnector: SND -> {2 cryptfs unlock_user_key 0 0 ! !}
01-02 13:56:20.427 188 193 D vold : e4crypt_unlock_user_key 0 serial=0 token_present=0
01-02 13:56:20.427 7687 7687 W System : ClassLoader referenced unknown path: /system/priv-app/TelephonyProvider/lib/arm
01-02 13:56:20.428 7549 7570 W TextServicesManagerService: no available spell checker services found
01-02 13:56:20.428 7687 7687 D ApplicationLoaders: ignored Vulkan layer search path /system/priv-app/TelephonyProvider/lib/arm:/system/lib:/vendor/lib for namespace 0xaee8a090
01-02 13:56:20.429 7549 7651 D CryptdConnector: RCV <- {200 2 Command succeeded}
01-02 13:56:20.429 7549 7649 D MountService: Thinking about reset, mSystemReady=true, mDaemonConnected=true
01-02 13:56:20.430 7379 7379 D AudioHardwareTiny: adev_set_parameters: kvpairs = A2dpSuspended=false
01-02 13:56:20.431 7549 7649 D VoldConnector: SND -> {3 volume reset}
01-02 13:56:20.441 7549 7570 D UsbAlsaManager: Adding ALSA device AlsaDevice: [card: 3, device: 0, type: 2]
01-02 13:56:20.441 7549 7570 D UsbAlsaManager: Adding ALSA device AlsaDevice: [card: 3, device: 0, type: 1]
01-02 13:56:20.441 7549 7570 D UsbAlsaManager: Adding ALSA device AlsaDevice: [card: 0, device: 0, type: 1]
01-02 13:56:20.441 7549 7570 I chatty : uid=1000(system) ActivityManager expire 15 lines
01-02 13:56:20.443 7549 7650 D VoldConnector: RCV <- {651 emulated 5}
01-02 13:56:20.445 7549 7570 I SystemServer: WebViewFactory preparation
01-02 13:56:20.455 7378 7733 D NuPlayerDriver: start(0xacbaac00), state is 4, eos is 0
01-02 13:56:20.455 7378 7734 I GenericSource: start
01-02 13:56:20.455 7549 7668 D BluetoothManagerService: Trying to bind to profile: 1, while Bluetooth was disabled
01-02 13:56:20.456 7379 7379 D AudioHardwareTiny: adev_set_parameters: kvpairs = orientation=landscape
01-02 13:56:20.459 7687 7687 D TelephonyProvider: dbh.onOpen: ok, queried table=siminfo
01-02 13:56:20.459 7687 7687 D TelephonyProvider: dbh.onOpen: ok, queried table=carriers
01-02 13:56:20.463 7378 7757 I MediaCodec: callingProcessName:system_server
01-02 13:56:20.463 7378 7757 I MediaPlayerService: MediaPlayerService::getOMX
01-02 13:56:20.474 7549 7558 I chatty : uid=1000(system) HeapTaskDaemon expire 3 lines
01-02 13:56:20.478 7549 7747 D UsbHostManager: Added device UsbDevice[mName=/dev/bus/usb/001/005,mVendorId=10685,mProductId=16641,mClass=0,mSubclass=0,mProtocol=0,mManufacturerName=Silicon Works,mProductName=Multi-touch SW4101C,mVersion=2.0,mSerialNumber=null,mConfigurations=[
01-02 13:56:20.478 7549 7747 D UsbHostManager: UsbConfiguration[mId=1,mName=null,mAttributes=160,mMaxPower=49,mInterfaces=[
01-02 13:56:20.478 7549 7747 D UsbHostManager: UsbInterface[mId=0,mAlternateSetting=0,mName=null,mClass=3,mSubclass=0,mProtocol=0,mEndpoints=[
01-02 13:56:20.478 7549 7747 D UsbHostManager: UsbEndpoint[mAddress=129,mAttributes=3,mMaxPacketSize=64,mInterval=1]]]]
01-02 13:56:20.482 7549 7570 I ActivityManager: Start proc 7760:WebViewLoader-armeabi-v7a/1037 [android.webkit.WebViewFactory$RelroFileCreator] for
01-02 13:56:20.483 7549 7747 W ContextImpl: Calling a method in the system process without a qualified user: android.app.ContextImpl.sendBroadcast:877 com.android.server.usb.UsbSettingsManager.deviceAttached:739 com.android.server.usb.UsbHostManager.endUsbDeviceAdded:225 com.android.server.usb.UsbHostManager.monitorUsbHostBus:-2 com.android.server.usb.UsbHostManager.-wrap0:-1
01-02 13:56:20.491 7549 7570 D NetworkManagement: enabling bandwidth control
01-02 13:56:20.491 7378 7757 I libstagefrighthw: OMX IL core libOMX_Core.so: declares component OMX.rk.video_decoder.avc
01-02 13:56:20.491 7378 7757 I libstagefrighthw: OMX IL core libOMX_Core.so: declares component OMX.rk.video_decoder.m4v
01-02 13:56:20.491 7378 7757 I libstagefrighthw: OMX IL core libOMX_Core.so: declares component OMX.rk.video_decoder.h263
01-02 13:56:20.491 7378 7757 I libstagefrighthw: OMX IL core libOMX_Core.so: declares component OMX.rk.video_decoder.flv1
01-02 13:56:20.491 7378 7757 I libstagefrighthw: OMX IL core libOMX_Core.so: declares component OMX.rk.video_decoder.m2v
01-02 13:56:20.491 7378 7757 I libstagefrighthw: OMX IL core libOMX_Core.so: declares component OMX.rk.video_decoder.rv
01-02 13:56:20.491 7378 7757 I libstagefrighthw: OMX IL core libOMX_Core.so: declares component OMX.rk.video_decoder.vp6
01-02 13:56:20.491 7378 7757 I libstagefrighthw: OMX IL core libOMX_Core.so: declares component OMX.rk.video_decoder.vp8
01-02 13:56:20.491 7378 7757 I libstagefrighthw: OMX IL core libOMX_Core.so: declares component OMX.rk.video_decoder.vp9
01-02 13:56:20.491 7378 7757 I libstagefrighthw: OMX IL core libOMX_Core.so: declares component OMX.rk.video_decoder.vc1
01-02 13:56:20.491 7378 7757 I libstagefrighthw: OMX IL core libOMX_Core.so: declares component OMX.rk.video_decoder.wmv3
01-02 13:56:20.491 7378 7757 I libstagefrighthw: OMX IL core libOMX_Core.so: declares component OMX.rk.video_decoder.hevc
01-02 13:56:20.491 7378 7757 I libstagefrighthw: OMX IL core libOMX_Core.so: declares component OMX.rk.video_decoder.mjpeg
01-02 13:56:20.491 7378 7757 I libstagefrighthw: OMX IL core libOMX_Core.so: declares component OMX.rk.video_decoder.avc.secure
01-02 13:56:20.491 7378 7757 I libstagefrighthw: OMX IL core libOMX_Core.so: declares component OMX.rk.video_decoder.hevc.secure
01-02 13:56:20.491 7378 7757 I libstagefrighthw: OMX IL core libOMX_Core.so: declares component OMX.rk.video_decoder.m2v.secure
01-02 13:56:20.491 7378 7757 I libstagefrighthw: OMX IL core libOMX_Core.so: declares component OMX.rk.video_decoder.m4v.secure
01-02 13:56:20.491 7378 7757 I libstagefrighthw: OMX IL core libOMX_Core.so: declares component OMX.rk.video_decoder.vp8.secure
01-02 13:56:20.491 7378 7757 I libstagefrighthw: OMX IL core libOMX_Core.so: declares component OMX.rk.video_decoder.vp9.secure
01-02 13:56:20.491 7378 7757 I libstagefrighthw: OMX IL core libOMX_Core.so: declares component OMX.rk.video_encoder.avc
01-02 13:56:20.491 7378 7757 I libstagefrighthw: OMX IL core libOMX_Core.so: declares component OMX.rk.video_encoder.hevc
01-02 13:56:20.491 7378 7757 I libstagefrighthw: OMX IL core libOMX_Core.so: declares component OMX.rk.video_encoder.vp8video_encoder.vp8
01-02 13:56:20.491 7378 7757 I libstagefrighthw: OMX IL core libOMX_Core.so: contains 22 components
01-02 13:56:20.494 7378 7757 I OMXClient: MuxOMX ctor
01-02 13:56:20.494 7378 7757 I MediaPlayerService: MediaPlayerService::getOMX
01-02 13:56:20.495 7378 7757 I OMXClient: MuxOMX ctor
01-02 13:56:20.495 30005 30280 I OMXMaster: makeComponentInstance(OMX.google.mp3.decoder) in mediacodec process
01-02 13:56:20.496 7700 7700 V SystemUIService: Starting SystemUI services for user 0.
01-02 13:56:20.497 7379 7670 I AudioFlinger: systemReady
01-02 13:56:20.506 7549 7569 I chatty : uid=1000(system) android.bg expire 17 lines
01-02 13:56:20.529 7549 7747 D UsbHostManager: Added device UsbDevice[mName=/dev/bus/usb/002/008,mVendorId=3468,mProductId=20,mClass=0,mSubclass=0,mProtocol=0,mManufacturerName=C-Media Electronics Inc.,mProductName=USB Audio Device,mVersion=1.16,mSerialNumber=null,mConfigurations=[
01-02 13:56:20.529 7549 7747 D UsbHostManager: UsbConfiguration[mId=1,mName=null,mAttributes=128,mMaxPower=250,mInterfaces=[
01-02 13:56:20.529 7549 7747 D UsbHostManager: UsbInterface[mId=0,mAlternateSetting=0,mName=null,mClass=1,mSubclass=1,mProtocol=0,mEndpoints=[]
01-02 13:56:20.529 7549 7747 D UsbHostManager: UsbInterface[mId=1,mAlternateSetting=0,mName=null,mClass=1,mSubclass=2,mProtocol=0,mEndpoints=[]
01-02 13:56:20.529 7549 7747 D UsbHostManager: UsbInterface[mId=1,mAlternateSetting=1,mName=null,mClass=1,mSubclass=2,mProtocol=0,mEndpoints=[
01-02 13:56:20.529 7549 7747 D UsbHostManager: UsbEndpoint[mAddress=1,mAttributes=9,mMaxPacketSize=200,mInterval=1]]
01-02 13:56:20.529 7549 7747 D UsbHostManager: UsbInterface[mId=2,mAlternateSetting=0,mName=null,mClass=1,mSubclass=2,mProtocol=0,mEndpoints=[]
01-02 13:56:20.529 7549 7747 D UsbHostManager: UsbInterface[mId=2,mAlternateSetting=1,mName=null,mClass=1,mSubclass=2,mProtocol=0,mEndpoints=[
01-02 13:56:20.529 7549 7747 D UsbHostManager: UsbEndpoint[mAddress=130,mAttributes=13,mMaxPacketSize=100,mInterval=1]]
01-02 13:56:20.529 7549 7747 D UsbHostManager: UsbInterface[mId=3,mAlternateSetting=0,mName=null,mClass=3,mSubclass=0,mProtocol=0,mEndpoints=[
01-02 13:56:20.529 7549 7747 D UsbHostManager: UsbEndpoint[mAddress=135,mAttributes=3,mMaxPacketSize=4,mInterval=2]]]]
01-02 13:56:20.529 7549 7747 W ContextImpl: Calling a method in the system process without a qualified user: android.app.ContextImpl.sendBroadcast:877 com.android.server.usb.UsbSettingsManager.deviceAttached:739 com.android.server.usb.UsbHostManager.endUsbDeviceAdded:225 com.android.server.usb.UsbHostManager.monitorUsbHostBus:-2 com.android.server.usb.UsbHostManager.-wrap0:-1
01-02 13:56:20.534 7700 7700 V MediaRouter: Adding route: RouteInfo{ name=Tablet, description=null, status=null, category=RouteCategory{ name=null types=ROUTE_TYPE_LIVE_AUDIO ROUTE_TYPE_LIVE_VIDEO groupable=false }, supportedTypes=ROUTE_TYPE_LIVE_AUDIO ROUTE_TYPE_LIVE_VIDEO , presentationDisplay=Display id 1: DisplayInfo{"HDMI Screen", uniqueId "local:1", app 1024 x 768, real 1024 x 768, largest app 1024 x 768, smallest app 1024 x 768, mode 2, defaultMode 2, modes [{id=2, width=1024, height=768, fps=60.000004}], colorMode 0, supportedColorModes [0], hdrCapabilities android.view.Display$HdrCapabilities@a69d6308, rotation 0, density 227 (227.0 x 227.0) dpi, layerStack 1, appVsyncOff 1000000, presDeadline 16666666, type HDMI, state ON, FLAG_SECURE, FLAG_SUPPORTS_PROTECTED_BUFFERS, FLAG_PRESENTATION}, DisplayMetrics{density=1.41875, width=1024, height=768, scaledDensity=1.41875, xdpi=227.0, ydpi=227.0}, isValid=true }
01-02 13:56:20.543 7549 7747 I UsbAlsaManager: USB Audio Device Added: UsbAudioDevice: [card: 3, device: 0, name: USB-Audio - USB Audio Device, hasPlayback: true, hasCapture: true, class: 0x80000002]
01-02 13:56:20.546 7700 7700 V MediaRouter: Updating audio routes: AudioRoutesInfo{ type=SPEAKER }
01-02 13:56:20.548 7549 7747 D UsbHostManager: Added device UsbDevice[mName=/dev/bus/usb/002/007,mVendorId=4292,mProductId=60017,mClass=0,mSubclass=0,mProtocol=0,mManufacturerName=Silicon Labs,mProductName=CP2108 Quad USB to UART Bridge Controller,mVersion=2.0,mSerialNumber=B7F18D2C22CDF08B11E8DBF20376291,mConfigurations=[
01-02 13:56:20.548 7549 7747 D UsbHostManager: UsbConfiguration[mId=1,mName=null,mAttributes=128,mMaxPower=50,mInterfaces=[
01-02 13:56:20.548 7549 7747 D UsbHostManager: UsbInterface[mId=0,mAlternateSetting=0,mName=CP2108 Interface 0,mClass=255,mSubclass=0,mProtocol=0,mEndpoints=[
01-02 13:56:20.548 7549 7747 D UsbHostManager: UsbEndpoint[mAddress=129,mAttributes=2,mMaxPacketSize=64,mInterval=0]
01-02 13:56:20.548 7549 7747 D UsbHostManager: UsbEndpoint[mAddress=1,mAttributes=2,mMaxPacketSize=64,mInterval=0]]
01-02 13:56:20.548 7549 7747 D UsbHostManager: UsbInterface[mId=1,mAlternateSetting=0,mName=CP2108 Interface 1,mClass=255,mSubclass=0,mProtocol=0,mEndpoints=[
01-02 13:56:20.548 7549 7747 D UsbHostManager: UsbEndpoint[mAddress=130,mAttributes=2,mMaxPacketSize=64,mInterval=0]
01-02 13:56:20.548 7549 7747 D UsbHostManager: UsbEndpoint[mAddress=2,mAttributes=2,mMaxPacketSize=64,mInterval=0]]
01-02 13:56:20.548 7549 7747 D UsbHostManager: UsbInterface[mId=2,mAlternateSetting=0,mName=CP2108 Interface 2,mClass=255,mSubclass=0,mProtocol=0,mEndpoints=[
01-02 13:56:20.548 7549 7747 D UsbHostManager: UsbEndpoint[mAddress=131,mAttributes=2,mMaxPacketSize=64,mInterval=0]
01-02 13:56:20.548 7549 7747 D UsbHostManager: UsbEndpoint[mAddress=3,mAttributes=2,mMaxPacketSize=64,mInterval=0]]
01-02 13:56:20.548 7549 7747 D UsbHostManager: UsbInterface[mId=3,mAlternateSetting=0,mName=CP2108 Interface 3,mClass=255,mSubclass=0,mProtocol=0,mEndpoints=[
01-02 13:56:20.548 7549 7747 D UsbHostManager: UsbEndpoint[mAddress=132,mAttributes=2,mMaxPacketSize=64,mInterval=0]
01-02 13:56:20.548 7549 7747 D UsbHostManager: UsbEndpoint[mAddress=4,mAttributes=2,mMaxPacketSize=64,mInterval=0]]]]
01-02 13:56:20.548 7549 7747 W ContextImpl: Calling a method in the system process without a qualified user: android.app.ContextImpl.sendBroadcast:877 com.android.server.usb.UsbSettingsManager.deviceAttached:739 com.android.server.usb.UsbHostManager.endUsbDeviceAdded:225 com.android.server.usb.UsbHostManager.monitorUsbHostBus:-2 com.android.server.usb.UsbHostManager.-wrap0:-1
01-02 13:56:20.550 7549 7747 D UsbHostManager: Added device UsbDevice[mName=/dev/bus/usb/002/006,mVendorId=1921,mProductId=21863,mClass=0,mSubclass=0,mProtocol=0,mManufacturerName=SanDisk,mProductName=Cruzer Blade,mVersion=2.0,mSerialNumber=03025508091423045437,mConfigurations=[
01-02 13:56:20.550 7549 7747 D UsbHostManager: UsbConfiguration[mId=1,mName=null,mAttributes=128,mMaxPower=100,mInterfaces=[
01-02 13:56:20.550 7549 7747 D UsbHostManager: UsbInterface[mId=0,mAlternateSetting=0,mName=null,mClass=8,mSubclass=6,mProtocol=80,mEndpoints=[
01-02 13:56:20.550 7549 7747 D UsbHostManager: UsbEndpoint[mAddress=129,mAttributes=2,mMaxPacketSize=512,mInterval=0]
01-02 13:56:20.550 7549 7747 D UsbHostManager: UsbEndpoint[mAddress=2,mAttributes=2,mMaxPacketSize=512,mInterval=1]]]]
01-02 13:56:20.550 7549 7747 W ContextImpl: Calling a method in the system process without a qualified user: android.app.ContextImpl.sendBroadcast:877 com.android.server.usb.UsbSettingsManager.deviceAttached:739 com.android.server.usb.UsbHostManager.endUsbDeviceAdded:225 com.android.server.usb.UsbHostManager.monitorUsbHostBus:-2 com.android.server.usb.UsbHostManager.-wrap0:-1
01-02 13:56:20.551 7700 7700 V MediaRouter: Selecting route: RouteInfo{ name=Tablet, description=null, status=null, category=RouteCategory{ name=null types=ROUTE_TYPE_LIVE_AUDIO ROUTE_TYPE_LIVE_VIDEO groupable=false }, supportedTypes=ROUTE_TYPE_LIVE_AUDIO ROUTE_TYPE_LIVE_VIDEO , presentationDisplay=Display id 1: DisplayInfo{"HDMI Screen", uniqueId "local:1", app 1024 x 768, real 1024 x 768, largest app 1024 x 768, smallest app 1024 x 768, mode 2, defaultMode 2, modes [{id=2, width=1024, height=768, fps=60.000004}], colorMode 0, supportedColorModes [0], hdrCapabilities android.view.Display$HdrCapabilities@a69d6308, rotation 0, density 227 (227.0 x 227.0) dpi, layerStack 1, appVsyncOff 1000000, presDeadline 16666666, type HDMI, state ON, FLAG_SECURE, FLAG_SUPPORTS_PROTECTED_BUFFERS, FLAG_PRESENTATION}, DisplayMetrics{density=1.41875, width=1024, height=768, scaledDensity=1.41875, xdpi=227.0, ydpi=227.0}, isValid=true }
01-02 13:56:20.578 7549 7549 D BluetoothManagerService: Trying to bind to profile: 1, while Bluetooth was disabled
01-02 13:56:20.592 7713 7766 I OpenGLRenderer: Initialized EGL, version 1.4
01-02 13:56:20.593 7713 7766 D OpenGLRenderer: Swap behavior 1
01-02 13:56:20.607 7549 7768 I chatty : uid=1000(system) SoundPoolThread expire 1 line
01-02 13:56:20.610 7549 7549 I Telecom : SystemStateProvider: Registering car mode receiver: android.content.IntentFilter@1135f0c: TS.init@AAA
01-02 13:56:20.613 203 1098 E BufferQueueProducer: [com.android.settings/com.android.settings.FallbackHome] connect: already connected (cur=1 req=1)
01-02 13:56:20.614 7549 7680 I chatty : uid=1000(system) Timer-0 expire 7 lines
01-02 13:56:20.622 7760 7760 V WebViewFactory: RelroFileCreator (64bit = false), 32-bit lib: /data/app/com.android.chrome-1/base.apk!/lib/armeabi-v7a/libmonochrome.so, 64-bit lib:
01-02 13:56:20.640 7700 7700 V FingerprintManager: FingerprintManagerService was null
01-02 13:56:20.644 7739 7739 I chatty : uid=10058(com.google.android.inputmethod.latin) expire 15 lines
01-02 13:56:20.645 7700 7700 W FingerprintManager: isFingerprintHardwareDetected(): Service not connected!
01-02 13:56:20.645 7700 7700 W FingerprintManager: addLockoutResetCallback(): Service not connected!
01-02 13:56:20.661 7549 7795 I Telecom : Telecom: Non-call EVENT: AUDIO_ROUTE, Entering state QuiescentEarpieceRoute
01-02 13:56:20.671 7549 7590 I chatty : uid=1000(system) android.display expire 2 lines
01-02 13:56:20.674 7549 7799 I Telecom : CallAudioModeStateMachine: Message received: null.: TS.init->CAMSM.pM_1@AAA_0
01-02 13:56:20.688 7549 7803 E ActivityThread: Failed to find provider info for call_log
01-02 13:56:20.690 7549 7549 D BluetoothManagerService: Trying to bind to profile: 1, while Bluetooth was disabled
01-02 13:56:20.695 7549 7549 I Telecom : Class: TelecomSystem.INSTANCE being set
01-02 13:56:20.697 7549 7549 W ContextImpl: Calling a method in the system process without a qualified user: android.app.ContextImpl.startService:1357 android.content.ContextWrapper.startService:613 com.android.server.telecom.components.TelecomService.initializeTelecomSystem:186 com.android.server.telecom.components.TelecomService.onBind:62 android.app.ActivityThread.handleBindService:3223
01-02 13:56:20.698 7549 7549 D ConditionProviders.SCP: onSubscribe condition://android/schedule?days=1.2.3.4.5&start=22.0&end=7.0&exitAtAlarm=false
01-02 13:56:20.698 7549 7549 D ConditionProviders.SCP: setRegistered true
01-02 13:56:20.699 7549 7549 D ConditionProviders.SCP: notifyCondition condition://android/schedule?days=1.2.3.4.5&start=22.0&end=7.0&exitAtAlarm=false STATE_FALSE reason=!meetsSchedule
01-02 13:56:20.703 7549 7549 D ConditionProviders.SCP: Scheduling evaluate for Tue Jan 02 22:00:00 GMT+07:00 2024 (1704207600000), in +8h3m39s301ms, now=Tue Jan 02 13:56:20 GMT+07:00 2024 (1704178580699)
01-02 13:56:20.703 7549 7549 D ConditionProviders.SCP: onSubscribe condition://android/schedule?days=6.7&start=23.30&end=10.0&exitAtAlarm=false
01-02 13:56:20.703 7549 7549 D ConditionProviders.SCP: notifyCondition condition://android/schedule?days=6.7&start=23.30&end=10.0&exitAtAlarm=false STATE_FALSE reason=!meetsSchedule
01-02 13:56:20.704 7549 7549 D ConditionProviders.SCP: notifyCondition condition://android/schedule?days=1.2.3.4.5&start=22.0&end=7.0&exitAtAlarm=false STATE_FALSE reason=!meetsSchedule
01-02 13:56:20.704 7549 7549 D ConditionProviders.SCP: Scheduling evaluate for Tue Jan 02 22:00:00 GMT+07:00 2024 (1704207600000), in +8h3m39s297ms, now=Tue Jan 02 13:56:20 GMT+07:00 2024 (1704178580703)
01-02 13:56:20.704 7549 7549 W ContextImpl: Calling a method in the system process without a qualified user: android.app.ContextImpl.startService:1357 com.android.server.content.SyncManager$13.run:658 android.os.Handler.handleCallback:758 android.os.Handler.dispatchMessage:95 android.os.Looper.loop:154
01-02 13:56:20.707 7549 7549 I Telecom : WiredHeadsetManager: ACTION_HEADSET_PLUG event, plugged in: false, : WHC.oADA@AAE
01-02 13:56:20.716 7549 7549 I ActivityManager: user 0 is still locked. Cannot load recents
01-02 13:56:20.726 7760 7760 I art : System.exit called, status: 0
01-02 13:56:20.726 7760 7760 I AndroidRuntime: VM exiting with result code 0, cleanup skipped.
01-02 13:56:20.726 7376 7638 D WifiHW : uevent path:/sys/bus/sdio/devices/./uevent
01-02 13:56:20.726 7376 7638 D WifiHW : uevent path:/sys/bus/sdio/devices/../uevent
01-02 13:56:20.726 7376 7638 D WifiHW : uevent path:/sys/bus/sdio/devices/mmc2:0001:1/uevent
01-02 13:56:20.726 7376 7638 D WifiHW : found device pid:vid : 02d0:a9a6
01-02 13:56:20.727 7376 7638 D WifiHW : wifi detectd return ret:0
01-02 13:56:20.727 7376 7638 D WifiHW : SDIO WIFI identify sucess
01-02 13:56:20.727 7376 7638 D WifiHW : check_wifi_chip_type_string: AP6236
01-02 13:56:20.727 7376 7638 D SoftapController: Softap fwReload - Ok
01-02 13:56:20.729 7376 7638 D CommandListener: Setting iface cfg
01-02 13:56:20.729 7376 7638 D CommandListener: Trying to bring down wlan0
01-02 13:56:20.762 5146 5148 E sdcard : [0] someone stole our marbles!
01-02 13:56:20.764 7549 7561 I ActivityManager: user 0 is still locked. Cannot load recents
01-02 13:56:20.769 7376 7638 D CommandListener: Clearing all IP addresses on wlan0
01-02 13:56:20.775 7700 7801 I MediaCodec: callingProcessName:com.android.systemui
01-02 13:56:20.786 7700 7700 I vol.Events: writeEvent collection_started
01-02 13:56:20.805 7549 7650 D VoldConnector: RCV <- {651 emulated 0}
01-02 13:56:20.805 7549 7650 D VoldConnector: RCV <- {651 emulated 8}
01-02 13:56:20.805 7549 7650 D VoldConnector: RCV <- {659 emulated}
01-02 13:56:20.806 7549 7650 D VoldConnector: RCV <- {650 emulated 2 "" ""}
01-02 13:56:20.806 7549 7650 D VoldConnector: RCV <- {651 emulated 0}
01-02 13:56:20.806 7549 7650 D VoldConnector: RCV <- {651 public:8,1 5}
01-02 13:56:20.807 7549 7588 V MountService: Found primary storage at VolumeInfo{emulated}:
01-02 13:56:20.807 7549 7588 V MountService: type=EMULATED diskId=null partGuid=null mountFlags=0 mountUserId=-1
01-02 13:56:20.807 7549 7588 V MountService: state=UNMOUNTED
01-02 13:56:20.807 7549 7588 V MountService: fsType=null fsUuid=null fsLabel=null
01-02 13:56:20.807 7549 7588 V MountService: path=null internalPath=null
01-02 13:56:20.904 7378 7757 I MediaPlayerService: MediaPlayerService::getOMX
01-02 13:56:20.905 7378 7757 I OMXClient: MuxOMX ctor
01-02 13:56:20.905 30005 5346 I OMXMaster: makeComponentInstance(OMX.google.amrnb.decoder) in mediacodec process
01-02 13:56:20.919 7687 7687 D PhoneSwitcherNetworkRequstListener: Registering NetworkFactory
01-02 13:56:20.919 7549 7661 D ConnectivityService: Got NetworkFactory Messenger for PhoneSwitcherNetworkRequstListener
01-02 13:56:20.920 7549 7661 D ConnectivityService: NetworkFactory connected
01-02 13:56:20.929 7549 7661 D ConnectivityService: Got NetworkFactory Messenger for TelephonyNetworkFactory[0]
01-02 13:56:20.929 7549 7661 D ConnectivityService: NetworkFactory connected
01-02 13:56:20.958 7687 7687 D CarrierConfigLoader: CarrierConfigLoader has started
01-02 13:56:20.961 7549 7561 D BluetoothManagerService: Trying to bind to profile: 1, while Bluetooth was disabled
01-02 13:56:20.984 7700 7819 I vol.Events: writeEvent level_changed STREAM_ALARM 6
01-02 13:56:20.985 7700 7819 I vol.Events: writeEvent level_changed STREAM_BLUETOOTH_SCO 7
01-02 13:56:20.987 7700 7819 I vol.Events: writeEvent level_changed STREAM_MUSIC 11
01-02 13:56:20.991 7700 7819 I vol.Events: writeEvent level_changed STREAM_RING 4
01-02 13:56:20.992 7700 7819 I vol.Events: writeEvent level_changed STREAM_SYSTEM 4
01-02 13:56:20.997 7700 7819 I vol.Events: writeEvent level_changed STREAM_VOICE_CALL 4
01-02 13:56:20.998 7700 7819 I vol.Events: writeEvent external_ringer_mode_changed normal
01-02 13:56:21.021 7549 7569 I SyncManager: Got SyncJobService instance.
01-02 13:56:21.025 7549 7570 D NetworkPolicy: setRestrictBackgroundUL(): false
01-02 13:56:21.041 7687 7687 I Telephony: TtyManager: updateUiTtyMode -1 -> 0
01-02 13:56:21.071 7687 7827 E ActivityThread: Failed to find provider info for com.android.contacts
01-02 13:56:21.071 7687 7827 W CallerInfoCache: cursor is null
01-02 13:56:21.093 7700 7700 D StorageNotification: Notifying about private volume: VolumeInfo{private}:
01-02 13:56:21.093 7700 7700 D StorageNotification: type=PRIVATE diskId=null partGuid=null mountFlags=0 mountUserId=-1
01-02 13:56:21.093 7700 7700 D StorageNotification: state=MOUNTED
01-02 13:56:21.093 7700 7700 D StorageNotification: fsType=null fsUuid=null fsLabel=null
01-02 13:56:21.093 7700 7700 D StorageNotification: path=/data internalPath=null
01-02 13:56:21.116 7700 7700 I VendorServices: VendorServices start....!!
01-02 13:56:21.116 7700 7700 I VendorServices: Display KIOSK Mode -> false
01-02 13:56:21.118 7378 7757 I MediaPlayerService: MediaPlayerService::getOMX
01-02 13:56:21.118 7378 7757 I OMXClient: MuxOMX ctor
01-02 13:56:21.119 30005 5346 I OMXMaster: makeComponentInstance(OMX.google.amrwb.decoder) in mediacodec process
01-02 13:56:21.166 7549 7570 I SystemServiceManager: Starting phase 600
01-02 13:56:21.174 7549 7573 W WindowManager: Keyguard drawn timeout. Setting mKeyguardDrawComplete
01-02 13:56:21.177 7549 7639 I StatusBarManagerService: registerStatusBar bar=com.android.internal.statusbar.IStatusBar$Stub$Proxy@2397640
01-02 13:56:21.229 7549 7667 E ActivityThread: Failed to find provider info for com.android.calendar
01-02 13:56:21.237 7549 7667 E ActivityThread: Failed to find provider info for com.android.calendar
01-02 13:56:21.242 7687 7687 D PhoneSwitcherNetworkRequstListener: got request NetworkRequest [ REQUEST id=1, [ Capabilities: INTERNET&NOT_RESTRICTED&TRUSTED&NOT_VPN] ] with score 0
01-02 13:56:21.242 7687 7687 D TelephonyDebugService: TelephonyDebugService()
01-02 13:56:21.243 7687 7687 D CarrierConfigLoader: mHandler: 12 phoneId: 0
01-02 13:56:21.250 7687 7687 E PhoneInterfaceManager: [PhoneIntfMgr] getIccId: No UICC
01-02 13:56:21.298 5203 5221 E sdcard : [0] someone stole our marbles!
01-02 13:56:21.303 7549 7570 D SensorNotificationService: Cannot obtain dynamic meta sensor, not supported.
01-02 13:56:21.306 7549 7720 W Telecom : : registerPhoneAccount not allowed on non-voice capable device.: TSI.rPA@AAM
01-02 13:56:21.306 7687 7687 I Telephony: AccountEntry: Registered phoneAccount: [[ ] PhoneAccount: ComponentInfo{com.android.phone/com.android.services.telephony.TelephonyConnectionService}, [e0184adedf913b076626646d3f52c3b49c39ad6d], UserHandle{0} Capabilities: CallProvider MultiUser PlaceEmerg SimSub Audio Routes: BESW Schemes: tel voicemail Extras: null GroupId: [da39a3ee5e6b4b0d3255bfef95601890afd80709]] with handle: ComponentInfo{com.android.phone/com.android.services.telephony.TelephonyConnectionService}, [e0184adedf913b076626646d3f52c3b49c39ad6d], UserHandle{0}
01-02 13:56:21.307 7687 7687 I Telephony: PstnIncomingCallNotifier: Registering: Handler (com.android.internal.telephony.GsmCdmaPhone) {341159}
01-02 13:56:21.324 7549 7570 W LocationProviderProxy-network: Odd, no component found for service com.android.location.service.v3.NetworkLocationProvider
01-02 13:56:21.329 7687 7687 E PhoneInterfaceManager: [PhoneIntfMgr] getIccId: No UICC
01-02 13:56:21.341 7549 7720 W Telecom : : registerPhoneAccount not allowed on non-voice capable device.: TSI.rPA@AAY
01-02 13:56:21.346 7549 7570 W GeocoderProxy: Odd, no component found for service com.android.location.service.GeocodeProvider
01-02 13:56:21.349 7549 7570 D LocationManagerService: FLP HAL not supported
01-02 13:56:21.351 7549 7650 D VoldConnector: RCV <- {651 public:8,1 0}
01-02 13:56:21.351 7549 7650 D VoldConnector: RCV <- {651 public:8,1 8}
