01-02 13:57:09.055 8936 9048 I art : at void apbu.execute(java.lang.Runnable) (PG:59)
01-02 13:57:09.055 8936 9048 I art : at void aozv.h(java.lang.Runnable, java.util.concurrent.Executor) (PG:1)
01-02 13:57:09.055 8936 9048 I art : at void aozv.k(aozv, boolean) (PG:95)
01-02 13:57:09.055 8936 9048 I art : at boolean aozv.aia(java.lang.Object) (PG:15)
01-02 13:57:09.055 8936 9048 I art : at void apcj.e(java.lang.Object) (PG:3)
01-02 13:57:09.055 8936 9048 I art : at void apbo.run() (PG:75)
01-02 13:57:09.055 8936 9048 I art : at void apck.run() (PG:5)
01-02 13:57:09.055 8936 9048 I art : at void java.util.concurrent.ThreadPoolExecutor.runWorker(java.util.concurrent.ThreadPoolExecutor$Worker) (ThreadPoolExecutor.java:1133)
01-02 13:57:09.055 8936 9048 I art : at void java.util.concurrent.ThreadPoolExecutor$Worker.run() (ThreadPoolExecutor.java:607)
01-02 13:57:09.055 8936 9048 I art : at void nox.run() (PG:135)
01-02 13:57:09.055 8936 9048 I art : at void java.lang.Thread.run() (Thread.java:761)
01-02 13:57:09.055 8936 9048 I art : Caused by: java.lang.ClassNotFoundException: Didn't find class "android.window.OnBackInvokedCallback" on path: DexPathList[[zip file "/data/app/com.android.vending-1/base.apk", zip file "/data/app/com.android.vending-1/split_config.armeabi_v7a.apk", zip file "/data/app/com.android.vending-1/split_config.en.apk"],nativeLibraryDirectories=[/data/app/com.android.vending-1/lib/arm, /data/app/com.android.vending-1/base.apk!/lib/armeabi-v7a, /data/app/com.android.vending-1/split_config.armeabi_v7a.apk!/lib/armeabi-v7a, /data/app/com.android.vending-1/split_config.en.apk!/lib/armeabi-v7a, /system/lib, /vendor/lib]]
01-02 13:57:09.055 8936 9048 I art : at java.lang.Class dalvik.system.BaseDexClassLoader.findClass(java.lang.String) (BaseDexClassLoader.java:56)
01-02 13:57:09.055 8936 9048 I art : at java.lang.Class java.lang.ClassLoader.loadClass(java.lang.String, boolean) (ClassLoader.java:380)
01-02 13:57:09.055 8936 9048 I art : at java.lang.Class java.lang.ClassLoader.loadClass(java.lang.String) (ClassLoader.java:312)
01-02 13:57:09.055 8936 9048 I art : at apbp os.e(fwx) (PG:1)
01-02 13:57:09.055 8936 9048 I art : at apbp ppj.a(java.lang.Object) (PG:11)
01-02 13:57:09.055 8936 9048 I art : at java.lang.Object aozx.e(java.lang.Object, java.lang.Object) (PG:3)
01-02 13:57:09.055 8936 9048 I art : at void aozz.run() (PG:42)
01-02 13:57:09.055 8936 9048 I art : at void ra.execute(java.lang.Runnable) (PG:42)
01-02 13:57:09.055 8936 9048 I art : at void apbu.execute(java.lang.Runnable) (PG:59)
01-02 13:57:09.055 8936 9048 I art : at void aozv.h(java.lang.Runnable, java.util.concurrent.Executor) (PG:1)
01-02 13:57:09.055 8936 9048 I art : at void aozv.k(aozv, boolean) (PG:95)
01-02 13:57:09.055 8936 9048 I art : at boolean aozv.aia(java.lang.Object) (PG:15)
01-02 13:57:09.055 8936 9048 I art : at void apcj.e(java.lang.Object) (PG:3)
01-02 13:57:09.055 8936 9048 I art : at void apbo.run() (PG:75)
01-02 13:57:09.055 8936 9048 I art : at void apck.run() (PG:5)
01-02 13:57:09.055 8936 9048 I art : at void java.util.concurrent.ThreadPoolExecutor.runWorker(java.util.concurrent.ThreadPoolExecutor$Worker) (ThreadPoolExecutor.java:1133)
01-02 13:57:09.055 8936 9048 I art : at void java.util.concurrent.ThreadPoolExecutor$Worker.run() (ThreadPoolExecutor.java:607)
01-02 13:57:09.055 8936 9048 I art : at void nox.run() (PG:135)
01-02 13:57:09.055 8936 9048 I art : at void java.lang.Thread.run() (Thread.java:761)
01-02 13:57:09.055 8936 9048 I art :
01-02 13:57:09.062 8936 9064 I PlayCommon: [160] amec.j(28): Preparing logs for uploading
01-02 13:57:09.076 8936 8936 I Finsky : [1] zkx.(55): Resetting scheduler db
01-02 13:57:09.106 8936 9097 W art : Verification of java.lang.Object wiu.C(java.lang.String, java.util.List, long, axtu) took 122.827ms
01-02 13:57:09.130 8794 8837 I MediaCodec: callingProcessName:com.ipos.controllerorder
01-02 13:57:09.131 7378 7964 I MediaPlayerService: MediaPlayerService::getOMX
01-02 13:57:09.132 8794 9108 I OMXClient: MuxOMX ctor
01-02 13:57:09.132 8794 9108 I ACodec : onAllocateComponent:6752 mSoftCodecPref:0 componentName:
01-02 13:57:09.132 8794 9108 I ACodec : onAllocateComponent:6783 mSoftCodecPref:0 componentName:OMX.google.mp3.decoder
01-02 13:57:09.133 30005 30299 I OMXMaster: makeComponentInstance(OMX.google.mp3.decoder) in mediacodec process
01-02 13:57:09.311 8936 8936 I Finsky : [1] qbe.h(6): Scheduling NO_RECENT_SUCCESS in onApplicationCreate
01-02 13:57:09.359 8146 8146 D BoundBrokerSvc: onBind: Intent { act=com.google.android.gms.safetynet.service.START pkg=com.google.android.gms }
01-02 13:57:09.359 8146 8146 D BoundBrokerSvc: Loading bound service for intent: Intent { act=com.google.android.gms.safetynet.service.START pkg=com.google.android.gms }
01-02 13:57:09.453 8794 8837 I MediaCodec: callingProcessName:com.ipos.controllerorder
01-02 13:57:09.453 7378 7733 I MediaPlayerService: MediaPlayerService::getOMX
01-02 13:57:09.454 8794 9112 I OMXClient: MuxOMX ctor
01-02 13:57:09.454 8794 9112 I ACodec : onAllocateComponent:6752 mSoftCodecPref:0 componentName:
01-02 13:57:09.454 8794 9112 I ACodec : onAllocateComponent:6783 mSoftCodecPref:0 componentName:OMX.google.mp3.decoder
01-02 13:57:09.455 30005 30299 I OMXMaster: makeComponentInstance(OMX.google.mp3.decoder) in mediacodec process
01-02 13:57:09.457 8936 8936 I Finsky : [1] jkz.h(312): This process start was not selected for Play memory metrics collection.
01-02 13:57:09.535 8936 9064 I PlayCommon: [160] amec.j(190): Connecting to server for timestamp: https://play.googleapis.com/play/log/timestamp
01-02 13:57:09.554 8936 9097 W art : Verification of java.util.function.Predicate voz.negate() took 108.561ms
01-02 13:57:09.582 7549 7718 I ActivityManager: Start proc 9115:com.google.android.apps.docs/u0a42 for broadcast com.google.android.apps.docs/com.google.android.libraries.internal.growth.growthkit.inject.GrowthKitBootCompletedBroadcastReceiver
01-02 13:57:09.600 8936 9064 D NetworkSecurityConfig: No Network Security Config specified, using platform default
01-02 13:57:09.644 9115 9115 I art : Starting a blocking GC AddRemoveAppImageSpace
01-02 13:57:09.661 9115 9115 W ResourceType: ResTable_typeSpec entry count inconsistent: given 23, previously 37
01-02 13:57:09.662 9115 9115 W ResourceType: ResTable_typeSpec entry count inconsistent: given 817, previously 2120
01-02 13:57:09.662 9115 9115 W ResourceType: ResTable_typeSpec entry count inconsistent: given 1502, previously 1505
01-02 13:57:09.688 8936 9111 W art : Verification of java.lang.Object agwo.aiz(int, java.lang.Object) took 156.229ms
01-02 13:57:09.777 8936 9097 W art : Verification of java.lang.Object qwt.apply(java.lang.Object) took 139.359ms
01-02 13:57:09.799 8794 8837 I MediaCodec: callingProcessName:com.ipos.controllerorder
01-02 13:57:09.801 7378 7733 I MediaPlayerService: MediaPlayerService::getOMX
01-02 13:57:09.801 8794 9132 I OMXClient: MuxOMX ctor
01-02 13:57:09.801 8794 9132 I ACodec : onAllocateComponent:6752 mSoftCodecPref:0 componentName:
01-02 13:57:09.801 8794 9132 I ACodec : onAllocateComponent:6783 mSoftCodecPref:0 componentName:OMX.google.mp3.decoder
01-02 13:57:09.802 30005 30299 I OMXMaster: makeComponentInstance(OMX.google.mp3.decoder) in mediacodec process
01-02 13:57:09.995 8936 8936 I Finsky : [1] qnt.y(24): Installer: Attempting to start installer
01-02 13:57:10.083 8936 8936 I Finsky : [1] amhi.d(7): registerListener
01-02 13:57:10.136 8794 8837 I MediaCodec: callingProcessName:com.ipos.controllerorder
01-02 13:57:10.137 7378 7964 I MediaPlayerService: MediaPlayerService::getOMX
01-02 13:57:10.137 8794 9137 I OMXClient: MuxOMX ctor
01-02 13:57:10.137 8794 9137 I ACodec : onAllocateComponent:6752 mSoftCodecPref:0 componentName:
01-02 13:57:10.138 8794 9137 I ACodec : onAllocateComponent:6783 mSoftCodecPref:0 componentName:OMX.google.mp3.decoder
01-02 13:57:10.138 30005 30288 I OMXMaster: makeComponentInstance(OMX.google.mp3.decoder) in mediacodec process
01-02 13:57:10.159 8936 8936 I Finsky : [1] aamk.(264): Initializing pausers from value store.
01-02 13:57:10.174 8936 8936 I Finsky : [1] aamk.(321): Callers (Pausers) in value store: []
01-02 13:57:10.270 8936 8936 I Finsky : [1] mah.onSubscriptionsChanged(6): onSubscriptionsChanged
01-02 13:57:10.302 8936 9055 W art : Verification of void yhj.accept(java.lang.Object) took 100.652ms
01-02 13:57:10.354 8936 9048 W art : Verification of java.lang.String aowb.a(java.lang.Object[], aofm) took 110.659ms
01-02 13:57:10.375 8936 9030 W art : Verification of java.lang.Object xsv.apply(java.lang.Object) took 112.718ms
01-02 13:57:10.399 8936 9055 I Finsky : [158] yhj.accept(377): SCH: Scheduling phonesky job Id: 1-1337, CT: 1704178544701, Constraints: [{ L: 60000, D: 60000, C: 1, I: 1, N: 0 }]
01-02 13:57:10.432 8936 8946 W art : Suspending all threads took: 27.252ms
01-02 13:57:10.447 8936 9055 I Finsky : [158] yhj.accept(377): SCH: Scheduling phonesky job Id: 3-12182, CT: 1704178566691, Constraints: [{ L: 0, D: 86400000, C: 1, I: 2, N: 2 }]
01-02 13:57:10.471 8794 8837 I MediaCodec: callingProcessName:com.ipos.controllerorder
01-02 13:57:10.472 7378 7733 I MediaPlayerService: MediaPlayerService::getOMX
01-02 13:57:10.472 8794 9144 I OMXClient: MuxOMX ctor
01-02 13:57:10.472 8794 9144 I ACodec : onAllocateComponent:6752 mSoftCodecPref:0 componentName:
01-02 13:57:10.473 8794 9144 I ACodec : onAllocateComponent:6783 mSoftCodecPref:0 componentName:OMX.google.mp3.decoder
01-02 13:57:10.473 30005 7952 I OMXMaster: makeComponentInstance(OMX.google.mp3.decoder) in mediacodec process
01-02 13:57:10.501 8936 9055 I Finsky : [158] yhj.accept(377): SCH: Scheduling phonesky job Id: 3-12183, CT: 1704178566692, Constraints: [{ L: 0, D: 86400000, C: 2, I: 2, N: 2 }]
01-02 13:57:10.548 8936 9055 I Finsky : [158] yhj.accept(377): SCH: Scheduling phonesky job Id: 3-12184, CT: 1704178566692, Constraints: [{ L: 0, D: 86400000, C: 2, I: 2, N: 2 }]
01-02 13:57:10.693 8936 9055 W art : Verification of java.lang.Object xmc.apply(java.lang.Object) took 123.097ms
01-02 13:57:10.805 8794 8837 I MediaCodec: callingProcessName:com.ipos.controllerorder
01-02 13:57:10.805 7378 7964 I MediaPlayerService: MediaPlayerService::getOMX
01-02 13:57:10.807 8794 9151 I OMXClient: MuxOMX ctor
01-02 13:57:10.808 8794 9151 I ACodec : onAllocateComponent:6752 mSoftCodecPref:0 componentName:
01-02 13:57:10.808 8794 9151 I ACodec : onAllocateComponent:6783 mSoftCodecPref:0 componentName:OMX.google.mp3.decoder
01-02 13:57:10.809 30005 7952 I OMXMaster: makeComponentInstance(OMX.google.mp3.decoder) in mediacodec process
01-02 13:57:10.812 8936 9129 I Finsky : [183] tew.q(6): getDownloads()
01-02 13:57:11.131 8794 8837 I MediaCodec: callingProcessName:com.ipos.controllerorder
01-02 13:57:11.132 7378 7964 I MediaPlayerService: MediaPlayerService::getOMX
01-02 13:57:11.133 8794 9156 I OMXClient: MuxOMX ctor
01-02 13:57:11.133 8794 9156 I ACodec : onAllocateComponent:6752 mSoftCodecPref:0 componentName:
01-02 13:57:11.133 8794 9156 I ACodec : onAllocateComponent:6783 mSoftCodecPref:0 componentName:OMX.google.mp3.decoder
01-02 13:57:11.134 30005 7952 I OMXMaster: makeComponentInstance(OMX.google.mp3.decoder) in mediacodec process
01-02 13:57:11.211 8936 9064 I PlayCommon: [160] amec.j(247): Connecting to server: https://play.googleapis.com/play/log?format=raw&proto_v2=true
01-02 13:57:11.268 8936 9056 I Finsky : [159] zko.apply(983): SCH: Scheduling 3 system job(s)
01-02 13:57:11.270 8936 9056 I Finsky : [159] zkm.d(88): SCH: Scheduling system job Id: 9604, L: 0, D: 0, C: false, I: false, N: 0
01-02 13:57:11.289 8936 8936 I Finsky : [1] zma.onStartJob(132): SCH: job service start with id 9604.
01-02 13:57:11.332 8936 9056 I Finsky : [159] zkm.d(88): SCH: Scheduling system job Id: 9605, L: 0, D: 86335360, C: false, I: true, N: 2
01-02 13:57:11.394 8936 9056 I Finsky : [159] zkm.d(88): SCH: Scheduling system job Id: 9606, L: 0, D: 86335299, C: true, I: true, N: 2
01-02 13:57:11.467 8794 8837 I MediaCodec: callingProcessName:com.ipos.controllerorder
01-02 13:57:11.468 7378 7733 I MediaPlayerService: MediaPlayerService::getOMX
01-02 13:57:11.468 8794 9161 I OMXClient: MuxOMX ctor
01-02 13:57:11.468 8794 9161 I ACodec : onAllocateComponent:6752 mSoftCodecPref:0 componentName:
01-02 13:57:11.469 8794 9161 I ACodec : onAllocateComponent:6783 mSoftCodecPref:0 componentName:OMX.google.mp3.decoder
01-02 13:57:11.469 30005 7952 I OMXMaster: makeComponentInstance(OMX.google.mp3.decoder) in mediacodec process
01-02 13:57:11.791 8794 8837 I MediaCodec: callingProcessName:com.ipos.controllerorder
01-02 13:57:11.791 7378 7733 I MediaPlayerService: MediaPlayerService::getOMX
01-02 13:57:11.792 8794 9166 I OMXClient: MuxOMX ctor
01-02 13:57:11.792 8794 9166 I ACodec : onAllocateComponent:6752 mSoftCodecPref:0 componentName:
01-02 13:57:11.792 8794 9166 I ACodec : onAllocateComponent:6783 mSoftCodecPref:0 componentName:OMX.google.mp3.decoder
01-02 13:57:11.793 30005 30299 I OMXMaster: makeComponentInstance(OMX.google.mp3.decoder) in mediacodec process
01-02 13:57:11.800 8936 9129 W art : Verification of void axdv.(axeb, axam, axes, anym, java.util.List, axhj) took 148.830ms
01-02 13:57:11.756 8936 9107 I Finsky : [181] ysr.a(555): SCH: Satisfied jobs for 9604 are: 1-1337
01-02 13:57:12.117 8794 8837 I MediaCodec: callingProcessName:com.ipos.controllerorder
01-02 13:57:12.117 7378 7964 I MediaPlayerService: MediaPlayerService::getOMX
01-02 13:57:12.118 8794 9170 I OMXClient: MuxOMX ctor
01-02 13:57:12.118 8794 9170 I ACodec : onAllocateComponent:6752 mSoftCodecPref:0 componentName:
01-02 13:57:12.119 8794 9170 I ACodec : onAllocateComponent:6783 mSoftCodecPref:0 componentName:OMX.google.mp3.decoder
01-02 13:57:12.119 30005 7952 I OMXMaster: makeComponentInstance(OMX.google.mp3.decoder) in mediacodec process
01-02 13:57:12.169 8936 9056 I Finsky : [159] yhj.accept(377): SCH: Scheduling phonesky job Id: 37-3357, CT: 1704178629548, Constraints: [{ L: 0, D: 82800000, C: 1, I: 1, N: 1 }, { L: 0, D: 0, C: 1, I: 1, N: 0 }]
01-02 13:57:12.250 8936 9169 I Finsky : [191] yss.accept(281): SCH: Job 1-1337 starting
01-02 13:57:12.261 8936 8936 I Finsky : [1] RoutineHygieneCoreJob.v(329): DailyHygiene Holdoff continue
01-02 13:57:12.283 8936 8936 I Finsky : [1] zkq.r(83): SCH: jobFinished: 1-1337. TimeElapsed: 27ms.
01-02 13:57:12.445 8936 8946 W art : Suspending all threads took: 34.619ms
01-02 13:57:12.454 8794 8837 I MediaCodec: callingProcessName:com.ipos.controllerorder
01-02 13:57:12.455 7378 7733 I MediaPlayerService: MediaPlayerService::getOMX
01-02 13:57:12.455 8936 9056 I Finsky : [159] zko.apply(983): SCH: Scheduling 1 system job(s)
01-02 13:57:12.455 8794 9174 I OMXClient: MuxOMX ctor
01-02 13:57:12.455 8794 9174 I ACodec : onAllocateComponent:6752 mSoftCodecPref:0 componentName:
01-02 13:57:12.455 8794 9174 I ACodec : onAllocateComponent:6783 mSoftCodecPref:0 componentName:OMX.google.mp3.decoder
01-02 13:57:12.456 30005 30299 I OMXMaster: makeComponentInstance(OMX.google.mp3.decoder) in mediacodec process
01-02 13:57:12.545 8936 8946 W art : Suspending all threads took: 44.926ms
01-02 13:57:12.548 8936 9056 I Finsky : [159] zkm.d(88): SCH: Scheduling system job Id: 9608, L: 0, D: 82797093, C: false, I: false, N: 1
01-02 13:57:12.555 8936 8936 W Finsky : [1] zld.j(20): SCH: Controller has no job when job 1-1337 checks state.
01-02 13:57:12.555 8936 8936 I Finsky : [1] zma.onStartJob(132): SCH: job service start with id 9608.
01-02 13:57:12.592 9115 9115 I art : Rejecting re-init on previously-failed class java.lang.Class: java.lang.NoClassDefFoundError: Failed resolution of: Landroid/graphics/ImageDecoder$OnHeaderDecodedListener;
01-02 13:57:12.592 9115 9115 I art : at void iir.Z() (PG:5)
01-02 13:57:12.592 9115 9115 I art : at void iir.(odo, cwj, iwx, iwx, dpf, iwx, dhc, glb, dnj, iwx, czy, iwx, iwx, iwx, iwx, dpf, iwx, iwx, iwx, fih, noc, noc, noc, jib, giq, iwx, dmu) (PG:31)
01-02 13:57:12.592 9115 9115 I art : at java.lang.Object sfh.generatedComponent() (PG:4)
01-02 13:57:12.592 9115 9115 I art : at java.lang.Object iiw.generatedComponent() (PG:1)
01-02 13:57:12.592 9115 9115 I art : at java.lang.Object rpn.a(java.lang.Object, java.lang.Class) (PG:6)
01-02 13:57:12.592 9115 9115 I art : at java.lang.Object com.google.android.apps.docs.drive.inject.corecomponentfactory.CoreComponentFactoryImpl.getSingletonComponent(android.content.Context) (PG:3)
01-02 13:57:12.592 9115 9115 I art : at void emw.onCreate() (PG:10)
01-02 13:57:12.592 9115 9115 I art : at void com.google.android.apps.docs.drive.DriveApplication.onCreate() (PG:43)
01-02 13:57:12.592 9115 9115 I art : at void android.app.Instrumentation.callApplicationOnCreate(android.app.Application) (Instrumentation.java:1024)
01-02 13:57:12.592 9115 9115 I art : at void android.app.ActivityThread.handleBindApplication(android.app.ActivityThread$AppBindData) (ActivityThread.java:5424)
01-02 13:57:12.592 9115 9115 I art : at void android.app.ActivityThread.-wrap2(android.app.ActivityThread, android.app.ActivityThread$AppBindData) (ActivityThread.java:-1)
01-02 13:57:12.592 9115 9115 I art : at void android.app.ActivityThread$H.handleMessage(android.os.Message) (ActivityThread.java:1550)
01-02 13:57:12.592 9115 9115 I art : at void android.os.Handler.dispatchMessage(android.os.Message) (Handler.java:102)
01-02 13:57:12.592 9115 9115 I art : at void android.os.Looper.loop() (Looper.java:154)
01-02 13:57:12.592 9115 9115 I art : at void android.app.ActivityThread.main(java.lang.String[]) (ActivityThread.java:6140)
01-02 13:57:12.592 9115 9115 I art : at java.lang.Object java.lang.reflect.Method.invoke!(java.lang.Object, java.lang.Object[]) (Method.java:-2)
01-02 13:57:12.592 9115 9115 I art : at void com.android.internal.os.ZygoteInit$MethodAndArgsCaller.run() (ZygoteInit.java:914)
01-02 13:57:12.592 9115 9115 I art : at void com.android.internal.os.ZygoteInit.main(java.lang.String[]) (ZygoteInit.java:804)
01-02 13:57:12.592 9115 9115 I art : Caused by: java.lang.ClassNotFoundException: Didn't find class "android.graphics.ImageDecoder$OnHeaderDecodedListener" on path: DexPathList[[zip file "/data/app/com.google.android.apps.docs-1/base.apk", zip file "/data/app/com.google.android.apps.docs-1/split_config.armeabi_v7a.apk", zip file "/data/app/com.google.android.apps.docs-1/split_config.en.apk", zip file "/data/app/com.google.android.apps.docs-1/split_config.mdpi.apk"],nativeLibraryDirectories=[/data/app/com.google.android.apps.docs-1/lib/arm, /data/app/com.google.android.apps.docs-1/base.apk!/lib/armeabi-v7a, /data/app/com.google.android.apps.docs-1/split_config.armeabi_v7a.apk!/lib/armeabi-v7a, /data/app/com.google.android.apps.docs-1/split_config.en.apk!/lib/armeabi-v7a, /data/app/com.google.android.apps.docs-1/split_config.mdpi.apk!/lib/armeabi-v7a, /system/lib, /vendor/lib]]
01-02 13:57:12.592 9115 9115 I art : at java.lang.Class dalvik.system.BaseDexClassLoader.findClass(java.lang.String) (BaseDexClassLoader.java:56)
01-02 13:57:12.592 9115 9115 I art : at java.lang.Class java.lang.ClassLoader.loadClass(java.lang.String, boolean) (ClassLoader.java:380)
01-02 13:57:12.592 9115 9115 I art : at java.lang.Class java.lang.ClassLoader.loadClass(java.lang.String) (ClassLoader.java:312)
01-02 13:57:12.592 9115 9115 I art : at void iir.Z() (PG:5)
01-02 13:57:12.592 9115 9115 I art : at void iir.(odo, cwj, iwx, iwx, dpf, iwx, dhc, glb, dnj, iwx, czy, iwx, iwx, iwx, iwx, dpf, iwx, iwx, iwx, fih, noc, noc, noc, jib, giq, iwx, dmu) (PG:31)
01-02 13:57:12.592 9115 9115 I art : at java.lang.Object sfh.generatedComponent() (PG:4)
01-02 13:57:12.592 9115 9115 I art : at java.lang.Object iiw.generatedComponent() (PG:1)
01-02 13:57:12.592 9115 9115 I art : at java.lang.Object rpn.a(java.lang.Object, java.lang.Class) (PG:6)
01-02 13:57:12.592 9115 9115 I art : at java.lang.Object com.google.android.apps.docs.drive.inject.corecomponentfactory.CoreComponentFactoryImpl.getSingletonComponent(android.content.Context) (PG:3)
01-02 13:57:12.592 9115 9115 I art : at void emw.onCreate() (PG:10)
01-02 13:57:12.592 9115 9115 I art : at void com.google.android.apps.docs.drive.DriveApplication.onCreate() (PG:43)
01-02 13:57:12.592 9115 9115 I art : at void android.app.Instrumentation.callApplicationOnCreate(android.app.Application) (Instrumentation.java:1024)
01-02 13:57:12.592 9115 9115 I art : at void android.app.ActivityThread.handleBindApplication(android.app.ActivityThread$AppBindData) (ActivityThread.java:5424)
01-02 13:57:12.592 9115 9115 I art : at void android.app.ActivityThread.-wrap2(android.app.ActivityThread, android.app.ActivityThread$AppBindData) (ActivityThread.java:-1)
01-02 13:57:12.592 9115 9115 I art : at void android.app.ActivityThread$H.handleMessage(android.os.Message) (ActivityThread.java:1550)
01-02 13:57:12.593 9115 9115 I art : at void android.os.Handler.dispatchMessage(android.os.Message) (Handler.java:102)
01-02 13:57:12.593 9115 9115 I art : at void android.os.Looper.loop() (Looper.java:154)
01-02 13:57:12.593 9115 9115 I art : at void android.app.ActivityThread.main(java.lang.String[]) (ActivityThread.java:6140)
01-02 13:57:12.593 9115 9115 I art : at java.lang.Object java.lang.reflect.Method.invoke!(java.lang.Object, java.lang.Object[]) (Method.java:-2)
01-02 13:57:12.593 9115 9115 I art : at void com.android.internal.os.ZygoteInit$MethodAndArgsCaller.run() (ZygoteInit.java:914)
01-02 13:57:12.593 9115 9115 I art : at void com.android.internal.os.ZygoteInit.main(java.lang.String[]) (ZygoteInit.java:804)
01-02 13:57:12.593 9115 9115 I art :
01-02 13:57:12.653 8936 9055 I Finsky : [158] yhj.accept(377): SCH: Scheduling phonesky job Id: 1-1337, CT: 1704178629418, Constraints: [{ L: 0, D: 6823295, C: 1, I: 1, N: 0 }, { L: 0, D: 0, C: 1, I: 1, N: 0 }]
01-02 13:57:12.751 8936 9129 W art : Before Android 4.1, method double java.util.concurrent.ThreadLocalRandom.internalNextDouble(double, double) would have incorrectly overridden the package-private method in java.util.Random
01-02 13:57:12.751 8936 9129 W art : Before Android 4.1, method int java.util.concurrent.ThreadLocalRandom.internalNextInt(int, int) would have incorrectly overridden the package-private method in java.util.Random
01-02 13:57:12.751 8936 9129 W art : Before Android 4.1, method long java.util.concurrent.ThreadLocalRandom.internalNextLong(long, long) would have incorrectly overridden the package-private method in java.util.Random
01-02 13:57:12.782 8794 8837 I MediaCodec: callingProcessName:com.ipos.controllerorder
01-02 13:57:12.783 7378 7964 I MediaPlayerService: MediaPlayerService::getOMX
01-02 13:57:12.783 8794 9179 I OMXClient: MuxOMX ctor
01-02 13:57:12.783 8794 9179 I ACodec : onAllocateComponent:6752 mSoftCodecPref:0 componentName:
01-02 13:57:12.784 8794 9179 I ACodec : onAllocateComponent:6783 mSoftCodecPref:0 componentName:OMX.google.mp3.decoder
01-02 13:57:12.784 30005 7952 I OMXMaster: makeComponentInstance(OMX.google.mp3.decoder) in mediacodec process
01-02 13:57:12.790 8936 9055 I Finsky : [158] zko.apply(983): SCH: Scheduling 0 system job(s)
01-02 13:57:12.865 8936 9107 I Finsky : [181] ysr.a(555): SCH: Satisfied jobs for 9604 are: 37-3357
01-02 13:57:12.965 8936 9169 I Finsky : [191] yss.accept(281): SCH: Job 37-3357 starting
01-02 13:57:13.048 9115 9125 W art : Suspending all threads took: 10.458ms
01-02 13:57:13.108 8794 8837 I MediaCodec: callingProcessName:com.ipos.controllerorder
01-02 13:57:13.108 7378 7733 I MediaPlayerService: MediaPlayerService::getOMX
01-02 13:57:13.109 8794 9183 I OMXClient: MuxOMX ctor
01-02 13:57:13.109 8794 9183 I ACodec : onAllocateComponent:6752 mSoftCodecPref:0 componentName:
01-02 13:57:13.109 8794 9183 I ACodec : onAllocateComponent:6783 mSoftCodecPref:0 componentName:OMX.google.mp3.decoder
01-02 13:57:13.110 30005 30299 I OMXMaster: makeComponentInstance(OMX.google.mp3.decoder) in mediacodec process
01-02 13:57:13.167 8936 8938 I art : Do partial code cache collection, code=30KB, data=53KB
01-02 13:57:13.209 8936 8938 I art : After code cache collection, code=30KB, data=53KB
01-02 13:57:13.210 8936 8938 I art : Increasing code cache capacity to 256KB
01-02 13:57:13.265 8936 9064 I PlayCommon: [160] amec.j(283): Successfully uploaded logs.
01-02 13:57:13.355 8936 9056 I Finsky : [159] myf.a(936): System was updated or GL extensions were already cached.
01-02 13:57:13.381 8936 8938 I art : Compiler allocated 6MB to compile int ataa.c(java.lang.Object, byte[], int, int, int, asxe)
01-02 13:57:13.423 8936 9107 I Finsky : [181] ysr.a(555): SCH: Satisfied jobs for 9608 are: 37-3357
01-02 13:57:13.438 8794 8837 I MediaCodec: callingProcessName:com.ipos.controllerorder
01-02 13:57:13.439 7378 7411 I MediaPlayerService: MediaPlayerService::getOMX
01-02 13:57:13.439 8794 9191 I OMXClient: MuxOMX ctor
01-02 13:57:13.439 8794 9191 I ACodec : onAllocateComponent:6752 mSoftCodecPref:0 componentName:
01-02 13:57:13.439 8794 9191 I ACodec : onAllocateComponent:6783 mSoftCodecPref:0 componentName:OMX.google.mp3.decoder
01-02 13:57:13.440 30005 7952 I OMXMaster: makeComponentInstance(OMX.google.mp3.decoder) in mediacodec process
01-02 13:57:13.777 8794 8837 I MediaCodec: callingProcessName:com.ipos.controllerorder
01-02 13:57:13.778 7378 7964 I MediaPlayerService: MediaPlayerService::getOMX
01-02 13:57:13.779 8794 9195 I OMXClient: MuxOMX ctor
01-02 13:57:13.779 8794 9195 I ACodec : onAllocateComponent:6752 mSoftCodecPref:0 componentName:
01-02 13:57:13.779 8794 9195 I ACodec : onAllocateComponent:6783 mSoftCodecPref:0 componentName:OMX.google.mp3.decoder
01-02 13:57:13.780 30005 30288 I OMXMaster: makeComponentInstance(OMX.google.mp3.decoder) in mediacodec process
01-02 13:57:13.839 8936 9048 I Finsky : [154] yhj.accept(377): SCH: Scheduling phonesky job Id: 1-1337, CT: 1704178632453, Constraints: [{ L: 60000, D: 60000, C: 1, I: 1, N: 0 }]
01-02 13:57:13.870 7549 7718 I ActivityManager: Start proc 9199:com.android.vending:background/u0a18 for service com.android.vending/com.google.android.finsky.ipcservers.background.BackgroundGrpcServerAndroidService
01-02 13:57:13.985 9199 9199 I art : Starting a blocking GC AddRemoveAppImageSpace
01-02 13:57:14.028 9115 9125 W art : Suspending all threads took: 12.865ms
01-02 13:57:14.074 9199 9199 W ResourceType: ResTable_typeSpec entry count inconsistent: given 211, previously 241
01-02 13:57:14.113 8794 8837 I MediaCodec: callingProcessName:com.ipos.controllerorder
01-02 13:57:14.114 7378 7964 I MediaPlayerService: MediaPlayerService::getOMX
01-02 13:57:14.115 8794 9226 I OMXClient: MuxOMX ctor
01-02 13:57:14.115 8794 9226 I ACodec : onAllocateComponent:6752 mSoftCodecPref:0 componentName:
01-02 13:57:14.115 8794 9226 I ACodec : onAllocateComponent:6783 mSoftCodecPref:0 componentName:OMX.google.mp3.decoder
01-02 13:57:14.116 30005 7952 I OMXMaster: makeComponentInstance(OMX.google.mp3.decoder) in mediacodec process
01-02 13:57:14.143 8936 9048 I Finsky : [154] zko.apply(983): SCH: Scheduling 0 system job(s)
01-02 13:57:14.178 7549 7570 I ActivityManager: Waited long enough for: ServiceRecord{11dc219 u0 com.android.calendar/.alerts.InitAlarmsService}
01-02 13:57:14.347 8936 9129 W art : Verification of void axee.(java.util.Map, boolean, int, int) took 113.666ms
01-02 13:57:14.368 9115 9125 W art : Suspending all threads took: 32.118ms
01-02 13:57:14.435 8794 8837 I MediaCodec: callingProcessName:com.ipos.controllerorder
01-02 13:57:14.435 7378 7964 I MediaPlayerService: MediaPlayerService::getOMX
01-02 13:57:14.436 8794 9239 I OMXClient: MuxOMX ctor
01-02 13:57:14.436 8794 9239 I ACodec : onAllocateComponent:6752 mSoftCodecPref:0 componentName:
01-02 13:57:14.436 8794 9239 I ACodec : onAllocateComponent:6783 mSoftCodecPref:0 componentName:OMX.google.mp3.decoder
01-02 13:57:14.437 30005 7952 I OMXMaster: makeComponentInstance(OMX.google.mp3.decoder) in mediacodec process
01-02 13:57:14.444 9115 9212 W ResourceType: For resource 0x7f070534, entry index(1332) is beyond type entryCount(817)
01-02 13:57:14.454 8936 9129 W art : Verification of void axfv.(axdf, awuq, awun, awrs, axfw, axce, awsm) took 106.658ms
01-02 13:57:14.664 8936 9129 W art : Verification of axft axfv.p(int, boolean) took 208.583ms
01-02 13:57:14.757 8794 8837 I MediaCodec: callingProcessName:com.ipos.controllerorder
01-02 13:57:14.757 7378 7411 I MediaPlayerService: MediaPlayerService::getOMX
01-02 13:57:14.758 8794 9243 I OMXClient: MuxOMX ctor
01-02 13:57:14.758 8794 9243 I ACodec : onAllocateComponent:6752 mSoftCodecPref:0 componentName:
01-02 13:57:14.758 8794 9243 I ACodec : onAllocateComponent:6783 mSoftCodecPref:0 componentName:OMX.google.mp3.decoder
01-02 13:57:14.759 30005 30288 I OMXMaster: makeComponentInstance(OMX.google.mp3.decoder) in mediacodec process
01-02 13:57:14.844 9115 9125 W art : Suspending all threads took: 9.083ms
01-02 13:57:14.985 9199 9199 W art : Verification of java.lang.Object qkg.t() took 713.538ms
01-02 13:57:15.066 9115 9232 W art : Verification of void ujf.(ujf$a) took 200.363ms
01-02 13:57:15.082 8794 8837 I MediaCodec: callingProcessName:com.ipos.controllerorder
01-02 13:57:15.083 7378 7411 I MediaPlayerService: MediaPlayerService::getOMX
01-02 13:57:15.083 8794 9248 I OMXClient: MuxOMX ctor
01-02 13:57:15.083 8794 9248 I ACodec : onAllocateComponent:6752 mSoftCodecPref:0 componentName:
01-02 13:57:15.084 8794 9248 I ACodec : onAllocateComponent:6783 mSoftCodecPref:0 componentName:OMX.google.mp3.decoder
01-02 13:57:15.084 30005 30288 I OMXMaster: makeComponentInstance(OMX.google.mp3.decoder) in mediacodec process
01-02 13:57:15.126 9115 9232 D NetworkSecurityConfig: Using Network Security Config from resource network_security_config debugBuild: false
01-02 13:57:15.149 8936 9129 W art : Verification of void axfs.a(awvy, axai, awun) took 125.514ms
01-02 13:57:15.256 8936 9129 W art : Verification of int axkc.read() took 106.541ms
01-02 13:57:15.359 9115 9238 E DocsApplication: from onCreate Completable for sending summary about blocked SyncRequests
01-02 13:57:15.359 9115 9238 E DocsApplication: java.lang.IllegalStateException
01-02 13:57:15.359 9115 9238 E DocsApplication: at ezj.h(PG:7)
01-02 13:57:15.359 9115 9238 E DocsApplication: at emw.lambda$onCreate$4$com-google-android-apps-docs-DocsApplication(PG:36)
01-02 13:57:15.359 9115 9238 E DocsApplication: at emv.run(PG:37)
01-02 13:57:15.359 9115 9238 E DocsApplication: at tlh.d(PG:3)
01-02 13:57:15.359 9115 9238 E DocsApplication: at tiq.e(PG:1)
01-02 13:57:15.359 9115 9238 E DocsApplication: at tlq$a.run(PG:1)
01-02 13:57:15.359 9115 9238 E DocsApplication: at tjb$a.run(PG:2)
01-02 13:57:15.359 9115 9238 E DocsApplication: at tpt.run(PG:2)
01-02 13:57:15.359 9115 9238 E DocsApplication: at tpt.call(PG:1)
01-02 13:57:15.359 9115 9238 E DocsApplication: at java.util.concurrent.FutureTask.run(FutureTask.java:237)
01-02 13:57:15.359 9115 9238 E DocsApplication: at java.util.concurrent.ScheduledThreadPoolExecutor$ScheduledFutureTask.run(ScheduledThreadPoolExecutor.java:272)
01-02 13:57:15.359 9115 9238 E DocsApplication: at java.util.concurrent.ThreadPoolExecutor.runWorker(ThreadPoolExecutor.java:1133)
01-02 13:57:15.359 9115 9238 E DocsApplication: at java.util.concurrent.ThreadPoolExecutor$Worker.run(ThreadPoolExecutor.java:607)
01-02 13:57:15.359 9115 9238 E DocsApplication: at java.lang.Thread.run(Thread.java:761)
01-02 13:57:15.370 9115 9238 E DocsApplication: from onCreate Completable for sending summary about blocked SyncRequests
01-02 13:57:15.370 9115 9238 E DocsApplication: java.lang.IllegalStateException
01-02 13:57:15.370 9115 9238 E DocsApplication: at ezj.h(PG:7)
01-02 13:57:15.370 9115 9238 E DocsApplication: at emw.lambda$onCreate$4$com-google-android-apps-docs-DocsApplication(PG:36)
01-02 13:57:15.370 9115 9238 E DocsApplication: at emv.run(PG:37)
01-02 13:57:15.370 9115 9238 E DocsApplication: at tlh.d(PG:3)
01-02 13:57:15.370 9115 9238 E DocsApplication: at tiq.e(PG:1)
01-02 13:57:15.370 9115 9238 E DocsApplication: at tlq$a.run(PG:1)
01-02 13:57:15.370 9115 9238 E DocsApplication: at tjb$a.run(PG:2)
01-02 13:57:15.370 9115 9238 E DocsApplication: at tpt.run(PG:2)
01-02 13:57:15.370 9115 9238 E DocsApplication: at tpt.call(PG:1)
01-02 13:57:15.370 9115 9238 E DocsApplication: at java.util.concurrent.FutureTask.run(FutureTask.java:237)
01-02 13:57:15.370 9115 9238 E DocsApplication: at java.util.concurrent.ScheduledThreadPoolExecutor$ScheduledFutureTask.run(ScheduledThreadPoolExecutor.java:272)
01-02 13:57:15.370 9115 9238 E DocsApplication: at java.util.concurrent.ThreadPoolExecutor.runWorker(ThreadPoolExecutor.java:1133)
01-02 13:57:15.370 9115 9238 E DocsApplication: at java.util.concurrent.ThreadPoolExecutor$Worker.run(ThreadPoolExecutor.java:607)
01-02 13:57:15.370 9115 9238 E DocsApplication: at java.lang.Thread.run(Thread.java:761)
01-02 13:57:15.377 8936 9129 W art : Verification of apbp kza.a(java.lang.Object) took 119.978ms
01-02 13:57:15.405 8794 8837 I MediaCodec: callingProcessName:com.ipos.controllerorder
01-02 13:57:15.406 7378 7964 I MediaPlayerService: MediaPlayerService::getOMX
01-02 13:57:15.406 8794 9253 I OMXClient: MuxOMX ctor
01-02 13:57:15.406 8794 9253 I ACodec : onAllocateComponent:6752 mSoftCodecPref:0 componentName:
01-02 13:57:15.407 8794 9253 I ACodec : onAllocateComponent:6783 mSoftCodecPref:0 componentName:OMX.google.mp3.decoder
01-02 13:57:15.407 30005 7952 I OMXMaster: makeComponentInstance(OMX.google.mp3.decoder) in mediacodec process
01-02 13:57:15.414 9115 9125 W art : Suspending all threads took: 12.115ms
01-02 13:57:15.421 9115 9115 W Primes : Primes not initialized, returning default (no-op) Primes instance which will ignore all calls. Please call Primes.initialize(...) before using any Primes API.
01-02 13:57:15.421 9115 9115 W Primes : qgi: FULL
01-02 13:57:15.421 9115 9115 W Primes : at nmv.a(PG:1)
01-02 13:57:15.421 9115 9115 W Primes : at gmd.dM(PG:4)
01-02 13:57:15.421 9115 9115 W Primes : at sfr.dM(PG:1)
01-02 13:57:15.421 9115 9115 W Primes : at equ.dM(PG:10)
01-02 13:57:15.421 9115 9115 W Primes : at sfr.dM(PG:1)
01-02 13:57:15.421 9115 9115 W Primes : at gld.dM(PG:42)
01-02 13:57:15.421 9115 9115 W Primes : at sfr.dM(PG:1)
01-02 13:57:15.421 9115 9115 W Primes : at iir.provideInitializers(PG:9)
01-02 13:57:15.421 9115 9115 W Primes : at com.google.android.apps.docs.drive.inject.corecomponentfactory.CoreComponentFactoryImpl.getSingletonComponent(PG:4)
01-02 13:57:15.421 9115 9115 W Primes : at emw.onCreate(PG:10)
01-02 13:57:15.421 9115 9115 W Primes : at com.google.android.apps.docs.drive.DriveApplication.onCreate(PG:43)
01-02 13:57:15.421 9115 9115 W Primes : at android.app.Instrumentation.callApplicationOnCreate(Instrumentation.java:1024)
01-02 13:57:15.421 9115 9115 W Primes : at android.app.ActivityThread.handleBindApplication(ActivityThread.java:5424)
01-02 13:57:15.421 9115 9115 W Primes : at android.app.ActivityThread.-wrap2(ActivityThread.java)
01-02 13:57:15.421 9115 9115 W Primes : at android.app.ActivityThread$H.handleMessage(ActivityThread.java:1550)
01-02 13:57:15.421 9115 9115 W Primes : at android.os.Handler.dispatchMessage(Handler.java:102)
01-02 13:57:15.421 9115 9115 W Primes : at android.os.Looper.loop(Looper.java:154)
01-02 13:57:15.421 9115 9115 W Primes : at android.app.ActivityThread.main(ActivityThread.java:6140)
01-02 13:57:15.421 9115 9115 W Primes : at java.lang.reflect.Method.invoke(Native Method)
01-02 13:57:15.421 9115 9115 W Primes : at com.android.internal.os.ZygoteInit$MethodAndArgsCaller.run(ZygoteInit.java:914)
01-02 13:57:15.421 9115 9115 W Primes : at com.android.internal.os.ZygoteInit.main(ZygoteInit.java:804)
01-02 13:57:15.421 9115 9115 W Primes : Primes not initialized, returning default (no-op) Primes instance which will ignore all calls. Please call Primes.initialize(...) before using any Primes API.
01-02 13:57:15.421 9115 9115 W Primes : qgi: FULL
01-02 13:57:15.421 9115 9115 W Primes : at nmv.a(PG:1)
01-02 13:57:15.421 9115 9115 W Primes : at gmd.dM(PG:4)
01-02 13:57:15.421 9115 9115 W Primes : at sfr.dM(PG:1)
01-02 13:57:15.421 9115 9115 W Primes : at equ.dM(PG:10)
01-02 13:57:15.421 9115 9115 W Primes : at sfr.dM(PG:1)
01-02 13:57:15.421 9115 9115 W Primes : at gld.dM(PG:42)
01-02 13:57:15.421 9115 9115 W Primes : at sfr.dM(PG:1)
01-02 13:57:15.421 9115 9115 W Primes : at iir.provideInitializers(PG:9)
01-02 13:57:15.421 9115 9115 W Primes : at com.google.android.apps.docs.drive.inject.corecomponentfactory.CoreComponentFactoryImpl.getSingletonComponent(PG:4)
01-02 13:57:15.421 9115 9115 W Primes : at emw.onCreate(PG:10)
01-02 13:57:15.421 9115 9115 W Primes : at com.google.android.apps.docs.drive.DriveApplication.onCreate(PG:43)
01-02 13:57:15.421 9115 9115 W Primes : at android.app.Instrumentation.callApplicationOnCreate(Instrumentation.java:1024)
01-02 13:57:15.421 9115 9115 W Primes : at android.app.ActivityThread.handleBindApplication(ActivityThread.java:5424)
01-02 13:57:15.421 9115 9115 W Primes : at android.app.ActivityThread.-wrap2(ActivityThread.java)
01-02 13:57:15.421 9115 9115 W Primes : at android.app.ActivityThread$H.handleMessage(ActivityThread.java:1550)
01-02 13:57:15.421 9115 9115 W Primes : at android.os.Handler.dispatchMessage(Handler.java:102)
01-02 13:57:15.421 9115 9115 W Primes : at android.os.Looper.loop(Looper.java:154)
01-02 13:57:15.421 9115 9115 W Primes : at android.app.ActivityThread.main(ActivityThread.java:6140)
01-02 13:57:15.421 9115 9115 W Primes : at java.lang.reflect.Method.invoke(Native Method)
01-02 13:57:15.421 9115 9115 W Primes : at com.android.internal.os.ZygoteInit$MethodAndArgsCaller.run(ZygoteInit.java:914)
01-02 13:57:15.421 9115 9115 W Primes : at com.android.internal.os.ZygoteInit.main(ZygoteInit.java:804)
01-02 13:57:15.494 9115 9232 W art : Before Android 4.1, method android.graphics.drawable.Drawable com.google.android.material.progressindicator.BaseProgressIndicator.getCurrentDrawable() would have incorrectly overridden the package-private method in android.widget.ProgressBar
01-02 13:57:15.561 8936 9129 W art : Verification of java.lang.Object mdj.apply(java.lang.Object) took 182.798ms
01-02 13:57:15.701 8936 9129 W art : Verification of apbp yqe.a(java.lang.Object) took 139.951ms
01-02 13:57:15.744 8794 8837 I MediaCodec: callingProcessName:com.ipos.controllerorder
01-02 13:57:15.746 7378 7964 I MediaPlayerService: MediaPlayerService::getOMX
01-02 13:57:15.747 8794 9259 I OMXClient: MuxOMX ctor
01-02 13:57:15.747 8794 9259 I ACodec : onAllocateComponent:6752 mSoftCodecPref:0 componentName:
01-02 13:57:15.747 8794 9259 I ACodec : onAllocateComponent:6783 mSoftCodecPref:0 componentName:OMX.google.mp3.decoder
01-02 13:57:15.748 30005 7952 I OMXMaster: makeComponentInstance(OMX.google.mp3.decoder) in mediacodec process
01-02 13:57:15.773 7859 7871 I FontLog : (REDACTED) Received query %s, URI %s
01-02 13:57:15.773 7859 7871 I FontLog : (REDACTED) Query [%s] resolved to %s
01-02 13:57:15.781 7859 7871 I FontLog : (REDACTED) Fetch %s end status %s
01-02 13:57:15.877 7859 7871 I FontLog : (REDACTED) Pulling font file for id = %d, cache size = %d
01-02 13:57:15.915 7859 8241 I FontLog : (REDACTED) Pulling font file for id = %d, cache size = %d
01-02 13:57:15.927 7859 7868 E System : Uncaught exception thrown by finalizer
01-02 13:57:15.927 7859 7868 E System : java.lang.IllegalStateException: Lock wasn't released correctly
01-02 13:57:15.927 7859 7868 E System : at baos.finalize(:com.google.android.gms@233414015@23.34.14 (040300-560151436):12)
01-02 13:57:15.927 7859 7868 E System : at java.lang.Daemons$FinalizerDaemon.doFinalize(Daemons.java:222)
01-02 13:57:15.927 7859 7868 E System : at java.lang.Daemons$FinalizerDaemon.run(Daemons.java:209)
01-02 13:57:15.927 7859 7868 E System : at java.lang.Thread.run(Thread.java:761)
01-02 13:57:15.928 7859 7868 E System : Uncaught exception thrown by finalizer
01-02 13:57:15.928 7859 7868 E System : java.lang.IllegalStateException: Lock wasn't released correctly
01-02 13:57:15.928 7859 7868 E System : at baos.finalize(:com.google.android.gms@233414015@23.34.14 (040300-560151436):12)
01-02 13:57:15.928 7859 7868 E System : at java.lang.Daemons$FinalizerDaemon.doFinalize(Daemons.java:222)
01-02 13:57:15.928 7859 7868 E System : at java.lang.Daemons$FinalizerDaemon.run(Daemons.java:209)
01-02 13:57:15.928 7859 7868 E System : at java.lang.Thread.run(Thread.java:761)
01-02 13:57:15.928 7859 7868 E System : Uncaught exception thrown by finalizer
01-02 13:57:15.928 7859 7868 E System : java.lang.IllegalStateException: Lock wasn't released correctly
01-02 13:57:15.928 7859 7868 E System : at baos.finalize(:com.google.android.gms@233414015@23.34.14 (040300-560151436):12)
01-02 13:57:15.928 7859 7868 E System : at java.lang.Daemons$FinalizerDaemon.doFinalize(Daemons.java:222)
01-02 13:57:15.928 7859 7868 E System : at java.lang.Daemons$FinalizerDaemon.run(Daemons.java:209)
01-02 13:57:15.928 7859 7868 E System : at java.lang.Thread.run(Thread.java:761)
01-02 13:57:16.056 9115 9125 W art : Suspending all threads took: 62.321ms
01-02 13:57:16.074 9115 9184 W art : Verification of java.lang.Object uae.B(tsw) took 100.326ms
01-02 13:57:16.107 9115 9154 W art : Verification of java.lang.Object kkk.createFromParcel(android.os.Parcel) took 237.219ms
01-02 13:57:16.112 8794 8837 I MediaCodec: callingProcessName:com.ipos.controllerorder
01-02 13:57:16.113 7378 7411 I MediaPlayerService: MediaPlayerService::getOMX
01-02 13:57:16.113 8794 9268 I OMXClient: MuxOMX ctor
01-02 13:57:16.113 8794 9268 I ACodec : onAllocateComponent:6752 mSoftCodecPref:0 componentName:
01-02 13:57:16.114 8794 9268 I ACodec : onAllocateComponent:6783 mSoftCodecPref:0 componentName:OMX.google.mp3.decoder
01-02 13:57:16.114 30005 7952 I OMXMaster: makeComponentInstance(OMX.google.mp3.decoder) in mediacodec process
01-02 13:57:16.127 8936 9064 I PlayCommon: [160] amec.j(28): Preparing logs for uploading
01-02 13:57:16.177 9199 9199 I Finsky:background: [1] kbt.i(84): Process created at version: 37.6.25-21 [0] [PR] 567743520
01-02 13:57:16.191 7859 7859 D BoundBrokerSvc: onBind: Intent { act=com.google.android.gms.pseudonymous.service.START pkg=com.google.android.gms }
01-02 13:57:16.191 7859 7859 D BoundBrokerSvc: Loading bound service for intent: Intent { act=com.google.android.gms.pseudonymous.service.START pkg=com.google.android.gms }
01-02 13:57:16.305 8936 9064 I PlayCommon: [160] amec.j(247): Connecting to server: https://play.googleapis.com/play/log?format=raw&proto_v2=true
01-02 13:57:16.314 8936 9056 W art : Verification of byte[] wjr.a(boolean) took 176.337ms
01-02 13:57:16.407 9115 9154 W art : Verification of java.lang.Object koy.createFromParcel(android.os.Parcel) took 136.202ms
01-02 13:57:16.437 8794 8837 I MediaCodec: callingProcessName:com.ipos.controllerorder
01-02 13:57:16.438 7378 7411 I MediaPlayerService: MediaPlayerService::getOMX
01-02 13:57:16.438 8794 9271 I OMXClient: MuxOMX ctor
01-02 13:57:16.438 8794 9271 I ACodec : onAllocateComponent:6752 mSoftCodecPref:0 componentName:
01-02 13:57:16.439 8794 9271 I ACodec : onAllocateComponent:6783 mSoftCodecPref:0 componentName:OMX.google.mp3.decoder
01-02 13:57:16.439 30005 7952 I OMXMaster: makeComponentInstance(OMX.google.mp3.decoder) in mediacodec process
01-02 13:57:16.464 8936 9056 W art : Verification of ayqw mdx.b() took 148.599ms
01-02 13:57:16.481 8936 9048 I ShortcutBadger: Checking if platform supports badge counters, attempt 1/3.
01-02 13:57:16.596 8936 9056 W art : Verification of java.lang.Object wkq.aiz(int, java.lang.Object) took 130.410ms
01-02 13:57:16.627 9115 9125 W art : Suspending all threads took: 15.270ms
01-02 13:57:16.643 9115 9233 W art : Verification of void mvs.k(mqf, msn, java.lang.String, caf) took 114.673ms
01-02 13:57:16.677 8936 9048 W art : Verification of void ayoq.b(android.content.Context, android.content.ComponentName, int) took 107.250ms
01-02 13:57:16.758 8794 8837 I MediaCodec: callingProcessName:com.ipos.controllerorder
01-02 13:57:16.759 7378 7964 I MediaPlayerService: MediaPlayerService::getOMX
01-02 13:57:16.759 8794 9274 I OMXClient: MuxOMX ctor
01-02 13:57:16.759 8794 9274 I ACodec : onAllocateComponent:6752 mSoftCodecPref:0 componentName:
01-02 13:57:16.760 8794 9274 I ACodec : onAllocateComponent:6783 mSoftCodecPref:0 componentName:OMX.google.mp3.decoder
01-02 13:57:16.760 30005 30299 I OMXMaster: makeComponentInstance(OMX.google.mp3.decoder) in mediacodec process
01-02 13:57:16.848 8936 8993 I Finsky : [140] wjq.h(14): Triggered update for experiment package com.google.android.finsky.stable.
01-02 13:57:16.889 7549 8553 I ActivityManager: Start proc 9277:com.google.android.apps.inputmethod.hindi/u0a51 for broadcast com.google.android.apps.inputmethod.hindi/com.google.android.apps.inputmethod.libs.framework.core.LauncherIconVisibilityInitializer
01-02 13:57:16.930 8936 9064 I PlayCommon: [160] amec.j(283): Successfully uploaded logs.
01-02 13:57:16.941 9199 9199 W art : Verification of java.lang.Object kqz.d() took 111.526ms
01-02 13:57:16.978 9277 9277 I art : Starting a blocking GC AddRemoveAppImageSpace
01-02 13:57:16.981 8936 9048 I ShortcutBadger: Checking if platform supports badge counters, attempt 2/3.
01-02 13:57:17.035 9115 9115 W art : Verification of void jxq.run() took 119.016ms
01-02 13:57:17.094 9115 9197 W art : Verification of void ezj$3.(pyl) took 196.080ms
01-02 13:57:17.105 8936 9048 I ShortcutBadger: Checking if platform supports badge counters, attempt 3/3.
01-02 13:57:17.136 8794 8837 I MediaCodec: callingProcessName:com.ipos.controllerorder
01-02 13:57:17.139 7378 7411 I MediaPlayerService: MediaPlayerService::getOMX
01-02 13:57:17.139 8794 9295 I OMXClient: MuxOMX ctor
01-02 13:57:17.140 8794 9295 I ACodec : onAllocateComponent:6752 mSoftCodecPref:0 componentName:
01-02 13:57:17.140 8794 9295 I ACodec : onAllocateComponent:6783 mSoftCodecPref:0 componentName:OMX.google.mp3.decoder
01-02 13:57:17.141 30005 30299 I OMXMaster: makeComponentInstance(OMX.google.mp3.decoder) in mediacodec process
01-02 13:57:17.169 9199 9199 W art : Verification of java.lang.Object kqz.g() took 119.112ms
01-02 13:57:17.175 8936 9056 W art : Verification of void vyj.run() took 182.390ms
01-02 13:57:17.237 8936 9048 W ShortcutBadger: Badge counter seems not supported in this platform: unable to resolve intent: Intent { act=android.intent.action.BADGE_COUNT_UPDATE (has extras) }
01-02 13:57:17.239 9115 9184 W art : Verification of java.lang.Object tvq.i(tsy, tul, tsw) took 182.874ms
01-02 13:57:17.247 9115 9127 W gmp : (Possibly expected) - Error changing state for com.google.android.apps.docs.drive.directsharing.ChooserTargetService
01-02 13:57:17.247 9115 9127 W gmp : (Possibly expected) - Error changing state for com.google.android.apps.docs.drive.directsharing.ChooserTargetService
01-02 13:57:17.287 9115 9127 W gmp : (Possibly expected) - Error changing state for com.google.android.apps.docs.editors.shared.documentcreation.WidgetDocumentCreatorActivity
01-02 13:57:17.287 9115 9127 W gmp : (Possibly expected) - Error changing state for com.google.android.apps.docs.editors.shared.documentcreation.WidgetDocumentCreatorActivity
01-02 13:57:17.288 9115 9127 W gmp : (Possibly expected) - Error changing state for com.google.android.apps.docs.editors.shared.documentcreation.ExternalDocumentCreatorActivity
01-02 13:57:17.289 9115 9127 W gmp : (Possibly expected) - Error changing state for com.google.android.apps.docs.editors.shared.documentcreation.ExternalDocumentCreatorActivity
01-02 13:57:17.322 8936 9056 W art : Verification of java.lang.Object alfm.a(java.lang.Object) took 146.191ms
01-02 13:57:17.327 9115 9127 W gmp : (Possibly expected) - Error changing state for com.google.android.apps.docs.editors.shared.widgets.NewDocumentWidgetActivity
01-02 13:57:17.328 9115 9127 W gmp : (Possibly expected) - Error changing state for com.google.android.apps.docs.editors.shared.widgets.NewDocumentWidgetActivity
01-02 13:57:17.339 9115 9127 W gmp : (Possibly expected) - Error changing state for com.google.android.apps.docs.editors.shared.export.FileContentProvider
01-02 13:57:17.339 9115 9127 W gmp : (Possibly expected) - Error changing state for com.google.android.apps.docs.editors.shared.export.FileContentProvider
01-02 13:57:17.349 9115 9127 W gmp : (Possibly expected) - Error changing state for com.google.android.apps.docs.editors.shared.copypaste.AndroidClipboardContentProvider
01-02 13:57:17.349 9115 9127 W gmp : (Possibly expected) - Error changing state for com.google.android.apps.docs.editors.shared.copypaste.AndroidClipboardContentProvider
01-02 13:57:17.358 9115 9127 W gmp : (Possibly expected) - Error changing state for com.google.android.apps.docs.editors.shared.copypaste.AndroidImageContentProvider
01-02 13:57:17.386 9115 9127 W gmp : (Possibly expected) - Error changing state for com.google.android.apps.docs.editors.shared.copypaste.AndroidImageContentProvider
01-02 13:57:17.386 9115 9184 W art : Verification of void tzp.() took 146.645ms
01-02 13:57:17.389 9115 9127 W gmp : (Possibly expected) - Error changing state for com.google.android.apps.docs.editors.shared.inserttool.clipboard.InsertToolClipboardContentProvider
01-02 13:57:17.389 9115 9127 W gmp : (Possibly expected) - Error changing state for com.google.android.apps.docs.editors.shared.inserttool.clipboard.InsertToolClipboardContentProvider
01-02 13:57:17.391 9115 9127 W gmp : (Possibly expected) - Error changing state for com.google.android.apps.docs.editors.shared.inserttool.clipboard.InsertToolImageContentProvider
01-02 13:57:17.391 9115 9127 W gmp : (Possibly expected) - Error changing state for com.google.android.apps.docs.editors.shared.inserttool.clipboard.InsertToolImageContentProvider
01-02 13:57:17.407 9115 9127 W gmp : (Possibly expected) - Error changing state for com.google.android.apps.docs.editors.kix.conversion.KixOnlineImportActivity
