01-02 13:57:00.069 8872 8872 E ActivityThread: at com.android.email.service.EmailServiceUtils.isServiceAvailable(EmailServiceUtils.java:160)
01-02 13:57:00.069 8872 8872 E ActivityThread: at com.android.email.provider.AccountReconciler.reconcileAccountsInternal(AccountReconciler.java:171)
01-02 13:57:00.069 8872 8872 E ActivityThread: at com.android.email.provider.AccountReconciler.reconcileAccounts(AccountReconciler.java:115)
01-02 13:57:00.069 8872 8872 E ActivityThread: at com.android.email.service.EmailBroadcastProcessorService.reconcileAndStartServices(EmailBroadcastProcessorService.java:305)
01-02 13:57:00.069 8872 8872 E ActivityThread: at com.android.email.service.EmailBroadcastProcessorService.onBootCompleted(EmailBroadcastProcessorService.java:295)
01-02 13:57:00.069 8872 8872 E ActivityThread: at com.android.email.service.EmailBroadcastProcessorService.onHandleIntent(EmailBroadcastProcessorService.java:130)
01-02 13:57:00.069 8872 8872 E ActivityThread: at android.app.IntentService$ServiceHandler.handleMessage(IntentService.java:68)
01-02 13:57:00.069 8872 8872 E ActivityThread: at android.os.Handler.dispatchMessage(Handler.java:102)
01-02 13:57:00.069 8872 8872 E ActivityThread: at android.os.Looper.loop(Looper.java:154)
01-02 13:57:00.069 8872 8872 E ActivityThread: at android.os.HandlerThread.run(HandlerThread.java:61)
01-02 13:57:00.069 8794 8794 I a : values: SOURCE_ID=10000191 SOURCE_NAME=STEAMFOOD where: SOURCE_ID = '10000191' log: 1
01-02 13:57:00.070 8794 8794 I a : values: SOURCE_ID=10000192 SOURCE_NAME=TABLE_NOW where: SOURCE_ID = '10000192' log: 1
01-02 13:57:00.071 8794 8794 I a : values: SOURCE_ID=10000193 SOURCE_NAME=IPOS_PC where: SOURCE_ID = '10000193' log: 1
01-02 13:57:00.072 8794 8794 I a : values: SOURCE_ID=10000194 SOURCE_NAME=TEAM3 where: SOURCE_ID = '10000194' log: 1
01-02 13:57:00.072 7549 7639 W ActivityManager: Unbind failed: could not find connection for android.os.BinderProxy@f4e09a7
01-02 13:57:00.072 8794 8794 I a : values: SOURCE_ID=10000195 SOURCE_NAME=UPSTART_CAYSUACF where: SOURCE_ID = '10000195' log: 1
01-02 13:57:00.073 8794 8794 I a : values: SOURCE_ID=10000196 SOURCE_NAME=TOKEN_TEST_PARTNER where: SOURCE_ID = '10000196' log: 1
01-02 13:57:00.074 8794 8794 I a : values: SOURCE_ID=10000197 SOURCE_NAME=HEOVANGDEV where: SOURCE_ID = '10000197' log: 1
01-02 13:57:00.075 8794 8794 I a : values: SOURCE_ID=10000198 SOURCE_NAME=UPSTART_GPOINT where: SOURCE_ID = '10000198' log: 1
01-02 13:57:00.076 8794 8794 I a : values: SOURCE_ID=10000199 SOURCE_NAME=FABI where: SOURCE_ID = '10000199' log: 1
01-02 13:57:00.077 8794 8794 I a : values: SOURCE_ID=10000200 SOURCE_NAME=TADIMOTO where: SOURCE_ID = '10000200' log: 1
01-02 13:57:00.079 8794 8794 I a : values: SOURCE_ID=10000201 SOURCE_NAME=MASTERDATA where: SOURCE_ID = '10000201' log: 1
01-02 13:57:00.081 8794 8794 I a : values: SOURCE_ID=10000202 SOURCE_NAME=VIN_VOUCHER where: SOURCE_ID = '10000202' log: 1
01-02 13:57:00.082 8794 8794 I a : values: SOURCE_ID=10000203 SOURCE_NAME=ZALOPAY where: SOURCE_ID = '10000203' log: 1
01-02 13:57:00.083 8794 8794 I a : values: SOURCE_ID=10000204 SOURCE_NAME=VINIDPAY where: SOURCE_ID = '10000204' log: 1
01-02 13:57:00.084 8794 8794 I a : values: SOURCE_ID=10000205 SOURCE_NAME=VIN_ORDERPAGE where: SOURCE_ID = '10000205' log: 1
01-02 13:57:00.085 8794 8794 I a : values: SOURCE_ID=10000206 SOURCE_NAME=PASGO where: SOURCE_ID = '10000206' log: 1
01-02 13:57:00.086 8794 8794 I a : values: SOURCE_ID=10000207 SOURCE_NAME=LOSHIP_DELI where: SOURCE_ID = '10000207' log: 1
01-02 13:57:00.087 8794 8794 I a : values: SOURCE_ID=10000208 SOURCE_NAME=UPSTART_LEGENDBEER_VNP where: SOURCE_ID = '10000208' log: 1
01-02 13:57:00.088 8794 8794 I a : values: SOURCE_ID=10000209 SOURCE_NAME=UPSTART_DELI4B where: SOURCE_ID = '10000209' log: 1
01-02 13:57:00.089 8794 8794 I a : values: SOURCE_ID=10000210 SOURCE_NAME=CAPILLARYTEST where: SOURCE_ID = '10000210' log: 1
01-02 13:57:00.090 8794 8794 I a : values: SOURCE_ID=10000211 SOURCE_NAME=WEB_TART where: SOURCE_ID = '10000211' log: 1
01-02 13:57:00.091 8794 8794 I a : values: SOURCE_ID=10000213 SOURCE_NAME=KAIPASS_MEMBER where: SOURCE_ID = '10000213' log: 1
01-02 13:57:00.092 8794 8794 I a : values: SOURCE_ID=10000212 SOURCE_NAME=KAIPASS_VOUCHER where: SOURCE_ID = '10000212' log: 1
01-02 13:57:00.093 8794 8794 I a : values: SOURCE_ID=10000214 SOURCE_NAME=PASTA_DANZA where: SOURCE_ID = '10000214' log: 1
01-02 13:57:00.094 8794 8794 I a : values: SOURCE_ID=10000215 SOURCE_NAME=CHANGE_LOG_SYSTEM where: SOURCE_ID = '10000215' log: 1
01-02 13:57:00.095 8794 8794 I a : values: SOURCE_ID=10000216 SOURCE_NAME=O2O where: SOURCE_ID = '10000216' log: 1
01-02 13:57:00.096 8794 8794 I a : values: SOURCE_ID=10000217 SOURCE_NAME=ANHMINH_GROUP where: SOURCE_ID = '10000217' log: 1
01-02 13:57:00.097 8794 8794 I a : values: SOURCE_ID=10000218 SOURCE_NAME=O2O_DEV where: SOURCE_ID = '10000218' log: 1
01-02 13:57:00.099 8794 8794 I a : values: SOURCE_ID=10000219 SOURCE_NAME=UPSTART_KHBBQ where: SOURCE_ID = '10000219' log: 1
01-02 13:57:00.100 8794 8794 I a : values: SOURCE_ID=10000220 SOURCE_NAME=POSPCMANAGER where: SOURCE_ID = '10000220' log: 1
01-02 13:57:00.101 8794 8794 I a : values: SOURCE_ID=10000221 SOURCE_NAME=HUM_VIETNAM where: SOURCE_ID = '10000221' log: 1
01-02 13:57:00.102 8794 8794 I a : values: SOURCE_ID=10000222 SOURCE_NAME=IPOS_ANALITICS where: SOURCE_ID = '10000222' log: 1
01-02 13:57:00.103 8794 8794 I a : values: SOURCE_ID=10000223 SOURCE_NAME=MINHTHANGNGUYEN where: SOURCE_ID = '10000223' log: 1
01-02 13:57:00.104 8794 8794 I a : values: SOURCE_ID=10000224 SOURCE_NAME=UPSTART_668BBQ where: SOURCE_ID = '10000224' log: 1
01-02 13:57:00.105 8794 8794 I a : values: SOURCE_ID=10000225 SOURCE_NAME=ICANTEEN where: SOURCE_ID = '10000225' log: 1
01-02 13:57:00.107 8794 8794 I a : values: SOURCE_ID=10000226 SOURCE_NAME=APP_HOMITA where: SOURCE_ID = '10000226' log: 1
01-02 13:57:00.108 7549 7718 W ActivityManager: Unable to start service Intent { act=com.android.email.EXCHANGE_INTENT pkg=com.android.exchange } U=0: not found
01-02 13:57:00.108 8794 8794 I a : values: SOURCE_ID=10000227 SOURCE_NAME=FAST_AND_CLEAN where: SOURCE_ID = '10000227' log: 1
01-02 13:57:00.109 8794 8794 I a : values: SOURCE_ID=10000228 SOURCE_NAME=JIANGHU where: SOURCE_ID = '10000228' log: 1
01-02 13:57:00.110 8794 8794 I a : values: SOURCE_ID=10000229 SOURCE_NAME=WEB_PHOCUONHM where: SOURCE_ID = '10000229' log: 1
01-02 13:57:00.111 8794 8794 I a : values: SOURCE_ID=10000230 SOURCE_NAME=USHINOKURA where: SOURCE_ID = '10000230' log: 1
01-02 13:57:00.112 8794 8794 I a : values: SOURCE_ID=10000231 SOURCE_NAME=AQBOOKING where: SOURCE_ID = '10000231' log: 1
01-02 13:57:00.113 8936 8936 I art : Starting a blocking GC AddRemoveAppImageSpace
01-02 13:57:00.113 8794 8794 I a : values: SOURCE_ID=10000232 SOURCE_NAME=GRABFOOD where: SOURCE_ID = '10000232' log: 1
01-02 13:57:00.114 8794 8794 I a : values: SOURCE_ID=10000233 SOURCE_NAME=APP_BUNNY where: SOURCE_ID = '10000233' log: 1
01-02 13:57:00.115 8794 8794 I a : values: SOURCE_ID=10000234 SOURCE_NAME=AIRPAY where: SOURCE_ID = '10000234' log: 1
01-02 13:57:00.117 8794 8794 I a : values: SOURCE_ID=10000235 SOURCE_NAME=UPSTART_HSANHVU where: SOURCE_ID = '10000235' log: 1
01-02 13:57:00.118 8794 8794 I a : values: SOURCE_ID=10000236 SOURCE_NAME=SEEDCOM where: SOURCE_ID = '10000236' log: 1
01-02 13:57:00.119 8794 8794 I a : values: SOURCE_ID=10000237 SOURCE_NAME=MOMO_OA where: SOURCE_ID = '10000237' log: 1
01-02 13:57:00.121 8794 8794 I a : values: SOURCE_ID=10000238 SOURCE_NAME=ICANTEENSTG where: SOURCE_ID = '10000238' log: 1
01-02 13:57:00.122 8794 8794 I a : values: SOURCE_ID=10000239 SOURCE_NAME=IPOS_BOOKING where: SOURCE_ID = '10000239' log: 1
01-02 13:57:00.124 8794 8794 I a : values: SOURCE_ID=10000240 SOURCE_NAME=SODEXO where: SOURCE_ID = '10000240' log: 1
01-02 13:57:00.125 8794 8794 I a : values: SOURCE_ID=10000241 SOURCE_NAME=APP_CALLCENTER where: SOURCE_ID = '10000241' log: 1
01-02 13:57:00.126 8794 8794 I a : values: SOURCE_ID=10000242 SOURCE_NAME=APP_FURAMA where: SOURCE_ID = '10000242' log: 1
01-02 13:57:00.127 8794 8794 I a : values: SOURCE_ID=10000243 SOURCE_NAME=QUANCU where: SOURCE_ID = '10000243' log: 1
01-02 13:57:00.128 8794 8794 I a : values: SOURCE_ID=10000244 SOURCE_NAME=WEB_LOCALBEAN where: SOURCE_ID = '10000244' log: 1
01-02 13:57:00.129 8794 8794 I a : values: SOURCE_ID=10000245 SOURCE_NAME=WEBORDER where: SOURCE_ID = '10000245' log: 1
01-02 13:57:00.130 8794 8794 I a : values: SOURCE_ID=10000246 SOURCE_NAME=WEB_HOMEYBBQ where: SOURCE_ID = '10000246' log: 1
01-02 13:57:00.131 8794 8794 I a : values: SOURCE_ID=10000247 SOURCE_NAME=APP_NHAUTUDO where: SOURCE_ID = '10000247' log: 1
01-02 13:57:00.133 8794 8794 I a : values: SOURCE_ID=10000248 SOURCE_NAME=WEB_KANGDELI_HASECA where: SOURCE_ID = '10000248' log: 1
01-02 13:57:00.134 8794 8794 I a : values: SOURCE_ID=10000249 SOURCE_NAME=BIGBELLY where: SOURCE_ID = '10000249' log: 1
01-02 13:57:00.135 8794 8794 I a : values: SOURCE_ID=10000250 SOURCE_NAME=IBIERO where: SOURCE_ID = '10000250' log: 1
01-02 13:57:00.136 8794 8794 I a : values: SOURCE_ID=10000251 SOURCE_NAME=APP_CAFE_YEN where: SOURCE_ID = '10000251' log: 1
01-02 13:57:00.137 8794 8794 I a : values: SOURCE_ID=10000252 SOURCE_NAME=HUBIAP2022 where: SOURCE_ID = '10000252' log: 1
01-02 13:57:00.138 8794 8794 I a : values: SOURCE_ID=10000253 SOURCE_NAME=BEFOOD where: SOURCE_ID = '10000253' log: 1
01-02 13:57:00.139 8794 8794 I a : values: SOURCE_ID=10000254 SOURCE_NAME=TCH_POS_NOW where: SOURCE_ID = '10000254' log: 1
01-02 13:57:00.140 8794 8794 I a : values: SOURCE_ID=10000255 SOURCE_NAME=TCH_POS_GRAB where: SOURCE_ID = '10000255' log: 1
01-02 13:57:00.141 8794 8794 I a : values: SOURCE_ID=10000256 SOURCE_NAME=TCH_POS_GOJEK where: SOURCE_ID = '10000256' log: 1
01-02 13:57:00.142 8794 8794 I a : values: SOURCE_ID=10000257 SOURCE_NAME=ZAFA_COMMON where: SOURCE_ID = '10000257' log: 1
01-02 13:57:00.143 8794 8794 I a : values: SOURCE_ID=10000258 SOURCE_NAME=WEB_PHUONGNAM where: SOURCE_ID = '10000258' log: 1
01-02 13:57:00.144 8794 8794 I a : values: SOURCE_ID=10000259 SOURCE_NAME=GOJEK where: SOURCE_ID = '10000259' log: 1
01-02 13:57:00.145 8794 8794 I a : values: SOURCE_ID=10000260 SOURCE_NAME=WEBCHUKCHUK where: SOURCE_ID = '10000260' log: 1
01-02 13:57:00.146 8794 8794 I a : values: SOURCE_ID=10000261 SOURCE_NAME=PARTNERSHIPCHUKCHUK where: SOURCE_ID = '10000261' log: 1
01-02 13:57:00.147 8794 8794 I a : values: SOURCE_ID=10000262 SOURCE_NAME=SHOPEEFOOD_NOW where: SOURCE_ID = '10000262' log: 1
01-02 13:57:00.148 8794 8794 I a : values: SOURCE_ID=10000263 SOURCE_NAME=ATRES where: SOURCE_ID = '10000263' log: 1
01-02 13:57:00.150 8936 8936 W ResourceType: ResTable_typeSpec entry count inconsistent: given 211, previously 241
01-02 13:57:00.150 8794 8794 I a : values: SOURCE_ID=10000264 SOURCE_NAME=TUNGUYEN where: SOURCE_ID = '10000264' log: 1
01-02 13:57:00.151 8794 8794 I a : values: SOURCE_ID=10000265 SOURCE_NAME=APP_KOBE where: SOURCE_ID = '10000265' log: 1
01-02 13:57:00.152 8794 8794 I a : values: SOURCE_ID=10000266 SOURCE_NAME=APP_CONG where: SOURCE_ID = '10000266' log: 1
01-02 13:57:00.153 8794 8794 I a : values: SOURCE_ID=10000267 SOURCE_NAME=PHAYATHAITEST where: SOURCE_ID = '10000267' log: 1
01-02 13:57:00.154 8794 8794 I a : values: SOURCE_ID=10000268 SOURCE_NAME=WEB_PHAYATHAI where: SOURCE_ID = '10000268' log: 1
01-02 13:57:00.155 8794 8794 I a : values: SOURCE_ID=10000269 SOURCE_NAME=WEB_THREEOCLOCK where: SOURCE_ID = '10000269' log: 1
01-02 13:57:00.156 8794 8794 I a : values: SOURCE_ID=10000270 SOURCE_NAME=TAPTAP where: SOURCE_ID = '10000270' log: 1
01-02 13:57:00.157 8794 8794 I a : values: SOURCE_ID=10000271 SOURCE_NAME=MINI_APP_CANTEEN where: SOURCE_ID = '10000271' log: 1
01-02 13:57:00.158 8794 8794 I a : values: SOURCE_ID=10000272 SOURCE_NAME=BGN where: SOURCE_ID = '10000272' log: 1
01-02 13:57:00.159 8794 8794 I a : values: SOURCE_ID=10000273 SOURCE_NAME=BINHTEST_PRO where: SOURCE_ID = '10000273' log: 1
01-02 13:57:00.160 8794 8794 I a : values: SOURCE_ID=10000274 SOURCE_NAME=WEB_KITCHENDELI where: SOURCE_ID = '10000274' log: 1
01-02 13:57:00.161 8794 8794 I a : values: SOURCE_ID=10000275 SOURCE_NAME=BO where: SOURCE_ID = '10000275' log: 1
01-02 13:57:00.162 8794 8794 I a : values: SOURCE_ID=10000276 SOURCE_NAME=APP_PHELA where: SOURCE_ID = '10000276' log: 1
01-02 13:57:00.163 8794 8794 I a : values: SOURCE_ID=10000277 SOURCE_NAME=WEB_G81 where: SOURCE_ID = '10000277' log: 1
01-02 13:57:00.164 8794 8794 I a : values: SOURCE_ID=10000278 SOURCE_NAME=APP_CHEFDZUNG where: SOURCE_ID = '10000278' log: 1
01-02 13:57:00.165 8794 8794 I a : values: SOURCE_ID=10000279 SOURCE_NAME=APP_HEOVANG where: SOURCE_ID = '10000279' log: 1
01-02 13:57:00.166 8794 8794 I a : values: SOURCE_ID=10000280 SOURCE_NAME=APP_MANAGER where: SOURCE_ID = '10000280' log: 1
01-02 13:57:00.167 8794 8794 I a : values: SOURCE_ID=10000281 SOURCE_NAME=MOMO_VOUCHER where: SOURCE_ID = '10000281' log: 1
01-02 13:57:00.168 8794 8794 I a : values: SOURCE_ID=10000282 SOURCE_NAME=WEB_GALBI where: SOURCE_ID = '10000282' log: 1
01-02 13:57:00.170 8794 8794 I a : values: SOURCE_ID=10000283 SOURCE_NAME=LINHKITCHEN where: SOURCE_ID = '10000283' log: 1
01-02 13:57:00.171 8794 8794 I a : values: SOURCE_ID=10000284 SOURCE_NAME=24HSTATION where: SOURCE_ID = '10000284' log: 1
01-02 13:57:00.172 8794 8794 I a : values: SOURCE_ID=10000285 SOURCE_NAME=3RAU where: SOURCE_ID = '10000285' log: 1
01-02 13:57:00.173 8794 8794 I a : values: SOURCE_ID=10000286 SOURCE_NAME=APP_HAISANBIENDONG where: SOURCE_ID = '10000286' log: 1
01-02 13:57:00.174 8794 8794 I a : values: SOURCE_ID=10000287 SOURCE_NAME=HEOVANG_VINACHAO where: SOURCE_ID = '10000287' log: 1
01-02 13:57:00.175 8794 8794 I a : values: SOURCE_ID=10000288 SOURCE_NAME=HEOVANG_VINUNI where: SOURCE_ID = '10000288' log: 1
01-02 13:57:00.176 8794 8794 I a : values: SOURCE_ID=10000289 SOURCE_NAME=IPOS_AEON where: SOURCE_ID = '10000289' log: 1
01-02 13:57:00.177 8794 8794 I a : values: SOURCE_ID=10000290 SOURCE_NAME=VANILA_MEMBERSHIP where: SOURCE_ID = '10000290' log: 1
01-02 13:57:00.178 8794 8794 I a : values: SOURCE_ID=10000291 SOURCE_NAME=WEB_BOSGAURUS where: SOURCE_ID = '10000291' log: 1
01-02 13:57:00.179 8794 8794 I a : values: SOURCE_ID=10000292 SOURCE_NAME=WEB_ZANGTEE where: SOURCE_ID = '10000292' log: 1
01-02 13:57:00.181 8794 8794 I a : values: SOURCE_ID=10000293 SOURCE_NAME=VANI_VOUCHER where: SOURCE_ID = '10000293' log: 1
01-02 13:57:00.182 8794 8794 I a : values: SOURCE_ID=10000294 SOURCE_NAME=MOMO_MEMBERSHIP where: SOURCE_ID = '10000294' log: 1
01-02 13:57:00.183 8794 8794 I a : values: SOURCE_ID=10000295 SOURCE_NAME=APP_TWITTERBEANS where: SOURCE_ID = '10000295' log: 1
01-02 13:57:00.184 8794 8794 I a : values: SOURCE_ID=10000296 SOURCE_NAME=MOMO_O2O where: SOURCE_ID = '10000296' log: 1
01-02 13:57:00.184 8794 8794 I a : values: SOURCE_ID=10000297 SOURCE_NAME=APP_CESTSIBON where: SOURCE_ID = '10000297' log: 1
01-02 13:57:00.185 8794 8794 I a : values: SOURCE_ID=10000298 SOURCE_NAME=2002COFFEE where: SOURCE_ID = '10000298' log: 1
01-02 13:57:00.186 8794 8794 I a : values: SOURCE_ID=10000299 SOURCE_NAME=APP_JEONBOK where: SOURCE_ID = '10000299' log: 1
01-02 13:57:00.187 8794 8794 I a : values: SOURCE_ID=10000300 SOURCE_NAME=OLLINTESTAPI where: SOURCE_ID = '10000300' log: 1
01-02 13:57:00.188 8794 8794 I a : values: SOURCE_ID=10000301 SOURCE_NAME=HERMES where: SOURCE_ID = '10000301' log: 1
01-02 13:57:00.189 8794 8794 I a : values: SOURCE_ID=10000302 SOURCE_NAME=CAPICHI where: SOURCE_ID = '10000302' log: 1
01-02 13:57:00.189 8794 8794 I a : values: SOURCE_ID=10000303 SOURCE_NAME=WEB_DINGTEA where: SOURCE_ID = '10000303' log: 1
01-02 13:57:00.190 8794 8794 I a : values: SOURCE_ID=10000304 SOURCE_NAME=ISTEAKS where: SOURCE_ID = '10000304' log: 1
01-02 13:57:00.230 8794 8837 I MediaCodec: callingProcessName:com.ipos.controllerorder
01-02 13:57:00.231 7378 7964 I MediaPlayerService: MediaPlayerService::getOMX
01-02 13:57:00.231 8794 8952 I OMXClient: MuxOMX ctor
01-02 13:57:00.231 8794 8952 I ACodec : onAllocateComponent:6752 mSoftCodecPref:0 componentName:
01-02 13:57:00.232 8794 8952 I ACodec : onAllocateComponent:6783 mSoftCodecPref:0 componentName:OMX.google.mp3.decoder
01-02 13:57:00.233 30005 30299 I OMXMaster: makeComponentInstance(OMX.google.mp3.decoder) in mediacodec process
01-02 13:57:00.507 8936 8936 W art : Verification of java.lang.Object qkg.t() took 247.134ms
01-02 13:57:00.591 8794 8837 I MediaCodec: callingProcessName:com.ipos.controllerorder
01-02 13:57:00.591 7378 7411 I MediaPlayerService: MediaPlayerService::getOMX
01-02 13:57:00.592 8794 8956 I OMXClient: MuxOMX ctor
01-02 13:57:00.592 8794 8956 I ACodec : onAllocateComponent:6752 mSoftCodecPref:0 componentName:
01-02 13:57:00.593 8794 8956 I ACodec : onAllocateComponent:6783 mSoftCodecPref:0 componentName:OMX.google.mp3.decoder
01-02 13:57:00.593 30005 7952 I OMXMaster: makeComponentInstance(OMX.google.mp3.decoder) in mediacodec process
01-02 13:57:00.660 8794 8794 D SplashActivity: Run service
01-02 13:57:00.660 8794 8794 D SplashActivity: Check service
01-02 13:57:00.662 8794 8794 D SplashActivity: Start Main
01-02 13:57:00.663 7549 7639 I ActivityManager: START u0 {flg=0x4000000 cmp=com.ipos.controllerorder/.activities.MainActivity} from uid 10077 on display 0
01-02 13:57:00.684 8794 8794 D MainActivity: OnCreate null
01-02 13:57:00.715 8794 8794 D j : Canrequest REQUEST checkContactPermission
01-02 13:57:00.716 7549 7639 I ActivityManager: START u0 {act=android.content.pm.action.REQUEST_PERMISSIONS pkg=com.google.android.packageinstaller cmp=com.google.android.packageinstaller/com.android.packageinstaller.permission.ui.GrantPermissionsActivity (has extras)} from uid 10077 on display 0
01-02 13:57:00.840 8438 8448 W art : Suspending all threads took: 33.833ms
01-02 13:57:00.859 8794 8794 D d : OnResume
01-02 13:57:00.878 7549 8553 I ActivityManager: Start proc 8959:com.google.android.packageinstaller/u0a14 for activity com.google.android.packageinstaller/com.android.packageinstaller.permission.ui.GrantPermissionsActivity
01-02 13:57:00.931 8959 8959 I art : Starting a blocking GC AddRemoveAppImageSpace
01-02 13:57:00.932 8959 8959 W System : ClassLoader referenced unknown path: /system/priv-app/GooglePackageInstaller/lib/arm
01-02 13:57:00.946 203 233 E BufferQueueProducer: [com.ipos.controllerorder/com.ipos.controllerorder.activities.MainActivity] connect: already connected (cur=1 req=1)
01-02 13:57:01.042 8936 8936 I Finsky : [1] kbt.i(84): Process created at version: 37.6.25-21 [0] [PR] 567743520
01-02 13:57:01.063 7739 7739 I GoogleInputMethodServic: GoogleInputMethodService.onFinishInput():3267
01-02 13:57:01.070 8794 8794 D j : Permission result [I@356600b
01-02 13:57:01.071 7739 7739 I GoogleInputMethodServic: GoogleInputMethodService.updateDeviceLockedStatus():2097 repeatCheckTimes = 0, locked = false
01-02 13:57:01.071 7739 7739 I GoogleInputMethodServic: GoogleInputMethodService.onStartInput():1889 onStartInput(EditorInfo{EditorInfo{packageName=com.ipos.controllerorder, inputType=0, inputTypeString=NULL, enableLearning=false, autoCorrection=false, autoComplete=false, imeOptions=0, privateImeOptions=null, actionName=UNSPECIFIED, actionLabel=null, initialSelStart=-1, initialSelEnd=-1, initialCapsMode=0, label=null, fieldId=2131296594, fieldName=null, extras=null, hintText=null, hintLocales=[]}}, false)
01-02 13:57:01.073 8794 8794 D j : Canrequest REQUEST checkLocationPermission
01-02 13:57:01.076 7739 7739 I GoogleInputMethodServic: GoogleInputMethodService.updateDeviceLockedStatus():2097 repeatCheckTimes = 1, locked = false
01-02 13:57:01.078 7549 8718 I ActivityManager: START u0 {act=android.content.pm.action.REQUEST_PERMISSIONS pkg=com.google.android.packageinstaller cmp=com.google.android.packageinstaller/com.android.packageinstaller.permission.ui.GrantPermissionsActivity (has extras)} from uid 10077 on display 0
01-02 13:57:01.089 8794 8794 D d : OnResume
01-02 13:57:01.145 8794 8837 I MediaCodec: callingProcessName:com.ipos.controllerorder
01-02 13:57:01.147 7378 7733 I MediaPlayerService: MediaPlayerService::getOMX
01-02 13:57:01.147 8794 8975 I OMXClient: MuxOMX ctor
01-02 13:57:01.147 8794 8975 I ACodec : onAllocateComponent:6752 mSoftCodecPref:0 componentName:
01-02 13:57:01.148 8794 8975 I ACodec : onAllocateComponent:6783 mSoftCodecPref:0 componentName:OMX.google.mp3.decoder
01-02 13:57:01.148 30005 5346 I OMXMaster: makeComponentInstance(OMX.google.mp3.decoder) in mediacodec process
01-02 13:57:01.151 7549 8553 W InputMethodManagerService: Window already focused, ignoring focus gain of: com.android.internal.view.IInputMethodClient$Stub$Proxy@ce2b4f0 attribute=null, token = android.os.BinderProxy@8009116
01-02 13:57:01.152 8794 8794 D j : Permission result [I@bc7d432
01-02 13:57:01.153 8794 8794 D j : Canrequest REQUEST checkReceiveSMSPermission
01-02 13:57:01.158 7549 8553 I ActivityManager: START u0 {act=android.content.pm.action.REQUEST_PERMISSIONS pkg=com.google.android.packageinstaller cmp=com.google.android.packageinstaller/com.android.packageinstaller.permission.ui.GrantPermissionsActivity (has extras)} from uid 10077 on display 0
01-02 13:57:01.166 8794 8794 D d : OnResume
01-02 13:57:01.208 7549 7718 W InputMethodManagerService: Window already focused, ignoring focus gain of: com.android.internal.view.IInputMethodClient$Stub$Proxy@6d6301c attribute=null, token = android.os.BinderProxy@8009116
01-02 13:57:01.216 8794 8794 D j : Permission result [I@4c361fb
01-02 13:57:01.222 8794 8794 D d : OnResume
01-02 13:57:01.266 8794 8794 D SplashActivity: Ondes troy
01-02 13:57:01.414 7549 7558 I art : Background partial concurrent mark sweep GC freed 25474(1491KB) AllocSpace objects, 0(0B) LOS objects, 33% free, 14MB/21MB, paused 1.146ms total 149.697ms
01-02 13:57:01.515 7859 7870 W art : Suspending all threads took: 7.610ms
01-02 13:57:01.535 7859 7870 I art : Background sticky concurrent mark sweep GC freed 27237(2MB) AllocSpace objects, 115(2MB) LOS objects, 32% free, 9MB/14MB, paused 8.511ms total 41.642ms
01-02 13:57:01.675 8146 8151 I art : Compiler allocated 10MB to compile void besv.T(com.google.android.gms.measurement.internal.EventParcel, com.google.android.gms.measurement.internal.AppMetadata)
01-02 13:57:01.682 8794 8837 I MediaCodec: callingProcessName:com.ipos.controllerorder
01-02 13:57:01.683 7378 7733 I MediaPlayerService: MediaPlayerService::getOMX
01-02 13:57:01.683 8794 8981 I OMXClient: MuxOMX ctor
01-02 13:57:01.683 8794 8981 I ACodec : onAllocateComponent:6752 mSoftCodecPref:0 componentName:
01-02 13:57:01.684 8794 8981 I ACodec : onAllocateComponent:6783 mSoftCodecPref:0 componentName:OMX.google.mp3.decoder
01-02 13:57:01.686 30005 30288 I OMXMaster: makeComponentInstance(OMX.google.mp3.decoder) in mediacodec process
01-02 13:57:01.716 8936 8946 W art : Suspending all threads took: 10.659ms
01-02 13:57:02.033 8794 8837 I MediaCodec: callingProcessName:com.ipos.controllerorder
01-02 13:57:02.034 7378 7411 I MediaPlayerService: MediaPlayerService::getOMX
01-02 13:57:02.035 8794 8984 I OMXClient: MuxOMX ctor
01-02 13:57:02.035 8794 8984 I ACodec : onAllocateComponent:6752 mSoftCodecPref:0 componentName:
01-02 13:57:02.036 8794 8984 I ACodec : onAllocateComponent:6783 mSoftCodecPref:0 componentName:OMX.google.mp3.decoder
01-02 13:57:02.036 30005 7952 I OMXMaster: makeComponentInstance(OMX.google.mp3.decoder) in mediacodec process
01-02 13:57:02.234 8438 8450 V ClearcutMetricXmitter: Transmission is done.
01-02 13:57:02.372 8794 8837 I MediaCodec: callingProcessName:com.ipos.controllerorder
01-02 13:57:02.373 7378 7964 I MediaPlayerService: MediaPlayerService::getOMX
01-02 13:57:02.373 8794 8992 I OMXClient: MuxOMX ctor
01-02 13:57:02.373 8794 8992 I ACodec : onAllocateComponent:6752 mSoftCodecPref:0 componentName:
01-02 13:57:02.374 8794 8992 I ACodec : onAllocateComponent:6783 mSoftCodecPref:0 componentName:OMX.google.mp3.decoder
01-02 13:57:02.375 30005 7952 I OMXMaster: makeComponentInstance(OMX.google.mp3.decoder) in mediacodec process
01-02 13:57:02.697 8794 8837 I MediaCodec: callingProcessName:com.ipos.controllerorder
01-02 13:57:02.698 7378 7411 I MediaPlayerService: MediaPlayerService::getOMX
01-02 13:57:02.699 8794 8997 I OMXClient: MuxOMX ctor
01-02 13:57:02.699 8794 8997 I ACodec : onAllocateComponent:6752 mSoftCodecPref:0 componentName:
01-02 13:57:02.700 8794 8997 I ACodec : onAllocateComponent:6783 mSoftCodecPref:0 componentName:OMX.google.mp3.decoder
01-02 13:57:02.700 30005 30299 I OMXMaster: makeComponentInstance(OMX.google.mp3.decoder) in mediacodec process
01-02 13:57:03.025 8794 8837 I MediaCodec: callingProcessName:com.ipos.controllerorder
01-02 13:57:03.026 7378 7411 I MediaPlayerService: MediaPlayerService::getOMX
01-02 13:57:03.026 8794 9000 I OMXClient: MuxOMX ctor
01-02 13:57:03.026 8794 9000 I ACodec : onAllocateComponent:6752 mSoftCodecPref:0 componentName:
01-02 13:57:03.027 8794 9000 I ACodec : onAllocateComponent:6783 mSoftCodecPref:0 componentName:OMX.google.mp3.decoder
01-02 13:57:03.027 30005 30299 I OMXMaster: makeComponentInstance(OMX.google.mp3.decoder) in mediacodec process
01-02 13:57:03.238 8936 8988 I Finsky : [138] ahkz.am(283): Finished reading experiment flags from file [0tGUNCGIkbk4o6-fQ335kUYSKwVj4lusnHT-A5Dsy08] numFlags=1241.
01-02 13:57:03.309 8936 8946 W art : Suspending all threads took: 6.655ms
01-02 13:57:03.350 8936 8988 I Finsky : [138] ahkz.am(283): Finished reading experiment flags from file [Se-xCc4LzNyh3UrKMIU2sUf-PUKz4oQEbpKZDMuaFno] numFlags=1743.
01-02 13:57:03.351 8794 8837 I MediaCodec: callingProcessName:com.ipos.controllerorder
01-02 13:57:03.352 7378 7411 I MediaPlayerService: MediaPlayerService::getOMX
01-02 13:57:03.352 8794 9003 I OMXClient: MuxOMX ctor
01-02 13:57:03.353 8794 9003 I ACodec : onAllocateComponent:6752 mSoftCodecPref:0 componentName:
01-02 13:57:03.353 8794 9003 I ACodec : onAllocateComponent:6783 mSoftCodecPref:0 componentName:OMX.google.mp3.decoder
01-02 13:57:03.353 30005 30288 I OMXMaster: makeComponentInstance(OMX.google.mp3.decoder) in mediacodec process
01-02 13:57:03.534 8936 8946 W art : Suspending all threads took: 18.254ms
01-02 13:57:03.686 8794 8837 I MediaCodec: callingProcessName:com.ipos.controllerorder
01-02 13:57:03.687 7378 7964 I MediaPlayerService: MediaPlayerService::getOMX
01-02 13:57:03.688 8794 9006 I OMXClient: MuxOMX ctor
01-02 13:57:03.688 8794 9006 I ACodec : onAllocateComponent:6752 mSoftCodecPref:0 componentName:
01-02 13:57:03.689 8794 9006 I ACodec : onAllocateComponent:6783 mSoftCodecPref:0 componentName:OMX.google.mp3.decoder
01-02 13:57:03.689 30005 5346 I OMXMaster: makeComponentInstance(OMX.google.mp3.decoder) in mediacodec process
01-02 13:57:04.028 8794 8837 I MediaCodec: callingProcessName:com.ipos.controllerorder
01-02 13:57:04.029 7378 7964 I MediaPlayerService: MediaPlayerService::getOMX
01-02 13:57:04.029 8794 9009 I OMXClient: MuxOMX ctor
01-02 13:57:04.029 8794 9009 I ACodec : onAllocateComponent:6752 mSoftCodecPref:0 componentName:
01-02 13:57:04.030 8794 9009 I ACodec : onAllocateComponent:6783 mSoftCodecPref:0 componentName:OMX.google.mp3.decoder
01-02 13:57:04.030 30005 30288 I OMXMaster: makeComponentInstance(OMX.google.mp3.decoder) in mediacodec process
01-02 13:57:04.359 8794 8837 I MediaCodec: callingProcessName:com.ipos.controllerorder
01-02 13:57:04.360 7378 7964 I MediaPlayerService: MediaPlayerService::getOMX
01-02 13:57:04.360 8794 9013 I OMXClient: MuxOMX ctor
01-02 13:57:04.360 8794 9013 I ACodec : onAllocateComponent:6752 mSoftCodecPref:0 componentName:
01-02 13:57:04.361 8794 9013 I ACodec : onAllocateComponent:6783 mSoftCodecPref:0 componentName:OMX.google.mp3.decoder
01-02 13:57:04.361 30005 5346 I OMXMaster: makeComponentInstance(OMX.google.mp3.decoder) in mediacodec process
01-02 13:57:04.400 8936 8993 E Finsky : Getting early startup flag value without initialization: PhoneskyPhenotype__enable_flag_update_entry_point
01-02 13:57:04.683 8794 8837 I MediaCodec: callingProcessName:com.ipos.controllerorder
01-02 13:57:04.684 7378 7964 I MediaPlayerService: MediaPlayerService::getOMX
01-02 13:57:04.685 8794 9016 I OMXClient: MuxOMX ctor
01-02 13:57:04.685 8794 9016 I ACodec : onAllocateComponent:6752 mSoftCodecPref:0 componentName:
01-02 13:57:04.685 8794 9016 I ACodec : onAllocateComponent:6783 mSoftCodecPref:0 componentName:OMX.google.mp3.decoder
01-02 13:57:04.685 30005 5346 I OMXMaster: makeComponentInstance(OMX.google.mp3.decoder) in mediacodec process
01-02 13:57:04.928 8936 8993 E Finsky : Getting early startup flag value without initialization: ValueStore__enable_directory_watcher
01-02 13:57:05.003 8936 8993 W art : Before Android 4.1, method android.graphics.drawable.Drawable alxz.getCurrentDrawable() would have incorrectly overridden the package-private method in android.widget.ProgressBar
01-02 13:57:05.019 8794 8837 I MediaCodec: callingProcessName:com.ipos.controllerorder
01-02 13:57:05.020 7378 7411 I MediaPlayerService: MediaPlayerService::getOMX
01-02 13:57:05.020 8794 9020 I OMXClient: MuxOMX ctor
01-02 13:57:05.020 8794 9020 I ACodec : onAllocateComponent:6752 mSoftCodecPref:0 componentName:
01-02 13:57:05.021 8794 9020 I ACodec : onAllocateComponent:6783 mSoftCodecPref:0 componentName:OMX.google.mp3.decoder
01-02 13:57:05.021 30005 7952 I OMXMaster: makeComponentInstance(OMX.google.mp3.decoder) in mediacodec process
01-02 13:57:05.202 8936 9026 I art : Rejecting re-init on previously-failed class java.lang.Class: java.lang.NoClassDefFoundError: Failed resolution of: Landroid/content/pm/dex/ArtManager$SnapshotRuntimeProfileCallback;
01-02 13:57:05.206 8936 9026 I art : at java.util.concurrent.Callable aoqd.bo() (PG:1)
01-02 13:57:05.206 8936 9026 I art : at apbp myc.a(java.lang.Object) (PG:1117)
01-02 13:57:05.206 8936 9026 I art : at apbp anlh.a(java.lang.Object) (PG:13)
01-02 13:57:05.206 8936 9026 I art : at java.lang.Object aozx.e(java.lang.Object, java.lang.Object) (PG:3)
01-02 13:57:05.206 8936 9026 I art : at void aozz.run() (PG:42)
01-02 13:57:05.206 8936 9026 I art : at void a.q(java.lang.Runnable) (PG:1)
01-02 13:57:05.206 8936 9026 I art : at void apao.execute(java.lang.Runnable) (PG:1)
01-02 13:57:05.206 8936 9026 I art : at void aozv.h(java.lang.Runnable, java.util.concurrent.Executor) (PG:1)
01-02 13:57:05.206 8936 9026 I art : at void aozv.k(aozv, boolean) (PG:95)
01-02 13:57:05.206 8936 9026 I art : at void aozv.p(apbp) (PG:28)
01-02 13:57:05.206 8936 9026 I art : at void apbd.run() (PG:5)
01-02 13:57:05.206 8936 9026 I art : at void a.q(java.lang.Runnable) (PG:1)
01-02 13:57:05.206 8936 9026 I art : at void apao.execute(java.lang.Runnable) (PG:1)
01-02 13:57:05.206 8936 9026 I art : at void aozv.h(java.lang.Runnable, java.util.concurrent.Executor) (PG:1)
01-02 13:57:05.206 8936 9026 I art : at void aozv.k(aozv, boolean) (PG:95)
01-02 13:57:05.206 8936 9026 I art : at boolean aozv.aia(java.lang.Object) (PG:15)
01-02 13:57:05.206 8936 9026 I art : at void apal.c(java.lang.Object) (PG:3)
01-02 13:57:05.206 8936 9026 I art : at void apam.e(java.lang.Object) (PG:6)
01-02 13:57:05.206 8936 9026 I art : at void apbo.run() (PG:75)
01-02 13:57:05.206 8936 9026 I art : at void java.util.concurrent.ThreadPoolExecutor.runWorker(java.util.concurrent.ThreadPoolExecutor$Worker) (ThreadPoolExecutor.java:1133)
01-02 13:57:05.206 8936 9026 I art : at void java.util.concurrent.ThreadPoolExecutor$Worker.run() (ThreadPoolExecutor.java:607)
01-02 13:57:05.206 8936 9026 I art : at void aamf.run() (PG:483)
01-02 13:57:05.206 8936 9026 I art : at void java.lang.Thread.run() (Thread.java:761)
01-02 13:57:05.206 8936 9026 I art : Caused by: java.lang.ClassNotFoundException: Didn't find class "android.content.pm.dex.ArtManager$SnapshotRuntimeProfileCallback" on path: DexPathList[[zip file "/data/app/com.android.vending-1/base.apk", zip file "/data/app/com.android.vending-1/split_config.armeabi_v7a.apk", zip file "/data/app/com.android.vending-1/split_config.en.apk"],nativeLibraryDirectories=[/data/app/com.android.vending-1/lib/arm, /data/app/com.android.vending-1/base.apk!/lib/armeabi-v7a, /data/app/com.android.vending-1/split_config.armeabi_v7a.apk!/lib/armeabi-v7a, /data/app/com.android.vending-1/split_config.en.apk!/lib/armeabi-v7a, /system/lib, /vendor/lib]]
01-02 13:57:05.206 8936 9026 I art : at java.lang.Class dalvik.system.BaseDexClassLoader.findClass(java.lang.String) (BaseDexClassLoader.java:56)
01-02 13:57:05.206 8936 9026 I art : at java.lang.Class java.lang.ClassLoader.loadClass(java.lang.String, boolean) (ClassLoader.java:380)
01-02 13:57:05.206 8936 9026 I art : at java.lang.Class java.lang.ClassLoader.loadClass(java.lang.String) (ClassLoader.java:312)
01-02 13:57:05.206 8936 9026 I art : at java.util.concurrent.Callable aoqd.bo() (PG:1)
01-02 13:57:05.206 8936 9026 I art : at apbp myc.a(java.lang.Object) (PG:1117)
01-02 13:57:05.206 8936 9026 I art : at apbp anlh.a(java.lang.Object) (PG:13)
01-02 13:57:05.206 8936 9026 I art : at java.lang.Object aozx.e(java.lang.Object, java.lang.Object) (PG:3)
01-02 13:57:05.206 8936 9026 I art : at void aozz.run() (PG:42)
01-02 13:57:05.206 8936 9026 I art : at void a.q(java.lang.Runnable) (PG:1)
01-02 13:57:05.206 8936 9026 I art : at void apao.execute(java.lang.Runnable) (PG:1)
01-02 13:57:05.206 8936 9026 I art : at void aozv.h(java.lang.Runnable, java.util.concurrent.Executor) (PG:1)
01-02 13:57:05.206 8936 9026 I art : at void aozv.k(aozv, boolean) (PG:95)
01-02 13:57:05.206 8936 9026 I art : at void aozv.p(apbp) (PG:28)
01-02 13:57:05.206 8936 9026 I art : at void apbd.run() (PG:5)
01-02 13:57:05.206 8936 9026 I art : at void a.q(java.lang.Runnable) (PG:1)
01-02 13:57:05.206 8936 9026 I art : at void apao.execute(java.lang.Runnable) (PG:1)
01-02 13:57:05.206 8936 9026 I art : at void aozv.h(java.lang.Runnable, java.util.concurrent.Executor) (PG:1)
01-02 13:57:05.206 8936 9026 I art : at void aozv.k(aozv, boolean) (PG:95)
01-02 13:57:05.206 8936 9026 I art : at boolean aozv.aia(java.lang.Object) (PG:15)
01-02 13:57:05.206 8936 9026 I art : at void apal.c(java.lang.Object) (PG:3)
01-02 13:57:05.206 8936 9026 I art : at void apam.e(java.lang.Object) (PG:6)
01-02 13:57:05.206 8936 9026 I art : at void apbo.run() (PG:75)
01-02 13:57:05.206 8936 9026 I art : at void java.util.concurrent.ThreadPoolExecutor.runWorker(java.util.concurrent.ThreadPoolExecutor$Worker) (ThreadPoolExecutor.java:1133)
01-02 13:57:05.206 8936 9026 I art : at void java.util.concurrent.ThreadPoolExecutor$Worker.run() (ThreadPoolExecutor.java:607)
01-02 13:57:05.206 8936 9026 I art : at void aamf.run() (PG:483)
01-02 13:57:05.206 8936 9026 I art : at void java.lang.Thread.run() (Thread.java:761)
01-02 13:57:05.206 8936 9026 I art :
01-02 13:57:05.293 8936 8993 I Finsky : [140] ahkz.am(283): Finished reading experiment flags from file [bZ2G0SRxJQkvErFW3Q2dNSYV5nZZxZnSdhiXwNKHLbc] numFlags=1750.
01-02 13:57:05.349 8794 8837 I MediaCodec: callingProcessName:com.ipos.controllerorder
01-02 13:57:05.350 7378 7964 I MediaPlayerService: MediaPlayerService::getOMX
01-02 13:57:05.350 8794 9027 I OMXClient: MuxOMX ctor
01-02 13:57:05.350 8794 9027 I ACodec : onAllocateComponent:6752 mSoftCodecPref:0 componentName:
01-02 13:57:05.351 8794 9027 I ACodec : onAllocateComponent:6783 mSoftCodecPref:0 componentName:OMX.google.mp3.decoder
01-02 13:57:05.351 30005 5346 I OMXMaster: makeComponentInstance(OMX.google.mp3.decoder) in mediacodec process
01-02 13:57:05.372 8936 8936 E Finsky : Getting early startup flag value without initialization: ValueStore__enable_directory_watcher
01-02 13:57:05.443 8936 8936 W Finsky.CrashDetector: Read crash info.
01-02 13:57:05.443 8936 8936 W Finsky.CrashDetector: Crash info expired.
01-02 13:57:05.593 8936 8936 I Finsky : [1] jzk.ap(748): Profiling: Starting up (1)
01-02 13:57:05.630 8936 8987 I Finsky : [137] jzk.P(10): pcsi: PROCESS_START
01-02 13:57:05.675 8794 8837 I MediaCodec: callingProcessName:com.ipos.controllerorder
01-02 13:57:05.676 7378 7964 I MediaPlayerService: MediaPlayerService::getOMX
01-02 13:57:05.676 8794 9032 I OMXClient: MuxOMX ctor
01-02 13:57:05.676 8794 9032 I ACodec : onAllocateComponent:6752 mSoftCodecPref:0 componentName:
01-02 13:57:05.677 8794 9032 I ACodec : onAllocateComponent:6783 mSoftCodecPref:0 componentName:OMX.google.mp3.decoder
01-02 13:57:05.678 30005 7952 I OMXMaster: makeComponentInstance(OMX.google.mp3.decoder) in mediacodec process
01-02 13:57:05.738 8936 8988 I Finsky : [138] mai.g(45): Subscription detail: N/A
01-02 13:57:05.792 8936 9030 W art : Verification of adht xyi.s(awjw, awjw) took 118.136ms
01-02 13:57:05.813 8936 8946 W art : Suspending all threads took: 13.642ms
01-02 13:57:05.999 8794 8837 I MediaCodec: callingProcessName:com.ipos.controllerorder
01-02 13:57:05.999 7378 7411 I MediaPlayerService: MediaPlayerService::getOMX
01-02 13:57:06.000 8794 9036 I OMXClient: MuxOMX ctor
01-02 13:57:06.000 8794 9036 I ACodec : onAllocateComponent:6752 mSoftCodecPref:0 componentName:
01-02 13:57:06.000 8794 9036 I ACodec : onAllocateComponent:6783 mSoftCodecPref:0 componentName:OMX.google.mp3.decoder
01-02 13:57:06.001 30005 30299 I OMXMaster: makeComponentInstance(OMX.google.mp3.decoder) in mediacodec process
01-02 13:57:06.014 8936 9030 W art : Verification of java.lang.Object ljt.b() took 220.123ms
01-02 13:57:06.133 8936 8986 I cr_CronetLibraryLoader: Cronet version: 114.0.5735.84, arch: armv7l
01-02 13:57:06.179 7549 8567 D ConnectivityService: listenForNetwork for uid/pid:10018/8936 NetworkRequest [ LISTEN id=11, [ Capabilities: INTERNET&NOT_RESTRICTED&TRUSTED] ]
01-02 13:57:06.179 7549 7661 D ConnectivityService: rematching NetworkAgentInfo [Ethernet () - 100]
01-02 13:57:06.179 7549 7661 D ConnectivityService: network has: [ Transports: ETHERNET Capabilities: INTERNET&NOT_RESTRICTED&TRUSTED&NOT_VPN&VALIDATED&FOREGROUND LinkUpBandwidth>=100000Kbps LinkDnBandwidth>=100000Kbps]
01-02 13:57:06.179 7549 7661 D ConnectivityService: Network NetworkAgentInfo [Ethernet () - 100] was already satisfying request 7. No change.
01-02 13:57:06.179 7549 7661 D ConnectivityService: Network NetworkAgentInfo [Ethernet () - 100] was already satisfying request 1. No change.
01-02 13:57:06.180 7549 7661 D ConnectivityService: sending notification AVAILABLE for NetworkRequest [ LISTEN id=11, [ Capabilities: INTERNET&NOT_RESTRICTED&TRUSTED] ]
01-02 13:57:06.327 8794 8837 I MediaCodec: callingProcessName:com.ipos.controllerorder
01-02 13:57:06.328 7378 7964 I MediaPlayerService: MediaPlayerService::getOMX
01-02 13:57:06.328 8794 9047 I OMXClient: MuxOMX ctor
01-02 13:57:06.328 8794 9047 I ACodec : onAllocateComponent:6752 mSoftCodecPref:0 componentName:
01-02 13:57:06.329 8794 9047 I ACodec : onAllocateComponent:6783 mSoftCodecPref:0 componentName:OMX.google.mp3.decoder
01-02 13:57:06.329 30005 7952 I OMXMaster: makeComponentInstance(OMX.google.mp3.decoder) in mediacodec process
01-02 13:57:06.353 8936 8946 W art : Suspending all threads took: 13.617ms
01-02 13:57:06.530 8936 9048 W art : Verification of java.lang.Object alhw.g() took 120.312ms
01-02 13:57:06.663 8794 8837 I MediaCodec: callingProcessName:com.ipos.controllerorder
01-02 13:57:06.664 7378 7411 I MediaPlayerService: MediaPlayerService::getOMX
01-02 13:57:06.664 8794 9060 I OMXClient: MuxOMX ctor
01-02 13:57:06.664 8794 9060 I ACodec : onAllocateComponent:6752 mSoftCodecPref:0 componentName:
01-02 13:57:06.665 8794 9060 I ACodec : onAllocateComponent:6783 mSoftCodecPref:0 componentName:OMX.google.mp3.decoder
01-02 13:57:06.665 30005 7952 I OMXMaster: makeComponentInstance(OMX.google.mp3.decoder) in mediacodec process
01-02 13:57:06.694 8936 9044 W art : Verification of void j$.util.stream.b.accept(java.lang.Object, java.lang.Object) took 184.140ms
01-02 13:57:06.816 8936 9044 W art : Verification of j$.util.stream.h0 j$.util.stream.b1.j(j$.util.stream.x, j$.util.Spliterator, boolean) took 110.559ms
01-02 13:57:06.822 8936 8986 I Finsky : [136] amgo.g(20): SysUA: Disable SystemUpdateActivity, because Android is lower than Q
01-02 13:57:06.828 8936 9030 I Finsky : [147] qqm.run(367): SysCUA: Set {com.android.vending/com.google.android.finsky.systemcomponentupdateui.common.SystemComponentUpdateActivity} enabled state to 0
01-02 13:57:06.862 8936 9030 I Finsky : [147] lxr.run(144): SysUA: Set SystemUpdateActivity enabled state to 2
01-02 13:57:06.888 8936 9055 W art : Verification of void lj.() took 102.445ms
01-02 13:57:06.905 8936 9048 W art : Verification of aitb ahyr.w(aibq) took 106.827ms
01-02 13:57:06.929 8936 9044 W art : Verification of j$.util.stream.d0 j$.util.stream.b1.r(long) took 110.951ms
01-02 13:57:06.938 8936 9030 I Finsky : [147] pk.run(78): Set UnhibernateActivity enabled state to 0
01-02 13:57:06.990 8794 8837 I MediaCodec: callingProcessName:com.ipos.controllerorder
01-02 13:57:06.991 7378 7729 I MediaPlayerService: MediaPlayerService::getOMX
01-02 13:57:06.991 8794 9066 I OMXClient: MuxOMX ctor
01-02 13:57:06.991 8794 9066 I ACodec : onAllocateComponent:6752 mSoftCodecPref:0 componentName:
01-02 13:57:06.992 8794 9066 I ACodec : onAllocateComponent:6783 mSoftCodecPref:0 componentName:OMX.google.mp3.decoder
01-02 13:57:06.992 30005 30299 I OMXMaster: makeComponentInstance(OMX.google.mp3.decoder) in mediacodec process
01-02 13:57:07.049 8936 8986 W Settings: Setting download_manager_max_bytes_over_mobile has moved from android.provider.Settings.Secure to android.provider.Settings.Global.
01-02 13:57:07.052 8936 8986 I Finsky : [136] vfp.j(33): SettingNotFoundException, fall through to G.downloadBytesOverMobileMaximum
01-02 13:57:07.053 8936 8986 W Settings: Setting download_manager_recommended_max_bytes_over_mobile has moved from android.provider.Settings.Secure to android.provider.Settings.Global.
01-02 13:57:07.063 8936 8986 I Finsky : [136] vfp.i(31): SettingNotFoundException, fall through to G.downloadBytesOverMobileRecommended
01-02 13:57:07.067 8146 9067 I GmscoreIpa: Starting mediastore instant index [CONTEXT service_id=255 ]
01-02 13:57:07.080 8936 9055 W art : Verification of void ifa.(ilv, ilq) took 106.370ms
01-02 13:57:07.088 8936 9048 W art : Verification of boolean ahva.b(java.io.File) took 108.024ms
01-02 13:57:07.168 8146 8306 E WakeLock: Icing should be held!
01-02 13:57:07.240 8936 9044 W art : Verification of void aacn.a(aabo, int) took 128.588ms
01-02 13:57:07.248 8936 9048 W art : Verification of void ahky.(aptw) took 114.124ms
01-02 13:57:07.283 8936 8946 W art : Suspending all threads took: 9.994ms
01-02 13:57:07.293 8936 9055 W art : Verification of java.lang.Object ifa.j(amdf, java.lang.Integer, axtu) took 197.353ms
01-02 13:57:07.357 8794 8837 I MediaCodec: callingProcessName:com.ipos.controllerorder
01-02 13:57:07.357 7378 7729 I MediaPlayerService: MediaPlayerService::getOMX
01-02 13:57:07.358 8794 9072 I OMXClient: MuxOMX ctor
01-02 13:57:07.358 8794 9072 I ACodec : onAllocateComponent:6752 mSoftCodecPref:0 componentName:
01-02 13:57:07.358 8936 9048 W art : Verification of boolean ahky.Y(atxj) took 108.236ms
01-02 13:57:07.358 8794 9072 I ACodec : onAllocateComponent:6783 mSoftCodecPref:0 componentName:OMX.google.mp3.decoder
01-02 13:57:07.359 30005 30288 I OMXMaster: makeComponentInstance(OMX.google.mp3.decoder) in mediacodec process
01-02 13:57:07.373 8936 8986 I Finsky : [136] amhi.d(7): registerListener
01-02 13:57:07.385 8936 8986 I Finsky : [136] amhi.d(7): registerListener
01-02 13:57:07.473 8936 9055 W art : Verification of void hgl.execute(java.lang.Runnable) took 115.061ms
01-02 13:57:07.489 8366 8931 W MediaScanner: Error opening directory '/oem/media/', skipping: No such file or directory.
01-02 13:57:07.509 8936 8986 I Finsky : [136] syf.r(77): Enqueuing libraries load for -522473169
01-02 13:57:07.520 8936 9030 I Finsky : [147] syf.s(14): Starting libraries load for -522473169
01-02 13:57:07.606 7859 8225 I NetworkScheduler.Stats: (REDACTED) Task %s/%s started execution. cause:%s exec_start_elapsed_seconds: %s
01-02 13:57:07.615 8936 8938 I art : Do partial code cache collection, code=31KB, data=27KB
01-02 13:57:07.621 8936 8986 I Finsky : [136] agnx.(104): VerifyApps: Setup app restrictions monitor
01-02 13:57:07.647 7859 8433 E WakeLock: *gms_scheduler*:internal should be held!
01-02 13:57:07.654 8936 8986 I Finsky : [136] agtx.a(32): VerifyApps: Device wide unknown source restriction updated
01-02 13:57:07.662 8936 8938 I art : After code cache collection, code=30KB, data=27KB
01-02 13:57:07.662 8936 8938 I art : Increasing code cache capacity to 128KB
01-02 13:57:07.670 7859 8433 E WakeLock: *gms_scheduler*:internal should be held!
01-02 13:57:07.670 7859 8433 E WakeLock: *gms_scheduler*/com.google.android.gms/.ipa.base.IpaGcmTaskService should be held!
01-02 13:57:07.672 7859 8822 I NetworkScheduler.Stats: (REDACTED) Task %s/%s finished executing. cause:%s result: %s elapsed_millis: %s uptime_millis: %s exec_start_elapsed_seconds: %s
01-02 13:57:07.703 7859 8822 E WakeLock: *gms_scheduler*:internal should be held!
01-02 13:57:07.719 8794 8837 I MediaCodec: callingProcessName:com.ipos.controllerorder
01-02 13:57:07.720 7378 7729 I MediaPlayerService: MediaPlayerService::getOMX
01-02 13:57:07.720 8794 9088 I OMXClient: MuxOMX ctor
01-02 13:57:07.720 8794 9088 I ACodec : onAllocateComponent:6752 mSoftCodecPref:0 componentName:
01-02 13:57:07.721 8794 9088 I ACodec : onAllocateComponent:6783 mSoftCodecPref:0 componentName:OMX.google.mp3.decoder
01-02 13:57:07.722 30005 30299 I OMXMaster: makeComponentInstance(OMX.google.mp3.decoder) in mediacodec process
01-02 13:57:07.769 7859 8433 E WakeLock: *gms_scheduler*:internal should be held!
01-02 13:57:08.085 8794 8837 I MediaCodec: callingProcessName:com.ipos.controllerorder
01-02 13:57:08.086 7378 7729 I MediaPlayerService: MediaPlayerService::getOMX
01-02 13:57:08.086 8794 9092 I OMXClient: MuxOMX ctor
01-02 13:57:08.087 8794 9092 I ACodec : onAllocateComponent:6752 mSoftCodecPref:0 componentName:
01-02 13:57:08.087 8794 9092 I ACodec : onAllocateComponent:6783 mSoftCodecPref:0 componentName:OMX.google.mp3.decoder
01-02 13:57:08.089 30005 30288 I OMXMaster: makeComponentInstance(OMX.google.mp3.decoder) in mediacodec process
01-02 13:57:08.233 8936 9048 W art : Verification of java.lang.Object ahxc.createFromParcel(android.os.Parcel) took 165.831ms
01-02 13:57:08.341 8936 9056 W art : Verification of void rmv.cM(sku, awjw, awjw, awjw, awjw, awjw, awjw, awjw, awjw, wjf, pvc, boolean, boolean, affz, ddr, int, int) took 103.544ms
01-02 13:57:08.367 8936 9030 W art : Verification of void rga.run() took 166.177ms
01-02 13:57:08.458 8794 8837 I MediaCodec: callingProcessName:com.ipos.controllerorder
01-02 13:57:08.459 7378 7964 I MediaPlayerService: MediaPlayerService::getOMX
01-02 13:57:08.459 8794 9098 I OMXClient: MuxOMX ctor
01-02 13:57:08.459 8794 9098 I ACodec : onAllocateComponent:6752 mSoftCodecPref:0 componentName:
01-02 13:57:08.460 8794 9098 I ACodec : onAllocateComponent:6783 mSoftCodecPref:0 componentName:OMX.google.mp3.decoder
01-02 13:57:08.460 30005 30299 I OMXMaster: makeComponentInstance(OMX.google.mp3.decoder) in mediacodec process
01-02 13:57:08.513 8936 9044 W art : Verification of void aacs.accept(java.lang.Object) took 137.711ms
01-02 13:57:08.538 8936 9056 W art : Verification of void rmv.cS(aehs, nrx, dst, ddr, int) took 140.878ms
01-02 13:57:08.616 8936 9097 W art : Verification of boolean aavk.test(java.lang.Object) took 130.693ms
01-02 13:57:08.638 8936 9096 W art : Verification of void aibe.j(int) took 104.249ms
01-02 13:57:08.662 8936 9044 W art : Verification of boolean aacq.d(aabg) took 148.292ms
01-02 13:57:08.683 8936 9048 W art : Verification of java.lang.Object ahus.a() took 172.233ms
01-02 13:57:08.737 8366 8931 V MediaScanner: pruneDeadThumbnailFiles... android.content.ContentProviderClient$CursorWrapperInner@b5d833b
01-02 13:57:08.737 8366 8931 V MediaScanner: /pruneDeadThumbnailFiles... android.content.ContentProviderClient$CursorWrapperInner@b5d833b
01-02 13:57:08.739 8936 9097 W art : Verification of java.lang.Object j$.util.stream.h.get() took 121.761ms
01-02 13:57:08.795 8936 9030 I Finsky : [147] syf.s(284): Loaded library for account: [V8rsQeBlELES69anA-lcGgTSdG0w6m1b7eetVoaFd0s]
01-02 13:57:08.804 8794 8837 I MediaCodec: callingProcessName:com.ipos.controllerorder
01-02 13:57:08.805 7378 7964 I MediaPlayerService: MediaPlayerService::getOMX
01-02 13:57:08.805 8794 9103 I OMXClient: MuxOMX ctor
01-02 13:57:08.805 8794 9103 I ACodec : onAllocateComponent:6752 mSoftCodecPref:0 componentName:
01-02 13:57:08.806 8794 9103 I ACodec : onAllocateComponent:6783 mSoftCodecPref:0 componentName:OMX.google.mp3.decoder
01-02 13:57:08.806 30005 7952 I OMXMaster: makeComponentInstance(OMX.google.mp3.decoder) in mediacodec process
01-02 13:57:08.843 8936 8946 W art : Suspending all threads took: 5.470ms
01-02 13:57:08.860 8936 9030 I Finsky : [147] syf.s(353): Finished loading 1 libraries.
01-02 13:57:08.928 8936 9096 W art : Verification of void awgz.x(ajcz, int, int, int, int, int, java.util.List) took 142.917ms
01-02 13:57:08.931 8936 9056 W art : Verification of void rmv.ci(pwq, wjf, dst, ateg, ddr, int, int) took 109.402ms
01-02 13:57:08.962 8936 9048 W art : Verification of void ahdg.run() took 148.745ms
01-02 13:57:08.977 8936 9101 I Finsky : [178] ryx.(46): Item store provider started.
01-02 13:57:09.055 8936 9048 I art : Rejecting re-init on previously-failed class java.lang.Class: java.lang.NoClassDefFoundError: Failed resolution of: Landroid/window/OnBackInvokedCallback;
01-02 13:57:09.055 8936 9048 I art : at apbp os.e(fwx) (PG:1)
01-02 13:57:09.055 8936 9048 I art : at apbp ppj.a(java.lang.Object) (PG:11)
01-02 13:57:09.055 8936 9048 I art : at java.lang.Object aozx.e(java.lang.Object, java.lang.Object) (PG:3)
01-02 13:57:09.055 8936 9048 I art : at void aozz.run() (PG:42)
01-02 13:57:09.055 8936 9048 I art : at void ra.execute(java.lang.Runnable) (PG:42)
