01-02 13:56:30.429 8002 8008 I art : Do partial code cache collection, code=39KB, data=44KB
01-02 13:56:30.440 7739 7960 I SP : Registering emoticon_content_description.2022081613, url: https://www.gstatic.com/android/keyboard/emoticon_content_desc/202208161305/superpacks_manifest.json, constraints: W:*:*:*, flags: bg, requested: 2022081613, current: 2022081613
01-02 13:56:30.471 8366 8366 D MediaScannerReceiver: action: android.intent.action.MEDIA_MOUNTED path: /storage/10FC-200C
01-02 13:56:30.477 8414 8414 D SystemUpdateReceiver: action = android.intent.action.MEDIA_MOUNTED
01-02 13:56:30.481 8002 8008 I art : After code cache collection, code=39KB, data=44KB
01-02 13:56:30.481 8002 8008 I art : Increasing code cache capacity to 256KB
01-02 13:56:30.504 7549 8022 I ActivityManager: Start proc 8438:com.google.android.googlequicksearchbox:search/u0a27 for broadcast com.google.android.googlequicksearchbox/.SearchWidgetProvider
01-02 13:56:30.564 7859 8225 I chatty : uid=10010(com.google.android.gms) lowpool[3] expire 3 lines
01-02 13:56:30.635 7739 8221 W ResourceType: ResTable_typeSpec entry count inconsistent: given 88, previously 90
01-02 13:56:30.635 7739 8221 W ResourceType: ResTable_typeSpec entry count inconsistent: given 168, previously 172
01-02 13:56:30.635 7739 7752 W art : Suspending all threads took: 47.079ms
01-02 13:56:30.670 7739 8179 W art : Verification of void doq.(android.content.Context, jkl) took 212.704ms
01-02 13:56:30.692 7859 8165 I chatty : uid=10010(com.google.android.gms) GoogleApiHandle expire 2 lines
01-02 13:56:30.701 7379 7379 I AudioFlinger: openOutput(), module 26 Device 4000, SamplingRate 0, Format 00000000, Channels 0, flags 0
01-02 13:56:30.702 7379 7379 I AudioFlinger: HAL output buffer size 240 frames, normal sink buffer size 960 frames
01-02 13:56:30.706 7379 8453 I AudioFlinger: AudioFlinger's thread 0xa7283600 ready to run
01-02 13:56:30.715 7379 7379 I AudioFlinger: openOutput(), module 26 Device 4000, SamplingRate 48000, Format 0x000001, Channels 3, flags 0
01-02 13:56:30.717 7379 7379 I AudioFlinger: HAL output buffer size 240 frames, normal sink buffer size 960 frames
01-02 13:56:30.718 7379 7379 I AudioFlinger: HAL output buffer size 240 frames, normal sink buffer size 240 frames
01-02 13:56:30.718 7379 7391 D AudioHardwareTiny: adev_set_parameters: kvpairs = card=3;connect=16384;device=0
01-02 13:56:30.720 7379 8456 I AudioFlinger: AudioFlinger's thread 0xa6e831c0 ready to run
01-02 13:56:30.721 7379 8455 I AudioFlinger: AudioFlinger's thread 0xa7183000 ready to run
01-02 13:56:30.732 7379 7395 D AudioHardwareTiny: out_set_parameters: kvpairs = routing=0
01-02 13:56:30.739 8438 8438 I art : Starting a blocking GC AddRemoveAppImageSpace
01-02 13:56:30.742 7379 8458 I AudioFlinger: AudioFlinger's thread 0xa6d03880 ready to run
01-02 13:56:30.743 7379 7391 D AudioHardwareTiny: adev_set_parameters: kvpairs = card=3;connect=-2147479552;device=0
01-02 13:56:30.746 7379 7379 I AudioFlinger: openOutput(), module 10 Device 400, SamplingRate 44100, Format 0x000001, Channels 3, flags 1
01-02 13:56:30.746 7379 7379 D AudioHardwareTiny: audio hal adev_open_output_stream devices = 0x400, flags = 1, samplerate = 44100
01-02 13:56:30.746 7379 7379 D AudioHardwareTiny: Not any bitstream mode!
01-02 13:56:30.746 7379 7379 D AudioHardwareTiny: out->config.rate = 0, out->config.channels = 0 out->config.format = 0,out->config.flag = 0
01-02 13:56:30.747 7379 7379 I AudioHwDevice: openOutputStream(), HAL returned sampleRate 44100, Format 0x1, channelMask 0x3, status -16
01-02 13:56:30.747 7379 7379 W APM_AudioPolicyManager: checkOutputsForDevice() could not open output for device 400
01-02 13:56:30.747 7379 7391 D AudioHardwareTiny: adev_set_parameters: kvpairs = connect=1024
01-02 13:56:30.751 7379 7379 D AudioHardwareTiny: adev_set_parameters: kvpairs = A2dpSuspended=false
01-02 13:56:30.752 7700 7700 V MediaRouter: Updating audio routes: AudioRoutesInfo{ type=HDMI }
01-02 13:56:30.754 7700 7700 V MediaRouter: Dispatching route change: RouteInfo{ name=HDMI, description=null, status=null, category=RouteCategory{ name=null types=ROUTE_TYPE_LIVE_AUDIO ROUTE_TYPE_LIVE_VIDEO groupable=false }, supportedTypes=ROUTE_TYPE_LIVE_AUDIO ROUTE_TYPE_LIVE_VIDEO , presentationDisplay=Display id 1: DisplayInfo{"HDMI Screen", uniqueId "local:1", app 1024 x 768, real 1024 x 768, largest app 1024 x 768, smallest app 1024 x 768, mode 2, defaultMode 2, modes [{id=2, width=1024, height=768, fps=60.000004}], colorMode 0, supportedColorModes [0], hdrCapabilities android.view.Display$HdrCapabilities@a69d6308, rotation 0, density 227 (227.0 x 227.0) dpi, layerStack 1, appVsyncOff 1000000, presDeadline 16666666, type HDMI, state ON, FLAG_SECURE, FLAG_SUPPORTS_PROTECTED_BUFFERS, FLAG_PRESENTATION}, DisplayMetrics{density=1.41875, width=1024, height=768, scaledDensity=1.41875, xdpi=227.0, ydpi=227.0}, isValid=true }
01-02 13:56:30.757 7549 7549 V MediaRouter: Updating audio routes: AudioRoutesInfo{ type=HDMI }
01-02 13:56:30.757 7549 7549 V MediaRouter: Dispatching route change: RouteInfo{ name=HDMI, description=null, status=null, category=RouteCategory{ name=null types=ROUTE_TYPE_LIVE_AUDIO ROUTE_TYPE_LIVE_VIDEO groupable=false }, supportedTypes=ROUTE_TYPE_LIVE_AUDIO ROUTE_TYPE_LIVE_VIDEO , presentationDisplay=Display id 1: DisplayInfo{"HDMI Screen", uniqueId "local:1", app 1024 x 768, real 1024 x 768, largest app 1024 x 768, smallest app 1024 x 768, mode 2, defaultMode 2, modes [{id=2, width=1024, height=768, fps=60.000004}], colorMode 0, supportedColorModes [0], hdrCapabilities android.view.Display$HdrCapabilities@a69d6308, rotation 0, density 227 (227.0 x 227.0) dpi, layerStack 1, appVsyncOff 1000000, presDeadline 16666666, type HDMI, state ON, FLAG_SECURE, FLAG_SUPPORTS_PROTECTED_BUFFERS, FLAG_PRESENTATION}, DisplayMetrics{density=1.41875, width=1024, height=768, scaledDensity=1.41875, xdpi=227.0, ydpi=227.0}, isValid=true }
01-02 13:56:30.757 7549 7549 I Telecom : WiredHeadsetManager: ACTION_HEADSET_PLUG event, plugged in: true, : WHC.oADA@AAo
01-02 13:56:30.758 7549 7795 I Telecom : CallAudioRouteStateMachine: Message received: CONNECT_WIRED_HEADSET=1, arg1=0: WHC.oADA->CARSM.pM_CONNECT_WIRED_HEADSET@AAo_0
01-02 13:56:30.758 7549 7795 I Telecom : Telecom: Non-call EVENT: AUDIO_ROUTE, Wired headset connected: WHC.oADA->CARSM.pM_CONNECT_WIRED_HEADSET@AAo_0
01-02 13:56:30.758 7549 7795 I Telecom : CallAudioRouteStateMachine: Message received: SWITCH_HEADSET=1003, arg1=0: WHC.oADA->CARSM.pM_CONNECT_WIRED_HEADSET->CARSM.pM_SWITCH_HEADSET@AAo_0_0
01-02 13:56:30.758 7549 7795 I Telecom : Telecom: Non-call EVENT: AUDIO_ROUTE, Leaving state QuiescentEarpieceRoute: WHC.oADA->CARSM.pM_CONNECT_WIRED_HEADSET->CARSM.pM_SWITCH_HEADSET@AAo_0_0
01-02 13:56:30.758 7549 7795 I Telecom : Telecom: Non-call EVENT: AUDIO_ROUTE, Entering state QuiescentHeadsetRoute: WHC.oADA->CARSM.pM_CONNECT_WIRED_HEADSET->CARSM.pM_SWITCH_HEADSET@AAo_0_0
01-02 13:56:30.771 7700 7819 I vol.Events: writeEvent level_changed STREAM_SYSTEM 5
01-02 13:56:30.776 7739 8221 W ResourceType: ResTable_typeSpec entry count inconsistent: given 3481, previously 3501
01-02 13:56:30.865 7739 7929 I native : I0000 00:00:1704178590.865015 7929 jni_decls.cc:111] nativeCreateUFC: 2353518848
01-02 13:56:30.939 7739 8402 I SpeechPackManager: SpeechPackManager$3.onSuccess():453 updatePackSetCacheAsync() : Updated the PackSet cache
01-02 13:56:30.990 7739 7739 I KeyboardModeManager: KeyboardModeManager.updateKeyboardPinStateIfNecessary():1005 Unpin jbn@915ffb from hinge
01-02 13:56:30.991 7739 7739 I KeyboardModeManager: KeyboardModeManager.setKeyboardViewHolderProvider():588 setInputView() : supportsOneHandedMode=false
01-02 13:56:30.992 7739 7739 I AndroidIME: KeyboardViewManager.updateKeyboardBackgroundFrameVisibility():347 Set background frame visibility. old:8, new:8
01-02 13:56:30.992 7739 7739 I NormalModeController: NormalModeController.getKeyboardBodyViewHolderPaddingBottom():93 currentPrimeKeyboardType:SOFT systemPaddingBottom:-1
01-02 13:56:31.038 8438 8438 I MultiDex: VM with version 2.1.0 has multidex support
01-02 13:56:31.038 8438 8438 I MultiDex: Installing application
01-02 13:56:31.038 8438 8438 I MultiDex: VM has multidex support, MultiDex support library is disabled.
01-02 13:56:31.057 8146 8151 I chatty : uid=10010(com.google.android.gms) Jit thread pool expire 9 lines
01-02 13:56:31.078 7739 7739 I NormalModeController: NormalModeController.getKeyboardBodyViewHolderPaddingBottom():93 currentPrimeKeyboardType:SOFT systemPaddingBottom:-1
01-02 13:56:31.079 7739 7739 I KeyboardModeManager: KeyboardModeManager.updateKeyboardPinStateIfNecessary():1005 Unpin jbn@915ffb from hinge
01-02 13:56:31.122 7739 7929 I InputActionsUserFeature: InputActionsUserFeatureProcessor.addToMetricsManager():140 addToMetricsManager: [SpatialStatsProcessor]
01-02 13:56:31.137 7739 7739 I KeyboardModeManager: KeyboardModeManager.setKeyboardViewHolderProvider():578 setInputView() : entry=null
01-02 13:56:31.137 7739 7739 I KeyboardModeManager: KeyboardModeManager.updateKeyboardPinStateIfNecessary():1005 Unpin jbn@915ffb from hinge
01-02 13:56:31.138 7739 7739 I KeyboardModeManager: KeyboardModeManager.setKeyboardViewHolderProvider():588 setInputView() : supportsOneHandedMode=false
01-02 13:56:31.139 7739 7739 I NormalModeController: NormalModeController.getKeyboardBodyViewHolderPaddingBottom():93 currentPrimeKeyboardType:SOFT systemPaddingBottom:-1
01-02 13:56:31.191 7739 7739 I NormalModeController: NormalModeController.getKeyboardBodyViewHolderPaddingBottom():93 currentPrimeKeyboardType:SOFT systemPaddingBottom:-1
01-02 13:56:31.191 7739 7739 I KeyboardModeManager: KeyboardModeManager.updateKeyboardPinStateIfNecessary():1005 Unpin jbn@915ffb from hinge
01-02 13:56:31.235 7739 7739 I KeyboardModeManager: KeyboardModeManager.setKeyboardViewHolderProvider():578 setInputView() : entry=null
01-02 13:56:31.237 7739 7739 I HardKeyTracker: HardKeyTracker.registerKeySequence():120 Register key sequence inf{labelResId=2132017189, callback=ewd@390d62, lastModifier=0, keyCodes=[57, 57], actions=[1, 0]}
01-02 13:56:31.238 7739 7739 I HardKeyTracker: HardKeyTracker.registerKeySequence():120 Register key sequence inf{labelResId=0, callback=ewd@e089629, lastModifier=0, keyCodes=[58, 58], actions=[1, 0]}
01-02 13:56:31.239 7859 7865 I chatty : uid=10010(com.google.android.gms) Jit thread pool expire 7 lines
01-02 13:56:31.240 7739 7739 I GoogleInputMethodServic: GoogleInputMethodService.onFinishInput():3267
01-02 13:56:31.254 7739 8221 W System : ClassLoader referenced unknown path: /data/user_de/0/com.google.android.gms/app_chimera/m/0000029b/n/armeabi
01-02 13:56:31.266 7739 7739 I GoogleInputMethodServic: GoogleInputMethodService.updateDeviceLockedStatus():2097 repeatCheckTimes = 0, locked = false
01-02 13:56:31.267 7739 7739 I GoogleInputMethodServic: GoogleInputMethodService.onStartInput():1889 onStartInput(EditorInfo{EditorInfo{packageName=com.android.launcher3, inputType=0, inputTypeString=NULL, enableLearning=false, autoCorrection=false, autoComplete=false, imeOptions=0, privateImeOptions=null, actionName=UNSPECIFIED, actionLabel=null, initialSelStart=-1, initialSelEnd=-1, initialCapsMode=0, label=null, fieldId=-1, fieldName=null, extras=null, hintText=null, hintLocales=[]}}, false)
01-02 13:56:31.271 7739 7739 I GoogleInputMethodServic: GoogleInputMethodService.updateDeviceLockedStatus():2097 repeatCheckTimes = 1, locked = false
01-02 13:56:31.273 7739 7739 I DictionarySuperpacksMan: DictionarySuperpacksManager$1.onEnabledInputMethodEntriesChanged():64 onEnabledInputMethodEntriesChanged
01-02 13:56:31.293 8002 8002 I A : Initialized process com.google.android.googlequicksearchbox:interactor
01-02 13:56:31.365 7739 7739 I ClipboardDataHandler: ClipboardDataHandler.updateScreenshotsContentObserver():267 Disable the feature of handling screenshots in the clipboard.
01-02 13:56:31.370 7739 7739 W NotificationCenter: NotificationCenter$ListenerData.notifyOnExecutor():667 Heavy notify work detected on UI thread: |jmy->jnw| takes 89ms
01-02 13:56:31.371 7739 7996 I KeyboardGroupDefParser: KeyboardGroupDefParser.parseKeyboardGroupDef():83 parseKeyboardGroupDef() 2132214025 -> 0_resource_name_obfuscated : WaitTime = 2 ms : RunTime = 0 ms
01-02 13:56:31.376 7739 7739 I AccessPointsListHolderC: AccessPointsListHolderController.removeAccessPoint():286 The access point translate is not added
01-02 13:56:31.377 7739 7739 W AccessPointsManager: AccessPointsManager.removeAccessPoint():856 The holder controller #0x7f0b233d is not registered
01-02 13:56:31.378 7739 7739 W NotificationCenter: NotificationCenter$ListenerData.notifyOnExecutor():667 Heavy notify work detected on UI thread: |iwc->jqv| takes 98ms
01-02 13:56:31.395 7739 7739 I GoogleInputMethodServic: GoogleInputMethodService.onCurrentInputMethodEntryChanged():3714 onCurrentInputMethodEntryChanged(): imeDefsChanged=true, ivb{languageTag=en-US, variant=qwerty, hasLocalizedResources=true, conditionCacheKey=_device=tablet_device_size=default_enable_adaptive_translate=true_enable_large_tablet_batch_1=false_enable_large_tablet_batch_2=false_enable_more_candidates_view_for_multilingual=false_enable_nav_redesign=true_enable_nav_redesign_for_expression=true_enable_navbar_motion=true_enable_number_row=false_enable_preemptive_decode=true_enable_secondary_symbols=false_expressions=normal_four_or_more_letter_rows=false_keyboard_mode=normal_language=en-US_orientation=landscape_physical_keyboard=nokeys_rtl_layout=false_show_secondary_digits=true_show_suggestions=true_split_with_duplicate_keys=true_variant=qwerty, imeDef.stringId=ime_english_united_states, imeDef.className=com.google.android.apps.inputmethod.libs.latin5.LatinIme, imeDef.languageTag=en-US}
01-02 13:56:31.404 7739 7929 I iiy : FeatureSplitObservationModule.notifyComponentIfAlreadyInstalled():145 Module brella_feature_split has already been installed (Installed: [tenoranimation_feature_split, brella_feature_split]). Notifying.
01-02 13:56:31.406 7739 7739 I GoogleInputMethodServic: GoogleInputMethodService.clearInputMethodServiceData():1526 clearInputMethodServiceData for entryChange
01-02 13:56:31.413 7739 7739 I StyledKeyboardTheme: StyledKeyboardTheme.():109 Pref: [], themeName: [assets:theme_package_metadata_google_blue_light.binarypb], darkMode: [false], cacheKey: [builtin_google_blue_light.binarypb]
01-02 13:56:31.428 7739 7739 I DeviceModeUtil: DeviceModeUtil.getDeviceMode():140 Get device mode tablet by ui mode:1 and smallestScreenWidthDp:768
01-02 13:56:31.432 7739 7739 I DeviceModeUtil: DeviceModeUtil.getDeviceMode():140 Get device mode tablet by ui mode:1 and smallestScreenWidthDp:768
01-02 13:56:31.444 7739 7739 I DeviceModeUtil: DeviceModeUtil.getDeviceMode():140 Get device mode tablet by ui mode:1 and smallestScreenWidthDp:768
01-02 13:56:31.461 7739 7739 I DeviceModeUtil: DeviceModeUtil.getDeviceMode():140 Get device mode tablet by ui mode:1 and smallestScreenWidthDp:768
01-02 13:56:31.464 7739 7739 I DeviceModeUtil: DeviceModeUtil.getDeviceMode():140 Get device mode tablet by ui mode:1 and smallestScreenWidthDp:768
01-02 13:56:31.465 7739 7739 I KeyboardThemeProvider: KeyboardThemeProvider.applyKeyboardTheme():27 Apply keyboard theme: theme_border_gm3_stylesheet_navredesign_googleblue_materiallight_tablet_keyboard_width_tablet_extra_large_600_builtin_google_blue_light.binarypb_land
01-02 13:56:31.484 7549 7661 D ConnectivityService: handlePromptUnvalidated 100
01-02 13:56:31.488 8002 8002 I A : Initializing GMS Compliance Client Library...
01-02 13:56:31.499 8002 8002 I A : Checking for device compliance...
01-02 13:56:31.500 8002 8002 I A : Feature is disabled!
01-02 13:56:31.508 8002 8002 I A : Completed library init.
01-02 13:56:31.520 7739 7739 W NotificationCenter: NotificationCenter$ListenerData.notifyOnExecutor():667 Heavy notify work detected on UI thread: |iun->dww| takes 125ms
01-02 13:56:31.521 7739 7739 I BaseClearcutAdapter: BaseClearcutAdapter.lambda$queryAndUpdateUserCheckboxOptIn$1():273 Checkbox = true
01-02 13:56:31.522 7739 7739 I MetricsProcessorProvide: MetricsProcessorProviderManager.onClearcutAdapterReady():111 onClearcutAdapterReady
01-02 13:56:31.565 7739 7960 W art : Verification of j$.util.stream.U j$.util.stream.H0.j(j$.util.stream.v1, j$.util.stream.S, j$.util.stream.S) took 101.974ms
01-02 13:56:31.571 8002 8002 I art : Rejecting re-init on previously-failed class java.lang.Class: java.lang.NoClassDefFoundError: Failed resolution of: Landroid/app/AppOpsManager$OnOpNotedCallback;
01-02 13:56:31.571 8002 8002 I art : at java.lang.Object java.lang.Class.newInstance!() (Class.java:-2)
01-02 13:56:31.571 8002 8002 I art : at void android.app.ActivityThread.handleCreateService(android.app.ActivityThread$CreateServiceData) (ActivityThread.java:3178)
01-02 13:56:31.571 8002 8002 I art : at void android.app.ActivityThread.-wrap5(android.app.ActivityThread, android.app.ActivityThread$CreateServiceData) (ActivityThread.java:-1)
01-02 13:56:31.571 8002 8002 I art : at void android.app.ActivityThread$H.handleMessage(android.os.Message) (ActivityThread.java:1572)
01-02 13:56:31.571 8002 8002 I art : at void android.os.Handler.dispatchMessage(android.os.Message) (Handler.java:102)
01-02 13:56:31.571 8002 8002 I art : at void android.os.Looper.loop() (Looper.java:154)
01-02 13:56:31.571 8002 8002 I art : at void android.app.ActivityThread.main(java.lang.String[]) (ActivityThread.java:6140)
01-02 13:56:31.571 8002 8002 I art : at java.lang.Object java.lang.reflect.Method.invoke!(java.lang.Object, java.lang.Object[]) (Method.java:-2)
01-02 13:56:31.571 8002 8002 I art : at void com.android.internal.os.ZygoteInit$MethodAndArgsCaller.run() (ZygoteInit.java:914)
01-02 13:56:31.571 8002 8002 I art : at void com.android.internal.os.ZygoteInit.main(java.lang.String[]) (ZygoteInit.java:804)
01-02 13:56:31.571 8002 8002 I art : Caused by: java.lang.ClassNotFoundException: Didn't find class "android.app.AppOpsManager$OnOpNotedCallback" on path: DexPathList[[zip file "/data/app/com.google.android.googlequicksearchbox-2/base.apk"],nativeLibraryDirectories=[/data/app/com.google.android.googlequicksearchbox-2/lib/arm, /data/app/com.google.android.googlequicksearchbox-2/base.apk!/lib/armeabi-v7a, /system/lib, /vendor/lib]]
01-02 13:56:31.571 8002 8002 I art : at java.lang.Class dalvik.system.BaseDexClassLoader.findClass(java.lang.String) (BaseDexClassLoader.java:56)
01-02 13:56:31.571 8002 8002 I art : at java.lang.Class java.lang.ClassLoader.loadClass(java.lang.String, boolean) (ClassLoader.java:380)
01-02 13:56:31.571 8002 8002 I art : at java.lang.Class java.lang.ClassLoader.loadClass(java.lang.String) (ClassLoader.java:312)
01-02 13:56:31.571 8002 8002 I art : at java.lang.Object java.lang.Class.newInstance!() (Class.java:-2)
01-02 13:56:31.571 8002 8002 I art : at void android.app.ActivityThread.handleCreateService(android.app.ActivityThread$CreateServiceData) (ActivityThread.java:3178)
01-02 13:56:31.571 8002 8002 I art : at void android.app.ActivityThread.-wrap5(android.app.ActivityThread, android.app.ActivityThread$CreateServiceData) (ActivityThread.java:-1)
01-02 13:56:31.571 8002 8002 I art : at void android.app.ActivityThread$H.handleMessage(android.os.Message) (ActivityThread.java:1572)
01-02 13:56:31.571 8002 8002 I art : at void android.os.Handler.dispatchMessage(android.os.Message) (Handler.java:102)
01-02 13:56:31.571 8002 8002 I art : at void android.os.Looper.loop() (Looper.java:154)
01-02 13:56:31.571 8002 8002 I art : at void android.app.ActivityThread.main(java.lang.String[]) (ActivityThread.java:6140)
01-02 13:56:31.571 8002 8002 I art : at java.lang.Object java.lang.reflect.Method.invoke!(java.lang.Object, java.lang.Object[]) (Method.java:-2)
01-02 13:56:31.571 8002 8002 I art : at void com.android.internal.os.ZygoteInit$MethodAndArgsCaller.run() (ZygoteInit.java:914)
01-02 13:56:31.571 8002 8002 I art : at void com.android.internal.os.ZygoteInit.main(java.lang.String[]) (ZygoteInit.java:804)
01-02 13:56:31.571 8002 8002 I art :
01-02 13:56:31.624 7739 7929 I iiy : FeatureSplitObservationModule.notifyComponentIfAlreadyInstalled():145 Module tenoranimation_feature_split has already been installed (Installed: [tenoranimation_feature_split, brella_feature_split]). Notifying.
01-02 13:56:31.690 7739 7960 W art : Verification of void j$.util.stream.k.accept(java.lang.Object) took 102.167ms
01-02 13:56:31.726 7739 7929 W art : Verification of void cjp.() took 100.711ms
01-02 13:56:31.743 8002 8002 I A : Building OnDeviceNameResolver: 4 endpoints.
01-02 13:56:31.750 7739 7752 W art : Suspending all threads took: 18.993ms
01-02 13:56:31.766 7739 8221 W art : Verification of org.chromium.net.ICronetEngineBuilder m.hp.enableHttp2(boolean) took 108.610ms
01-02 13:56:31.771 7739 7739 W NotificationCenter: NotificationCenter$ListenerData.notifyOnExecutor():667 Heavy notify work detected on UI thread: |jmy->jme| takes 248ms
01-02 13:56:31.771 7739 7739 I MetricsProcessorProvide: MetricsProcessorProviderManager.onClearcutAdapterReady():114 Stop caching metrics after clearcut and available modules ready.
01-02 13:56:31.771 7739 7739 I MetricsManager: MetricsManager.maybeStopCaching():456 Stop caching metrics.
01-02 13:56:31.772 7739 7739 W NotificationCenter: NotificationCenter$ListenerData.notifyOnExecutor():667 Heavy notify work detected on UI thread: |jlc->jfv| takes 250ms
01-02 13:56:31.773 7739 7739 I ShortcutsDataManager: AbstractContentDataManager.startImportContentTask():238 startImportContentTask()
01-02 13:56:31.800 7739 8297 I ShortcutsDataManager: AbstractContentDataManager$ImportContentTask.doInBackground():253 doInBackground()
01-02 13:56:31.801 7739 8297 I PersonalDictionaryDataH: PersonalDictionaryDataHandler.beginProcess():114 LanguageTags = [vi, en-US]
01-02 13:56:31.815 7549 8022 I ActivityManager: Start proc 8479:android.process.acore/u0a1 for content provider com.android.providers.userdictionary/.UserDictionaryProvider
01-02 13:56:31.821 8146 8431 I chatty : uid=10010(com.google.android.gms) Binder:8146_7 expire 7 lines
01-02 13:56:31.856 8002 8002 W art : Before Android 4.1, method double java.util.concurrent.ThreadLocalRandom.internalNextDouble(double, double) would have incorrectly overridden the package-private method in java.util.Random
01-02 13:56:31.856 8002 8002 W art : Before Android 4.1, method int java.util.concurrent.ThreadLocalRandom.internalNextInt(int, int) would have incorrectly overridden the package-private method in java.util.Random
01-02 13:56:31.856 8002 8002 W art : Before Android 4.1, method long java.util.concurrent.ThreadLocalRandom.internalNextLong(long, long) would have incorrectly overridden the package-private method in java.util.Random
01-02 13:56:31.886 8479 8479 W System : ClassLoader referenced unknown path: /system/app/UserDictionaryProvider/lib/arm
01-02 13:56:31.894 7739 7929 W art : Verification of boolean cjp.a(jkr, java.lang.Object[]) took 167.781ms
01-02 13:56:31.914 8002 8002 I AmbBrdcstRcvrServClient: constructed!
01-02 13:56:31.937 8479 8479 W System : ClassLoader referenced unknown path: /system/priv-app/ContactsProvider/lib/arm
01-02 13:56:31.938 8479 8479 D ApplicationLoaders: ignored Vulkan layer search path /system/priv-app/ContactsProvider/lib/arm:/system/lib:/vendor/lib for namespace 0xaee8a090
01-02 13:56:31.950 8002 8002 I A : Using hotword architecture(LEGACY): default.
01-02 13:56:32.002 7739 7929 I LauncherIconVisibilityI: LauncherIconVisibilityInitializerBase.lambda$doUpdate$1():71 doUpdate() : Visible = false
01-02 13:56:32.128 8146 8146 I chatty : uid=10010(com.google.android.gms) expire 4 lines
01-02 13:56:32.144 7739 7739 I KeyboardHeightUtil: KeyboardHeightUtil.getKeyboardHeightRatio():193 systemKeyboardHeightRatio:1.000000; userKeyboardHeightRatio:1.000000.
01-02 13:56:32.160 8002 8002 I A : Registered VIS lifecycle listeners: [com.google.android.libraries.search.assistant.invocation.e.u@91a3c45, com.google.android.libraries.search.assistant.invocation.f.a.v@e6df9a].
01-02 13:56:32.171 8002 8002 I A : #onReady(com.google.android.voiceinteraction.GsaVoiceInteractionService@88470a8)
01-02 13:56:32.184 7739 8221 W art : Verification of void org.chromium.net.impl.CronetUrlRequestContext.(m.hp) took 115.497ms
01-02 13:56:32.198 8479 8479 I ContactsPerf: VoicemailContentProvider.onCreate start
01-02 13:56:32.205 8479 8479 I ContactsPerf: VoicemailContentProvider.onCreate finish
01-02 13:56:32.209 8479 8479 W System : ClassLoader referenced unknown path: /system/priv-app/BlockedNumberProvider/lib/arm
01-02 13:56:32.209 8479 8479 D ApplicationLoaders: ignored Vulkan layer search path /system/priv-app/BlockedNumberProvider/lib/arm:/system/lib:/vendor/lib for namespace 0xaee8a0d0
01-02 13:56:32.224 8002 8502 I A : On input(o@8bd4b9f); context([subscription=@0, lifecycles=[]]).
01-02 13:56:32.268 8002 8002 I art : Rejecting re-init on previously-failed class java.lang.Class: java.lang.NoClassDefFoundError: Failed resolution of: Landroid/app/KeyguardManager$KeyguardDismissCallback;
01-02 13:56:32.268 8002 8002 I art : at void com.google.android.apps.gsa.assistant.shared.aq.(android.content.Context, com.google.android.libraries.f.a, com.google.android.apps.gsa.shared.util.c.a.k, dagger.a, com.google.android.libraries.gsa.k.g, com.google.android.apps.gsa.assistant.shared.au, dagger.a, dagger.a, com.google.android.libraries.assistant.auto.tng.morris.g.b.c) (PG:3)
01-02 13:56:32.268 8002 8002 I art : at com.google.android.apps.gsa.assistant.shared.aq com.google.android.apps.gsa.assistant.shared.ar.a(android.content.Context, com.google.android.libraries.f.a, com.google.android.apps.gsa.shared.util.c.a.k, dagger.a, com.google.android.libraries.gsa.k.g, com.google.android.apps.gsa.assistant.shared.au, dagger.a, dagger.a, com.google.android.libraries.assistant.auto.tng.morris.g.b.c) (PG:1)
01-02 13:56:32.268 8002 8002 I art : at java.lang.Object com.google.android.apps.gsa.binaries.velvet.app.akg.a() (PG:-1)
01-02 13:56:32.268 8002 8002 I art : at java.lang.Object com.google.android.apps.gsa.binaries.velvet.app.akg.b() (PG:1)
01-02 13:56:32.268 8002 8002 I art : at void com.google.android.voiceinteraction.GsaVoiceInteractionService.onReady() (PG:36)
01-02 13:56:32.268 8002 8002 I art : at void android.service.voice.VoiceInteractionService$MyHandler.handleMessage(android.os.Message) (VoiceInteractionService.java:108)
01-02 13:56:32.268 8002 8002 I art : at void android.os.Handler.dispatchMessage(android.os.Message) (Handler.java:102)
01-02 13:56:32.268 8002 8002 I art : at void android.os.Looper.loop() (Looper.java:154)
01-02 13:56:32.268 8002 8002 I art : at void android.app.ActivityThread.main(java.lang.String[]) (ActivityThread.java:6140)
01-02 13:56:32.268 8002 8002 I art : at java.lang.Object java.lang.reflect.Method.invoke!(java.lang.Object, java.lang.Object[]) (Method.java:-2)
01-02 13:56:32.268 8002 8002 I art : at void com.android.internal.os.ZygoteInit$MethodAndArgsCaller.run() (ZygoteInit.java:914)
01-02 13:56:32.268 8002 8002 I art : at void com.android.internal.os.ZygoteInit.main(java.lang.String[]) (ZygoteInit.java:804)
01-02 13:56:32.268 8002 8002 I art : Caused by: java.lang.ClassNotFoundException: Didn't find class "android.app.KeyguardManager$KeyguardDismissCallback" on path: DexPathList[[zip file "/data/app/com.google.android.googlequicksearchbox-2/base.apk"],nativeLibraryDirectories=[/data/app/com.google.android.googlequicksearchbox-2/lib/arm, /data/app/com.google.android.googlequicksearchbox-2/base.apk!/lib/armeabi-v7a, /system/lib, /vendor/lib]]
01-02 13:56:32.268 8002 8002 I art : at java.lang.Class dalvik.system.BaseDexClassLoader.findClass(java.lang.String) (BaseDexClassLoader.java:56)
01-02 13:56:32.268 8002 8002 I art : at java.lang.Class java.lang.ClassLoader.loadClass(java.lang.String, boolean) (ClassLoader.java:380)
01-02 13:56:32.268 8002 8002 I art : at java.lang.Class java.lang.ClassLoader.loadClass(java.lang.String) (ClassLoader.java:312)
01-02 13:56:32.268 8002 8002 I art : at void com.google.android.apps.gsa.assistant.shared.aq.(android.content.Context, com.google.android.libraries.f.a, com.google.android.apps.gsa.shared.util.c.a.k, dagger.a, com.google.android.libraries.gsa.k.g, com.google.android.apps.gsa.assistant.shared.au, dagger.a, dagger.a, com.google.android.libraries.assistant.auto.tng.morris.g.b.c) (PG:3)
01-02 13:56:32.268 8002 8002 I art : at com.google.android.apps.gsa.assistant.shared.aq com.google.android.apps.gsa.assistant.shared.ar.a(android.content.Context, com.google.android.libraries.f.a, com.google.android.apps.gsa.shared.util.c.a.k, dagger.a, com.google.android.libraries.gsa.k.g, com.google.android.apps.gsa.assistant.shared.au, dagger.a, dagger.a, com.google.android.libraries.assistant.auto.tng.morris.g.b.c) (PG:1)
01-02 13:56:32.268 8002 8002 I art : at java.lang.Object com.google.android.apps.gsa.binaries.velvet.app.akg.a() (PG:-1)
01-02 13:56:32.268 8002 8002 I art : at java.lang.Object com.google.android.apps.gsa.binaries.velvet.app.akg.b() (PG:1)
01-02 13:56:32.268 8002 8002 I art : at void com.google.android.voiceinteraction.GsaVoiceInteractionService.onReady() (PG:36)
01-02 13:56:32.268 8002 8002 I art : at void android.service.voice.VoiceInteractionService$MyHandler.handleMessage(android.os.Message) (VoiceInteractionService.java:108)
01-02 13:56:32.268 8002 8002 I art : at void android.os.Handler.dispatchMessage(android.os.Message) (Handler.java:102)
01-02 13:56:32.268 8002 8002 I art : at void android.os.Looper.loop() (Looper.java:154)
01-02 13:56:32.268 8002 8002 I art : at void android.app.ActivityThread.main(java.lang.String[]) (ActivityThread.java:6140)
01-02 13:56:32.268 8002 8002 I art : at java.lang.Object java.lang.reflect.Method.invoke!(java.lang.Object, java.lang.Object[]) (Method.java:-2)
01-02 13:56:32.268 8002 8002 I art : at void com.android.internal.os.ZygoteInit$MethodAndArgsCaller.run() (ZygoteInit.java:914)
01-02 13:56:32.268 8002 8002 I art : at void com.android.internal.os.ZygoteInit.main(java.lang.String[]) (ZygoteInit.java:804)
01-02 13:56:32.268 8002 8002 I art :
01-02 13:56:32.313 8002 8002 I Morris.CarModeRcvr: #registerActivityRecognizer(false, false)
01-02 13:56:32.324 7739 7929 I DeviceModeUtil: DeviceModeUtil.getDeviceMode():140 Get device mode tablet by ui mode:1 and smallestScreenWidthDp:768
01-02 13:56:32.346 7739 7929 I DeviceModeUtil: DeviceModeUtil.getDeviceMode():140 Get device mode tablet by ui mode:1 and smallestScreenWidthDp:768
01-02 13:56:32.370 7739 8297 I ShortcutsDataManager: AbstractContentDataManager.importRecords():343 importRecords() : Success : Count = 0
01-02 13:56:32.381 8002 8002 I GsaVoiceInteractionSrv: hotwordHelper registerDeviceConnectedListener
01-02 13:56:32.515 7739 8297 I ShortcutsDataManager: AbstractContentDataManager.importContentData():293 importContentData() : Ending import process
01-02 13:56:32.536 7549 8022 D ConnectivityService: listenForNetwork for uid/pid:10058/7739 NetworkRequest [ LISTEN id=5, [ Capabilities: INTERNET&NOT_RESTRICTED&TRUSTED&FOREGROUND] ]
01-02 13:56:32.538 7549 7661 D ConnectivityService: rematching NetworkAgentInfo [Ethernet () - 100]
01-02 13:56:32.538 7549 7661 D ConnectivityService: network has: [ Transports: ETHERNET Capabilities: INTERNET&NOT_RESTRICTED&TRUSTED&NOT_VPN&VALIDATED&FOREGROUND LinkUpBandwidth>=100000Kbps LinkDnBandwidth>=100000Kbps]
01-02 13:56:32.538 7549 7661 D ConnectivityService: Network NetworkAgentInfo [Ethernet () - 100] was already satisfying request 1. No change.
01-02 13:56:32.538 7549 7661 D ConnectivityService: sending notification AVAILABLE for NetworkRequest [ LISTEN id=5, [ Capabilities: INTERNET&NOT_RESTRICTED&TRUSTED&FOREGROUND] ]
01-02 13:56:32.622 7739 8164 I ManagedDeviceCheckModul: ManagedDeviceCheckModule$1.onSuccess():63 notifyUnmanagedDeviceStatusChanged(): unmanagedDevice=false
01-02 13:56:32.651 7739 7929 I NormalModeController: NormalModeController.getKeyboardBodyViewHolderPaddingBottom():93 currentPrimeKeyboardType:SOFT systemPaddingBottom:-1
01-02 13:56:32.731 7859 8222 I chatty : uid=10010 com.google.android.gms.persistent expire 5 lines
01-02 13:56:32.738 7379 7395 D alsa_route: route_set_controls() set route 24
01-02 13:56:32.738 7379 7395 E alsa_route: set_controls() Can not get ctl : HP L Playback Switch
01-02 13:56:32.738 7379 7395 D AudioHardwareTiny: close device
01-02 13:56:32.972 8002 8008 I art : Do full code cache collection, code=71KB, data=111KB
01-02 13:56:32.990 8002 8008 I art : Starting a blocking GC JitCodeCache
01-02 13:56:32.990 8002 8008 I art : After code cache collection, code=55KB, data=57KB
01-02 13:56:33.144 7739 7960 I SP : Syncing emoticon_content_description (2022081613) with slices: [7a635888cb828dfa2fc744b7b9b50f04, 32d728000a7003a7c11d528d5f452107], metadata: false
01-02 13:56:33.174 8002 8503 I A : Creating apa pinning lifecycles([]).
01-02 13:56:33.174 7739 8221 I cr_CronetLibraryLoader: Cronet version: 114.0.5735.33, arch: armv7l
01-02 13:56:33.174 8002 8503 I A : After input(o@8bd4b9f): context([subscription=@27f4125, lifecycles=[]]).
01-02 13:56:33.200 8479 8497 I ContactLocale: AddressBook Labels [[en_US,vi_VN]]: […, A, B, C, D, E, F, G, H, I, J, K, L, M, N, O, P, Q, R, S, T, U, V, W, X, Y, Z, Α, Β, Γ, Δ, Ε, Ζ, Η, Θ, Ι, Κ, Λ, Μ, Ν, Ξ, Ο, Π, Ρ, Σ, Τ, Υ, Φ, Χ, Ψ, Ω, …, А, Б, В, Г, Д, Ђ, Е, Є, Ж, З, И, І, Й, Ј, К, Л, Љ, М, Н, Њ, О, П, Р, С, Т, Ћ, У, Ф, Х, Ц, Ч, Џ, Ш, Щ, Ю, Я, …, א, ב, ג, ד, ה, ו, ז, ח, ט, י, כ, ל, מ, נ, ס, ע, פ, צ, ק, ר, ש, ת, …, ا, ب, ت, ث, ج, ح, خ, د, ذ, ر, ز, س, ش, ص, ض, ط, ظ, ع, غ, ف, ق, ك, ل, م, ن, ه, و, ي, …, ก, ข, ฃ, ค, ฅ, ฆ, ง, จ, ฉ, ช, ซ, ฌ, ญ, ฎ, ฏ, ฐ, ฑ, ฒ, ณ, ด, ต, ถ, ท, ธ, น, บ, ป, ผ, ฝ, พ, ฟ, ภ, ม, ย, ร, ฤ, ล, ฦ, ว, ศ, ษ, ส, ห, ฬ, อ, ฮ, …, ㄱ, ㄴ, ㄷ, ㄹ, ㅁ, ㅂ, ㅅ, ㅇ, ㅈ, ㅊ, ㅋ, ㅌ, ㅍ, ㅎ, …, あ, か, さ, た, な, は, ま, や, ら, わ, #, …]
01-02 13:56:33.208 7739 7752 W art : Suspending all threads took: 27.356ms
01-02 13:56:33.265 7739 7929 I native : I0000 00:00:1704178593.265690 7929 input_actions_processor_jni.cc:78] nativeRegisterProcessor: SpatialStatsProcessor
01-02 13:56:33.342 7739 7752 W art : Suspending all threads took: 56.041ms
01-02 13:56:33.344 7739 8297 I PersonalLanguageModelUp: PersonalLanguageModelUpdater$UpdateOperation.performInternal():165 run() : Added 0 words and 0 shortcuts
01-02 13:56:33.344 7739 8297 I DynamicLanguageModelOpe: DynamicLanguageModelOperation.perform():43 perform() : 4 : cxk : Completed
01-02 13:56:33.378 7739 7960 W art : Verification of ofm lks.a(java.lang.Object) took 110.920ms
01-02 13:56:33.380 7739 8178 I DelightKLPDownloader: DelightKLPDownloader.downloadKLPInternal():162 downloading KLP for en_US
01-02 13:56:33.405 7549 7562 D ConnectivityService: listenForNetwork for uid/pid:10010/7859 NetworkRequest [ LISTEN id=6, [ Transports: WIFI Capabilities: NOT_RESTRICTED&TRUSTED&NOT_VPN] ]
01-02 13:56:33.406 7549 7661 D ConnectivityService: rematching NetworkAgentInfo [Ethernet () - 100]
01-02 13:56:33.406 7549 7661 D ConnectivityService: network has: [ Transports: ETHERNET Capabilities: INTERNET&NOT_RESTRICTED&TRUSTED&NOT_VPN&VALIDATED&FOREGROUND LinkUpBandwidth>=100000Kbps LinkDnBandwidth>=100000Kbps]
01-02 13:56:33.406 7549 7661 D ConnectivityService: Network NetworkAgentInfo [Ethernet () - 100] was already satisfying request 1. No change.
01-02 13:56:33.414 7739 8178 I ManifestedDataDownloade: ManifestedDataDownloader.download():57 downloading manifest https://www.gstatic.com/android/keyboard/dictionarypack/Xenotarso-normal/metadata.json-perlang/en-US.json
01-02 13:56:33.434 7739 7739 W NotificationCenter: NotificationCenter$ListenerData.notifyOnExecutor():667 Heavy notify work detected on UI thread: |jnm->jnl| takes 35ms
01-02 13:56:33.533 7739 8297 I PersonalLanguageModelUp: PersonalLanguageModelUpdater$UpdateOperation.performInternal():165 run() : Added 0 words and 0 shortcuts
01-02 13:56:33.533 7739 8297 I DynamicLanguageModelOpe: DynamicLanguageModelOperation.perform():43 perform() : 4 : cxk : Completed
01-02 13:56:33.690 7739 7739 I ShortcutsDataManager: AbstractContentDataManager$ImportContentTask.onPostExecute():264 onPostExecute() : Result = [2,0]
01-02 13:56:33.690 7739 7739 I ShortcutsDataManager: ShortcutsDataManager.onImportFinished():82 onImportFinished() : Result = 2 : Count = 0
01-02 13:56:33.810 7739 8178 I DelightKLPDownloader: DelightKLPDownloader.downloadKLPInternal():162 downloading KLP for vi
01-02 13:56:33.811 7739 8178 I ManifestedDataDownloade: ManifestedDataDownloader.download():57 downloading manifest https://www.gstatic.com/android/keyboard/dictionarypack/Xenotarso-normal/metadata.json-perlang/vi.json
01-02 13:56:33.815 7739 7929 W art : Verification of boolean kth.a(jkr, java.lang.Object[]) took 100.866ms
01-02 13:56:33.866 7739 7929 W MetricsManager: MetricsManager.addProcessorImpl():592 Processor eha@99d181c already exists.
01-02 13:56:33.866 7739 7929 W MetricsManager: MetricsManager.addProcessorImpl():592 Processor eha@e29487f already exists.
01-02 13:56:33.930 7739 7752 W art : Suspending all threads took: 16.887ms
01-02 13:56:34.030 7739 7960 I SP : Syncing emoticon_content_description (2022081613) with slices: [7a635888cb828dfa2fc744b7b9b50f04, 32d728000a7003a7c11d528d5f452107], metadata: false
01-02 13:56:34.086 8146 8326 I chatty : uid=10010(com.google.android.gms) Binder:8146_4 expire 1 line
01-02 13:56:34.094 7549 7558 I art : Background partial concurrent mark sweep GC freed 12699(794KB) AllocSpace objects, 1(16KB) LOS objects, 33% free, 11MB/17MB, paused 935us total 107.586ms
01-02 13:56:34.098 7378 7411 D NuPlayerDriver: reset(0xacbaac00) at state 6
01-02 13:56:34.098 7378 7411 D NuPlayerDriver: notifyListener_l(0xacbaac00), (8, 0, 0), loop setting(0, 0)
01-02 13:56:34.135 7739 7960 I SP : Registering emoticon_content_description.2022081613, url: https://www.gstatic.com/android/keyboard/emoticon_content_desc/202208161305/superpacks_manifest.json, constraints: W:*:*:*, flags: bg, requested: 2022081613, current: 2022081613
01-02 13:56:34.282 7378 7734 W AMessage: failed to post message as target looper for handler 0 is gone.
01-02 13:56:34.284 7378 7734 D NuPlayerDriver: notifyResetComplete(0xacbaac00)
01-02 13:56:34.301 8146 8156 I chatty : uid=10010(com.google.android.gms) HeapTaskDaemon expire 5 lines
01-02 13:56:34.307 8438 8523 W art : Verification of void com.google.android.gms.common.internal.n.J(com.google.android.gms.common.internal.ao, java.util.Set) took 209.205ms
01-02 13:56:34.372 8438 8448 W art : Suspending all threads took: 7.008ms
01-02 13:56:34.377 8438 8448 I art : Background sticky concurrent mark sweep GC freed 9997(994KB) AllocSpace objects, 0(0B) LOS objects, 13% free, 4MB/5MB, paused 9.818ms total 267.227ms
01-02 13:56:34.417 7739 7929 W art : Verification of void gff.c(gfh) took 201.819ms
01-02 13:56:34.527 8438 8448 W art : Suspending all threads took: 16.294ms
01-02 13:56:34.539 8438 8448 I art : Background partial concurrent mark sweep GC freed 10902(1123KB) AllocSpace objects, 0(0B) LOS objects, 39% free, 4MB/7MB, paused 20.024ms total 112.004ms
01-02 13:56:34.850 7739 8202 W art : Before Android 4.1, method android.graphics.drawable.Drawable mqd.getCurrentDrawable() would have incorrectly overridden the package-private method in android.widget.ProgressBar
01-02 13:56:35.058 8438 8443 I art : Do partial code cache collection, code=21KB, data=30KB
01-02 13:56:35.058 8438 8443 I art : After code cache collection, code=21KB, data=30KB
01-02 13:56:35.058 8438 8443 I art : Increasing code cache capacity to 128KB
01-02 13:56:35.303 7739 7960 I SP : Syncing emoticon_content_description (2022081613) with slices: [7a635888cb828dfa2fc744b7b9b50f04, 32d728000a7003a7c11d528d5f452107], metadata: false
01-02 13:56:35.313 8146 8226 W PackageParser: Unknown element under : queries at /data/user_de/0/com.google.android.gms/app_chimera/m/0000026c/dl-AdsFdrDynamite.integ_232400000000000.apk Binary XML file line #15
01-02 13:56:35.392 8146 8226 W PackageParser: Unknown element under : queries at /data/user_de/0/com.google.android.gms/app_chimera/m/0000029e/DynamiteModulesC.apk Binary XML file line #15
01-02 13:56:35.445 8146 8226 W PackageParser: Unknown element under : queries at /data/user_de/0/com.google.android.gms/app_chimera/m/000002a2/dl-AdsFdrDynamite.integ_233012802000000.apk Binary XML file line #15
01-02 13:56:35.474 7739 8179 I PhenotypeModule: PhenotypeModule.handlePhenotypeConfigurationUpdatesInternal():471 Latency of updating configurations from phenotype (experiment v4): 2187
01-02 13:56:35.475 7739 8179 I PhenotypeModule: PhenotypeModule.handlePhenotypeConfigurationUpdates():397 Latency of updating configurations from phenotype (ExperimentV4): 2256
01-02 13:56:35.487 8146 8540 I chatty : uid=10010(com.google.android.gms) expire 3 lines
01-02 13:56:35.513 8366 8419 V MediaScanner: pruneDeadThumbnailFiles... android.content.ContentProviderClient$CursorWrapperInner@ff6f336
01-02 13:56:35.518 8366 8419 V MediaScanner: /pruneDeadThumbnailFiles... android.content.ContentProviderClient$CursorWrapperInner@ff6f336
01-02 13:56:35.526 7739 8402 I DownloadManager: DownloadManager.downloadInternal():407 Download for __KLP_delight__en-US scheduled with params DownloadParams{allowMetered=false, requireCharging=false, foreground=false, immediately=false, priority=500}
01-02 13:56:35.532 7739 8179 I PhenotypeModule: PhenotypeModule.lambda$fetchAndUpdate$3():275 fetchAndUpdate() : Success, hasFlags=true, fetchStatus=2024-01-02 13:56:25{reason=1, isFullFetch=true, success=true, isEmpty=false, isDelta=false, fetchedFlagsCount=1167, deletedFlagsCount=0, updatedFlagsCount=0, totalTime=10329}
01-02 13:56:35.544 7859 8433 I chatty : uid=10010(com.google.android.gms) netscheduler-qu expire 2 lines
01-02 13:56:35.553 8438 8443 I art : Do partial code cache collection, code=39KB, data=43KB
01-02 13:56:35.553 8438 8443 I art : After code cache collection, code=39KB, data=43KB
01-02 13:56:35.553 8438 8443 I art : Increasing code cache capacity to 256KB
01-02 13:56:35.580 7739 7739 I JobSchedulerImpl: JobSchedulerImpl$TaskRunnerJobService.onStartJob():198 onStartJob(): mdd_download_task_unmetered_battery.
01-02 13:56:35.581 7739 7739 I Utils : Utils.loadConstructor():191 Class com.google.android.libraries.inputmethod.mdd.MDDTaskScheduler$Runner doesn't have ctor Lcom.google.android.apps.inputmethod.latin.ImeLatinApp;
01-02 13:56:35.582 7739 7739 I MDDTaskScheduler: MDDTaskScheduler$Runner.onRunTask():45 task mdd_download_task_unmetered_battery started
01-02 13:56:35.583 7739 8402 I JobSchedulerImpl: JobSchedulerImpl.schedule():92 Schedule task: mdd_download_task_unmetered_battery (id=-1811300920). Success.
01-02 13:56:35.584 7739 7739 I DownloadManager: DownloadManager.startDownload():497 start download of __KLP_delight__en-US
01-02 13:56:35.619 8146 8199 I chatty : uid=10010(com.google.android.gms) highpool[0] expire 26 lines
01-02 13:56:35.702 7739 8402 I DownloadManager: DownloadManager.downloadInternal():407 Download for __KLP_delight__vi scheduled with params DownloadParams{allowMetered=false, requireCharging=false, foreground=false, immediately=false, priority=500}
01-02 13:56:35.748 8366 8378 W art : Suspending all threads took: 7.374ms
01-02 13:56:35.751 7739 8402 I JobSchedulerImpl: JobSchedulerImpl.schedule():74 Schedule task: mdd_download_task_unmetered_battery. Cancel the pre-existing task.
01-02 13:56:35.753 7739 7739 I JobSchedulerImpl: JobSchedulerImpl$TaskRunnerJobService.onStopJob():260 onStopJob(): mdd_download_task_unmetered_battery.
01-02 13:56:35.753 7739 7739 I MDDTaskScheduler: MDDTaskScheduler$Runner.onStopTask():77 task mdd_download_task_unmetered_battery stopped
01-02 13:56:35.763 7739 8402 I JobSchedulerImpl: JobSchedulerImpl.schedule():92 Schedule task: mdd_download_task_unmetered_battery (id=-1811300920). Success.
01-02 13:56:35.769 7739 7739 I DownloadManager: DownloadManager$4.onFailure():574 download for __KLP_delight__en-US is cancelled
01-02 13:56:35.769 7739 7739 I DownloadManager: DownloadManager.startDownload():497 start download of __KLP_delight__vi
01-02 13:56:35.770 7739 7739 I DownloadManager: DownloadManager$4.onFailure():574 download for __KLP_delight__vi is cancelled
01-02 13:56:35.771 7739 7739 I DownloadManager: DownloadManager.startDownload():497 start download of __KLP_delight__en-US
01-02 13:56:35.773 7739 7739 I JobSchedulerImpl: JobSchedulerImpl.schedule():74 Schedule task: mdd_download_task_unmetered_battery. Cancel the pre-existing task.
01-02 13:56:35.774 7739 7960 I SP : Syncing emoticon_content_description (2022081613) with slices: [7a635888cb828dfa2fc744b7b9b50f04, 32d728000a7003a7c11d528d5f452107], metadata: false
01-02 13:56:35.778 7739 7739 I JobSchedulerImpl: JobSchedulerImpl.schedule():92 Schedule task: mdd_download_task_unmetered_battery (id=-1811300920). Success.
01-02 13:56:35.792 7739 7739 I JobSchedulerImpl: JobSchedulerImpl$TaskRunnerJobService.onStartJob():198 onStartJob(): mdd_download_task_unmetered_battery.
01-02 13:56:35.793 7739 7739 I MDDTaskScheduler: MDDTaskScheduler$Runner.onRunTask():45 task mdd_download_task_unmetered_battery started
01-02 13:56:35.793 7739 7739 I DownloadManager: DownloadManager.startDownload():497 start download of __KLP_delight__vi
01-02 13:56:35.839 7739 7960 I SP : GC for 'emoticon_content_description' (10) with ttl of 0 ms took 0 ms (0/0/0)
01-02 13:56:35.965 7739 8164 I DelightKLPDownloader: DelightKLPDownloader$2.onSuccess():181 klp en_US downloaded with version 2023101300
01-02 13:56:35.968 7739 7739 I JobSchedulerImpl: JobSchedulerImpl$TaskRunnerJobService$Callback.onSuccess():374 Task: mdd_download_task_unmetered_battery successes.
01-02 13:56:35.969 7739 7739 I JobSchedulerImpl: JobSchedulerImpl$TaskRunnerJobService$Callback.finishTaskIfNeeded():406 Task: mdd_download_task_unmetered_battery has already been stopped or cancelled.
01-02 13:56:36.041 7739 8178 I DelightKLPDownloader: DelightKLPDownloader$2.onSuccess():181 klp vi downloaded with version 2023101500
01-02 13:56:36.042 7739 7739 I JobSchedulerImpl: JobSchedulerImpl$TaskRunnerJobService$Callback.onSuccess():374 Task: mdd_download_task_unmetered_battery successes.
01-02 13:56:36.124 7739 7960 I AbstractSyncResultCallb: AbstractSyncResultCallback.onFailure():38 onFailure(): emoticon_content_description.sync cancelled; expected if new request supersedes pending one.
01-02 13:56:36.127 7739 7960 I SP : GC for 'emoticon_content_description' (10) with ttl of 0 ms took 2 ms (0/2/0)
01-02 13:56:36.140 7859 7868 I chatty : uid=10010(com.google.android.gms) FinalizerDaemon expire 1 line
01-02 13:56:36.192 7739 7960 I SP : GC for 'emoticon_content_description' (10) with ttl of 0 ms took 56 ms (0/56/0)
01-02 13:56:36.194 7739 7960 I AbstractSyncResultCallb: AbstractSyncResultCallback.onFailure():38 onFailure(): emoticon_content_description.sync cancelled; expected if new request supersedes pending one.
01-02 13:56:36.215 7739 7960 I AbstractSyncResultCallb: AbstractSyncResultCallback.onFailure():38 onFailure(): emoticon_content_description.sync cancelled; expected if new request supersedes pending one.
01-02 13:56:36.239 7739 7752 W art : Suspending all threads took: 20.488ms
01-02 13:56:36.269 8438 8438 I A : Initializing GMS Compliance Client Library...
01-02 13:56:36.271 8438 8438 I A : Checking for device compliance...
01-02 13:56:36.279 8438 8438 I A : Completed library init.
01-02 13:56:36.330 8438 8438 I SearchWidgetFlow: GsaWidgetProvider:onReceive(Intent { act=android.appwidget.action.APPWIDGET_ENABLED flg=0x10 cmp=com.google.android.googlequicksearchbox/.SearchWidgetProvider }) started
01-02 13:56:36.338 7859 7859 I chatty : uid=10010 com.google.android.gms.persistent expire 2 lines
01-02 13:56:36.355 7859 8401 I chatty : uid=10010 com.google.android.gms.persistent expire 2 lines
01-02 13:56:36.360 7859 7859 I chatty : uid=10010 com.google.android.gms.persistent expire 2 lines
01-02 13:56:36.361 7859 8117 I chatty : uid=10010(com.google.android.gms) lowpool[0] expire 2 lines
01-02 13:56:36.391 7739 7745 I art : Do partial code cache collection, code=93KB, data=125KB
01-02 13:56:36.416 7739 7745 I art : After code cache collection, code=91KB, data=124KB
01-02 13:56:36.416 7739 7745 I art : Increasing code cache capacity to 512KB
01-02 13:56:36.432 7859 8222 I chatty : uid=10010 com.google.android.gms.persistent expire 1 line
01-02 13:56:36.435 7859 8401 I chatty : uid=10010 com.google.android.gms.persistent expire 1 line
01-02 13:56:36.442 8438 8438 I art : Rejecting re-init on previously-failed class java.lang.Class: java.lang.NoClassDefFoundError: Failed resolution of: Landroid/app/KeyguardManager$KeyguardDismissCallback;
01-02 13:56:36.442 8438 8438 I art : at void com.google.android.hotword.service.c.(android.content.Context) (PG:1)
01-02 13:56:36.442 8438 8438 I art : at void com.google.android.hotword.service.HotwordService.onCreate() (PG:3)
01-02 13:56:36.442 8438 8438 I art : at void android.app.ActivityThread.handleCreateService(android.app.ActivityThread$CreateServiceData) (ActivityThread.java:3196)
01-02 13:56:36.442 8438 8438 I art : at void android.app.ActivityThread.-wrap5(android.app.ActivityThread, android.app.ActivityThread$CreateServiceData) (ActivityThread.java:-1)
01-02 13:56:36.442 8438 8438 I art : at void android.app.ActivityThread$H.handleMessage(android.os.Message) (ActivityThread.java:1572)
01-02 13:56:36.442 8438 8438 I art : at void android.os.Handler.dispatchMessage(android.os.Message) (Handler.java:102)
01-02 13:56:36.442 8438 8438 I art : at void android.os.Looper.loop() (Looper.java:154)
01-02 13:56:36.442 8438 8438 I art : at void android.app.ActivityThread.main(java.lang.String[]) (ActivityThread.java:6140)
01-02 13:56:36.442 8438 8438 I art : at java.lang.Object java.lang.reflect.Method.invoke!(java.lang.Object, java.lang.Object[]) (Method.java:-2)
01-02 13:56:36.442 8438 8438 I art : at void com.android.internal.os.ZygoteInit$MethodAndArgsCaller.run() (ZygoteInit.java:914)
