01-02 13:56:46.039 7859 7868 E System : java.lang.IllegalStateException: Lock wasn't released correctly
01-02 13:56:46.039 7859 7868 E System : at baos.finalize(:com.google.android.gms@233414015@23.34.14 (040300-560151436):12)
01-02 13:56:46.039 7859 7868 E System : at java.lang.Daemons$FinalizerDaemon.doFinalize(Daemons.java:222)
01-02 13:56:46.039 7859 7868 E System : at java.lang.Daemons$FinalizerDaemon.run(Daemons.java:209)
01-02 13:56:46.039 7859 7868 E System : at java.lang.Thread.run(Thread.java:761)
01-02 13:56:48.085 8438 8585 W SessionLifecycleManager: Client : AttachedClient[37112420639291911, ClientConfig[mFlags=[40000088001] mSuggestFlags=[0] mClientId=HOTWORD_SERVICE mSessionType=search publicSearchServiceCallerUid=-1]] has no associated SessionController
01-02 13:56:48.085 8438 8585 W SearchServiceCore: Abort, client detached.
01-02 13:56:48.087 8438 8438 E A : Task 194 failed or timed out. Client 37112420639291909 disconnecting from SearchService!
01-02 13:56:48.087 8438 8438 E A : java.util.concurrent.CancellationException: Task was cancelled.
01-02 13:56:48.087 8438 8438 E A : at com.google.common.util.concurrent.d.s(PG:3)
01-02 13:56:48.087 8438 8438 E A : at com.google.common.util.concurrent.d.get(PG:4)
01-02 13:56:48.087 8438 8438 E A : at com.google.common.util.concurrent.ec.a(PG:1)
01-02 13:56:48.087 8438 8438 E A : at com.google.common.util.concurrent.ci.r(PG:2)
01-02 13:56:48.087 8438 8438 E A : at com.google.common.util.concurrent.cb.run(PG:4)
01-02 13:56:48.087 8438 8438 E A : at com.google.android.apps.gsa.shared.util.c.a.ba.run(PG:1)
01-02 13:56:48.087 8438 8438 E A : at android.os.Handler.handleCallback(Handler.java:758)
01-02 13:56:48.087 8438 8438 E A : at android.os.Handler.dispatchMessage(Handler.java:95)
01-02 13:56:48.087 8438 8438 E A : at android.os.Looper.loop(Looper.java:154)
01-02 13:56:48.087 8438 8438 E A : at android.app.ActivityThread.main(ActivityThread.java:6140)
01-02 13:56:48.087 8438 8438 E A : at java.lang.reflect.Method.invoke(Native Method)
01-02 13:56:48.087 8438 8438 E A : at com.android.internal.os.ZygoteInit$MethodAndArgsCaller.run(ZygoteInit.java:914)
01-02 13:56:48.087 8438 8438 E A : at com.android.internal.os.ZygoteInit.main(ZygoteInit.java:804)
01-02 13:56:48.090 8438 8438 I SearchWidgetFlow: GsaWidgetProvider:onReceive(Intent { act=android.appwidget.action.APPWIDGET_UPDATE flg=0x10 cmp=com.google.android.googlequicksearchbox/.SearchWidgetProvider (has extras) }) started
01-02 13:56:48.098 8438 8611 I SearchWidgetFlow: SearchWidgetWorker:handleIntent(Intent { act=android.appwidget.action.APPWIDGET_ENABLED flg=0x10 cmp=com.google.android.googlequicksearchbox/.SearchWidgetProvider }) done
01-02 13:56:48.100 8438 8585 E WidgetSessionC: Failed to send UNBIND_BACKGROUND_CLIENT event. Waiting for timeout.
01-02 13:56:48.134 8438 8749 I A : Using proto config with mendel
01-02 13:56:48.135 8438 8749 I A : Using proto config with mendel
01-02 13:56:48.140 8438 8749 I A : Using proto config with mendel
01-02 13:56:48.140 8438 8749 I A : Merging legacy hotword config map with new proto.
01-02 13:56:48.141 8438 8749 I A : Adding from config to map. Locale: cmn-Hant-TW modelPrefix: x_google Location:4e7cae00daee30ec565c34e3aa67a51f isSpeakerIdSupported: true
01-02 13:56:48.142 8438 8749 I A : Adding from config to map. Locale: id-ID modelPrefix: x_google Location:cfffcc1a4c1c084c003c8eb27f73d770 isSpeakerIdSupported: true
01-02 13:56:48.144 8438 8749 I A : Adding from config to map. Locale: ko-KR modelPrefix: x_google Location:0b132163a2eb2c1194b202067475724b isSpeakerIdSupported: true
01-02 13:56:48.144 8438 8749 I A : Skipping. Expected model: 2 Found: 1
01-02 13:56:48.145 8438 8749 I A : Adding from config to map. Locale: zh-TW modelPrefix: x_google Location:4e7cae00daee30ec565c34e3aa67a51f isSpeakerIdSupported: true
01-02 13:56:48.147 8438 8749 I A : Using proto config with mendel
01-02 13:56:48.148 8438 8749 I A : Using proto config with mendel
01-02 13:56:48.153 8438 8749 I A : Using proto config with mendel
01-02 13:56:48.154 8438 8749 I A : Merging legacy hotword config map with new proto.
01-02 13:56:48.154 8438 8749 I A : Adding from config to map. Locale: cmn-Hant-TW modelPrefix: x_google Location:4e7cae00daee30ec565c34e3aa67a51f isSpeakerIdSupported: true
01-02 13:56:48.155 8438 8749 I A : Adding from config to map. Locale: id-ID modelPrefix: x_google Location:cfffcc1a4c1c084c003c8eb27f73d770 isSpeakerIdSupported: true
01-02 13:56:48.155 8438 8749 I A : Adding from config to map. Locale: ko-KR modelPrefix: x_google Location:0b132163a2eb2c1194b202067475724b isSpeakerIdSupported: true
01-02 13:56:48.156 8438 8749 I A : Skipping. Expected model: 2 Found: 1
01-02 13:56:48.159 8438 8749 I A : Adding from config to map. Locale: zh-TW modelPrefix: x_google Location:4e7cae00daee30ec565c34e3aa67a51f isSpeakerIdSupported: true
01-02 13:56:48.161 8438 8749 I A : hasHotwordEverywhere-true
01-02 13:56:48.162 8146 8750 W ResourceType: ResTable_typeSpec entry count inconsistent: given 88, previously 90
01-02 13:56:48.162 8146 8750 W ResourceType: ResTable_typeSpec entry count inconsistent: given 168, previously 172
01-02 13:56:48.162 8146 8750 W ResourceType: ResTable_typeSpec entry count inconsistent: given 3481, previously 3501
01-02 13:56:48.163 8438 8749 I A : Using proto config with mendel
01-02 13:56:48.165 8438 8749 I A : Using proto config with mendel
01-02 13:56:48.167 8438 8749 I A : Using proto config with mendel
01-02 13:56:48.167 8438 8749 I A : Merging legacy hotword config map with new proto.
01-02 13:56:48.168 8438 8749 I A : Adding from config to map. Locale: cmn-Hant-TW modelPrefix: x_google Location:4e7cae00daee30ec565c34e3aa67a51f isSpeakerIdSupported: true
01-02 13:56:48.168 8438 8585 I SearchWidgetFlow: GsaWidgetSessionController:handleGenericClientEvent
01-02 13:56:48.170 8438 8585 I SearchWidgetFlow: SearchWidgetWorker:handleIntent(Intent { act=android.appwidget.action.APPWIDGET_UPDATE flg=0x10 cmp=com.google.android.googlequicksearchbox/.SearchWidgetProvider (has extras) }) started
01-02 13:56:48.171 8438 8749 I A : Adding from config to map. Locale: id-ID modelPrefix: x_google Location:cfffcc1a4c1c084c003c8eb27f73d770 isSpeakerIdSupported: true
01-02 13:56:48.171 8438 8749 I A : Adding from config to map. Locale: ko-KR modelPrefix: x_google Location:0b132163a2eb2c1194b202067475724b isSpeakerIdSupported: true
01-02 13:56:48.171 8146 8750 I FA-SVC : App measurement initialized, version: 233414
01-02 13:56:48.172 8438 8438 I SearchWidgetFlow: SearchWidget:handleIntent(Intent { act=android.appwidget.action.APPWIDGET_UPDATE flg=0x10 cmp=com.google.android.googlequicksearchbox/.SearchWidgetProvider (has extras) })
01-02 13:56:48.174 8438 8438 I SearchWidgetFlow: SearchWidget:onUpdate
01-02 13:56:48.177 8438 8585 W SearchServiceCore: Abort, client detached.
01-02 13:56:48.177 8438 8585 W SearchServiceCore: Abort, client detached.
01-02 13:56:48.177 8438 8749 I A : Skipping. Expected model: 2 Found: 1
01-02 13:56:48.178 8438 8749 I A : Adding from config to map. Locale: zh-TW modelPrefix: x_google Location:4e7cae00daee30ec565c34e3aa67a51f isSpeakerIdSupported: true
01-02 13:56:48.184 8438 8749 I A : Using proto config with mendel
01-02 13:56:48.186 8438 8749 I A : Using proto config with mendel
01-02 13:56:48.254 8438 8749 I A : Using proto config with mendel
01-02 13:56:48.255 8438 8749 I A : Using proto config with mendel
01-02 13:56:48.280 8438 8749 I MicroModelsUtil: #getHotwordModelFromMobstore [mobstoreUri: android://com.google.android.googlequicksearchbox/files/datadownload/shared/public/datadownloadfile_1625907316418]
01-02 13:56:48.292 8438 8448 I art : Background partial concurrent mark sweep GC freed 102022(7MB) AllocSpace objects, 5(1412KB) LOS objects, 40% free, 20MB/33MB, paused 7.437ms total 157.185ms
01-02 13:56:48.337 8438 8749 I HotwordService: Model ID: en_us_x_google_agsa__p20230131_fedhot_standalone_fl_full_training_3wlTKwxhekc8fk7-d9loeGg
01-02 13:56:48.339 8438 8749 I HotwordService: hotwordModelLocation is null false, locale is en-US, re-mapped Chinese locale
01-02 13:56:48.345 8438 8749 I A : Using proto config with mendel
01-02 13:56:48.363 8438 8749 I A : Using proto config with mendel
01-02 13:56:48.369 8438 8749 I A : Using proto config with mendel
01-02 13:56:48.369 8438 8749 I A : Merging legacy hotword config map with new proto.
01-02 13:56:48.370 8438 8749 I A : Adding from config to map. Locale: cmn-Hant-TW modelPrefix: x_google Location:4e7cae00daee30ec565c34e3aa67a51f isSpeakerIdSupported: true
01-02 13:56:48.370 8438 8749 I A : Adding from config to map. Locale: id-ID modelPrefix: x_google Location:cfffcc1a4c1c084c003c8eb27f73d770 isSpeakerIdSupported: true
01-02 13:56:48.376 8438 8749 I A : Adding from config to map. Locale: ko-KR modelPrefix: x_google Location:0b132163a2eb2c1194b202067475724b isSpeakerIdSupported: true
01-02 13:56:48.376 8438 8749 I A : Skipping. Expected model: 2 Found: 1
01-02 13:56:48.377 8438 8749 I A : Adding from config to map. Locale: zh-TW modelPrefix: x_google Location:4e7cae00daee30ec565c34e3aa67a51f isSpeakerIdSupported: true
01-02 13:56:48.380 8438 8572 I FedAssSettingsBuildType: BuildType: Release
01-02 13:56:48.380 8438 8572 I A : getFlSettingEnabledWithSettingsToggle: false
01-02 13:56:48.394 8438 8749 I A : Using proto config with mendel
01-02 13:56:48.395 8438 8749 I A : Using proto config with mendel
01-02 13:56:48.398 8438 8749 I A : Using proto config with mendel
01-02 13:56:48.398 8438 8749 I A : Merging legacy hotword config map with new proto.
01-02 13:56:48.399 8438 8749 I A : Adding from config to map. Locale: cmn-Hant-TW modelPrefix: x_google Location:4e7cae00daee30ec565c34e3aa67a51f isSpeakerIdSupported: true
01-02 13:56:48.399 8438 8749 I A : Adding from config to map. Locale: id-ID modelPrefix: x_google Location:cfffcc1a4c1c084c003c8eb27f73d770 isSpeakerIdSupported: true
01-02 13:56:48.440 8438 8749 I A : Adding from config to map. Locale: ko-KR modelPrefix: x_google Location:0b132163a2eb2c1194b202067475724b isSpeakerIdSupported: true
01-02 13:56:48.441 8438 8748 V ClearcutMetricXmitter: Transmission is done.
01-02 13:56:48.441 8438 8749 I A : Skipping. Expected model: 2 Found: 1
01-02 13:56:48.442 8438 8749 I A : Adding from config to map. Locale: zh-TW modelPrefix: x_google Location:4e7cae00daee30ec565c34e3aa67a51f isSpeakerIdSupported: true
01-02 13:56:48.445 8002 8478 I MicroModelsUtil: #getHotwordModelFromMobstore [mobstoreUri: android://com.google.android.googlequicksearchbox/files/datadownload/shared/public/datadownloadfile_1625907316418]
01-02 13:56:48.473 8002 8478 I GsaVoiceInteractionSrv: hotwordModel is null : false
01-02 13:56:48.498 8002 8478 I BistoHotwordHelper: getHotwordActive::active query: null, watch: false, devices connected: []
01-02 13:56:48.499 8002 8478 E HwDetectorWithState: a: 3
01-02 13:56:48.500 8002 8478 I GsaVoiceInteractionSrv: #checkDspStatus
01-02 13:56:48.521 8002 8478 I BistoHotwordHelper: setting speaker id present: false
01-02 13:56:48.522 8002 8478 I BistoHotwordHelper: setting hotword model of size: 632970 bytes
01-02 13:56:48.522 8002 8478 I BistoHotwordHelper: setting modeltype: X Google
01-02 13:56:48.523 8002 8478 I BistoHotwordHelper: setHotwordVoiceLocale: prev: en-US, new: en-US
01-02 13:56:48.758 8146 8146 D BoundBrokerSvc: onUnbind: Intent { act=com.google.android.gms.chimera.container.moduleinstall.ModuleInstallService.START dat=chimera-action: cmp=com.google.android.gms/.chimera.GmsApiService }
01-02 13:56:48.796 7859 7859 I Nearby : (REDACTED) Successfully shutdown executor %s.
01-02 13:56:48.796 7859 7859 I Nearby : (REDACTED) Successfully shutdown executor %s.
01-02 13:56:48.851 8146 8151 I art : Compiler allocated 8MB to compile void dswl.k(java.lang.Object, dsti, dstx)
01-02 13:56:49.038 8146 8146 D BoundBrokerSvc: onUnbind: Intent { act=com.google.android.gms.pay.service.BIND dat=chimera-action: cmp=com.google.android.gms/.chimera.GmsApiService }
01-02 13:56:49.087 7859 7859 D BoundBrokerSvc: onUnbind: Intent { act=com.google.android.gms.cast.firstparty.START dat=chimera-action: cmp=com.google.android.gms/.chimera.PersistentApiService }
01-02 13:56:49.353 8146 8146 D BoundBrokerSvc: onUnbind: Intent { act=com.google.android.gms.checkin.START pkg=com.google.android.gms }
01-02 13:56:49.665 7859 7859 D BoundBrokerSvc: onUnbind: Intent { act=com.google.android.gms.pseudonymous.service.START dat=chimera-action: cmp=com.google.android.gms/.chimera.PersistentApiService }
01-02 13:56:50.192 7859 7859 D BoundBrokerSvc: onUnbind: Intent { act=com.google.android.gms.presencemanager.service.START dat=chimera-action: cmp=com.google.android.gms/.chimera.PersistentApiService }
01-02 13:56:50.195 7859 7859 D BoundBrokerSvc: onUnbind: Intent { act=com.google.android.gms.presencemanager.service.INTERNAL_IDENTITY dat=chimera-action: cmp=com.google.android.gms/.chimera.PersistentApiService }
01-02 13:56:51.465 7859 7859 D BoundBrokerSvc: onUnbind: Intent { act=com.google.android.gms.auth.account.workaccount.START dat=chimera-action: cmp=com.google.android.gms/.chimera.PersistentApiService }
01-02 13:56:52.543 7859 7859 D BoundBrokerSvc: onUnbind: Intent { act=com.google.android.gms.clearcut.bootcount.service.START dat=chimera-action: cmp=com.google.android.gms/.chimera.PersistentBoundBrokerService }
01-02 13:56:53.789 8438 8749 I art : Waiting for a blocking GC DisableMovingGc
01-02 13:56:53.790 8438 8523 I art : Waiting for a blocking GC DisableMovingGc
01-02 13:56:53.790 8438 8584 I art : Waiting for a blocking GC DisableMovingGc
01-02 13:56:53.794 8438 8438 I art : Waiting for a blocking GC DisableMovingGc
01-02 13:56:53.794 8438 8749 I art : Starting a blocking GC DisableMovingGc
01-02 13:56:53.796 8438 8584 I art : WaitForGcToComplete blocked for 6.239ms for cause DisableMovingGc
01-02 13:56:53.796 8438 8584 I art : Starting a blocking GC DisableMovingGc
01-02 13:56:53.797 8438 8438 I art : Starting a blocking GC DisableMovingGc
01-02 13:56:53.797 8438 8523 I art : WaitForGcToComplete blocked for 6.757ms for cause DisableMovingGc
01-02 13:56:53.797 8438 8523 I art : Starting a blocking GC DisableMovingGc
01-02 13:56:54.761 8438 8737 V ClearcutMetricXmitter: Transmission is done.
01-02 13:56:54.783 7859 7868 E System : Uncaught exception thrown by finalizer
01-02 13:56:54.783 7859 7868 E System : java.lang.IllegalStateException: Lock wasn't released correctly
01-02 13:56:54.783 7859 7868 E System : at baos.finalize(:com.google.android.gms@233414015@23.34.14 (040300-560151436):12)
01-02 13:56:54.783 7859 7868 E System : at java.lang.Daemons$FinalizerDaemon.doFinalize(Daemons.java:222)
01-02 13:56:54.783 7859 7868 E System : at java.lang.Daemons$FinalizerDaemon.run(Daemons.java:209)
01-02 13:56:54.783 7859 7868 E System : at java.lang.Thread.run(Thread.java:761)
01-02 13:56:54.783 7859 7868 E System : Uncaught exception thrown by finalizer
01-02 13:56:54.784 7859 7868 E System : java.lang.IllegalStateException: Lock wasn't released correctly
01-02 13:56:54.784 7859 7868 E System : at baos.finalize(:com.google.android.gms@233414015@23.34.14 (040300-560151436):12)
01-02 13:56:54.784 7859 7868 E System : at java.lang.Daemons$FinalizerDaemon.doFinalize(Daemons.java:222)
01-02 13:56:54.784 7859 7868 E System : at java.lang.Daemons$FinalizerDaemon.run(Daemons.java:209)
01-02 13:56:54.784 7859 7868 E System : at java.lang.Thread.run(Thread.java:761)
01-02 13:56:55.218 7859 7859 D BoundBrokerSvc: onUnbind: Intent { act=com.google.android.gms.phenotype.service.START dat=chimera-action: cmp=com.google.android.gms/.chimera.PersistentApiService }
01-02 13:56:55.915 8146 8146 D BoundBrokerSvc: onUnbind: Intent { act=com.google.android.gms.feedback.internal.IFeedbackService dat=chimera-action: cmp=com.google.android.gms/.chimera.GmsBoundBrokerService }
01-02 13:56:56.087 7859 7868 E System : Uncaught exception thrown by finalizer
01-02 13:56:56.087 7859 7868 E System : java.lang.IllegalStateException: Lock wasn't released correctly
01-02 13:56:56.087 7859 7868 E System : at baos.finalize(:com.google.android.gms@233414015@23.34.14 (040300-560151436):12)
01-02 13:56:56.087 7859 7868 E System : at java.lang.Daemons$FinalizerDaemon.doFinalize(Daemons.java:222)
01-02 13:56:56.087 7859 7868 E System : at java.lang.Daemons$FinalizerDaemon.run(Daemons.java:209)
01-02 13:56:56.087 7859 7868 E System : at java.lang.Thread.run(Thread.java:761)
01-02 13:56:56.087 7859 7868 E System : Uncaught exception thrown by finalizer
01-02 13:56:56.088 7859 7868 E System : java.lang.IllegalStateException: Lock wasn't released correctly
01-02 13:56:56.088 7859 7868 E System : at baos.finalize(:com.google.android.gms@233414015@23.34.14 (040300-560151436):12)
01-02 13:56:56.088 7859 7868 E System : at java.lang.Daemons$FinalizerDaemon.doFinalize(Daemons.java:222)
01-02 13:56:56.088 7859 7868 E System : at java.lang.Daemons$FinalizerDaemon.run(Daemons.java:209)
01-02 13:56:56.088 7859 7868 E System : at java.lang.Thread.run(Thread.java:761)
01-02 13:56:56.828 7859 7859 D BoundBrokerSvc: onUnbind: Intent { act=com.google.android.gms.icing.LIGHTWEIGHT_INDEX_SERVICE dat=chimera-action: cmp=com.google.android.gms/.chimera.PersistentApiService }
01-02 13:56:56.980 7859 7868 E System : Uncaught exception thrown by finalizer
01-02 13:56:56.980 7859 7868 E System : java.lang.IllegalStateException: Lock wasn't released correctly
01-02 13:56:56.980 7859 7868 E System : at baos.finalize(:com.google.android.gms@233414015@23.34.14 (040300-560151436):12)
01-02 13:56:56.980 7859 7868 E System : at java.lang.Daemons$FinalizerDaemon.doFinalize(Daemons.java:222)
01-02 13:56:56.980 7859 7868 E System : at java.lang.Daemons$FinalizerDaemon.run(Daemons.java:209)
01-02 13:56:56.980 7859 7868 E System : at java.lang.Thread.run(Thread.java:761)
01-02 13:56:57.137 8438 8579 W NamedFutures: Timeout future task has been cancelled: 9000 milliseconds
01-02 13:56:57.143 8438 8579 E A : SearchServiceStarter.processGenericClientEventInBackground() failed
01-02 13:56:57.143 8438 8579 E A : java.util.concurrent.CancellationException: Task was cancelled.
01-02 13:56:57.143 8438 8579 E A : at com.google.common.util.concurrent.d.s(PG:3)
01-02 13:56:57.143 8438 8579 E A : at com.google.common.util.concurrent.d.get(PG:4)
01-02 13:56:57.143 8438 8579 E A : at com.google.common.util.concurrent.ec.a(PG:1)
01-02 13:56:57.143 8438 8579 E A : at com.google.common.util.concurrent.ci.r(PG:2)
01-02 13:56:57.143 8438 8579 E A : at com.google.common.util.concurrent.cb.run(PG:4)
01-02 13:56:57.143 8438 8579 E A : at java.util.concurrent.Executors$RunnableAdapter.call(Executors.java:428)
01-02 13:56:57.143 8438 8579 E A : at java.util.concurrent.FutureTask.run(FutureTask.java:237)
01-02 13:56:57.143 8438 8579 E A : at com.google.android.libraries.i.ae.run(PG:1)
01-02 13:56:57.143 8438 8579 E A : at com.google.android.libraries.i.am.run(PG:23)
01-02 13:56:57.143 8438 8579 E A : at com.google.android.libraries.i.k.run(PG:2)
01-02 13:56:57.143 8438 8579 E A : at com.google.android.libraries.i.p.run(PG:4)
01-02 13:56:57.143 8438 8579 E A : at java.lang.Thread.run(Thread.java:761)
01-02 13:56:57.152 7549 8758 I RecoverySystem: No recovery log file
01-02 13:56:57.153 7713 7713 E DisplayOutputManager: Unable to connect to display device management service! - is it running yet?
01-02 13:56:57.153 7713 7713 D HdmiReceiver: hdmi receiver action=android.intent.action.BOOT_COMPLETED
01-02 13:56:57.153 7713 7713 D HdmiReceiver: BOOT_COMPLETED
01-02 13:56:57.175 7700 7700 I SystemUI.BootReceiver: ######## PRODUCT DEVICE NAME: apexam ########
01-02 13:56:57.175 7700 7700 I SystemUI.BootReceiver: VGA Power init !!
01-02 13:56:57.177 7713 8760 W System.err: java.io.FileNotFoundException: /sys/class/graphics/fb0/dual_mode: open failed: ENOENT (No such file or directory)
01-02 13:56:57.177 7713 8760 W System.err: at libcore.io.IoBridge.open(IoBridge.java:455)
01-02 13:56:57.177 7713 8760 W System.err: at java.io.RandomAccessFile.(RandomAccessFile.java:247)
01-02 13:56:57.177 7713 8760 W System.err: at com.android.settings.HdmiReceiver$InitDualModeTask.doInBackground(HdmiReceiver.java:213)
01-02 13:56:57.177 7713 8760 W System.err: at com.android.settings.HdmiReceiver$InitDualModeTask.doInBackground(HdmiReceiver.java:208)
01-02 13:56:57.177 7713 8760 W System.err: at android.os.AsyncTask$2.call(AsyncTask.java:305)
01-02 13:56:57.177 7713 8760 W System.err: at java.util.concurrent.FutureTask.run(FutureTask.java:237)
01-02 13:56:57.177 7713 8760 W System.err: at android.os.AsyncTask$SerialExecutor$1.run(AsyncTask.java:243)
01-02 13:56:57.178 7713 8760 W System.err: at java.util.concurrent.ThreadPoolExecutor.runWorker(ThreadPoolExecutor.java:1133)
01-02 13:56:57.178 7713 8760 W System.err: at java.util.concurrent.ThreadPoolExecutor$Worker.run(ThreadPoolExecutor.java:607)
01-02 13:56:57.178 7713 8760 W System.err: at java.lang.Thread.run(Thread.java:761)
01-02 13:56:57.178 7713 8760 W System.err: Caused by: android.system.ErrnoException: open failed: ENOENT (No such file or directory)
01-02 13:56:57.178 7713 8760 W System.err: at libcore.io.Posix.open(Native Method)
01-02 13:56:57.178 7713 8760 W System.err: at libcore.io.BlockGuardOs.open(BlockGuardOs.java:187)
01-02 13:56:57.189 7713 8760 W System.err: at libcore.io.IoBridge.open(IoBridge.java:441)
01-02 13:56:57.189 7713 8760 W System.err: ... 9 more
01-02 13:56:57.193 7549 7718 I ActivityManager: Start proc 8761:com.posbank.devicetest/1000 for broadcast com.posbank.devicetest/.receiver.RebootReceiver
01-02 13:56:57.231 8761 8761 W System : ClassLoader referenced unknown path: /system/app/PBDeviceTest/lib/arm
01-02 13:56:57.269 8761 8761 D com.posbank.devicetest.receiver.RebootReceiver: onReceive....[rebootFlag:0]
01-02 13:56:57.280 7549 8066 I ActivityManager: Start proc 8778:com.posbank.rotation/u0a20 for broadcast com.posbank.rotation/.BroadcastBootCompletedReceiver
01-02 13:56:57.324 8778 8778 W System : ClassLoader referenced unknown path: /system/priv-app/RotationControl/lib/arm
01-02 13:56:57.370 7687 7687 D CarrierConfigLoader: mHandler: 13 phoneId: 0
01-02 13:56:57.385 7549 8718 I ActivityManager: Start proc 8794:com.ipos.controllerorder/u0a77 for broadcast com.ipos.controllerorder/.receive.SampleBootReceiver
01-02 13:56:57.435 8794 8794 I art : Starting a blocking GC AddRemoveAppImageSpace
01-02 13:56:57.500 8794 8794 I MultiDex: VM with version 2.1.0 has multidex support
01-02 13:56:57.500 8794 8794 I MultiDex: Installing application
01-02 13:56:57.500 8794 8794 I MultiDex: VM has multidex support, MultiDex support library is disabled.
01-02 13:56:57.671 8794 8811 I DynamiteModule: Considering local module com.google.android.gms.measurement.dynamite:14 and remote module com.google.android.gms.measurement.dynamite:0
01-02 13:56:57.671 8794 8811 I DynamiteModule: Selected local version of com.google.android.gms.measurement.dynamite
01-02 13:56:57.890 8794 8794 I FirebaseCrashlytics: Initializing Crashlytics 17.1.0
01-02 13:56:58.096 8794 8794 I FirebaseInitProvider: FirebaseApp initialization successful
01-02 13:56:58.159 8794 8794 I MultiDex: Installing application
01-02 13:56:58.159 8794 8794 I MultiDex: VM has multidex support, MultiDex support library is disabled.
01-02 13:56:58.159 8794 8794 D APP : ON APP
01-02 13:56:58.219 8794 8804 W art : Suspending all threads took: 6.789ms
01-02 13:56:58.266 8794 8794 D c : getLocale
01-02 13:56:58.301 8794 8794 D c : getLocale
01-02 13:56:58.301 8794 8794 D c : DECIMAL 0
01-02 13:56:58.403 8794 8794 D SoLoader: init start
01-02 13:56:58.405 8794 8794 D SoLoader: adding system library source: /vendor/lib
01-02 13:56:58.406 8794 8794 D SoLoader: adding system library source: /system/lib
01-02 13:56:58.406 8794 8794 D SoLoader: adding application source: com.facebook.soloader.DirectorySoSource[root = /data/app/com.ipos.controllerorder-1/lib/arm flags = 0]
01-02 13:56:58.425 8794 8794 D SoLoader: adding backup source from : com.facebook.soloader.ApkSoSource[root = /data/data/com.ipos.controllerorder/lib-main flags = 1]
01-02 13:56:58.426 8794 8794 D SoLoader: Preparing SO source: com.facebook.soloader.DirectorySoSource[root = /system/lib flags = 2]
01-02 13:56:58.426 8794 8794 D SoLoader: Preparing SO source: com.facebook.soloader.DirectorySoSource[root = /vendor/lib flags = 2]
01-02 13:56:58.426 8794 8794 D SoLoader: Preparing SO source: com.facebook.soloader.DirectorySoSource[root = /data/app/com.ipos.controllerorder-1/lib/arm flags = 0]
01-02 13:56:58.426 8794 8794 D SoLoader: Preparing SO source: com.facebook.soloader.ApkSoSource[root = /data/data/com.ipos.controllerorder/lib-main flags = 1]
01-02 13:56:58.426 8794 8794 V fb-UnpackingSoSource: locked dso store /data/user/0/com.ipos.controllerorder/lib-main
01-02 13:56:58.442 8794 8794 I fb-UnpackingSoSource: dso store is up-to-date: /data/user/0/com.ipos.controllerorder/lib-main
01-02 13:56:58.442 8794 8794 V fb-UnpackingSoSource: releasing dso store lock for /data/user/0/com.ipos.controllerorder/lib-main
01-02 13:56:58.442 8794 8794 D SoLoader: init finish: 4 SO sources prepared
01-02 13:56:58.442 8794 8794 D SoLoader: init exiting
01-02 13:56:58.747 8794 8794 I b : INIT DATABASE null
01-02 13:56:58.870 8794 8837 I MediaCodec: callingProcessName:com.ipos.controllerorder
01-02 13:56:58.873 8794 8794 I APP : ON APP Width/height
01-02 13:56:58.882 7378 7411 I MediaPlayerService: MediaPlayerService::getOMX
01-02 13:56:58.882 8794 8839 I OMXClient: MuxOMX ctor
01-02 13:56:58.883 8794 8839 I ACodec : onAllocateComponent:6752 mSoftCodecPref:0 componentName:
01-02 13:56:58.883 8794 8839 I ACodec : onAllocateComponent:6783 mSoftCodecPref:0 componentName:OMX.google.mp3.decoder
01-02 13:56:58.884 30005 30299 I OMXMaster: makeComponentInstance(OMX.google.mp3.decoder) in mediacodec process
01-02 13:56:58.891 8794 8794 D Alarm : setAlarm
01-02 13:56:58.899 8794 8841 I stetho : Listening on @stetho_com.ipos.controllerorder_devtools_remote
01-02 13:56:58.915 8794 8794 D SampleBootReceiver: SampleBootReceiver
01-02 13:56:58.926 7549 7718 I ActivityManager: START u0 {act=android.intent.action.MAIN cat=[android.intent.category.LAUNCHER] flg=0x10000000 pkg=com.ipos.controllerorder cmp=com.ipos.controllerorder/.activities.SplashActivity} from uid 10077 on display 0
01-02 13:56:58.961 7549 7718 I ActivityManager: Start proc 8842:com.android.calendar/u0a35 for broadcast com.android.calendar/.alerts.AlertReceiver
01-02 13:56:59.028 8794 8794 D SplashActivity: OnCreate null
01-02 13:56:59.030 8842 8842 W System : ClassLoader referenced unknown path: /system/app/Calendar/lib/arm
01-02 13:56:59.114 8842 8842 D ExtensionsFactory: No custom extensions.
01-02 13:56:59.124 8842 8842 D AlertReceiver: onReceive: a=android.intent.action.BOOT_COMPLETED Intent { act=android.intent.action.BOOT_COMPLETED flg=0x9000010 cmp=com.android.calendar/.alerts.AlertReceiver (has extras) }
01-02 13:56:59.138 8310 8310 I AlarmClock: AlarmInitReceiver android.intent.action.BOOT_COMPLETED
01-02 13:56:59.150 8794 8794 D skia : JPEG Decode 54
01-02 13:56:59.161 8794 8794 D Alarm : setAlarm
01-02 13:56:59.167 8842 8870 D AlertService: 0 Action = android.intent.action.BOOT_COMPLETED
01-02 13:56:59.171 7549 8718 I ActivityManager: Start proc 8872:com.android.email/u0a44 for broadcast com.android.email/.service.EmailBroadcastReceiver
01-02 13:56:59.172 8794 8821 I FA : App measurement initialized, version: 29000
01-02 13:56:59.172 8794 8821 I FA : To enable debug logging run: adb shell setprop log.tag.FA VERBOSE
01-02 13:56:59.173 8794 8821 I FA : To enable faster debug mode event logging run:
01-02 13:56:59.173 8794 8821 I FA : adb shell setprop debug.firebase.analytics.app com.ipos.controllerorder
01-02 13:56:59.182 8842 8870 D AlertService: Scheduling next alarm with AlarmScheduler. sEventReminderReceived: null
01-02 13:56:59.231 8794 8794 D com.ipos.controllerorder.service.SocketService: OnCreate
01-02 13:56:59.265 8872 8872 W System : ClassLoader referenced unknown path: /system/app/Email/lib/arm
01-02 13:56:59.328 8794 8794 D NetworkSecurityConfig: No Network Security Config specified, using platform default
01-02 13:56:59.345 8794 8837 I MediaCodec: callingProcessName:com.ipos.controllerorder
01-02 13:56:59.345 7378 7411 I MediaPlayerService: MediaPlayerService::getOMX
01-02 13:56:59.346 8794 8888 I OMXClient: MuxOMX ctor
01-02 13:56:59.346 8794 8888 I ACodec : onAllocateComponent:6752 mSoftCodecPref:0 componentName:
01-02 13:56:59.347 8794 8888 I ACodec : onAllocateComponent:6783 mSoftCodecPref:0 componentName:OMX.google.mp3.decoder
01-02 13:56:59.347 30005 30299 I OMXMaster: makeComponentInstance(OMX.google.mp3.decoder) in mediacodec process
01-02 13:56:59.356 8794 8794 D com.ipos.controllerorder.service.SocketService: OnStartCommand
01-02 13:56:59.356 8794 8794 D com.ipos.controllerorder.service.SocketService: Empty
01-02 13:56:59.356 8794 8794 D com.ipos.controllerorder.service.SocketService: Alive
01-02 13:56:59.356 8794 8794 D com.ipos.controllerorder.service.SocketService: loadSource
01-02 13:56:59.356 8794 8794 D com.ipos.controllerorder.service.SocketService: Time temp cache 89510/ 43200000
01-02 13:56:59.362 8794 8890 D com.ipos.controllerorder.service.SocketService: Create socketServer Success
01-02 13:56:59.374 7549 7639 W ActivityManager: Unable to start service Intent { act=com.android.email.EXCHANGE_INTENT pkg=com.android.exchange } U=0: not found
01-02 13:56:59.376 8842 8870 D AlarmScheduler: No events found starting within 1 week.
01-02 13:56:59.407 8872 8891 D ActivityThread: Loading provider com.android.email.provider;com.android.email.notifier: com.android.email.provider.EmailProvider
01-02 13:56:59.409 7549 8066 W ActivityManager: Unable to start service Intent { act=com.android.email.EXCHANGE_INTENT pkg=com.android.exchange } U=0: not found
01-02 13:56:59.410 8872 8892 D ActivityThread: Loading provider com.android.email.provider;com.android.email.notifier: com.android.email.provider.EmailProvider
01-02 13:56:59.413 7549 7639 W ActivityManager: Unable to start service Intent { act=com.android.email.EXCHANGE_INTENT pkg=com.android.exchange } U=0: not found
01-02 13:56:59.418 8794 8878 I OpenGLRenderer: Initialized EGL, version 1.4
01-02 13:56:59.418 8794 8878 D OpenGLRenderer: Swap behavior 1
01-02 13:56:59.447 203 760 E BufferQueueProducer: [com.ipos.controllerorder/com.ipos.controllerorder.activities.SplashActivity] connect: already connected (cur=1 req=1)
01-02 13:56:59.448 8794 8794 D com.ipos.controllerorder.b.e: remote config is fetched.
01-02 13:56:59.467 7549 8718 I ActivityManager: Start proc 8907:com.android.managedprovisioning/u0a16 for broadcast com.android.managedprovisioning/.BootReminder
01-02 13:56:59.495 8794 8821 I FA : Tag Manager is not found and thus will not be used
01-02 13:56:59.512 7739 7739 I GoogleInputMethodServic: GoogleInputMethodService.onFinishInput():3267
01-02 13:56:59.512 7549 7590 I ActivityManager: Displayed com.ipos.controllerorder/.activities.SplashActivity: +572ms
01-02 13:56:59.534 7739 7739 I GoogleInputMethodServic: GoogleInputMethodService.updateDeviceLockedStatus():2097 repeatCheckTimes = 0, locked = false
01-02 13:56:59.535 7739 7739 I GoogleInputMethodServic: GoogleInputMethodService.onStartInput():1889 onStartInput(EditorInfo{EditorInfo{packageName=com.ipos.controllerorder, inputType=0, inputTypeString=NULL, enableLearning=false, autoCorrection=false, autoComplete=false, imeOptions=0, privateImeOptions=null, actionName=UNSPECIFIED, actionLabel=null, initialSelStart=-1, initialSelEnd=-1, initialCapsMode=0, label=null, fieldId=-1, fieldName=null, extras=null, hintText=null, hintLocales=[]}}, false)
01-02 13:56:59.546 7739 7739 I GoogleInputMethodServic: GoogleInputMethodService.updateDeviceLockedStatus():2097 repeatCheckTimes = 1, locked = false
01-02 13:56:59.578 8907 8907 W System : ClassLoader referenced unknown path: /system/priv-app/ManagedProvisioning/lib/arm
01-02 13:56:59.615 7687 7687 V VvmBootCompletedRcvr: processing subId list
01-02 13:56:59.801 8794 8837 I MediaCodec: callingProcessName:com.ipos.controllerorder
01-02 13:56:59.804 7378 7964 I MediaPlayerService: MediaPlayerService::getOMX
01-02 13:56:59.805 8794 8929 I OMXClient: MuxOMX ctor
01-02 13:56:59.805 8794 8929 I ACodec : onAllocateComponent:6752 mSoftCodecPref:0 componentName:
01-02 13:56:59.807 8794 8929 I ACodec : onAllocateComponent:6783 mSoftCodecPref:0 componentName:OMX.google.mp3.decoder
01-02 13:56:59.808 30005 30299 I OMXMaster: makeComponentInstance(OMX.google.mp3.decoder) in mediacodec process
01-02 13:56:59.898 8146 8156 W art : Suspending all threads took: 14.147ms
01-02 13:56:59.916 8146 8156 I art : Background sticky concurrent mark sweep GC freed 49309(2000KB) AllocSpace objects, 8(168KB) LOS objects, 27% free, 7MB/9MB, paused 16.077ms total 55.741ms
01-02 13:56:59.931 7549 8567 W ActivityManager: Unable to start service Intent { act=com.android.email.EXCHANGE_INTENT pkg=com.android.exchange } U=0: not found
01-02 13:56:59.935 7549 7718 W ActivityManager: Unable to start service Intent { cmp=com.android.email/.service.AttachmentService } U=0: not found
01-02 13:56:59.950 8794 8794 I ApiRequest: Response: Response{protocol=http/1.1, code=200, message=OK, url=https://api.foodbook.vn/ipos/ws/common/partners?access_token=ZJG1A1TERKPK8TYNTMJIAHCPMCXLMBGV}
01-02 13:56:59.950 8794 8794 D com.ipos.controllerorder.service.SocketService: loadSource=>
01-02 13:56:59.960 8794 8794 I a : values: SOURCE_ID=1 SOURCE_NAME=POS_VOUCHER where: SOURCE_ID = '1' log: 1
01-02 13:56:59.961 8794 8794 I a : values: SOURCE_ID=3 SOURCE_NAME=POS_DELIVERY where: SOURCE_ID = '3' log: 1
01-02 13:56:59.962 8794 8794 I a : values: SOURCE_ID=10000017 SOURCE_NAME=IPOS_IOS_MANAGER_APP where: SOURCE_ID = '10000017' log: 1
01-02 13:56:59.963 8794 8794 I a : values: SOURCE_ID=10000047 SOURCE_NAME=JAMJA where: SOURCE_ID = '10000047' log: 1
01-02 13:56:59.964 8794 8794 I a : values: SOURCE_ID=10000049 SOURCE_NAME=FACEBOOK where: SOURCE_ID = '10000049' log: 1
01-02 13:56:59.965 8794 8794 I a : values: SOURCE_ID=10000111 SOURCE_NAME=TOQUA where: SOURCE_ID = '10000111' log: 1
01-02 13:56:59.966 8794 8794 I a : values: SOURCE_ID=10000127 SOURCE_NAME=GOC_HA_NOI_CRM where: SOURCE_ID = '10000127' log: 1
01-02 13:56:59.967 8794 8794 I a : values: SOURCE_ID=10000144 SOURCE_NAME=WEB_SALADSATION where: SOURCE_ID = '10000144' log: 1
01-02 13:56:59.967 8794 8794 I a : values: SOURCE_ID=10000027 SOURCE_NAME=PAYMENT_MOMO_QR where: SOURCE_ID = '10000027' log: 1
01-02 13:56:59.968 8794 8794 I a : values: SOURCE_ID=10000141 SOURCE_NAME=THECOFFEEHOUSE_PAYMENT where: SOURCE_ID = '10000141' log: 1
01-02 13:56:59.969 8794 8794 I a : values: SOURCE_ID=10000143 SOURCE_NAME=SNOBCF where: SOURCE_ID = '10000143' log: 1
01-02 13:56:59.971 8794 8794 I a : values: SOURCE_ID=10000030 SOURCE_NAME=THECOFFEEHOUSE where: SOURCE_ID = '10000030' log: 1
01-02 13:56:59.971 8794 8794 I a : values: SOURCE_ID=10000036 SOURCE_NAME=APP_SMOOTHIE_FACTORY where: SOURCE_ID = '10000036' log: 1
01-02 13:56:59.973 8794 8794 I a : values: SOURCE_ID=10000063 SOURCE_NAME=APP_YUTANG where: SOURCE_ID = '10000063' log: 1
01-02 13:56:59.974 8794 8794 I a : values: SOURCE_ID=10000145 SOURCE_NAME=WEB_COMTAMCALI where: SOURCE_ID = '10000145' log: 1
01-02 13:56:59.975 8794 8794 I a : values: SOURCE_ID=10000147 SOURCE_NAME=MOMO where: SOURCE_ID = '10000147' log: 1
01-02 13:56:59.976 8794 8794 I a : values: SOURCE_ID=10000035 SOURCE_NAME=APP_WINDMILLS where: SOURCE_ID = '10000035' log: 1
01-02 13:56:59.977 8794 8794 I a : values: SOURCE_ID=10000061 SOURCE_NAME=PAYMENT_MOMO where: SOURCE_ID = '10000061' log: 1
01-02 13:56:59.978 8794 8794 I a : values: SOURCE_ID=10000100 SOURCE_NAME=PUBLIC_API_DOC where: SOURCE_ID = '10000100' log: 1
01-02 13:56:59.978 8794 8794 I a : values: SOURCE_ID=10000101 SOURCE_NAME=LALAVN where: SOURCE_ID = '10000101' log: 1
01-02 13:56:59.979 8794 8794 I a : values: SOURCE_ID=10000003 SOURCE_NAME=WEB_BANH_MI_MINH_NHAT where: SOURCE_ID = '10000003' log: 1
01-02 13:56:59.981 8794 8794 I a : values: SOURCE_ID=10000008 SOURCE_NAME=FOODBOOK_IOS_APP where: SOURCE_ID = '10000008' log: 1
01-02 13:56:59.982 8794 8794 I a : values: SOURCE_ID=10000013 SOURCE_NAME=IPCC_IOS where: SOURCE_ID = '10000013' log: 1
01-02 13:56:59.983 8794 8794 I a : values: SOURCE_ID=10000020 SOURCE_NAME=IPOS_MOBILE_IOS where: SOURCE_ID = '10000020' log: 1
01-02 13:56:59.984 8794 8794 I a : values: SOURCE_ID=10000021 SOURCE_NAME=IPOS_MOBILE_MANAGER_ANDROID where: SOURCE_ID = '10000021' log: 1
01-02 13:56:59.985 8794 8794 I a : values: SOURCE_ID=10000133 SOURCE_NAME=Foodizzi where: SOURCE_ID = '10000133' log: 1
01-02 13:56:59.986 8794 8794 I a : values: SOURCE_ID=0 SOURCE_NAME=POS_OTHER where: SOURCE_ID = '0' log: 1
01-02 13:56:59.987 8872 8933 I Email : Observing account changes for notifications
01-02 13:56:59.987 8794 8794 I a : values: SOURCE_ID=10000022 SOURCE_NAME=IPOS_MOBILE_MANAGER_IOS where: SOURCE_ID = '10000022' log: 1
01-02 13:56:59.988 8794 8794 I a : values: SOURCE_ID=10000026 SOURCE_NAME=MOCA where: SOURCE_ID = '10000026' log: 1
01-02 13:56:59.989 8794 8794 I a : values: SOURCE_ID=10000052 SOURCE_NAME=WEB_YUTANG where: SOURCE_ID = '10000052' log: 1
01-02 13:56:59.990 8794 8794 I a : values: SOURCE_ID=10000118 SOURCE_NAME=NISO where: SOURCE_ID = '10000118' log: 1
01-02 13:56:59.991 8794 8794 I a : values: SOURCE_ID=10000122 SOURCE_NAME=WEB_TOCO where: SOURCE_ID = '10000122' log: 1
01-02 13:56:59.991 8794 8794 I a : values: SOURCE_ID=10000149 SOURCE_NAME=GIFTPOP where: SOURCE_ID = '10000149' log: 1
01-02 13:56:59.992 8794 8794 I a : values: SOURCE_ID=10000000 SOURCE_NAME=FOODBOOK where: SOURCE_ID = '10000000' log: 1
01-02 13:56:59.993 8794 8794 I a : values: SOURCE_ID=10000019 SOURCE_NAME=IPOS_MOBILE_CMS where: SOURCE_ID = '10000019' log: 1
01-02 13:56:59.993 8794 8794 I a : values: SOURCE_ID=10000023 SOURCE_NAME=IPOS_SALE where: SOURCE_ID = '10000023' log: 1
01-02 13:56:59.994 8794 8794 I a : values: SOURCE_ID=10000108 SOURCE_NAME=MEETE where: SOURCE_ID = '10000108' log: 1
01-02 13:56:59.995 8794 8794 I a : values: SOURCE_ID=10000119 SOURCE_NAME=WEB_CHAMICHI where: SOURCE_ID = '10000119' log: 1
01-02 13:56:59.996 8794 8794 I a : values: SOURCE_ID=10000138 SOURCE_NAME=BONHUNGDAM where: SOURCE_ID = '10000138' log: 1
01-02 13:56:59.996 8794 8794 I a : values: SOURCE_ID=10000046 SOURCE_NAME=APP_TOCOTOCO where: SOURCE_ID = '10000046' log: 1
01-02 13:56:59.997 8794 8794 I a : values: SOURCE_ID=10000121 SOURCE_NAME=IPOS_POS where: SOURCE_ID = '10000121' log: 1
01-02 13:57:00.001 8794 8794 I a : values: SOURCE_ID=10000058 SOURCE_NAME=DEBEAR_COFFEE where: SOURCE_ID = '10000058' log: 1
01-02 13:57:00.002 8794 8794 I a : values: SOURCE_ID=10000130 SOURCE_NAME=BEEHUB where: SOURCE_ID = '10000130' log: 1
01-02 13:57:00.002 8794 8794 I a : values: SOURCE_ID=10000146 SOURCE_NAME=WEB_CHEWYCHEWY where: SOURCE_ID = '10000146' log: 1
01-02 13:57:00.004 8794 8794 I a : values: SOURCE_ID=10000018 SOURCE_NAME=IPOS_MOBILE_ANDROID where: SOURCE_ID = '10000018' log: 1
01-02 13:57:00.006 8794 8794 I a : values: SOURCE_ID=10000040 SOURCE_NAME=ZODY where: SOURCE_ID = '10000040' log: 1
01-02 13:57:00.007 8794 8794 I a : values: SOURCE_ID=10000062 SOURCE_NAME=WEB_TWITER_BEAN where: SOURCE_ID = '10000062' log: 1
01-02 13:57:00.007 7549 8066 I ActivityManager: Start proc 8936:com.android.vending/u0a18 for broadcast com.android.vending/com.google.android.finsky.boothandler.BootCompletedReceiver
01-02 13:57:00.007 8794 8794 I a : values: SOURCE_ID=10000110 SOURCE_NAME=WEB_DONAL where: SOURCE_ID = '10000110' log: 1
01-02 13:57:00.008 8794 8794 I a : values: SOURCE_ID=10000139 SOURCE_NAME=HEOVANG where: SOURCE_ID = '10000139' log: 1
01-02 13:57:00.009 8794 8794 I a : values: SOURCE_ID=10000038 SOURCE_NAME=WEB_CHEWY where: SOURCE_ID = '10000038' log: 1
01-02 13:57:00.010 8794 8794 I a : values: SOURCE_ID=10000117 SOURCE_NAME=LALAPOS where: SOURCE_ID = '10000117' log: 1
01-02 13:57:00.010 8794 8794 I a : values: SOURCE_ID=10000142 SOURCE_NAME=NHTRELANGQUAN where: SOURCE_ID = '10000142' log: 1
01-02 13:57:00.011 8794 8794 I a : values: SOURCE_ID=10000012 SOURCE_NAME=IPCC_ANDROID where: SOURCE_ID = '10000012' log: 1
01-02 13:57:00.012 8794 8794 I a : values: SOURCE_ID=10000006 SOURCE_NAME=FOODBOOK_ANDROID_APP where: SOURCE_ID = '10000006' log: 1
01-02 13:57:00.013 8794 8794 I a : values: SOURCE_ID=10000034 SOURCE_NAME=WEB_VIQUANG where: SOURCE_ID = '10000034' log: 1
01-02 13:57:00.013 8794 8794 I a : values: SOURCE_ID=10000048 SOURCE_NAME=WEB_MINHNHAT where: SOURCE_ID = '10000048' log: 1
01-02 13:57:00.014 8794 8794 I a : values: SOURCE_ID=10000113 SOURCE_NAME=APP_GONGCHA where: SOURCE_ID = '10000113' log: 1
01-02 13:57:00.015 8794 8794 I a : values: SOURCE_ID=10000025 SOURCE_NAME=APP_MIRAI where: SOURCE_ID = '10000025' log: 1
01-02 13:57:00.016 8794 8794 I a : values: SOURCE_ID=10000041 SOURCE_NAME=HELLKITCHEN where: SOURCE_ID = '10000041' log: 1
01-02 13:57:00.017 7549 7718 W ActivityManager: Unable to start service Intent { act=com.android.email.EXCHANGE_INTENT pkg=com.android.exchange } U=0: not found
01-02 13:57:00.017 8794 8794 I a : values: SOURCE_ID=10000045 SOURCE_NAME=ZALO where: SOURCE_ID = '10000045' log: 1
01-02 13:57:00.018 8794 8794 I a : values: SOURCE_ID=10000104 SOURCE_NAME=APPOTA where: SOURCE_ID = '10000104' log: 1
01-02 13:57:00.019 8794 8794 I a : values: SOURCE_ID=10000120 SOURCE_NAME=WEB_SOYA where: SOURCE_ID = '10000120' log: 1
01-02 13:57:00.019 8794 8794 I a : values: SOURCE_ID=10000132 SOURCE_NAME=PARTNER_CUSTOMIZE where: SOURCE_ID = '10000132' log: 1
01-02 13:57:00.020 8794 8794 I a : values: SOURCE_ID=10000137 SOURCE_NAME=THECOFFEEHOUSE_DELI where: SOURCE_ID = '10000137' log: 1
01-02 13:57:00.021 8794 8794 I a : values: SOURCE_ID=10000007 SOURCE_NAME=FOODBOOK_CMS where: SOURCE_ID = '10000007' log: 1
01-02 13:57:00.021 8794 8794 I a : values: SOURCE_ID=10000103 SOURCE_NAME=WEB_MINHNHAT_TO_POS where: SOURCE_ID = '10000103' log: 1
01-02 13:57:00.022 8794 8794 I a : values: SOURCE_ID=10000134 SOURCE_NAME=POS_SELF_ORDER where: SOURCE_ID = '10000134' log: 1
01-02 13:57:00.023 7549 8718 W ActivityManager: Unable to start service Intent { cmp=com.android.email/.service.AttachmentService } U=0: not found
01-02 13:57:00.023 7549 8591 W ActivityManager: Unable to start service Intent { cmp=com.android.email/.service.AttachmentService } U=0: not found
01-02 13:57:00.023 8794 8794 I a : values: SOURCE_ID=10000002 SOURCE_NAME=PEKOPEKO where: SOURCE_ID = '10000002' log: 1
01-02 13:57:00.023 8794 8794 I a : values: SOURCE_ID=10000005 SOURCE_NAME=CLING_ME where: SOURCE_ID = '10000005' log: 1
01-02 13:57:00.024 8794 8794 I a : values: SOURCE_ID=10000033 SOURCE_NAME=WEB_MASTERCHEF where: SOURCE_ID = '10000033' log: 1
01-02 13:57:00.025 8794 8794 I a : values: SOURCE_ID=10000059 SOURCE_NAME=PAYMENT_ONEPAY_QR where: SOURCE_ID = '10000059' log: 1
01-02 13:57:00.026 8794 8794 I a : values: SOURCE_ID=10000060 SOURCE_NAME=PAYMENT_TRUSTPAY_QR where: SOURCE_ID = '10000060' log: 1
01-02 13:57:00.026 8794 8794 I a : values: SOURCE_ID=10000128 SOURCE_NAME=WEB_MRWISH where: SOURCE_ID = '10000128' log: 1
01-02 13:57:00.027 8794 8794 I a : values: SOURCE_ID=10000135 SOURCE_NAME=IFIND where: SOURCE_ID = '10000135' log: 1
01-02 13:57:00.027 8794 8794 I a : values: SOURCE_ID=10000148 SOURCE_NAME=WEB_SUONMUOI where: SOURCE_ID = '10000148' log: 1
01-02 13:57:00.029 8794 8794 I a : values: SOURCE_ID=10000150 SOURCE_NAME=APP_TGF where: SOURCE_ID = '10000150' log: 1
01-02 13:57:00.029 8794 8794 I a : values: SOURCE_ID=10000151 SOURCE_NAME=WEB_ROYALTEACTH where: SOURCE_ID = '10000151' log: 1
01-02 13:57:00.030 8794 8794 I a : values: SOURCE_ID=10000152 SOURCE_NAME=IPOS_VOUCHER_AGENCY where: SOURCE_ID = '10000152' log: 1
01-02 13:57:00.031 8794 8794 I a : values: SOURCE_ID=10000153 SOURCE_NAME=APP_SGOODIE where: SOURCE_ID = '10000153' log: 1
01-02 13:57:00.032 8794 8794 I a : values: SOURCE_ID=10000154 SOURCE_NAME=IPOS_VOUCHER_AGENCY_STG where: SOURCE_ID = '10000154' log: 1
01-02 13:57:00.032 8794 8794 I a : values: SOURCE_ID=10000155 SOURCE_NAME=WEB_SNAP where: SOURCE_ID = '10000155' log: 1
01-02 13:57:00.033 8794 8794 I a : values: SOURCE_ID=10000156 SOURCE_NAME=WEB_KAMPONG where: SOURCE_ID = '10000156' log: 1
01-02 13:57:00.034 8794 8794 I a : values: SOURCE_ID=10000157 SOURCE_NAME=APP_KAICOFFEE where: SOURCE_ID = '10000157' log: 1
01-02 13:57:00.035 8794 8794 I a : values: SOURCE_ID=10000102 SOURCE_NAME=ORDERPAGE where: SOURCE_ID = '10000102' log: 1
01-02 13:57:00.035 8794 8794 I a : values: SOURCE_ID=10000159 SOURCE_NAME=WEB_HUB_PARTNER where: SOURCE_ID = '10000159' log: 1
01-02 13:57:00.036 8794 8794 I a : values: SOURCE_ID=10000160 SOURCE_NAME=APP_CONFIRM_ORDER where: SOURCE_ID = '10000160' log: 1
01-02 13:57:00.037 8794 8794 I a : values: SOURCE_ID=10000162 SOURCE_NAME=IPOS_CRM where: SOURCE_ID = '10000162' log: 1
01-02 13:57:00.037 8794 8794 I a : values: SOURCE_ID=10000163 SOURCE_NAME=HEOVANG_DEVAPP where: SOURCE_ID = '10000163' log: 1
01-02 13:57:00.038 8794 8794 I a : values: SOURCE_ID=10000164 SOURCE_NAME=GGG_STG where: SOURCE_ID = '10000164' log: 1
01-02 13:57:00.039 8794 8794 I a : values: SOURCE_ID=10000165 SOURCE_NAME=VNPAY where: SOURCE_ID = '10000165' log: 1
01-02 13:57:00.040 8794 8794 I a : values: SOURCE_ID=10000166 SOURCE_NAME=URBOX where: SOURCE_ID = '10000166' log: 1
01-02 13:57:00.040 8794 8794 I a : values: SOURCE_ID=10000167 SOURCE_NAME=GRAB where: SOURCE_ID = '10000167' log: 1
01-02 13:57:00.041 8794 8794 I a : values: SOURCE_ID=10000168 SOURCE_NAME=GOVIET where: SOURCE_ID = '10000168' log: 1
01-02 13:57:00.042 8794 8794 I a : values: SOURCE_ID=10000169 SOURCE_NAME=SHOPEEFOOD where: SOURCE_ID = '10000169' log: 1
01-02 13:57:00.043 8794 8794 I a : values: SOURCE_ID=10000170 SOURCE_NAME=VMM where: SOURCE_ID = '10000170' log: 1
01-02 13:57:00.043 8794 8794 I a : values: SOURCE_ID=10000171 SOURCE_NAME=POS_TAKEAWAY where: SOURCE_ID = '10000171' log: 1
01-02 13:57:00.044 8794 8794 I a : values: SOURCE_ID=10000172 SOURCE_NAME=POS_DINEIN where: SOURCE_ID = '10000172' log: 1
01-02 13:57:00.045 8794 8794 I a : values: SOURCE_ID=10000173 SOURCE_NAME=DEALTODAY where: SOURCE_ID = '10000173' log: 1
01-02 13:57:00.045 8794 8794 I a : values: SOURCE_ID=10000174 SOURCE_NAME=VOUCHER_NOIBOTOCO where: SOURCE_ID = '10000174' log: 1
01-02 13:57:00.046 8794 8794 I a : values: SOURCE_ID=10000175 SOURCE_NAME=LOZI where: SOURCE_ID = '10000175' log: 1
01-02 13:57:00.047 8794 8794 I a : values: SOURCE_ID=10000176 SOURCE_NAME=CALL_CENTER where: SOURCE_ID = '10000176' log: 1
01-02 13:57:00.047 8794 8794 I a : values: SOURCE_ID=10000177 SOURCE_NAME=SKYGARDEN where: SOURCE_ID = '10000177' log: 1
01-02 13:57:00.048 8794 8794 I a : values: SOURCE_ID=10000178 SOURCE_NAME=GONJOY where: SOURCE_ID = '10000178' log: 1
01-02 13:57:00.049 8794 8794 I a : values: SOURCE_ID=10000179 SOURCE_NAME=BONCHON where: SOURCE_ID = '10000179' log: 1
01-02 13:57:00.050 8794 8794 I a : values: SOURCE_ID=10000180 SOURCE_NAME=APP_SKYLINE where: SOURCE_ID = '10000180' log: 1
01-02 13:57:00.050 8794 8794 I a : values: SOURCE_ID=10000181 SOURCE_NAME=COMBENTO where: SOURCE_ID = '10000181' log: 1
01-02 13:57:00.051 8794 8794 I a : values: SOURCE_ID=10000182 SOURCE_NAME=AMAZING where: SOURCE_ID = '10000182' log: 1
01-02 13:57:00.052 8794 8794 I a : values: SOURCE_ID=10000183 SOURCE_NAME=HUB_LOYALTY where: SOURCE_ID = '10000183' log: 1
01-02 13:57:00.052 8794 8794 I a : values: SOURCE_ID=10000184 SOURCE_NAME=FRUITST&T where: SOURCE_ID = '10000184' log: 1
01-02 13:57:00.053 8794 8794 I a : values: SOURCE_ID=10000185 SOURCE_NAME=ALOCAFE where: SOURCE_ID = '10000185' log: 1
01-02 13:57:00.054 8794 8794 I a : values: SOURCE_ID=10000186 SOURCE_NAME=BAEMIN where: SOURCE_ID = '10000186' log: 1
01-02 13:57:00.054 7549 8553 W ActivityManager: Unable to start service Intent { act=com.android.email.EXCHANGE_INTENT pkg=com.android.exchange } U=0: not found
01-02 13:57:00.065 7549 8553 W ActivityManager: Unable to start service Intent { act=com.android.email.EXCHANGE_INTENT pkg=com.android.exchange } U=0: not found
01-02 13:57:00.066 8794 8794 I a : values: SOURCE_ID=10000187 SOURCE_NAME=TCH_NOTIFY_ORDER_CONFIRM where: SOURCE_ID = '10000187' log: 1
01-02 13:57:00.067 8794 8794 I a : values: SOURCE_ID=10000188 SOURCE_NAME=VNPAY_ONLINE where: SOURCE_ID = '10000188' log: 1
01-02 13:57:00.068 8794 8794 I a : values: SOURCE_ID=10000189 SOURCE_NAME=TASTER_CHOICE where: SOURCE_ID = '10000189' log: 1
01-02 13:57:00.069 8794 8794 I a : values: SOURCE_ID=10000190 SOURCE_NAME=CAPILLARYTECH where: SOURCE_ID = '10000190' log: 1
01-02 13:57:00.069 8872 8872 E ActivityThread: Service com.android.email.service.EmailBroadcastProcessorService has leaked ServiceConnection com.android.emailcommon.service.ServiceProxy$ProxyConnection@3b78728 that was originally bound here
01-02 13:57:00.069 8872 8872 E ActivityThread: android.app.ServiceConnectionLeaked: Service com.android.email.service.EmailBroadcastProcessorService has leaked ServiceConnection com.android.emailcommon.service.ServiceProxy$ProxyConnection@3b78728 that was originally bound here
01-02 13:57:00.069 8872 8872 E ActivityThread: at android.app.LoadedApk$ServiceDispatcher.(LoadedApk.java:1336)
01-02 13:57:00.069 8872 8872 E ActivityThread: at android.app.LoadedApk.getServiceDispatcher(LoadedApk.java:1231)
01-02 13:57:00.069 8872 8872 E ActivityThread: at android.app.ContextImpl.bindServiceCommon(ContextImpl.java:1450)
01-02 13:57:00.069 8872 8872 E ActivityThread: at android.app.ContextImpl.bindService(ContextImpl.java:1422)
01-02 13:57:00.069 8872 8872 E ActivityThread: at android.content.ContextWrapper.bindService(ContextWrapper.java:636)
01-02 13:57:00.069 8872 8872 E ActivityThread: at com.android.emailcommon.service.ServiceProxy.setTask(ServiceProxy.java:181)
01-02 13:57:00.069 8872 8872 E ActivityThread: at com.android.emailcommon.service.ServiceProxy.test(ServiceProxy.java:224)
