01-02 13:56:40.950 8146 8664 I Icing : IndexChimeraService.getServiceInterface callingPackage=com.google.android.gms componentName=AppsCorpus serviceId=32
01-02 13:56:40.995 7859 7868 E System : Uncaught exception thrown by finalizer
01-02 13:56:40.996 7859 7868 E System : java.lang.IllegalStateException: Lock wasn't released correctly
01-02 13:56:40.996 7859 7868 E System : at baos.finalize(:com.google.android.gms@233414015@23.34.14 (040300-560151436):12)
01-02 13:56:40.996 7859 7868 E System : at java.lang.Daemons$FinalizerDaemon.doFinalize(Daemons.java:222)
01-02 13:56:40.996 7859 7868 E System : at java.lang.Daemons$FinalizerDaemon.run(Daemons.java:209)
01-02 13:56:40.996 7859 7868 E System : at java.lang.Thread.run(Thread.java:761)
01-02 13:56:41.082 8438 8448 I art : Background sticky concurrent mark sweep GC freed 59104(6MB) AllocSpace objects, 4(80KB) LOS objects, 28% free, 13MB/19MB, paused 4.085ms total 198.924ms
01-02 13:56:41.101 8146 8664 I Icing : IndexChimeraService.getServiceInterface callingPackage=com.google.android.gms componentName=null serviceId=36
01-02 13:56:41.109 8146 8199 W ProviderHelper: Unknown dynamite feature providerinstaller.dynamite
01-02 13:56:41.110 8146 8199 I DynamiteModule: Considering local module com.google.android.gms.providerinstaller.dynamite:1 and remote module com.google.android.gms.providerinstaller.dynamite:0
01-02 13:56:41.110 8146 8199 I DynamiteModule: Selected local version of com.google.android.gms.providerinstaller.dynamite
01-02 13:56:41.284 8146 8199 W ProviderHelper: Unknown dynamite feature providerinstaller.dynamite
01-02 13:56:41.285 8146 8199 I DynamiteModule: Considering local module com.google.android.gms.providerinstaller.dynamite:1 and remote module com.google.android.gms.providerinstaller.dynamite:0
01-02 13:56:41.285 8146 8199 I DynamiteModule: Selected local version of com.google.android.gms.providerinstaller.dynamite
01-02 13:56:41.285 8438 8579 E SchedPolicy: set_timerslack_ns write failed: Operation not permitted
01-02 13:56:41.300 8146 8156 W art : Suspending all threads took: 13.473ms
01-02 13:56:41.304 8146 8156 I art : Background sticky concurrent mark sweep GC freed 8820(551KB) AllocSpace objects, 3(108KB) LOS objects, 11% free, 7MB/7MB, paused 14.387ms total 51.889ms
01-02 13:56:41.323 8598 8598 I Binder:8598_2: type=1400 audit(0.0:2247): avc: denied { open } for path="/dev/__properties__/u:object_r:secureboot_prop:s0" dev="tmpfs" ino=331 scontext=u:r:priv_app:s0:c512,c768 tcontext=u:object_r:secureboot_prop:s0 tclass=file permissive=1
01-02 13:56:41.323 8598 8598 I Binder:8598_2: type=1400 audit(0.0:2248): avc: denied { getattr } for path="/dev/__properties__/u:object_r:secureboot_prop:s0" dev="tmpfs" ino=331 scontext=u:r:priv_app:s0:c512,c768 tcontext=u:object_r:secureboot_prop:s0 tclass=file permissive=1
01-02 13:56:41.323 8598 8598 I Binder:8598_2: type=1400 audit(0.0:2249): avc: denied { open } for path="/dev/__properties__/u:object_r:pppoe_prop:s0" dev="tmpfs" ino=332 scontext=u:r:priv_app:s0:c512,c768 tcontext=u:object_r:pppoe_prop:s0 tclass=file permissive=1
01-02 13:56:41.323 8598 8598 I Binder:8598_2: type=1400 audit(0.0:2250): avc: denied { getattr } for path="/dev/__properties__/u:object_r:pppoe_prop:s0" dev="tmpfs" ino=332 scontext=u:r:priv_app:s0:c512,c768 tcontext=u:object_r:pppoe_prop:s0 tclass=file permissive=1
01-02 13:56:41.323 8598 8598 I Binder:8598_2: type=1400 audit(0.0:2251): avc: denied { open } for path="/dev/__properties__/u:object_r:ctsgts_prop:s0" dev="tmpfs" ino=333 scontext=u:r:priv_app:s0:c512,c768 tcontext=u:object_r:ctsgts_prop:s0 tclass=file permissive=1
01-02 13:56:41.323 8598 8598 I Binder:8598_2: type=1400 audit(0.0:2252): avc: denied { getattr } for path="/dev/__properties__/u:object_r:ctsgts_prop:s0" dev="tmpfs" ino=333 scontext=u:r:priv_app:s0:c512,c768 tcontext=u:object_r:ctsgts_prop:s0 tclass=file permissive=1
01-02 13:56:41.323 8598 8598 I Binder:8598_2: type=1400 audit(0.0:2253): avc: denied { open } for path="/dev/__properties__/u:object_r:safemode_prop:s0" dev="tmpfs" ino=345 scontext=u:r:priv_app:s0:c512,c768 tcontext=u:object_r:safemode_prop:s0 tclass=file permissive=1
01-02 13:56:41.323 8146 8306 I Icing : Post-init done
01-02 13:56:41.325 8598 8598 I Binder:8598_2: type=1400 audit(0.0:2254): avc: denied { getattr } for path="/dev/__properties__/u:object_r:safemode_prop:s0" dev="tmpfs" ino=345 scontext=u:r:priv_app:s0:c512,c768 tcontext=u:object_r:safemode_prop:s0 tclass=file permissive=1
01-02 13:56:41.325 8598 8598 I Binder:8598_2: type=1400 audit(0.0:2255): avc: denied { open } for path="/dev/__properties__/u:object_r:mmc_prop:s0" dev="tmpfs" ino=346 scontext=u:r:priv_app:s0:c512,c768 tcontext=u:object_r:mmc_prop:s0 tclass=file permissive=1
01-02 13:56:41.325 8598 8598 I Binder:8598_2: type=1400 audit(0.0:2256): avc: denied { getattr } for path="/dev/__properties__/u:object_r:mmc_prop:s0" dev="tmpfs" ino=346 scontext=u:r:priv_app:s0:c512,c768 tcontext=u:object_r:mmc_prop:s0 tclass=file permissive=1
01-02 13:56:41.325 8598 8598 I Binder:8598_2: type=1400 audit(0.0:2257): avc: denied { open } for path="/dev/__properties__/u:object_r:logpersistd_logging_prop:s0" dev="tmpfs" ino=347 scontext=u:r:priv_app:s0:c512,c768 tcontext=u:object_r:logpersistd_logging_prop:s0 tclass=file permissive=1
01-02 13:56:41.325 8598 8598 I Binder:8598_2: type=1400 audit(0.0:2258): avc: denied { getattr } for path="/dev/__properties__/u:object_r:logpersistd_logging_prop:s0" dev="tmpfs" ino=347 scontext=u:r:priv_app:s0:c512,c768 tcontext=u:object_r:logpersistd_logging_prop:s0 tclass=file permissive=1
01-02 13:56:41.325 8598 8598 I Binder:8598_2: type=1400 audit(0.0:2259): avc: denied { open } for path="/dev/__properties__/u:object_r:device_logging_prop:s0" dev="tmpfs" ino=348 scontext=u:r:priv_app:s0:c512,c768 tcontext=u:object_r:device_logging_prop:s0 tclass=file permissive=1
01-02 13:56:41.325 8598 8598 I Binder:8598_2: type=1400 audit(0.0:2260): avc: denied { getattr } for path="/dev/__properties__/u:object_r:device_logging_prop:s0" dev="tmpfs" ino=348 scontext=u:r:priv_app:s0:c512,c768 tcontext=u:object_r:device_logging_prop:s0 tclass=file permissive=1
01-02 13:56:41.392 7859 8433 E WakeLock: *gms_scheduler*/com.google.android.gms/.clearcut.uploader.QosUploaderService should be held!
01-02 13:56:41.425 7859 8392 I NetworkScheduler.Stats: (REDACTED) Task %s/%s finished executing. cause:%s result: %s elapsed_millis: %s uptime_millis: %s exec_start_elapsed_seconds: %s
01-02 13:56:41.453 7859 8392 E WakeLock: *gms_scheduler*:internal should be held!
01-02 13:56:41.474 8146 8199 W ProviderHelper: Unknown dynamite feature providerinstaller.dynamite
01-02 13:56:41.475 8146 8199 I DynamiteModule: Considering local module com.google.android.gms.providerinstaller.dynamite:1 and remote module com.google.android.gms.providerinstaller.dynamite:0
01-02 13:56:41.475 8146 8199 I DynamiteModule: Selected local version of com.google.android.gms.providerinstaller.dynamite
01-02 13:56:41.533 8438 8451 I tflite : Initialized TensorFlow Lite runtime.
01-02 13:56:41.537 8146 8334 W Conscrypt: Could not set socket write timeout: java.net.SocketException: Socket closed
01-02 13:56:41.538 8146 8334 W Conscrypt: at com.google.android.gms.org.conscrypt.Platform.setSocketWriteTimeout(:com.google.android.gms@233414015@23.34.14 (040300-560151436):226)
01-02 13:56:41.538 8146 8334 W Conscrypt: at com.google.android.gms.org.conscrypt.ConscryptFileDescriptorSocket.setSoWriteTimeout(:com.google.android.gms@233414015@23.34.14 (040300-560151436):4)
01-02 13:56:41.543 8146 8306 I Icing : Using regular flags by method 2
01-02 13:56:41.547 8438 8611 I MicroDataManager: MicroDataManager InitializationTask. googleHotwordData is null: true, hotwordModel is null: false , sourceLocationOfCurrentHotwordModel https://www.gstatic.com/android-search/hotword/x_google/975058821313279e27b2c3f04de0beef/hotword.data
01-02 13:56:41.556 8438 8585 I A : Using proto config with mendel
01-02 13:56:41.557 8438 8585 I A : Using proto config with mendel
01-02 13:56:41.570 7859 8222 I NetworkScheduler.Stats: (REDACTED) Task %s/%s started execution. cause:%s exec_start_elapsed_seconds: %s
01-02 13:56:41.584 8438 8585 I A : Using proto config with mendel
01-02 13:56:41.584 8438 8585 I A : Merging legacy hotword config map with new proto.
01-02 13:56:41.585 8438 8585 I A : Adding from config to map. Locale: cmn-Hant-TW modelPrefix: x_google Location:4e7cae00daee30ec565c34e3aa67a51f isSpeakerIdSupported: true
01-02 13:56:41.585 8438 8585 I A : Adding from config to map. Locale: id-ID modelPrefix: x_google Location:cfffcc1a4c1c084c003c8eb27f73d770 isSpeakerIdSupported: true
01-02 13:56:41.593 8438 8585 I A : Adding from config to map. Locale: ko-KR modelPrefix: x_google Location:0b132163a2eb2c1194b202067475724b isSpeakerIdSupported: true
01-02 13:56:41.593 8438 8585 I A : Skipping. Expected model: 2 Found: 1
01-02 13:56:41.594 8438 8585 I A : Adding from config to map. Locale: zh-TW modelPrefix: x_google Location:4e7cae00daee30ec565c34e3aa67a51f isSpeakerIdSupported: true
01-02 13:56:41.595 8438 8585 I MicroDetectionState: Should stop hotword detection immediately - true
01-02 13:56:41.597 8438 8585 I A : Using proto config with mendel
01-02 13:56:41.602 8438 8585 I A : Using proto config with mendel
01-02 13:56:41.609 7859 8392 W ResourceType: ResTable_typeSpec entry count inconsistent: given 88, previously 90
01-02 13:56:41.609 7859 8392 W ResourceType: ResTable_typeSpec entry count inconsistent: given 168, previously 172
01-02 13:56:41.609 7859 8392 W ResourceType: ResTable_typeSpec entry count inconsistent: given 3481, previously 3501
01-02 13:56:41.620 7859 8392 V NFC : this device does not have NFC support
01-02 13:56:41.623 7859 8433 E WakeLock: *gms_scheduler*:internal should be held!
01-02 13:56:41.624 7859 8392 W TapAndPay: NfcAdapter is null while obtaining CardEmulation instance. [CONTEXT service_id=79 ]
01-02 13:56:41.624 7859 8392 W TapAndPay: java.lang.NullPointerException: NfcAdapter is null
01-02 13:56:41.624 7859 8392 W TapAndPay: at android.nfc.cardemulation.CardEmulation.getInstance(CardEmulation.java:146)
01-02 13:56:41.624 7859 8392 W TapAndPay: at bzlf.(:com.google.android.gms@233414015@23.34.14 (040300-560151436):15)
01-02 13:56:41.624 7859 8392 W TapAndPay: at com.google.android.gms.tapandpay.hce.task.TapAndPayAidRegistrationTaskOperation.a(:com.google.android.gms@233414015@23.34.14 (040300-560151436):51)
01-02 13:56:41.624 7859 8392 W TapAndPay: at com.google.android.gms.tapandpay.gcmtask.TapAndPayGcmTaskChimeraService.gQ(:com.google.android.gms@233414015@23.34.14 (040300-560151436):32)
01-02 13:56:41.624 7859 8392 W TapAndPay: at bbdy.call(:com.google.android.gms@233414015@23.34.14 (040300-560151436):32)
01-02 13:56:41.624 7859 8392 W TapAndPay: at java.util.concurrent.FutureTask.run(FutureTask.java:237)
01-02 13:56:41.624 7859 8392 W TapAndPay: at ahhy.c(:com.google.android.gms@233414015@23.34.14 (040300-560151436):50)
01-02 13:56:41.624 7859 8392 W TapAndPay: at ahhy.run(:com.google.android.gms@233414015@23.34.14 (040300-560151436):76)
01-02 13:56:41.624 7859 8392 W TapAndPay: at java.util.concurrent.ThreadPoolExecutor.runWorker(ThreadPoolExecutor.java:1133)
01-02 13:56:41.624 7859 8392 W TapAndPay: at java.util.concurrent.ThreadPoolExecutor$Worker.run(ThreadPoolExecutor.java:607)
01-02 13:56:41.624 7859 8392 W TapAndPay: at ahnh.run(:com.google.android.gms@233414015@23.34.14 (040300-560151436):8)
01-02 13:56:41.624 7859 8392 W TapAndPay: at java.lang.Thread.run(Thread.java:761)
01-02 13:56:41.640 7859 8433 E WakeLock: *gms_scheduler*/com.google.android.gms/.tapandpay.gcmtask.TapAndPayGcmTaskService should be held!
01-02 13:56:41.643 7859 8400 I NetworkScheduler.Stats: (REDACTED) Task %s/%s finished executing. cause:%s result: %s elapsed_millis: %s uptime_millis: %s exec_start_elapsed_seconds: %s
01-02 13:56:41.653 8438 8451 I HotwordService: Model ID: en_us_x_google_agsa__p20230131_fedhot_standalone_fl_full_training_3wlTKwxhekc8fk7-d9loeGg
01-02 13:56:41.669 7859 8115 E brqr : Phenotype API error. Event # dwkw@b15a825a, EventCode: 5 [CONTEXT service_id=51 ]
01-02 13:56:41.669 7859 8115 E brqr : brph: 29501: Stale snapshot for assistant_auto_tng_libraries_user#com.google.android.googlequicksearchbox(change count changed - expected 296 but was 295)
01-02 13:56:41.669 7859 8115 E brqr : at brqw.b(:com.google.android.gms@233414015@23.34.14 (040300-560151436):824)
01-02 13:56:41.669 7859 8115 E brqr : at brqu.g(:com.google.android.gms@233414015@23.34.14 (040300-560151436):3)
01-02 13:56:41.669 7859 8115 E brqr : at brqr.e(:com.google.android.gms@233414015@23.34.14 (040300-560151436):18)
01-02 13:56:41.669 7859 8115 E brqr : at brqr.f(:com.google.android.gms@233414015@23.34.14 (040300-560151436):11)
01-02 13:56:41.669 7859 8115 E brqr : at bavd.eV(:com.google.android.gms@233414015@23.34.14 (040300-560151436):1)
01-02 13:56:41.669 7859 8115 E brqr : at bavj.run(:com.google.android.gms@233414015@23.34.14 (040300-560151436):144)
01-02 13:56:41.669 7859 8115 E brqr : at cznf.run(:com.google.android.gms@233414015@23.34.14 (040300-560151436):13)
01-02 13:56:41.669 7859 8115 E brqr : at ahhy.c(:com.google.android.gms@233414015@23.34.14 (040300-560151436):50)
01-02 13:56:41.669 7859 8115 E brqr : at ahhy.run(:com.google.android.gms@233414015@23.34.14 (040300-560151436):76)
01-02 13:56:41.669 7859 8115 E brqr : at java.util.concurrent.ThreadPoolExecutor.runWorker(ThreadPoolExecutor.java:1133)
01-02 13:56:41.669 7859 8115 E brqr : at java.util.concurrent.ThreadPoolExecutor$Worker.run(ThreadPoolExecutor.java:607)
01-02 13:56:41.669 7859 8115 E brqr : at ahnh.run(:com.google.android.gms@233414015@23.34.14 (040300-560151436):8)
01-02 13:56:41.669 7859 8115 E brqr : at java.lang.Thread.run(Thread.java:761)
01-02 13:56:41.670 7859 8433 E WakeLock: *gms_scheduler*/com.google.android.gms/.auth.account.be.legacy.AuthCronService should be held!
01-02 13:56:41.676 8438 8715 I A : load shared preferences: file not found
01-02 13:56:41.679 8438 8451 I HotwordService: hotwordModelLocation is null false, locale is en-US, re-mapped Chinese locale
01-02 13:56:41.688 7859 8115 W AsyncOperation: operation=CommitToConfigurationOperationCall, opStatusCode=29501 [CONTEXT service_id=51 ]
01-02 13:56:41.688 7859 8115 W AsyncOperation: OperationException[Status{statusCode=Stale snapshot for assistant_auto_tng_libraries_user#com.google.android.googlequicksearchbox(change count changed - expected 296 but was 295), resolution=null}]
01-02 13:56:41.688 7859 8115 W AsyncOperation: at brqr.e(:com.google.android.gms@233414015@23.34.14 (040300-560151436):55)
01-02 13:56:41.688 7859 8115 W AsyncOperation: at brqr.f(:com.google.android.gms@233414015@23.34.14 (040300-560151436):11)
01-02 13:56:41.688 7859 8115 W AsyncOperation: at bavd.eV(:com.google.android.gms@233414015@23.34.14 (040300-560151436):1)
01-02 13:56:41.688 7859 8115 W AsyncOperation: at bavj.run(:com.google.android.gms@233414015@23.34.14 (040300-560151436):144)
01-02 13:56:41.688 7859 8115 W AsyncOperation: at cznf.run(:com.google.android.gms@233414015@23.34.14 (040300-560151436):13)
01-02 13:56:41.688 7859 8115 W AsyncOperation: at ahhy.c(:com.google.android.gms@233414015@23.34.14 (040300-560151436):50)
01-02 13:56:41.688 7859 8115 W AsyncOperation: at ahhy.run(:com.google.android.gms@233414015@23.34.14 (040300-560151436):76)
01-02 13:56:41.688 7859 8115 W AsyncOperation: at java.util.concurrent.ThreadPoolExecutor.runWorker(ThreadPoolExecutor.java:1133)
01-02 13:56:41.688 7859 8115 W AsyncOperation: at java.util.concurrent.ThreadPoolExecutor$Worker.run(ThreadPoolExecutor.java:607)
01-02 13:56:41.688 7859 8115 W AsyncOperation: at ahnh.run(:com.google.android.gms@233414015@23.34.14 (040300-560151436):8)
01-02 13:56:41.688 7859 8115 W AsyncOperation: at java.lang.Thread.run(Thread.java:761)
01-02 13:56:41.696 8146 8156 W art : Suspending all threads took: 28.770ms
01-02 13:56:41.700 8146 8156 I art : Background sticky concurrent mark sweep GC freed 6126(416KB) AllocSpace objects, 7(192KB) LOS objects, 9% free, 7MB/7MB, paused 29.809ms total 55.820ms
01-02 13:56:41.712 8438 8451 I A : Using proto config with mendel
01-02 13:56:41.726 7859 7868 E System : Uncaught exception thrown by finalizer
01-02 13:56:41.726 7859 7868 E System : java.lang.IllegalStateException: Lock wasn't released correctly
01-02 13:56:41.726 7859 7868 E System : at baos.finalize(:com.google.android.gms@233414015@23.34.14 (040300-560151436):12)
01-02 13:56:41.726 7859 7868 E System : at java.lang.Daemons$FinalizerDaemon.doFinalize(Daemons.java:222)
01-02 13:56:41.726 7859 7868 E System : at java.lang.Daemons$FinalizerDaemon.run(Daemons.java:209)
01-02 13:56:41.726 7859 7868 E System : at java.lang.Thread.run(Thread.java:761)
01-02 13:56:41.726 7859 7868 E System : Uncaught exception thrown by finalizer
01-02 13:56:41.727 7859 7868 E System : java.lang.IllegalStateException: Lock wasn't released correctly
01-02 13:56:41.727 7859 7868 E System : at baos.finalize(:com.google.android.gms@233414015@23.34.14 (040300-560151436):12)
01-02 13:56:41.727 7859 7868 E System : at java.lang.Daemons$FinalizerDaemon.doFinalize(Daemons.java:222)
01-02 13:56:41.727 7859 7868 E System : at java.lang.Daemons$FinalizerDaemon.run(Daemons.java:209)
01-02 13:56:41.727 7859 7868 E System : at java.lang.Thread.run(Thread.java:761)
01-02 13:56:41.729 8438 8451 I A : Using proto config with mendel
01-02 13:56:41.730 8146 8306 I Icing : Usage reports ok 1, Failed Usage reports 0, indexed 0, rejected 0
01-02 13:56:41.744 8146 8199 W ProviderHelper: Unknown dynamite feature providerinstaller.dynamite
01-02 13:56:41.744 8146 8199 I DynamiteModule: Considering local module com.google.android.gms.providerinstaller.dynamite:1 and remote module com.google.android.gms.providerinstaller.dynamite:0
01-02 13:56:41.744 8146 8199 I DynamiteModule: Selected local version of com.google.android.gms.providerinstaller.dynamite
01-02 13:56:41.747 8438 8451 I A : Using proto config with mendel
01-02 13:56:41.764 8438 8451 I A : Merging legacy hotword config map with new proto.
01-02 13:56:41.764 7859 8400 E WakeLock: *gms_scheduler*:internal should be held!
01-02 13:56:41.764 8438 8451 I A : Adding from config to map. Locale: cmn-Hant-TW modelPrefix: x_google Location:4e7cae00daee30ec565c34e3aa67a51f isSpeakerIdSupported: true
01-02 13:56:41.765 8438 8451 I A : Adding from config to map. Locale: id-ID modelPrefix: x_google Location:cfffcc1a4c1c084c003c8eb27f73d770 isSpeakerIdSupported: true
01-02 13:56:41.765 8438 8451 I A : Adding from config to map. Locale: ko-KR modelPrefix: x_google Location:0b132163a2eb2c1194b202067475724b isSpeakerIdSupported: true
01-02 13:56:41.766 7859 8400 I NetworkScheduler.Stats: (REDACTED) Task %s/%s finished executing. cause:%s result: %s elapsed_millis: %s uptime_millis: %s exec_start_elapsed_seconds: %s
01-02 13:56:41.773 8146 8306 I Icing : Usage reports ok 0, Failed Usage reports 0, indexed 0, rejected 0
01-02 13:56:41.779 8438 8451 I A : Skipping. Expected model: 2 Found: 1
01-02 13:56:41.780 8438 8451 I A : Adding from config to map. Locale: zh-TW modelPrefix: x_google Location:4e7cae00daee30ec565c34e3aa67a51f isSpeakerIdSupported: true
01-02 13:56:41.801 8146 8306 I Icing : Usage reports ok 0, Failed Usage reports 0, indexed 0, rejected 0
01-02 13:56:41.813 8146 8334 W Conscrypt: Could not set socket write timeout: java.net.SocketException: Socket closed
01-02 13:56:41.813 8146 8334 W Conscrypt: at com.google.android.gms.org.conscrypt.Platform.setSocketWriteTimeout(:com.google.android.gms@233414015@23.34.14 (040300-560151436):226)
01-02 13:56:41.813 8146 8334 W Conscrypt: at com.google.android.gms.org.conscrypt.ConscryptFileDescriptorSocket.setSoWriteTimeout(:com.google.android.gms@233414015@23.34.14 (040300-560151436):4)
01-02 13:56:41.818 8146 8306 I Icing : Usage reports ok 0, Failed Usage reports 0, indexed 0, rejected 0
01-02 13:56:41.853 8146 8306 I Icing : Usage reports ok 0, Failed Usage reports 0, indexed 0, rejected 0
01-02 13:56:41.866 8438 8448 W art : Suspending all threads took: 10.330ms
01-02 13:56:41.879 8146 8306 E WakeLock: Icing should be held!
01-02 13:56:41.892 7859 8433 E WakeLock: *gms_scheduler*:internal should be held!
01-02 13:56:41.918 8438 8448 I art : Background sticky concurrent mark sweep GC freed 28030(2MB) AllocSpace objects, 2(1240KB) LOS objects, 17% free, 16MB/19MB, paused 15.136ms total 162.105ms
01-02 13:56:41.938 7859 8433 E WakeLock: *gms_scheduler*:internal should be held!
01-02 13:56:41.995 8438 8448 W art : Suspending all threads took: 8.636ms
01-02 13:56:42.001 8438 8448 I art : Background sticky concurrent mark sweep GC freed 2795(222KB) AllocSpace objects, 0(0B) LOS objects, 17% free, 15MB/19MB, paused 12.514ms total 78.652ms
01-02 13:56:42.041 8438 8570 I OpaEligibilityChecker: send OpaEligibilityChange broadcast to CommonBroadcastReceiver
01-02 13:56:42.081 8438 8570 I OpaEligibilityChecker: Clock app not installed.
01-02 13:56:42.086 8438 8570 I OpaEligibilityChecker: Clock app not installed.
01-02 13:56:42.114 8438 8588 I FirebaseApp: Device unlocked: initializing all Firebase APIs for app [DEFAULT]
01-02 13:56:42.323 8002 8512 V ClearcutMetricXmitter: Transmission is done.
01-02 13:56:42.332 8438 8588 I FedAssExpListener: Successfully processed experiments changed.
01-02 13:56:42.333 8438 8588 I A : NGA disabled due to not being eligible.
01-02 13:56:42.342 8438 8719 I DynamiteModule: Considering local module com.google.android.gms.measurement.dynamite:74 and remote module com.google.android.gms.measurement.dynamite:93
01-02 13:56:42.342 8438 8719 I DynamiteModule: Selected remote version of com.google.android.gms.measurement.dynamite, version >= 93
01-02 13:56:42.342 8438 8719 V DynamiteModule: Dynamite loader version >= 2, using loadModule2NoCrashUtils
01-02 13:56:42.352 8438 8719 W System : ClassLoader referenced unknown path:
01-02 13:56:42.353 8438 8719 D ApplicationLoaders: ignored Vulkan layer search path /data/app/com.google.android.gms-1/lib/arm:/data/app/com.google.android.gms-1/base.apk!/lib/armeabi-v7a:/data/app/com.google.android.gms-1/split_config.en.apk!/lib/armeabi-v7a:/data/app/com.google.android.gms-1/split_config.mdpi.apk!/lib/armeabi-v7a for namespace 0xaed88090
01-02 13:56:42.362 8438 8719 W ResourceType: ResTable_typeSpec entry count inconsistent: given 88, previously 90
01-02 13:56:42.362 8438 8719 W ResourceType: ResTable_typeSpec entry count inconsistent: given 168, previously 172
01-02 13:56:42.362 8438 8719 W ResourceType: ResTable_typeSpec entry count inconsistent: given 3481, previously 3501
01-02 13:56:42.386 8438 8719 W System : ClassLoader referenced unknown path: /data/user_de/0/com.google.android.gms/app_chimera/m/000002a1/n/armeabi-v7a
01-02 13:56:42.386 8438 8719 W System : ClassLoader referenced unknown path: /data/user_de/0/com.google.android.gms/app_chimera/m/000002a1/n/armeabi
01-02 13:56:42.387 8438 8588 I A : Nga state changed to NgaStateDetails{state=DISABLED, isSpecialExperience=false}
01-02 13:56:42.396 8146 8199 W ProviderHelper: Unknown dynamite feature providerinstaller.dynamite
01-02 13:56:42.397 8146 8199 I DynamiteModule: Considering local module com.google.android.gms.providerinstaller.dynamite:1 and remote module com.google.android.gms.providerinstaller.dynamite:0
01-02 13:56:42.397 8146 8199 I DynamiteModule: Selected local version of com.google.android.gms.providerinstaller.dynamite
01-02 13:56:42.469 7859 8186 E brqr : Phenotype API error. Event # dwkw@6f03a9b8, EventCode: 5 [CONTEXT service_id=51 ]
01-02 13:56:42.469 7859 8186 E brqr : brph: 29501: Stale snapshot for assistant_auto_tng_libraries_user#com.google.android.googlequicksearchbox(change count changed - expected 296 but was 295)
01-02 13:56:42.469 7859 8186 E brqr : at brqw.b(:com.google.android.gms@233414015@23.34.14 (040300-560151436):824)
01-02 13:56:42.469 7859 8186 E brqr : at brqu.g(:com.google.android.gms@233414015@23.34.14 (040300-560151436):3)
01-02 13:56:42.469 7859 8186 E brqr : at brqr.e(:com.google.android.gms@233414015@23.34.14 (040300-560151436):18)
01-02 13:56:42.469 7859 8186 E brqr : at brqr.f(:com.google.android.gms@233414015@23.34.14 (040300-560151436):11)
01-02 13:56:42.469 7859 8186 E brqr : at bavd.eV(:com.google.android.gms@233414015@23.34.14 (040300-560151436):1)
01-02 13:56:42.469 7859 8186 E brqr : at bavj.run(:com.google.android.gms@233414015@23.34.14 (040300-560151436):144)
01-02 13:56:42.469 7859 8186 E brqr : at cznf.run(:com.google.android.gms@233414015@23.34.14 (040300-560151436):13)
01-02 13:56:42.469 7859 8186 E brqr : at ahhy.c(:com.google.android.gms@233414015@23.34.14 (040300-560151436):50)
01-02 13:56:42.469 7859 8186 E brqr : at ahhy.run(:com.google.android.gms@233414015@23.34.14 (040300-560151436):76)
01-02 13:56:42.469 7859 8186 E brqr : at java.util.concurrent.ThreadPoolExecutor.runWorker(ThreadPoolExecutor.java:1133)
01-02 13:56:42.469 7859 8186 E brqr : at java.util.concurrent.ThreadPoolExecutor$Worker.run(ThreadPoolExecutor.java:607)
01-02 13:56:42.469 7859 8186 E brqr : at ahnh.run(:com.google.android.gms@233414015@23.34.14 (040300-560151436):8)
01-02 13:56:42.469 7859 8186 E brqr : at java.lang.Thread.run(Thread.java:761)
01-02 13:56:42.479 7859 8186 W AsyncOperation: operation=CommitToConfigurationOperationCall, opStatusCode=29501 [CONTEXT service_id=51 ]
01-02 13:56:42.479 7859 8186 W AsyncOperation: OperationException[Status{statusCode=Stale snapshot for assistant_auto_tng_libraries_user#com.google.android.googlequicksearchbox(change count changed - expected 296 but was 295), resolution=null}]
01-02 13:56:42.479 7859 8186 W AsyncOperation: at brqr.e(:com.google.android.gms@233414015@23.34.14 (040300-560151436):55)
01-02 13:56:42.479 7859 8186 W AsyncOperation: at brqr.f(:com.google.android.gms@233414015@23.34.14 (040300-560151436):11)
01-02 13:56:42.479 7859 8186 W AsyncOperation: at bavd.eV(:com.google.android.gms@233414015@23.34.14 (040300-560151436):1)
01-02 13:56:42.479 7859 8186 W AsyncOperation: at bavj.run(:com.google.android.gms@233414015@23.34.14 (040300-560151436):144)
01-02 13:56:42.479 7859 8186 W AsyncOperation: at cznf.run(:com.google.android.gms@233414015@23.34.14 (040300-560151436):13)
01-02 13:56:42.479 7859 8186 W AsyncOperation: at ahhy.c(:com.google.android.gms@233414015@23.34.14 (040300-560151436):50)
01-02 13:56:42.479 7859 8186 W AsyncOperation: at ahhy.run(:com.google.android.gms@233414015@23.34.14 (040300-560151436):76)
01-02 13:56:42.479 7859 8186 W AsyncOperation: at java.util.concurrent.ThreadPoolExecutor.runWorker(ThreadPoolExecutor.java:1133)
01-02 13:56:42.479 7859 8186 W AsyncOperation: at java.util.concurrent.ThreadPoolExecutor$Worker.run(ThreadPoolExecutor.java:607)
01-02 13:56:42.479 7859 8186 W AsyncOperation: at ahnh.run(:com.google.android.gms@233414015@23.34.14 (040300-560151436):8)
01-02 13:56:42.479 7859 8186 W AsyncOperation: at java.lang.Thread.run(Thread.java:761)
01-02 13:56:42.559 8146 8199 W ProviderHelper: Unknown dynamite feature providerinstaller.dynamite
01-02 13:56:42.560 8146 8199 I DynamiteModule: Considering local module com.google.android.gms.providerinstaller.dynamite:1 and remote module com.google.android.gms.providerinstaller.dynamite:0
01-02 13:56:42.560 8146 8199 I DynamiteModule: Selected local version of com.google.android.gms.providerinstaller.dynamite
01-02 13:56:42.646 8438 8448 I art : Background partial concurrent mark sweep GC freed 34481(2MB) AllocSpace objects, 8(1360KB) LOS objects, 40% free, 16MB/26MB, paused 7.388ms total 182.507ms
01-02 13:56:42.708 8146 8226 I Authzen : [DeviceStateSyncManager] The server is in sync with current state. Nothing to do
01-02 13:56:42.747 8146 8199 W ProviderHelper: Unknown dynamite feature providerinstaller.dynamite
01-02 13:56:42.747 8146 8199 I DynamiteModule: Considering local module com.google.android.gms.providerinstaller.dynamite:1 and remote module com.google.android.gms.providerinstaller.dynamite:0
01-02 13:56:42.747 8146 8199 I DynamiteModule: Selected local version of com.google.android.gms.providerinstaller.dynamite
01-02 13:56:42.750 7859 7865 I art : Do partial code cache collection, code=204KB, data=236KB
01-02 13:56:42.758 7859 7865 I art : After code cache collection, code=204KB, data=235KB
01-02 13:56:42.758 7859 7865 I art : Increasing code cache capacity to 1024KB
01-02 13:56:42.783 8146 8199 W ProviderHelper: Unknown dynamite feature providerinstaller.dynamite
01-02 13:56:42.783 8146 8199 I DynamiteModule: Considering local module com.google.android.gms.providerinstaller.dynamite:1 and remote module com.google.android.gms.providerinstaller.dynamite:0
01-02 13:56:42.783 8146 8199 I DynamiteModule: Selected local version of com.google.android.gms.providerinstaller.dynamite
01-02 13:56:42.811 8438 8572 I FedAssSettingsBuildType: BuildType: Release
01-02 13:56:42.812 8438 8572 I A : getFlSettingEnabledWithSettingsToggle: false
01-02 13:56:42.834 8146 8199 W ProviderHelper: Unknown dynamite feature providerinstaller.dynamite
01-02 13:56:42.834 8146 8199 I DynamiteModule: Considering local module com.google.android.gms.providerinstaller.dynamite:1 and remote module com.google.android.gms.providerinstaller.dynamite:0
01-02 13:56:42.835 8146 8199 I DynamiteModule: Selected local version of com.google.android.gms.providerinstaller.dynamite
01-02 13:56:42.851 8438 8451 I A : Using proto config with mendel
01-02 13:56:42.854 8438 8451 I A : Using proto config with mendel
01-02 13:56:42.858 8438 8451 I A : Using proto config with mendel
01-02 13:56:42.859 8438 8451 I A : Merging legacy hotword config map with new proto.
01-02 13:56:42.861 8438 8451 I A : Adding from config to map. Locale: cmn-Hant-TW modelPrefix: x_google Location:4e7cae00daee30ec565c34e3aa67a51f isSpeakerIdSupported: true
01-02 13:56:42.894 8438 8451 I A : Adding from config to map. Locale: id-ID modelPrefix: x_google Location:cfffcc1a4c1c084c003c8eb27f73d770 isSpeakerIdSupported: true
01-02 13:56:42.895 8438 8451 I A : Adding from config to map. Locale: ko-KR modelPrefix: x_google Location:0b132163a2eb2c1194b202067475724b isSpeakerIdSupported: true
01-02 13:56:42.895 8438 8451 I A : Skipping. Expected model: 2 Found: 1
01-02 13:56:42.896 8438 8451 I A : Adding from config to map. Locale: zh-TW modelPrefix: x_google Location:4e7cae00daee30ec565c34e3aa67a51f isSpeakerIdSupported: true
01-02 13:56:42.951 8002 8478 I MicroModelsUtil: #getHotwordModelFromMobstore [mobstoreUri: android://com.google.android.googlequicksearchbox/files/datadownload/shared/public/datadownloadfile_1625907316418]
01-02 13:56:43.020 8002 8478 I GsaVoiceInteractionSrv: hotwordModel is null : false
01-02 13:56:43.037 8002 8478 I BistoHotwordHelper: getHotwordActive::active query: null, watch: false, devices connected: []
01-02 13:56:43.043 8146 8199 W ProviderHelper: Unknown dynamite feature providerinstaller.dynamite
01-02 13:56:43.043 8146 8199 I DynamiteModule: Considering local module com.google.android.gms.providerinstaller.dynamite:1 and remote module com.google.android.gms.providerinstaller.dynamite:0
01-02 13:56:43.043 8146 8199 I DynamiteModule: Selected local version of com.google.android.gms.providerinstaller.dynamite
01-02 13:56:43.073 8438 8725 I FA : App measurement initialized, version: 80076
01-02 13:56:43.073 8438 8725 I FA : To enable debug logging run: adb shell setprop log.tag.FA VERBOSE
01-02 13:56:43.073 8438 8725 I FA : To enable faster debug mode event logging run:
01-02 13:56:43.073 8438 8725 I FA : adb shell setprop debug.firebase.analytics.app com.google.android.googlequicksearchbox
01-02 13:56:43.096 8146 8199 W ProviderHelper: Unknown dynamite feature providerinstaller.dynamite
01-02 13:56:43.097 8146 8199 I DynamiteModule: Considering local module com.google.android.gms.providerinstaller.dynamite:1 and remote module com.google.android.gms.providerinstaller.dynamite:0
01-02 13:56:43.097 8146 8199 I DynamiteModule: Selected local version of com.google.android.gms.providerinstaller.dynamite
01-02 13:56:43.101 8002 8478 E HwDetectorWithState: a: 3
01-02 13:56:43.102 8002 8478 I GsaVoiceInteractionSrv: #checkDspStatus
01-02 13:56:43.112 8002 8478 I BistoHotwordHelper: setting speaker id present: false
01-02 13:56:43.113 8002 8478 I BistoHotwordHelper: setting hotword model of size: 632970 bytes
01-02 13:56:43.113 8002 8478 I BistoHotwordHelper: setting modeltype: X Google
01-02 13:56:43.119 8002 8002 I GsaVoiceInteractionSrv: Creating AOHD: Keyphrase - X Google, Locale - en-US/en-US
01-02 13:56:43.127 8002 8478 I BistoHotwordHelper: setHotwordVoiceLocale: prev: null, new: en-US
01-02 13:56:43.251 8002 8002 W KeyphraseEnrollmentInfo: No Enrollment application supports the given keyphrase/locale
01-02 13:56:43.268 8002 8002 I GsaVoiceInteractionSrv: onAvailabilityChanged -2
01-02 13:56:43.269 8146 8199 W PackageParser: Unknown element under : queries at /data/user_de/0/com.google.android.gms/app_chimera/m/000002a2/dl-AdsFdrDynamite.integ_233012802000000.apk Binary XML file line #15
01-02 13:56:43.278 7859 7870 I art : Background sticky concurrent mark sweep GC freed 22907(1113KB) AllocSpace objects, 0(0B) LOS objects, 11% free, 11MB/12MB, paused 5.252ms total 43.615ms
01-02 13:56:43.279 7859 7868 E System : Uncaught exception thrown by finalizer
01-02 13:56:43.279 7859 7868 E System : java.lang.IllegalStateException: Lock wasn't released correctly
01-02 13:56:43.279 7859 7868 E System : at baos.finalize(:com.google.android.gms@233414015@23.34.14 (040300-560151436):12)
01-02 13:56:43.279 7859 7868 E System : at java.lang.Daemons$FinalizerDaemon.doFinalize(Daemons.java:222)
01-02 13:56:43.279 7859 7868 E System : at java.lang.Daemons$FinalizerDaemon.run(Daemons.java:209)
01-02 13:56:43.279 7859 7868 E System : at java.lang.Thread.run(Thread.java:761)
01-02 13:56:43.283 8146 8199 W ProviderHelper: Unknown dynamite feature providerinstaller.dynamite
01-02 13:56:43.284 8146 8199 I DynamiteModule: Considering local module com.google.android.gms.providerinstaller.dynamite:1 and remote module com.google.android.gms.providerinstaller.dynamite:0
01-02 13:56:43.284 8146 8199 I DynamiteModule: Selected local version of com.google.android.gms.providerinstaller.dynamite
01-02 13:56:43.330 8146 8199 W ProviderHelper: Unknown dynamite feature providerinstaller.dynamite
01-02 13:56:43.330 8146 8199 I DynamiteModule: Considering local module com.google.android.gms.providerinstaller.dynamite:1 and remote module com.google.android.gms.providerinstaller.dynamite:0
01-02 13:56:43.330 8146 8199 I DynamiteModule: Selected local version of com.google.android.gms.providerinstaller.dynamite
01-02 13:56:43.402 8146 8199 W ProviderHelper: Unknown dynamite feature providerinstaller.dynamite
01-02 13:56:43.403 8146 8199 I DynamiteModule: Considering local module com.google.android.gms.providerinstaller.dynamite:1 and remote module com.google.android.gms.providerinstaller.dynamite:0
01-02 13:56:43.403 8146 8199 I DynamiteModule: Selected local version of com.google.android.gms.providerinstaller.dynamite
01-02 13:56:43.449 8146 8146 D BoundBrokerSvc: onBind: Intent { act=com.google.android.gms.measurement.START pkg=com.google.android.gms }
01-02 13:56:43.449 8146 8146 D BoundBrokerSvc: Loading bound service for intent: Intent { act=com.google.android.gms.measurement.START pkg=com.google.android.gms }
01-02 13:56:43.505 8146 8199 W ProviderHelper: Unknown dynamite feature providerinstaller.dynamite
01-02 13:56:43.506 8146 8199 I DynamiteModule: Considering local module com.google.android.gms.providerinstaller.dynamite:1 and remote module com.google.android.gms.providerinstaller.dynamite:0
01-02 13:56:43.506 8146 8199 I DynamiteModule: Selected local version of com.google.android.gms.providerinstaller.dynamite
01-02 13:56:43.534 8146 8199 W PackageParser: Unknown element under : queries at /data/user_de/0/com.google.android.gms/app_chimera/m/0000029e/DynamiteModulesC.apk Binary XML file line #15
01-02 13:56:43.536 8146 8199 W ProviderHelper: Unknown dynamite feature providerinstaller.dynamite
01-02 13:56:43.536 8146 8199 I DynamiteModule: Considering local module com.google.android.gms.providerinstaller.dynamite:1 and remote module com.google.android.gms.providerinstaller.dynamite:0
01-02 13:56:43.537 8146 8199 I DynamiteModule: Selected local version of com.google.android.gms.providerinstaller.dynamite
01-02 13:56:43.565 8146 8199 W ProviderHelper: Unknown dynamite feature providerinstaller.dynamite
01-02 13:56:43.566 8146 8199 I DynamiteModule: Considering local module com.google.android.gms.providerinstaller.dynamite:1 and remote module com.google.android.gms.providerinstaller.dynamite:0
01-02 13:56:43.566 8146 8199 I DynamiteModule: Selected local version of com.google.android.gms.providerinstaller.dynamite
01-02 13:56:43.603 8146 8199 W ProviderHelper: Unknown dynamite feature providerinstaller.dynamite
01-02 13:56:43.603 8146 8199 I DynamiteModule: Considering local module com.google.android.gms.providerinstaller.dynamite:1 and remote module com.google.android.gms.providerinstaller.dynamite:0
01-02 13:56:43.603 8146 8199 I DynamiteModule: Selected local version of com.google.android.gms.providerinstaller.dynamite
01-02 13:56:43.649 8146 8199 W ProviderHelper: Unknown dynamite feature providerinstaller.dynamite
01-02 13:56:43.650 8146 8199 I DynamiteModule: Considering local module com.google.android.gms.providerinstaller.dynamite:1 and remote module com.google.android.gms.providerinstaller.dynamite:0
01-02 13:56:43.650 8146 8199 I DynamiteModule: Selected local version of com.google.android.gms.providerinstaller.dynamite
01-02 13:56:43.659 8146 8199 W PackageParser: Unknown element under : queries at /data/user_de/0/com.google.android.gms/app_chimera/m/0000026c/dl-AdsFdrDynamite.integ_232400000000000.apk Binary XML file line #15
01-02 13:56:43.661 8146 8199 W ProviderHelper: Unknown dynamite feature providerinstaller.dynamite
01-02 13:56:43.661 8146 8199 I DynamiteModule: Considering local module com.google.android.gms.providerinstaller.dynamite:1 and remote module com.google.android.gms.providerinstaller.dynamite:0
01-02 13:56:43.661 8146 8199 I DynamiteModule: Selected local version of com.google.android.gms.providerinstaller.dynamite
01-02 13:56:43.686 8146 8199 W ProviderHelper: Unknown dynamite feature providerinstaller.dynamite
01-02 13:56:43.687 8146 8199 I DynamiteModule: Considering local module com.google.android.gms.providerinstaller.dynamite:1 and remote module com.google.android.gms.providerinstaller.dynamite:0
01-02 13:56:43.687 8146 8199 I DynamiteModule: Selected local version of com.google.android.gms.providerinstaller.dynamite
01-02 13:56:43.924 8146 8199 W ProviderHelper: Unknown dynamite feature providerinstaller.dynamite
01-02 13:56:43.924 8146 8199 I DynamiteModule: Considering local module com.google.android.gms.providerinstaller.dynamite:1 and remote module com.google.android.gms.providerinstaller.dynamite:0
01-02 13:56:43.924 8146 8199 I DynamiteModule: Selected local version of com.google.android.gms.providerinstaller.dynamite
01-02 13:56:43.961 8146 8199 W ProviderHelper: Unknown dynamite feature providerinstaller.dynamite
01-02 13:56:43.961 8146 8199 I DynamiteModule: Considering local module com.google.android.gms.providerinstaller.dynamite:1 and remote module com.google.android.gms.providerinstaller.dynamite:0
01-02 13:56:43.961 8146 8199 I DynamiteModule: Selected local version of com.google.android.gms.providerinstaller.dynamite
01-02 13:56:43.975 8438 8443 I art : Do full code cache collection, code=189KB, data=236KB
01-02 13:56:43.991 8438 8443 I art : Starting a blocking GC JitCodeCache
01-02 13:56:43.991 8438 8443 I art : After code cache collection, code=186KB, data=161KB
01-02 13:56:44.011 8146 8199 W ProviderHelper: Unknown dynamite feature providerinstaller.dynamite
01-02 13:56:44.011 8146 8199 I DynamiteModule: Considering local module com.google.android.gms.providerinstaller.dynamite:1 and remote module com.google.android.gms.providerinstaller.dynamite:0
01-02 13:56:44.011 8146 8199 I DynamiteModule: Selected local version of com.google.android.gms.providerinstaller.dynamite
01-02 13:56:44.054 8146 8199 I GmsModuleFndr: Beginning GMS chimera module scan
01-02 13:56:44.074 8146 8199 I ModuleSetMgr: Computing pending module set with APKs: [[AdsFdrDynamite.integ:232400000000000], [AdsFdrDynamite.integ:233012802000000], [Fastpair.optional:233414040000], [Fastpair.optional:233614040000], [Games.optional:233414000000], [Games.optional:233614000000], [MapsCoreDynamite.integ:233012100020300], [MapsCoreDynamite.integ:233012102020300], [MlkitOcrCommon.optional:233414000300], [MlkitOcrCommon.optional:233614000300], [Pay.optional:233414040300], [Pay.optional:233614040300], [TfliteDynamiteDynamite.integ:231810005000300], [VisionBarcode.optional:233414000300], [VisionBarcode.optional:233614000300], [VisionOcr.optional:233414000000], [VisionOcr.optional:233614000000], [Cronetdynamite:233414040300], [Dynamiteloader:233414040000], [Dynamitemodulesa:233414040000], [Dynamitemodulesc:233414040000], [Googlecertificates:233414040000], [Mapsdynamite:233414040000], [Measurementdynamite:233414040000]]
01-02 13:56:44.101 8146 8199 I ModuleSetMgr: Download of container feature ambient_context is disabled.
01-02 13:56:44.101 8146 8199 I ModuleSetMgr: Download of container feature antifingerprinting is disabled.
01-02 13:56:44.102 8146 8199 I ModuleSetMgr: Download of container feature appsearch_dynamite_impl is disabled.
01-02 13:56:44.102 8146 8199 I ModuleSetMgr: Download of container feature brella_dynamite is disabled.
01-02 13:56:44.102 8146 8199 I ModuleSetMgr: Download of container feature cameraconnectivity_impl is disabled.
01-02 13:56:44.102 8146 8199 I ModuleSetMgr: Download of container feature easyunlock is disabled.
01-02 13:56:44.114 8146 8199 I ModuleSetMgr: Download of container feature fast_pair is disabled.
01-02 13:56:44.114 8146 8199 I ModuleSetMgr: Download of container feature games is disabled.
01-02 13:56:44.114 8146 8199 I ModuleSetMgr: Download of container feature tflite_dynamite is disabled.
01-02 13:56:44.114 8146 8199 I ModuleSetMgr: Download of container feature magictether is disabled.
01-02 13:56:44.114 8146 8199 I ModuleSetMgr: Download of container feature maps_core is disabled.
01-02 13:56:44.115 8146 8199 I ModuleSetMgr: Download of container feature pay is disabled.
01-02 13:56:44.115 8146 8199 I ModuleSetMgr: Download of container feature mlkit.docscan.crop is disabled.
01-02 13:56:44.115 8146 8199 I ModuleSetMgr: Download of container feature mlkit.docscan.enhance is disabled.
01-02 13:56:44.115 8146 8199 I ModuleSetMgr: Download of container feature mlkit.segmentation.subject is disabled.
01-02 13:56:44.115 8146 8199 I ModuleSetMgr: Download of container feature photopicker_activity is disabled.
01-02 13:56:44.115 8146 8199 I ModuleSetMgr: Download of container feature semanticlocation_debug is disabled.
01-02 13:56:44.115 8146 8199 I ModuleSetMgr: Download of container feature userstatus_impl is disabled.
01-02 13:56:44.116 8146 8199 I ModuleSetMgr: Download of container feature vision.face is disabled.
01-02 13:56:44.116 8146 8199 I ModuleSetMgr: Download of container feature vision.ica is disabled.
01-02 13:56:44.130 8146 8146 D BoundBrokerSvc: onUnbind: Intent { act=com.google.android.gms.auth.cryptauth.cryptauthservice.START dat=chimera-action: cmp=com.google.android.gms/.chimera.GmsBoundBrokerService }
01-02 13:56:44.134 8146 8199 I ModuleSetMgr: Download of container feature kids_dashboard is disabled.
01-02 13:56:44.134 8146 8199 I ModuleSetMgr: Download of container feature kids_get_parent_verification_intent is disabled.
01-02 13:56:44.134 8146 8199 I ModuleSetMgr: Download of container feature kids_screentime_restriction_callback is disabled.
01-02 13:56:44.134 8146 8199 I ModuleSetMgr: Download of container feature kids_transparency is disabled.
01-02 13:56:44.603 8146 8199 I ModuleSetMgr: Download of container feature payse is disabled.
01-02 13:56:44.605 8146 8199 I ModuleSetMgr: Pending container module APKs: [[Fastpair.optional:233414040000], [Games.optional:233414000000], [MapsCoreDynamite.integ:233012100020300], [MlkitOcrCommon.optional:233414000300], [Pay.optional:233414040300], [VisionBarcode.optional:233414000300], [VisionOcr.optional:233414000000]]
01-02 13:56:44.605 8146 8199 I ModuleSetMgr: Pending non-container module APKs: [[TfliteDynamiteDynamite.integ:231810005000300], [AdsFdrDynamite.integ:233012802000000]]
01-02 13:56:44.697 8146 8199 W PackageParser: Unknown element under : queries at /data/user_de/0/com.google.android.gms/app_chimera/m/0000026c/dl-AdsFdrDynamite.integ_232400000000000.apk Binary XML file line #15
01-02 13:56:44.738 8146 8199 W PackageParser: Unknown element under : queries at /data/user_de/0/com.google.android.gms/app_chimera/m/0000029e/DynamiteModulesC.apk Binary XML file line #15
01-02 13:56:44.778 8146 8199 W PackageParser: Unknown element under : queries at /data/user_de/0/com.google.android.gms/app_chimera/m/000002a2/dl-AdsFdrDynamite.integ_233012802000000.apk Binary XML file line #15
01-02 13:56:44.885 8146 8151 I art : Do partial code cache collection, code=242KB, data=244KB
01-02 13:56:44.886 8146 8151 I art : After code cache collection, code=241KB, data=244KB
01-02 13:56:44.886 8146 8151 I art : Increasing code cache capacity to 1024KB
01-02 13:56:44.889 8146 8151 I art : Compiler allocated 4MB to compile boolean kry.z(kyd, krw, java.util.Set, lcn, boolean, kvm, java.util.Map)
01-02 13:56:44.985 7859 7859 D BoundBrokerSvc: onUnbind: Intent { act=com.google.android.gms.libs.gmscorelogger.service.START dat=chimera-action: cmp=com.google.android.gms/.chimera.PersistentDirectBootAwareApiService }
01-02 13:56:45.232 8438 8443 I art : Do partial code cache collection, code=251KB, data=224KB
01-02 13:56:45.253 8438 8443 I art : After code cache collection, code=221KB, data=206KB
01-02 13:56:45.253 8438 8443 I art : Increasing code cache capacity to 1024KB
01-02 13:56:45.411 8438 8611 W NamedFutures: Timeout future task has been cancelled: 9000 milliseconds
01-02 13:56:45.433 8438 8611 E A : SearchServiceStarter.processGenericClientEventInBackground() failed
01-02 13:56:45.433 8438 8611 E A : java.util.concurrent.CancellationException: Task was cancelled.
01-02 13:56:45.433 8438 8611 E A : at com.google.common.util.concurrent.d.s(PG:3)
01-02 13:56:45.433 8438 8611 E A : at com.google.common.util.concurrent.d.get(PG:4)
01-02 13:56:45.433 8438 8611 E A : at com.google.common.util.concurrent.ec.a(PG:1)
01-02 13:56:45.433 8438 8611 E A : at com.google.common.util.concurrent.ci.r(PG:2)
01-02 13:56:45.433 8438 8611 E A : at com.google.common.util.concurrent.cb.run(PG:4)
01-02 13:56:45.433 8438 8611 E A : at java.util.concurrent.Executors$RunnableAdapter.call(Executors.java:428)
01-02 13:56:45.433 8438 8611 E A : at java.util.concurrent.FutureTask.run(FutureTask.java:237)
01-02 13:56:45.433 8438 8611 E A : at com.google.android.libraries.i.ae.run(PG:1)
01-02 13:56:45.433 8438 8611 E A : at com.google.android.libraries.i.am.run(PG:23)
01-02 13:56:45.433 8438 8611 E A : at com.google.android.libraries.i.k.run(PG:2)
01-02 13:56:45.433 8438 8611 E A : at com.google.android.libraries.i.p.run(PG:4)
01-02 13:56:45.433 8438 8611 E A : at java.lang.Thread.run(Thread.java:761)
01-02 13:56:45.913 8438 8739 V ClearcutMetricXmitter: Transmission is done.
01-02 13:56:45.923 8438 8739 V ClearcutMetricXmitter: Transmission is done.
01-02 13:56:46.031 7859 7868 E System : Uncaught exception thrown by finalizer
01-02 13:56:46.031 7859 7868 E System : java.lang.IllegalStateException: Lock wasn't released correctly
01-02 13:56:46.031 7859 7868 E System : at baos.finalize(:com.google.android.gms@233414015@23.34.14 (040300-560151436):12)
01-02 13:56:46.031 7859 7868 E System : at java.lang.Daemons$FinalizerDaemon.doFinalize(Daemons.java:222)
01-02 13:56:46.031 7859 7868 E System : at java.lang.Daemons$FinalizerDaemon.run(Daemons.java:209)
01-02 13:56:46.031 7859 7868 E System : at java.lang.Thread.run(Thread.java:761)
01-02 13:56:46.037 7859 7868 E System : Uncaught exception thrown by finalizer
01-02 13:56:46.037 7859 7868 E System : java.lang.IllegalStateException: Lock wasn't released correctly
01-02 13:56:46.037 7859 7868 E System : at baos.finalize(:com.google.android.gms@233414015@23.34.14 (040300-560151436):12)
01-02 13:56:46.037 7859 7868 E System : at java.lang.Daemons$FinalizerDaemon.doFinalize(Daemons.java:222)
01-02 13:56:46.037 7859 7868 E System : at java.lang.Daemons$FinalizerDaemon.run(Daemons.java:209)
01-02 13:56:46.037 7859 7868 E System : at java.lang.Thread.run(Thread.java:761)
01-02 13:56:46.038 7859 7868 E System : Uncaught exception thrown by finalizer
01-02 13:56:46.038 7859 7868 E System : java.lang.IllegalStateException: Lock wasn't released correctly
01-02 13:56:46.038 7859 7868 E System : at baos.finalize(:com.google.android.gms@233414015@23.34.14 (040300-560151436):12)
01-02 13:56:46.038 7859 7868 E System : at java.lang.Daemons$FinalizerDaemon.doFinalize(Daemons.java:222)
01-02 13:56:46.038 7859 7868 E System : at java.lang.Daemons$FinalizerDaemon.run(Daemons.java:209)
01-02 13:56:46.038 7859 7868 E System : at java.lang.Thread.run(Thread.java:761)
01-02 13:56:46.038 7859 7868 E System : Uncaught exception thrown by finalizer
01-02 13:56:46.039 7859 7868 E System : java.lang.IllegalStateException: Lock wasn't released correctly
01-02 13:56:46.039 7859 7868 E System : at baos.finalize(:com.google.android.gms@233414015@23.34.14 (040300-560151436):12)
01-02 13:56:46.039 7859 7868 E System : at java.lang.Daemons$FinalizerDaemon.doFinalize(Daemons.java:222)
01-02 13:56:46.039 7859 7868 E System : at java.lang.Daemons$FinalizerDaemon.run(Daemons.java:209)
01-02 13:56:46.039 7859 7868 E System : at java.lang.Thread.run(Thread.java:761)
01-02 13:56:46.039 7859 7868 E System : Uncaught exception thrown by finalizer
