01-02 13:57:17.407 9115 9127 W gmp : (Possibly expected) - Error changing state for com.google.android.apps.docs.editors.kix.conversion.KixOnlineImportActivity
01-02 13:57:17.427 9115 9127 W gmp : (Possibly expected) - Error changing state for com.google.android.apps.docs.editors.ritz.conversion.RitzOnlineImportActivity
01-02 13:57:17.428 9115 9127 W gmp : (Possibly expected) - Error changing state for com.google.android.apps.docs.editors.ritz.conversion.RitzOnlineImportActivity
01-02 13:57:17.442 9115 9127 W gmp : (Possibly expected) - Error changing state for com.google.android.apps.docs.editors.punch.conversion.PunchOnlineImportActivity
01-02 13:57:17.442 9115 9127 W gmp : (Possibly expected) - Error changing state for com.google.android.apps.docs.editors.punch.conversion.PunchOnlineImportActivity
01-02 13:57:17.446 9277 9277 W art : Before Android 4.1, method int j$.util.concurrent.ThreadLocalRandom.internalNextInt(int, int) would have incorrectly overridden the package-private method in java.util.Random
01-02 13:57:17.463 8794 8837 I MediaCodec: callingProcessName:com.ipos.controllerorder
01-02 13:57:17.464 7378 7411 I MediaPlayerService: MediaPlayerService::getOMX
01-02 13:57:17.464 8794 9300 I OMXClient: MuxOMX ctor
01-02 13:57:17.465 8794 9300 I ACodec : onAllocateComponent:6752 mSoftCodecPref:0 componentName:
01-02 13:57:17.465 8794 9300 I ACodec : onAllocateComponent:6783 mSoftCodecPref:0 componentName:OMX.google.mp3.decoder
01-02 13:57:17.466 30005 7952 I OMXMaster: makeComponentInstance(OMX.google.mp3.decoder) in mediacodec process
01-02 13:57:17.570 8936 8946 W art : Suspending all threads took: 243.379ms
01-02 13:57:17.577 8936 9056 I Finsky : [159] jgg.run(27): Initializing the instant apps module.
01-02 13:57:17.602 8438 8448 W art : Suspending all threads took: 46.099ms
01-02 13:57:17.701 9199 9209 W art : Suspending all threads took: 22.011ms
01-02 13:57:17.720 8936 9048 W art : Verification of java.lang.Object ths.apply(java.lang.Object) took 399.318ms
01-02 13:57:17.794 8794 8837 I MediaCodec: callingProcessName:com.ipos.controllerorder
01-02 13:57:17.794 7378 7411 I MediaPlayerService: MediaPlayerService::getOMX
01-02 13:57:17.795 8794 9304 I OMXClient: MuxOMX ctor
01-02 13:57:17.795 8794 9304 I ACodec : onAllocateComponent:6752 mSoftCodecPref:0 componentName:
01-02 13:57:17.795 8794 9304 I ACodec : onAllocateComponent:6783 mSoftCodecPref:0 componentName:OMX.google.mp3.decoder
01-02 13:57:17.796 30005 7952 I OMXMaster: makeComponentInstance(OMX.google.mp3.decoder) in mediacodec process
01-02 13:57:17.901 9115 9184 W art : Verification of java.lang.Object ltv.b(java.lang.Object) took 138.414ms
01-02 13:57:18.024 8936 9056 W art : Verification of javax.crypto.Mac sg.f(android.hardware.biometrics.BiometricPrompt$CryptoObject) took 146.290ms
01-02 13:57:18.125 8794 8837 I MediaCodec: callingProcessName:com.ipos.controllerorder
01-02 13:57:18.126 7378 7411 I MediaPlayerService: MediaPlayerService::getOMX
01-02 13:57:18.126 8794 9310 I OMXClient: MuxOMX ctor
01-02 13:57:18.126 8794 9310 I ACodec : onAllocateComponent:6752 mSoftCodecPref:0 componentName:
01-02 13:57:18.127 8794 9310 I ACodec : onAllocateComponent:6783 mSoftCodecPref:0 componentName:OMX.google.mp3.decoder
01-02 13:57:18.127 30005 30299 I OMXMaster: makeComponentInstance(OMX.google.mp3.decoder) in mediacodec process
01-02 13:57:18.181 8936 9048 W art : Verification of apbp agph.a(java.lang.Object) took 153.293ms
01-02 13:57:18.234 9115 9184 W art : Verification of void uft.h(uft) took 122.445ms
01-02 13:57:18.336 9277 9277 I CrashProtector: CrashProtector.saveNativeCrash():309 Not found file for native crash.
01-02 13:57:18.415 8936 9056 W art : Verification of boolean zyj.g(zxd, jft, jeh, java.lang.Runnable) took 103.615ms
01-02 13:57:18.445 8794 8837 I MediaCodec: callingProcessName:com.ipos.controllerorder
01-02 13:57:18.446 7378 7411 I MediaPlayerService: MediaPlayerService::getOMX
01-02 13:57:18.446 8794 9316 I OMXClient: MuxOMX ctor
01-02 13:57:18.446 8794 9316 I ACodec : onAllocateComponent:6752 mSoftCodecPref:0 componentName:
01-02 13:57:18.447 8794 9316 I ACodec : onAllocateComponent:6783 mSoftCodecPref:0 componentName:OMX.google.mp3.decoder
01-02 13:57:18.447 30005 30288 I OMXMaster: makeComponentInstance(OMX.google.mp3.decoder) in mediacodec process
01-02 13:57:18.519 9277 9277 I DeviceStatusMonitor: DeviceStatusMonitor.updateCountryInfo():117 updateCountryInfo(), notifyAnyway = true
01-02 13:57:18.541 9277 9277 I DeviceStatusMonitor: DeviceStatusMonitor.notifyIfNetworkChanged():158 notifyIfNetworkChanged: newState = CONNECTION_UNKNOWN, airplaneModeOn = false, notifyAnyway = true
01-02 13:57:18.551 9277 9277 I DeviceUnlockedTag: DeviceUnlockedTag.notifyDeviceLockStatusChanged():33 Notify device unlocked.
01-02 13:57:18.593 8936 9056 W art : Verification of boolean jkf.b() took 111.342ms
01-02 13:57:18.736 9277 9277 I TransientFileCleaner: TransientFileCleaner.deleteFilesByKey():369 Deleting 0 files
01-02 13:57:18.799 8794 8837 I MediaCodec: callingProcessName:com.ipos.controllerorder
01-02 13:57:18.800 7378 7964 I MediaPlayerService: MediaPlayerService::getOMX
01-02 13:57:18.800 8794 9322 I OMXClient: MuxOMX ctor
01-02 13:57:18.800 8794 9322 I ACodec : onAllocateComponent:6752 mSoftCodecPref:0 componentName:
01-02 13:57:18.801 8794 9322 I ACodec : onAllocateComponent:6783 mSoftCodecPref:0 componentName:OMX.google.mp3.decoder
01-02 13:57:18.801 30005 30288 I OMXMaster: makeComponentInstance(OMX.google.mp3.decoder) in mediacodec process
01-02 13:57:18.879 8936 9048 W art : Verification of void xuc.d() took 225.119ms
01-02 13:57:18.922 8936 9056 W art : Verification of xoz tom.d(iyz, dt, wjf, bw, jep, uwd, amga, klr, aftx) took 164.181ms
01-02 13:57:18.961 9277 9277 I Environment: Environment.getDeviceMode():820 Get device mode by ui mode:1 and smallestScreenWidthDp:768
01-02 13:57:18.974 8936 9064 I PlayCommon: [160] amec.j(28): Preparing logs for uploading
01-02 13:57:18.974 9199 9209 W art : Suspending all threads took: 28.614ms
01-02 13:57:19.038 8936 9056 W art : Verification of java.lang.Object agez.aiz(int, java.lang.Object) took 114.331ms
01-02 13:57:19.083 8936 9048 W art : Verification of void xuc.e() took 204.225ms
01-02 13:57:19.113 8936 9064 I PlayCommon: [160] amec.j(247): Connecting to server: https://play.googleapis.com/play/log?format=raw&proto_v2=true
01-02 13:57:19.135 8794 8837 I MediaCodec: callingProcessName:com.ipos.controllerorder
01-02 13:57:19.136 7378 7411 I MediaPlayerService: MediaPlayerService::getOMX
01-02 13:57:19.137 8794 9327 I OMXClient: MuxOMX ctor
01-02 13:57:19.137 8794 9327 I ACodec : onAllocateComponent:6752 mSoftCodecPref:0 componentName:
01-02 13:57:19.137 8794 9327 I ACodec : onAllocateComponent:6783 mSoftCodecPref:0 componentName:OMX.google.mp3.decoder
01-02 13:57:19.138 30005 7952 I OMXMaster: makeComponentInstance(OMX.google.mp3.decoder) in mediacodec process
01-02 13:57:19.174 9277 9277 I HmmDataFacilitator: HmmDataFacilitator.registerBuiltInData():158 registerBuiltInData(): language en
01-02 13:57:19.174 9277 9277 I HmmDataFacilitator: HmmDataFacilitator.registerBuiltInData():158 registerBuiltInData(): language as
01-02 13:57:19.174 9277 9277 I HmmDataFacilitator: HmmDataFacilitator.registerBuiltInData():158 registerBuiltInData(): language bn_IN
01-02 13:57:19.175 9277 9277 I HmmDataFacilitator: HmmDataFacilitator.registerBuiltInData():158 registerBuiltInData(): language gu
01-02 13:57:19.175 9277 9277 I HmmDataFacilitator: HmmDataFacilitator.registerBuiltInData():158 registerBuiltInData(): language hi
01-02 13:57:19.175 9277 9277 I HmmDataFacilitator: HmmDataFacilitator.registerBuiltInData():158 registerBuiltInData(): language kn_IN
01-02 13:57:19.176 9277 9277 I HmmDataFacilitator: HmmDataFacilitator.registerBuiltInData():158 registerBuiltInData(): language ml_IN
01-02 13:57:19.206 8936 9048 W art : Verification of void xuc.f() took 122.343ms
01-02 13:57:19.212 9277 9277 I HmmDataFacilitator: HmmDataFacilitator.registerBuiltInData():158 registerBuiltInData(): language mr_IN
01-02 13:57:19.212 9277 9277 I HmmDataFacilitator: HmmDataFacilitator.registerBuiltInData():158 registerBuiltInData(): language or
01-02 13:57:19.213 9277 9277 I HmmDataFacilitator: HmmDataFacilitator.registerBuiltInData():158 registerBuiltInData(): language pa
01-02 13:57:19.213 9277 9277 I HmmDataFacilitator: HmmDataFacilitator.registerBuiltInData():158 registerBuiltInData(): language ta_IN
01-02 13:57:19.213 9277 9277 I HmmDataFacilitator: HmmDataFacilitator.registerBuiltInData():158 registerBuiltInData(): language te_IN
01-02 13:57:19.252 9277 9277 I TransientFileCleaner: TransientFileCleaner.deleteFilesByKey():369 Deleting 0 files
01-02 13:57:19.294 9277 9330 I LauncherIconVisibilityI: LauncherIconVisibilityInitializerBase$1.run():51 doUpdate() : Visible = false
01-02 13:57:19.356 8936 9056 W art : Verification of android.os.Looper htt.a(android.webkit.WebView) took 112.414ms
01-02 13:57:19.457 8794 8837 I MediaCodec: callingProcessName:com.ipos.controllerorder
01-02 13:57:19.458 7378 7411 I MediaPlayerService: MediaPlayerService::getOMX
01-02 13:57:19.458 8794 9334 I OMXClient: MuxOMX ctor
01-02 13:57:19.458 8794 9334 I ACodec : onAllocateComponent:6752 mSoftCodecPref:0 componentName:
01-02 13:57:19.459 8794 9334 I ACodec : onAllocateComponent:6783 mSoftCodecPref:0 componentName:OMX.google.mp3.decoder
01-02 13:57:19.459 30005 30288 I OMXMaster: makeComponentInstance(OMX.google.mp3.decoder) in mediacodec process
01-02 13:57:19.495 9199 9209 W art : Suspending all threads took: 16.261ms
01-02 13:57:19.561 8936 9056 W art : Verification of void htt.o(java.util.Map, java.nio.channels.FileChannel, long, long, long, java.nio.ByteBuffer) took 107.397ms
01-02 13:57:19.593 8936 9064 I PlayCommon: [160] amec.j(283): Successfully uploaded logs.
01-02 13:57:19.645 8936 8993 I Finsky : [140] wjq.h(68): Already at the latest configurations for experiment package com.google.android.finsky.stable.
01-02 13:57:19.646 8936 8991 I Finsky : [139] wjq.h(14): Triggered update for experiment package com.google.android.finsky.regular.
01-02 13:57:19.683 9277 9333 W art : Verification of void ccj.n() took 101.254ms
01-02 13:57:19.776 8936 9056 W art : Verification of java.lang.String zi.toString() took 134.636ms
01-02 13:57:19.782 8794 8837 I MediaCodec: callingProcessName:com.ipos.controllerorder
01-02 13:57:19.782 7378 7964 I MediaPlayerService: MediaPlayerService::getOMX
01-02 13:57:19.783 8794 9339 I OMXClient: MuxOMX ctor
01-02 13:57:19.783 8794 9339 I ACodec : onAllocateComponent:6752 mSoftCodecPref:0 componentName:
01-02 13:57:19.784 8794 9339 I ACodec : onAllocateComponent:6783 mSoftCodecPref:0 componentName:OMX.google.mp3.decoder
01-02 13:57:19.784 30005 7952 I OMXMaster: makeComponentInstance(OMX.google.mp3.decoder) in mediacodec process
01-02 13:57:19.834 8936 9048 W art : Verification of boolean ayam.e(axty) took 116.112ms
01-02 13:57:19.843 9277 9277 I ShortcutsDataManager: ShortcutsDataManager.onContentChanged():73 onContentChanged()
01-02 13:57:19.845 9277 9335 W art : Verification of java.lang.String bra.a(csm) took 264.991ms
01-02 13:57:19.875 9277 9277 W JobInfoUtil: JobInfoUtil.setJobInfo():56 The max execution delay will be ignored for periodic task: english_periodical_task
01-02 13:57:19.876 9115 9314 W art : Verification of void spw.() took 141.548ms
01-02 13:57:19.881 9277 9277 I JobSchedulerImpl: JobSchedulerImpl.schedule():90 Schedule task: english_periodical_task. Success.
01-02 13:57:19.891 9199 9199 W art : Verification of java.lang.Object jdv.a() took 104.830ms
01-02 13:57:19.901 8936 9056 W art : Verification of void avlo.() took 123.820ms
01-02 13:57:19.981 8936 9048 W art : Verification of java.lang.Object ahhv.adh(java.lang.Object) took 145.865ms
01-02 13:57:20.000 9277 9277 I FirebaseApp: Device unlocked: initializing all Firebase APIs for app [DEFAULT]
01-02 13:57:20.024 9199 9199 W art : Verification of java.lang.Object jdv.c() took 131.654ms
01-02 13:57:20.034 7549 8553 I ActivityManager: Start proc 9343:com.google.android.configupdater/u0a3 for broadcast com.google.android.configupdater/.CertPin.CertPinUpdateRequestReceiver
01-02 13:57:20.045 9277 9277 I DeviceStatusMonitor: DeviceStatusMonitor$1.onReceive():57 onReceive() : Action = android.net.conn.CONNECTIVITY_CHANGE
01-02 13:57:20.054 9277 9277 I DeviceStatusMonitor: DeviceStatusMonitor.notifyIfNetworkChanged():158 notifyIfNetworkChanged: newState = CONNECTION_UNKNOWN, airplaneModeOn = false, notifyAnyway = false
01-02 13:57:20.055 9277 9277 I DictionarySuperpacksMan: DictionarySuperpacksManager$1.onEnabledInputMethodEntriesChanged():60 onEnabledInputMethodEntriesChanged
01-02 13:57:20.078 9277 9342 I LauncherIconVisibilityI: LauncherIconVisibilityInitializerBase$1.run():51 doUpdate() : Visible = false
01-02 13:57:20.111 8794 8837 I MediaCodec: callingProcessName:com.ipos.controllerorder
01-02 13:57:20.111 7378 7411 I MediaPlayerService: MediaPlayerService::getOMX
01-02 13:57:20.112 8794 9357 I OMXClient: MuxOMX ctor
01-02 13:57:20.112 8794 9357 I ACodec : onAllocateComponent:6752 mSoftCodecPref:0 componentName:
01-02 13:57:20.112 8794 9357 I ACodec : onAllocateComponent:6783 mSoftCodecPref:0 componentName:OMX.google.mp3.decoder
01-02 13:57:20.113 30005 30288 I OMXMaster: makeComponentInstance(OMX.google.mp3.decoder) in mediacodec process
01-02 13:57:20.131 9343 9343 I art : Starting a blocking GC AddRemoveAppImageSpace
01-02 13:57:20.131 9343 9343 W System : ClassLoader referenced unknown path: /system/priv-app/ConfigUpdater/lib/arm
01-02 13:57:20.138 9277 9333 W art : Verification of java.util.Collection j$.util.DesugarCollections$SynchronizedMap.values() took 116.349ms
01-02 13:57:20.139 8936 9056 W art : Verification of void sdh.(java.lang.String) took 139.069ms
01-02 13:57:20.154 8936 9048 W art : Verification of boolean axvx.A(java.lang.CharSequence, int, java.lang.CharSequence, int, int, boolean) took 170.387ms
01-02 13:57:20.192 9115 9314 W art : Verification of void spy.() took 237.204ms
01-02 13:57:20.229 8936 8946 W art : Suspending all threads took: 68.443ms
01-02 13:57:20.244 8936 9056 W art : Verification of java.lang.String[] sdh.ah(java.lang.String, java.lang.String[]) took 104.156ms
01-02 13:57:20.266 8936 9048 W art : Verification of long axvx.aN(long, long, long) took 109.987ms
01-02 13:57:20.292 9343 9343 E ConfigUpdater: ignoring update request
01-02 13:57:20.337 9343 9343 E ConfigUpdater: ignoring update request
01-02 13:57:20.376 9343 9343 E ConfigUpdater: ignoring update request
01-02 13:57:20.384 8936 9048 W art : Verification of axyd axvx.ao(axyd, axvf) took 116.548ms
01-02 13:57:20.410 9343 9343 E ConfigUpdater: ignoring update request
01-02 13:57:20.427 9199 9209 W art : Suspending all threads took: 23.166ms
01-02 13:57:20.458 9343 9343 E ConfigUpdater: ignoring update request
01-02 13:57:20.463 8794 8837 I MediaCodec: callingProcessName:com.ipos.controllerorder
01-02 13:57:20.464 7378 7964 I MediaPlayerService: MediaPlayerService::getOMX
01-02 13:57:20.465 8794 9375 I OMXClient: MuxOMX ctor
01-02 13:57:20.465 8794 9375 I ACodec : onAllocateComponent:6752 mSoftCodecPref:0 componentName:
01-02 13:57:20.466 8794 9375 I ACodec : onAllocateComponent:6783 mSoftCodecPref:0 componentName:OMX.google.mp3.decoder
01-02 13:57:20.466 30005 30288 I OMXMaster: makeComponentInstance(OMX.google.mp3.decoder) in mediacodec process
01-02 13:57:20.493 9343 9343 E ConfigUpdater: ignoring update request
01-02 13:57:20.535 9343 9343 E ConfigUpdater: ignoring update request
01-02 13:57:20.555 8146 8199 I GamesModuleFactoryProvi: Creating production RootComponent asynchronously. [CONTEXT service_id=1 ]
01-02 13:57:20.564 7549 7558 I art : Background partial concurrent mark sweep GC freed 29819(1806KB) AllocSpace objects, 5(200KB) LOS objects, 33% free, 16MB/24MB, paused 1.049ms total 189.496ms
01-02 13:57:20.594 8936 9048 W art : Verification of void ayky.(int, int, long, java.lang.String) took 112.649ms
01-02 13:57:20.669 7859 9386 I WakefulBroadcastRcvr: Processing wakeful broadcast: BootOrGmsUpdated
01-02 13:57:20.672 8936 9056 W art : Verification of void sdh.v(bbs, pzc, pzp, afib, zod, zof, baw, bem, dst, float, dst, fsc, blp, auv, boolean, int, ddr, int, int, int) took 101.993ms
01-02 13:57:20.740 7859 9387 I NearbyConnections: Runtime state initialization complete. Nearby connections setting is disabled
01-02 13:57:20.750 7859 8115 I NearbyMediums: BluetoothAdapter's name was not set by Nearby Connections, ignoring call to restore default scan mode.
01-02 13:57:20.758 7859 8115 I NearbyMediums: BluetoothAdapter's name was not set by Nearby Connections, ignoring call to restore device name
01-02 13:57:20.762 7859 9389 I Dtdi : [DtdiModuleInitIntentOperation] Platform version too old [CONTEXT service_id=312 ]
01-02 13:57:20.852 8936 9056 W art : Verification of java.lang.Object oap.apply(java.lang.Object) took 150.868ms
01-02 13:57:20.912 9277 9335 W art : Verification of java.util.HashSet fnu.c() took 420.206ms
01-02 13:57:20.983 8794 8837 I MediaCodec: callingProcessName:com.ipos.controllerorder
01-02 13:57:20.984 7378 7411 I MediaPlayerService: MediaPlayerService::getOMX
01-02 13:57:20.985 8794 9395 I OMXClient: MuxOMX ctor
01-02 13:57:20.985 8794 9395 I ACodec : onAllocateComponent:6752 mSoftCodecPref:0 componentName:
01-02 13:57:20.985 8794 9395 I ACodec : onAllocateComponent:6783 mSoftCodecPref:0 componentName:OMX.google.mp3.decoder
01-02 13:57:20.986 30005 30299 I OMXMaster: makeComponentInstance(OMX.google.mp3.decoder) in mediacodec process
01-02 13:57:21.015 8146 9384 E PhenotypeRegOp: Attempting to overwrite config package for com.google.android.gms.maps#com.google.android.gms [CONTEXT service_id=231 ]
01-02 13:57:21.018 8146 9384 E PhenotypeRegOp: Attempting to overwrite config package for com.google.android.gms.cast [CONTEXT service_id=231 ]
01-02 13:57:21.019 8146 9384 E PhenotypeRegOp: Attempting to overwrite config package for com.google.android.gms.mobile_data_plan [CONTEXT service_id=231 ]
01-02 13:57:21.030 8146 9384 E PhenotypeRegOp: Attempting to overwrite config package for com.google.android.libraries.spot#com.google.android.gms [CONTEXT service_id=231 ]
01-02 13:57:21.062 8146 9384 E PhenotypeRegOp: Attempting to overwrite config package for com.google.android.gms.udc [CONTEXT service_id=231 ]
01-02 13:57:21.101 9115 9261 W art : Verification of cvo ctv.a(android.content.Context, ctz, boolean) took 1.842s
01-02 13:57:21.238 9199 9199 W art : Verification of void afvg.hd(abmc, ablq, dst, ddr, int) took 146.636ms
01-02 13:57:21.320 8936 9048 W art : Verification of java.lang.Object ayar.k(ayfj, ayfk, axtu) took 454.705ms
01-02 13:57:21.340 8936 8991 I Finsky : [139] wjq.h(68): Already at the latest configurations for experiment package com.google.android.finsky.regular.
01-02 13:57:21.341 8936 9101 I Finsky : [178] wjq.h(14): Triggered update for experiment package com.google.android.finsky.regular.
01-02 13:57:21.344 8936 9391 I Finsky : [200] oua.run(152): Wrote row to frosting DB: 12732
01-02 13:57:21.387 8794 8837 I MediaCodec: callingProcessName:com.ipos.controllerorder
01-02 13:57:21.388 7378 7411 I MediaPlayerService: MediaPlayerService::getOMX
01-02 13:57:21.389 8794 9402 I OMXClient: MuxOMX ctor
01-02 13:57:21.389 8794 9402 I ACodec : onAllocateComponent:6752 mSoftCodecPref:0 componentName:
01-02 13:57:21.390 8794 9402 I ACodec : onAllocateComponent:6783 mSoftCodecPref:0 componentName:OMX.google.mp3.decoder
01-02 13:57:21.390 30005 7952 I OMXMaster: makeComponentInstance(OMX.google.mp3.decoder) in mediacodec process
01-02 13:57:21.402 8936 9056 W art : Verification of void rwu.q(java.lang.String, rzn, rwg, rwa, int, int) took 104.658ms
01-02 13:57:21.489 8936 9064 I PlayCommon: [160] amec.j(28): Preparing logs for uploading
01-02 13:57:21.611 8936 9064 I PlayCommon: [160] amec.j(247): Connecting to server: https://play.googleapis.com/play/log?format=raw&proto_v2=true
01-02 13:57:21.708 8936 9056 W art : Verification of mbl mfv.b() took 196.670ms
01-02 13:57:21.740 8936 9048 W art : Verification of aypa aykw.d(aypq) took 225.960ms
01-02 13:57:21.754 8794 8837 I MediaCodec: callingProcessName:com.ipos.controllerorder
01-02 13:57:21.755 7378 7964 I MediaPlayerService: MediaPlayerService::getOMX
01-02 13:57:21.756 8794 9407 I OMXClient: MuxOMX ctor
01-02 13:57:21.756 8794 9407 I ACodec : onAllocateComponent:6752 mSoftCodecPref:0 componentName:
01-02 13:57:21.757 8794 9407 I ACodec : onAllocateComponent:6783 mSoftCodecPref:0 componentName:OMX.google.mp3.decoder
01-02 13:57:21.757 30005 30299 I OMXMaster: makeComponentInstance(OMX.google.mp3.decoder) in mediacodec process
01-02 13:57:21.787 8936 9030 W art : Verification of void rzd.a() took 184.996ms
01-02 13:57:21.806 9199 9199 I Finsky:background: [1] ahkz.am(283): Finished reading experiment flags from file [0tGUNCGIkbk4o6-fQ335kUYSKwVj4lusnHT-A5Dsy08] numFlags=1241.
01-02 13:57:21.830 9115 9406 W DynamiteModule: Local module descriptor class for com.google.android.gms.providerinstaller.dynamite not found.
01-02 13:57:21.885 7859 7884 W ProviderHelper: Unknown dynamite feature providerinstaller.dynamite
01-02 13:57:21.906 9115 9406 W ProviderInstaller: Failed to load providerinstaller module: No acceptable module com.google.android.gms.providerinstaller.dynamite found. Local version is 0 and remote version is 0.
01-02 13:57:21.932 8936 9048 W art : Verification of void aybb.run() took 190.326ms
01-02 13:57:21.963 9115 9260 W art : Verification of void klo$a.c(klp) took 105.189ms
01-02 13:57:21.969 8936 9030 W art : Verification of void rzh.(int) took 181.300ms
01-02 13:57:22.085 8936 9048 W art : Verification of void aykm.() took 151.659ms
01-02 13:57:22.107 9199 9209 W art : Suspending all threads took: 11.393ms
01-02 13:57:22.125 8794 8837 I MediaCodec: callingProcessName:com.ipos.controllerorder
01-02 13:57:22.125 7378 7411 I MediaPlayerService: MediaPlayerService::getOMX
01-02 13:57:22.126 8794 9412 I OMXClient: MuxOMX ctor
01-02 13:57:22.126 8794 9412 I ACodec : onAllocateComponent:6752 mSoftCodecPref:0 componentName:
01-02 13:57:22.127 8794 9412 I ACodec : onAllocateComponent:6783 mSoftCodecPref:0 componentName:OMX.google.mp3.decoder
01-02 13:57:22.127 30005 30299 I OMXMaster: makeComponentInstance(OMX.google.mp3.decoder) in mediacodec process
01-02 13:57:22.148 9115 9125 W art : Suspending all threads took: 155.526ms
01-02 13:57:22.162 9115 9400 W art : Verification of void dxz$15.(dnp) took 208.063ms
01-02 13:57:22.169 9115 9154 W art : Verification of java.lang.Object nls.apply(java.lang.Object) took 201.988ms
01-02 13:57:22.242 8936 9048 W art : Verification of drn dir.e() took 154.597ms
01-02 13:57:22.276 9115 9125 W art : Suspending all threads took: 90.987ms
01-02 13:57:22.283 7859 7865 I art : Compiler allocated 8MB to compile void dswl.k(java.lang.Object, dsti, dstx)
01-02 13:57:22.285 9115 9120 I art : Do partial code cache collection, code=27KB, data=30KB
01-02 13:57:22.313 8936 9064 I PlayCommon: [160] amec.j(283): Successfully uploaded logs.
01-02 13:57:22.349 9115 9120 I art : After code cache collection, code=24KB, data=29KB
01-02 13:57:22.349 9115 9120 I art : Increasing code cache capacity to 128KB
01-02 13:57:22.380 8936 9048 W art : Verification of drn dip.a() took 136.281ms
01-02 13:57:22.382 8936 9030 W art : Verification of void ryz.a() took 137.097ms
01-02 13:57:22.491 8794 8837 I MediaCodec: callingProcessName:com.ipos.controllerorder
01-02 13:57:22.492 7378 7411 I MediaPlayerService: MediaPlayerService::getOMX
01-02 13:57:22.493 8794 9416 I OMXClient: MuxOMX ctor
01-02 13:57:22.493 8794 9416 I ACodec : onAllocateComponent:6752 mSoftCodecPref:0 componentName:
01-02 13:57:22.493 8794 9416 I ACodec : onAllocateComponent:6783 mSoftCodecPref:0 componentName:OMX.google.mp3.decoder
01-02 13:57:22.494 30005 30288 I OMXMaster: makeComponentInstance(OMX.google.mp3.decoder) in mediacodec process
01-02 13:57:22.498 8936 9048 W art : Verification of drn dql.g(drn, drm) took 116.307ms
01-02 13:57:22.501 9115 9397 W art : Verification of java.lang.Object com.google.android.libraries.performance.primes.metrics.jank.PerfettoTraceConfigurations$JankPerfettoConfigurations.a(int, java.lang.Object) took 197.390ms
01-02 13:57:22.508 8936 9030 W art : Verification of void rza.a() took 125.969ms
01-02 13:57:22.631 7859 7859 D BoundBrokerSvc: onUnbind: Intent { act=com.google.android.gms.scheduler.ACTION_PROXY_SCHEDULE dat=chimera-action: cmp=com.google.android.gms/.chimera.PersistentDirectBootAwareApiService }
01-02 13:57:22.667 8936 8946 W art : Suspending all threads took: 27.114ms
01-02 13:57:22.674 8936 9030 W art : Verification of void rzc.a() took 164.885ms
01-02 13:57:22.676 8936 9048 W art : Verification of java.lang.String dqe.toString() took 104.258ms
01-02 13:57:22.711 9199 9199 E Finsky : Getting early startup flag value without initialization: ValueStore__enable_directory_watcher
01-02 13:57:22.763 9199 9209 W art : Suspending all threads took: 17.582ms
01-02 13:57:22.797 9115 9154 W art : Verification of int cap.f(android.content.Context, java.lang.String, int, int, java.lang.String) took 138.945ms
01-02 13:57:22.816 8146 9425 I SystemUpdate: [Installation,ReceiverIntentOperation] Received intent: Intent { act=com.google.android.gms.update.BASE_MODULE_INIT cat=[targeted_intent_op_prefix:.update.control.ReceiverIntentOperation] cmp=com.google.android.gms/.chimera.GmsIntentOperationService }.
01-02 13:57:22.832 8146 9382 I Auth : [WorkAccount] update authenticator enabled for boot or update
01-02 13:57:22.852 9199 9209 W art : Suspending all threads took: 21.019ms
01-02 13:57:22.861 8146 9422 I Auth : [FRP,FrpUpdateIntentOperation] FRP is not supported for this device / user
01-02 13:57:22.861 8146 9422 E WakeLock: IntentOp:.auth.frp.FrpUpdateIntentOperation should be held!
01-02 13:57:22.876 8794 8837 I MediaCodec: callingProcessName:com.ipos.controllerorder
01-02 13:57:22.877 7378 7964 I MediaPlayerService: MediaPlayerService::getOMX
01-02 13:57:22.880 8794 9428 I OMXClient: MuxOMX ctor
01-02 13:57:22.880 8794 9428 I ACodec : onAllocateComponent:6752 mSoftCodecPref:0 componentName:
01-02 13:57:22.882 8794 9428 I ACodec : onAllocateComponent:6783 mSoftCodecPref:0 componentName:OMX.google.mp3.decoder
01-02 13:57:22.886 8936 9030 W art : Verification of yhm[] aavz.f() took 141.722ms
01-02 13:57:22.887 30005 30288 I OMXMaster: makeComponentInstance(OMX.google.mp3.decoder) in mediacodec process
01-02 13:57:22.932 8936 9101 I Finsky : [178] wjq.h(68): Already at the latest configurations for experiment package com.google.android.finsky.regular.
01-02 13:57:22.937 8146 8156 I art : Background sticky concurrent mark sweep GC freed 16297(1277KB) AllocSpace objects, 9(180KB) LOS objects, 11% free, 8MB/9MB, paused 9.507ms total 128.421ms
01-02 13:57:22.942 7859 7884 I Auth : [WorkAccountServiceImpl] init work authenticator
01-02 13:57:22.960 9199 9199 W art : Before Android 4.1, method android.graphics.drawable.Drawable alxz.getCurrentDrawable() would have incorrectly overridden the package-private method in android.widget.ProgressBar
01-02 13:57:22.971 8146 9424 I SystemUpdate: [Execution,InstallationEventIntentOperation] Handling event of type 1.
01-02 13:57:22.981 8146 9421 I SystemUpdate: [Execution,InstallationIntentOperation] Received intent: Intent { act=com.google.android.gms.update.INSTALL_UPDATE cat=[targeted_intent_op_prefix:.update.execution.InstallationIntentOperation] cmp=com.google.android.gms/.chimera.GmsIntentOperationService }.
01-02 13:57:22.993 8146 9421 I SystemUpdate: [Execution,ExecutionManager] Action finished-execution executed for 0.00 seconds.
01-02 13:57:22.995 8146 9421 E WakeLock: IntentOp:.update.execution.InstallationIntentOperation should be held!
01-02 13:57:23.134 8146 9425 I Auth : [SupervisedAccountIntentOperation] onHandleIntent(): android.intent.action.BOOT_COMPLETED
01-02 13:57:23.136 8146 9382 W Auth : [PubsubPeriodicSyncherRuntimeInit] Initializing periodic tasks, IntentAction=android.intent.action.BOOT_COMPLETED, InitRuntimeState=2
01-02 13:57:23.156 9199 9209 W art : Suspending all threads took: 6.115ms
01-02 13:57:23.218 9199 9440 I art : Rejecting re-init on previously-failed class java.lang.Class: java.lang.NoClassDefFoundError: Failed resolution of: Landroid/content/pm/dex/ArtManager$SnapshotRuntimeProfileCallback;
01-02 13:57:23.218 9199 9440 I art : at java.util.concurrent.Callable aoqd.bo() (PG:1)
01-02 13:57:23.218 9199 9440 I art : at apbp myc.a(java.lang.Object) (PG:1117)
01-02 13:57:23.218 9199 9440 I art : at apbp anlh.a(java.lang.Object) (PG:13)
01-02 13:57:23.218 9199 9440 I art : at java.lang.Object aozx.e(java.lang.Object, java.lang.Object) (PG:3)
01-02 13:57:23.218 9199 9440 I art : at void aozz.run() (PG:42)
01-02 13:57:23.218 9199 9440 I art : at void a.q(java.lang.Runnable) (PG:1)
01-02 13:57:23.218 9199 9440 I art : at void apao.execute(java.lang.Runnable) (PG:1)
01-02 13:57:23.218 9199 9440 I art : at void aozv.h(java.lang.Runnable, java.util.concurrent.Executor) (PG:1)
01-02 13:57:23.218 9199 9440 I art : at void aozv.k(aozv, boolean) (PG:95)
01-02 13:57:23.218 9199 9440 I art : at void aozv.p(apbp) (PG:28)
01-02 13:57:23.218 9199 9440 I art : at void apbd.run() (PG:5)
01-02 13:57:23.218 9199 9440 I art : at void a.q(java.lang.Runnable) (PG:1)
01-02 13:57:23.218 9199 9440 I art : at void apao.execute(java.lang.Runnable) (PG:1)
01-02 13:57:23.218 9199 9440 I art : at void aozv.h(java.lang.Runnable, java.util.concurrent.Executor) (PG:1)
01-02 13:57:23.218 9199 9440 I art : at void aozv.k(aozv, boolean) (PG:95)
01-02 13:57:23.218 9199 9440 I art : at boolean aozv.aia(java.lang.Object) (PG:15)
01-02 13:57:23.218 9199 9440 I art : at void apal.c(java.lang.Object) (PG:3)
01-02 13:57:23.218 9199 9440 I art : at void apam.e(java.lang.Object) (PG:6)
01-02 13:57:23.218 9199 9440 I art : at void apbo.run() (PG:75)
01-02 13:57:23.218 9199 9440 I art : at void java.util.concurrent.ThreadPoolExecutor.runWorker(java.util.concurrent.ThreadPoolExecutor$Worker) (ThreadPoolExecutor.java:1133)
01-02 13:57:23.218 9199 9440 I art : at void java.util.concurrent.ThreadPoolExecutor$Worker.run() (ThreadPoolExecutor.java:607)
01-02 13:57:23.218 9199 9440 I art : at void aamf.run() (PG:483)
01-02 13:57:23.218 9199 9440 I art : at void java.lang.Thread.run() (Thread.java:761)
01-02 13:57:23.218 9199 9440 I art : Caused by: java.lang.ClassNotFoundException: Didn't find class "android.content.pm.dex.ArtManager$SnapshotRuntimeProfileCallback" on path: DexPathList[[zip file "/data/app/com.android.vending-1/base.apk", zip file "/data/app/com.android.vending-1/split_config.armeabi_v7a.apk", zip file "/data/app/com.android.vending-1/split_config.en.apk"],nativeLibraryDirectories=[/data/app/com.android.vending-1/lib/arm, /data/app/com.android.vending-1/base.apk!/lib/armeabi-v7a, /data/app/com.android.vending-1/split_config.armeabi_v7a.apk!/lib/armeabi-v7a, /data/app/com.android.vending-1/split_config.en.apk!/lib/armeabi-v7a, /system/lib, /vendor/lib]]
01-02 13:57:23.218 9199 9440 I art : at java.lang.Class dalvik.system.BaseDexClassLoader.findClass(java.lang.String) (BaseDexClassLoader.java:56)
01-02 13:57:23.218 9199 9440 I art : at java.lang.Class java.lang.ClassLoader.loadClass(java.lang.String, boolean) (ClassLoader.java:380)
01-02 13:57:23.218 9199 9440 I art : at java.lang.Class java.lang.ClassLoader.loadClass(java.lang.String) (ClassLoader.java:312)
01-02 13:57:23.218 9199 9440 I art : at java.util.concurrent.Callable aoqd.bo() (PG:1)
01-02 13:57:23.218 9199 9440 I art : at apbp myc.a(java.lang.Object) (PG:1117)
01-02 13:57:23.218 9199 9440 I art : at apbp anlh.a(java.lang.Object) (PG:13)
01-02 13:57:23.218 9199 9440 I art : at java.lang.Object aozx.e(java.lang.Object, java.lang.Object) (PG:3)
01-02 13:57:23.218 9199 9440 I art : at void aozz.run() (PG:42)
01-02 13:57:23.218 9199 9440 I art : at void a.q(java.lang.Runnable) (PG:1)
01-02 13:57:23.218 9199 9440 I art : at void apao.execute(java.lang.Runnable) (PG:1)
01-02 13:57:23.218 9199 9440 I art : at void aozv.h(java.lang.Runnable, java.util.concurrent.Executor) (PG:1)
01-02 13:57:23.218 9199 9440 I art : at void aozv.k(aozv, boolean) (PG:95)
01-02 13:57:23.218 9199 9440 I art : at void aozv.p(apbp) (PG:28)
01-02 13:57:23.218 9199 9440 I art : at void apbd.run() (PG:5)
01-02 13:57:23.218 9199 9440 I art : at void a.q(java.lang.Runnable) (PG:1)
01-02 13:57:23.218 9199 9440 I art : at void apao.execute(java.lang.Runnable) (PG:1)
01-02 13:57:23.218 9199 9440 I art : at void aozv.h(java.lang.Runnable, java.util.concurrent.Executor) (PG:1)
01-02 13:57:23.218 9199 9440 I art : at void aozv.k(aozv, boolean) (PG:95)
01-02 13:57:23.218 9199 9440 I art : at boolean aozv.aia(java.lang.Object) (PG:15)
01-02 13:57:23.218 9199 9440 I art : at void apal.c(java.lang.Object) (PG:3)
01-02 13:57:23.218 9199 9440 I art : at void apam.e(java.lang.Object) (PG:6)
01-02 13:57:23.218 9199 9440 I art : at void apbo.run() (PG:75)
01-02 13:57:23.218 9199 9440 I art : at void java.util.concurrent.ThreadPoolExecutor.runWorker(java.util.concurrent.ThreadPoolExecutor$Worker) (ThreadPoolExecutor.java:1133)
01-02 13:57:23.218 9199 9440 I art : at void java.util.concurrent.ThreadPoolExecutor$Worker.run() (ThreadPoolExecutor.java:607)
01-02 13:57:23.218 9199 9440 I art : at void aamf.run() (PG:483)
01-02 13:57:23.218 9199 9440 I art : at void java.lang.Thread.run() (Thread.java:761)
01-02 13:57:23.218 9199 9440 I art :
01-02 13:57:23.225 8146 9425 I RecoverableKeyStoreGms: [RecoverableKeyStoreGmsInitOperation] Initializing auth_folsom
01-02 13:57:23.228 8146 9425 I RecoverableKeyStoreGms: [RecoverableKeyStoreGmsInitOperation] com.google.android.gms.auth.folsom.service.FolsomPublicKeyUpdateService is already enabled. Ignore.
01-02 13:57:23.228 8146 9425 I RecoverableKeyStoreGms: [RecoverableKeyStoreGmsInitOperation] com.google.android.gms.auth.folsom.service.GcmReceiverService is already enabled. Ignore.
01-02 13:57:23.232 8146 9442 I Authzen : [AuthZenEventHandler] Handling event: android.intent.action.BOOT_COMPLETED
01-02 13:57:23.246 8146 9442 I Authzen : [SyncManager] Sync requested for event 0, account , and components 3, with reason 1
01-02 13:57:23.246 8146 9442 I Authzen : [SyncManager] Triggering AuthZen registration check...
01-02 13:57:23.264 9199 9199 I Finsky:background: [1] ahkz.am(283): Finished reading experiment flags from file [bZ2G0SRxJQkvErFW3Q2dNSYV5nZZxZnSdhiXwNKHLbc] numFlags=1750.
01-02 13:57:23.286 8936 9048 W art : Verification of void dhf.(dhr) took 104.391ms
01-02 13:57:23.288 7859 9389 I brur : updateFromConfigurations using legacy put method [CONTEXT service_id=204 ]
01-02 13:57:23.332 8146 9442 I Authzen : [sty] Opening database auth.proximity.permit_store...
01-02 13:57:23.351 8146 9424 I Auth : [AuthManaged, PasswordComplexityHelperImpl] Updating password complexity components state.
01-02 13:57:23.351 8146 9424 I Auth : [AuthManaged, PasswordComplexityHelperImpl] Enabling com.google.android.gms.auth.managed.ui.SetNewPasswordActivity
01-02 13:57:23.353 8146 9424 I Auth : [AuthManaged, PasswordComplexityHelperImpl] Enabling com.google.android.gms.auth.managed.admin.DeviceAdminReceiver
01-02 13:57:23.362 8146 8156 W art : Suspending all threads took: 5.473ms
01-02 13:57:23.389 8146 9424 I Auth : [AuthManaged, AuthManagedModuleInitIntentOperation] enabling com.google.android.gms.auth.managed.ui.EmmActivity
01-02 13:57:23.390 8146 9424 I Auth : [AuthManaged, AuthManagedModuleInitIntentOperation] enabling com.google.android.gms.auth.managed.ui.PhoneskyDpcInstallActivity
01-02 13:57:23.405 8146 9424 I Auth : [AuthManaged, AuthManagedModuleInitIntentOperation] disabling com.google.android.gms.auth.managed.ui.SettingsSecurityDeviceOwnerActivity
01-02 13:57:23.407 8146 8156 I art : Background partial concurrent mark sweep GC freed 36314(2MB) AllocSpace objects, 17(560KB) LOS objects, 40% free, 7MB/13MB, paused 9.327ms total 225.429ms
01-02 13:57:23.408 8146 8154 E System : Uncaught exception thrown by finalizer
01-02 13:57:23.409 8146 8154 E System : java.lang.IllegalStateException: Lock wasn't released correctly
01-02 13:57:23.409 8146 8154 E System : at baos.finalize(:com.google.android.gms@233414015@23.34.14 (040300-560151436):12)
01-02 13:57:23.409 8146 8154 E System : at java.lang.Daemons$FinalizerDaemon.doFinalize(Daemons.java:222)
01-02 13:57:23.409 8146 8154 E System : at java.lang.Daemons$FinalizerDaemon.run(Daemons.java:209)
01-02 13:57:23.409 8146 8154 E System : at java.lang.Thread.run(Thread.java:761)
01-02 13:57:23.410 8146 8154 E System : Uncaught exception thrown by finalizer
01-02 13:57:23.411 8146 8154 E System : java.lang.IllegalStateException: Lock wasn't released correctly
01-02 13:57:23.411 8146 8154 E System : at baos.finalize(:com.google.android.gms@233414015@23.34.14 (040300-560151436):12)
01-02 13:57:23.411 8146 8154 E System : at java.lang.Daemons$FinalizerDaemon.doFinalize(Daemons.java:222)
01-02 13:57:23.411 8146 8154 E System : at java.lang.Daemons$FinalizerDaemon.run(Daemons.java:209)
01-02 13:57:23.411 8146 8154 E System : at java.lang.Thread.run(Thread.java:761)
01-02 13:57:23.416 8146 9424 I Auth : [AuthManaged, PasswordComplexityHelperImpl] Updating password complexity components state.
01-02 13:57:23.416 8146 9424 I Auth : [AuthManaged, PasswordComplexityHelperImpl] Enabling com.google.android.gms.auth.managed.ui.SetNewPasswordActivity
01-02 13:57:23.421 8146 9424 I AutofillModuleInitInten: (REDACTED) AutofillModuleInitIntentOperation onInitRuntimeState(%s)
01-02 13:57:23.424 8794 8837 I MediaCodec: callingProcessName:com.ipos.controllerorder
01-02 13:57:23.425 7378 7411 I MediaPlayerService: MediaPlayerService::getOMX
01-02 13:57:23.425 8794 9446 I OMXClient: MuxOMX ctor
01-02 13:57:23.425 8794 9446 I ACodec : onAllocateComponent:6752 mSoftCodecPref:0 componentName:
01-02 13:57:23.426 8794 9446 I ACodec : onAllocateComponent:6783 mSoftCodecPref:0 componentName:OMX.google.mp3.decoder
01-02 13:57:23.426 30005 30288 I OMXMaster: makeComponentInstance(OMX.google.mp3.decoder) in mediacodec process
01-02 13:57:23.434 8146 8154 E System : Uncaught exception thrown by finalizer
01-02 13:57:23.434 8146 8154 E System : java.lang.IllegalStateException: Lock wasn't released correctly
01-02 13:57:23.434 8146 8154 E System : at baos.finalize(:com.google.android.gms@233414015@23.34.14 (040300-560151436):12)
01-02 13:57:23.434 8146 8154 E System : at java.lang.Daemons$FinalizerDaemon.doFinalize(Daemons.java:222)
01-02 13:57:23.434 8146 8154 E System : at java.lang.Daemons$FinalizerDaemon.run(Daemons.java:209)
01-02 13:57:23.434 8146 8154 E System : at java.lang.Thread.run(Thread.java:761)
01-02 13:57:23.452 9115 9154 W art : Verification of void lcd.() took 282.156ms
01-02 13:57:23.453 9115 9430 W art : Verification of void trt.() took 330.944ms
01-02 13:57:23.507 7859 9389 I brur : updateFromConfigurations using legacy put method [CONTEXT service_id=204 ]
01-02 13:57:23.528 8936 9064 I PlayCommon: [160] amec.j(28): Preparing logs for uploading
01-02 13:57:23.531 9199 9199 E Finsky : Getting early startup flag value without initialization: ValueStore__enable_directory_watcher
01-02 13:57:23.534 8146 9425 I ProximityAuth: [FeatureLoader] auth_easyunlock module load status: 1, auth_magictether module load status: 1
01-02 13:57:23.535 8936 9030 I Finsky : [147] jzj.run(716): Component class com.google.android.finsky.wearsupport.WearSupportService disabled via PackageManager.
01-02 13:57:23.550 8936 9030 I Finsky : [147] jzj.run(716): Component class com.google.android.finsky.wearsupport.WearChangeListenerService disabled via PackageManager.
01-02 13:57:23.595 8146 8146 D BoundBrokerSvc: onBind: Intent { act=com.google.android.gms.common.BIND_SHARED_PREFS pkg=com.google.android.gms }
01-02 13:57:23.595 8146 8146 D BoundBrokerSvc: Loading bound service for intent: Intent { act=com.google.android.gms.common.BIND_SHARED_PREFS pkg=com.google.android.gms }
01-02 13:57:23.621 8146 8146 D BoundBrokerSvc: onUnbind: Intent { act=com.google.android.gms.common.BIND_SHARED_PREFS pkg=com.google.android.gms }
01-02 13:57:23.640 8936 9056 W art : Verification of java.lang.Object ayat.x(ayfj, axvj, axtu) took 102.379ms
01-02 13:57:23.673 8936 9048 I art : Rejecting re-init on previously-failed class java.lang.Class: java.lang.NoClassDefFoundError: Failed resolution of: Landroid/view/translation/ViewTranslationCallback;
01-02 13:57:23.673 8936 9048 I art : at java.lang.Class java.lang.Class.classForName!(java.lang.String, boolean, java.lang.ClassLoader) (Class.java:-2)
01-02 13:57:23.673 8936 9048 I art : at java.lang.Class java.lang.Class.forName(java.lang.String, boolean, java.lang.ClassLoader) (Class.java:400)
01-02 13:57:23.673 8936 9048 I art : at java.lang.Class java.lang.Class.forName(java.lang.String) (Class.java:326)
01-02 13:57:23.673 8936 9048 I art : at void xuc.d() (PG:2888)
01-02 13:57:23.673 8936 9048 I art : at void xuc.a() (PG:19)
01-02 13:57:23.673 8936 9048 I art : at void jgg.run() (PG:95)
01-02 13:57:23.673 8936 9048 I art : at void java.util.concurrent.ThreadPoolExecutor.runWorker(java.util.concurrent.ThreadPoolExecutor$Worker) (ThreadPoolExecutor.java:1133)
01-02 13:57:23.673 8936 9048 I art : at void java.util.concurrent.ThreadPoolExecutor$Worker.run() (ThreadPoolExecutor.java:607)
01-02 13:57:23.673 8936 9048 I art : at void nox.run() (PG:135)
01-02 13:57:23.673 8936 9048 I art : at void java.lang.Thread.run() (Thread.java:761)
01-02 13:57:23.673 8936 9048 I art : Caused by: java.lang.ClassNotFoundException: Didn't find class "android.view.translation.ViewTranslationCallback" on path: DexPathList[[zip file "/data/app/com.android.vending-1/base.apk", zip file "/data/app/com.android.vending-1/split_config.armeabi_v7a.apk", zip file "/data/app/com.android.vending-1/split_config.en.apk"],nativeLibraryDirectories=[/data/app/com.android.vending-1/lib/arm, /data/app/com.android.vending-1/base.apk!/lib/armeabi-v7a, /data/app/com.android.vending-1/split_config.armeabi_v7a.apk!/lib/armeabi-v7a, /data/app/com.android.vending-1/split_config.en.apk!/lib/armeabi-v7a, /system/lib, /vendor/lib]]
01-02 13:57:23.673 8936 9048 I art : at java.lang.Class dalvik.system.BaseDexClassLoader.findClass(java.lang.String) (BaseDexClassLoader.java:56)
01-02 13:57:23.673 8936 9048 I art : at java.lang.Class java.lang.ClassLoader.loadClass(java.lang.String, boolean) (ClassLoader.java:380)
01-02 13:57:23.673 8936 9048 I art : at java.lang.Class java.lang.ClassLoader.loadClass(java.lang.String) (ClassLoader.java:312)
01-02 13:57:23.673 8936 9048 I art : at java.lang.Class java.lang.Class.classForName!(java.lang.String, boolean, java.lang.ClassLoader) (Class.java:-2)
01-02 13:57:23.673 8936 9048 I art : at java.lang.Class java.lang.Class.forName(java.lang.String, boolean, java.lang.ClassLoader) (Class.java:400)
01-02 13:57:23.673 8936 9048 I art : at java.lang.Class java.lang.Class.forName(java.lang.String) (Class.java:326)
01-02 13:57:23.673 8936 9048 I art : at void xuc.d() (PG:2888)
01-02 13:57:23.673 8936 9048 I art : at void xuc.a() (PG:19)
01-02 13:57:23.673 8936 9048 I art : at void jgg.run() (PG:95)
01-02 13:57:23.673 8936 9048 I art : at void java.util.concurrent.ThreadPoolExecutor.runWorker(java.util.concurrent.ThreadPoolExecutor$Worker) (ThreadPoolExecutor.java:1133)
01-02 13:57:23.673 8936 9048 I art : at void java.util.concurrent.ThreadPoolExecutor$Worker.run() (ThreadPoolExecutor.java:607)
01-02 13:57:23.673 8936 9048 I art : at void nox.run() (PG:135)
01-02 13:57:23.673 8936 9048 I art : at void java.lang.Thread.run() (Thread.java:761)
01-02 13:57:23.673 8936 9048 I art :
01-02 13:57:23.674 8936 9048 W art : Verification of void evn.(android.content.Context, axty) took 189.311ms
01-02 13:57:23.704 7859 7859 I ProximityAuth: [PhoneHubService] Handling intent for PhoneHubChimeraService.
01-02 13:57:23.715 7859 9443 I ProximityAuth: [AccountEligibilityMediator] checkEligibleAccountsCrossProfile not enabled, checking accounts in current profile.
01-02 13:57:23.723 8146 9424 I Backup : [TargetEnabler] Setting target components to enabled = false
01-02 13:57:23.728 8146 9424 I Backup : [SourceEnabler] Setting source components to enabled = true
01-02 13:57:23.763 8936 9064 I PlayCommon: [160] amec.j(247): Connecting to server: https://play.googleapis.com/play/log?format=raw&proto_v2=true
01-02 13:57:23.765 7859 7859 D BoundBrokerSvc: onBind: Intent { act=com.google.android.gms.auth.proximity.START dat=chimera-action: cmp=com.google.android.gms/.chimera.PersistentBoundBrokerService }
01-02 13:57:23.765 7859 7859 D BoundBrokerSvc: Loading bound service for intent: Intent { act=com.google.android.gms.auth.proximity.START dat=chimera-action: cmp=com.google.android.gms/.chimera.PersistentBoundBrokerService }
01-02 13:57:23.800 8146 8146 D BoundBrokerSvc: onBind: Intent { act=com.google.android.gms.common.BIND_SHARED_PREFS pkg=com.google.android.gms }
01-02 13:57:23.800 8146 8146 D BoundBrokerSvc: Loading bound service for intent: Intent { act=com.google.android.gms.common.BIND_SHARED_PREFS pkg=com.google.android.gms }
01-02 13:57:23.820 8146 8146 D BoundBrokerSvc: onUnbind: Intent { act=com.google.android.gms.common.BIND_SHARED_PREFS pkg=com.google.android.gms }
01-02 13:57:23.840 9199 9199 I Finsky:background: [1] rux.onCreate(9): IPC-SERVER: Starting gRPC host service...
01-02 13:57:23.851 8146 8146 D BoundBrokerSvc: onBind: Intent { act=com.google.android.gms.common.BIND_SHARED_PREFS pkg=com.google.android.gms }
01-02 13:57:23.851 8146 8146 D BoundBrokerSvc: Loading bound service for intent: Intent { act=com.google.android.gms.common.BIND_SHARED_PREFS pkg=com.google.android.gms }
01-02 13:57:23.868 7859 7870 I art : Background sticky concurrent mark sweep GC freed 30142(2MB) AllocSpace objects, 2(40KB) LOS objects, 19% free, 11MB/14MB, paused 1.410ms total 125.201ms
01-02 13:57:23.912 8146 8146 D BoundBrokerSvc: onUnbind: Intent { act=com.google.android.gms.common.BIND_SHARED_PREFS pkg=com.google.android.gms }
01-02 13:57:23.922 7859 9443 I ProximityAuth: [PhoneHubService] No enabled account, stopping service
01-02 13:57:23.926 7859 7859 I ProximityAuth: [PhoneHubService] Destroying PhoneHubChimeraService.
01-02 13:57:23.926 7859 7859 W ProximityAuth: [PhoneHubNotificationProcessor] shutdown(): context is null.
01-02 13:57:23.926 7859 7859 I ProximityAuth: [PhoneHubService] All devices have disconnected. Performing cleanup...
01-02 13:57:23.932 8146 8146 D BoundBrokerSvc: onBind: Intent { act=com.google.android.gms.common.BIND_SHARED_PREFS pkg=com.google.android.gms }
01-02 13:57:23.932 8146 8146 D BoundBrokerSvc: Loading bound service for intent: Intent { act=com.google.android.gms.common.BIND_SHARED_PREFS pkg=com.google.android.gms }
01-02 13:57:23.943 8146 8146 D BoundBrokerSvc: onUnbind: Intent { act=com.google.android.gms.common.BIND_SHARED_PREFS pkg=com.google.android.gms }
01-02 13:57:23.971 8936 9048 W art : Verification of boolean evn.D(eti) took 106.034ms
01-02 13:57:23.997 7549 7549 W ResourceType: ResTable_typeSpec entry count inconsistent: given 1, previously 9
01-02 13:57:23.997 7549 7549 W ResourceType: ResTable_typeSpec entry count inconsistent: given 1379, previously 1382
01-02 13:57:23.997 7549 7549 W ResourceType: ResTable_typeSpec entry count inconsistent: given 1149, previously 1163
01-02 13:57:24.002 9115 9154 W art : Verification of void lcx.b(lca, thu) took 463.561ms
01-02 13:57:24.010 7549 7549 W ResourceType: ResTable_typeSpec entry count inconsistent: given 88, previously 90
01-02 13:57:24.010 7549 7549 W ResourceType: ResTable_typeSpec entry count inconsistent: given 168, previously 172
01-02 13:57:24.015 7549 7549 W ResourceType: ResTable_typeSpec entry count inconsistent: given 3481, previously 3501
01-02 13:57:24.019 7549 7648 I InputReader: Reconfiguring input devices. changes=0x00000010
01-02 13:57:24.037 7549 7549 W ResourceType: ResTable_typeSpec entry count inconsistent: given 23, previously 37
01-02 13:57:24.037 7549 7549 W ResourceType: ResTable_typeSpec entry count inconsistent: given 817, previously 2120
01-02 13:57:24.037 7549 7549 W ResourceType: ResTable_typeSpec entry count inconsistent: given 1502, previously 1505
01-02 13:57:24.039 8936 9056 W art : Verification of java.lang.Object lzq.a(java.lang.Object, java.lang.Object) took 170.296ms
01-02 13:57:24.069 8794 8837 I MediaCodec: callingProcessName:com.ipos.controllerorder
01-02 13:57:24.070 7378 7729 I MediaPlayerService: MediaPlayerService::getOMX
01-02 13:57:24.070 8794 9460 I OMXClient: MuxOMX ctor
01-02 13:57:24.070 8794 9460 I ACodec : onAllocateComponent:6752 mSoftCodecPref:0 componentName:
01-02 13:57:24.071 8794 9460 I ACodec : onAllocateComponent:6783 mSoftCodecPref:0 componentName:OMX.google.mp3.decoder
01-02 13:57:24.071 30005 30288 I OMXMaster: makeComponentInstance(OMX.google.mp3.decoder) in mediacodec process
01-02 13:57:24.082 9115 9184 W art : Verification of java.lang.Object jfd.b(java.lang.Object) took 1.027s
01-02 13:57:24.083 8936 9064 I PlayCommon: [160] amec.j(283): Successfully uploaded logs.
01-02 13:57:24.108 7549 7569 W ResourceType: ResTable_typeSpec entry count inconsistent: given 23, previously 37
01-02 13:57:24.108 7549 7569 W ResourceType: ResTable_typeSpec entry count inconsistent: given 817, previously 2120
01-02 13:57:24.108 7549 7569 W ResourceType: ResTable_typeSpec entry count inconsistent: given 1502, previously 1505
01-02 13:57:24.142 7549 7569 W ResourceType: No known package when getting value for resource number 0x7f08031b
01-02 13:57:24.143 7549 7569 W ResourceType: No known package when getting value for resource number 0x7f13068c
01-02 13:57:24.143 7549 7569 W ResourceType: No known package when getting value for resource number 0x7f13068c
01-02 13:57:24.143 7549 7569 W ResourceType: No known package when getting value for resource number 0x7f080317
