01-02 13:57:29.982 9727 9727 D BatteryStatsImpl: Reading daily items from /data/system/batterystats-daily.xml
01-02 13:57:30.010 9558 9558 I ServiceManager: Waiting for service media.camera.proxy...
01-02 13:57:30.060 9558 9558 I ServiceManager: Waiting for service media.camera.proxy...
01-02 13:57:30.097 9727 9727 W ProcessCpuTracker: Skipping unknown process pid 9762
01-02 13:57:30.103 9727 9727 I IntentFirewall: Read new rules (A:0 B:0 S:0)
01-02 13:57:30.111 9558 9558 I ServiceManager: Waiting for service media.camera.proxy...
01-02 13:57:30.113 9727 9727 D AppOps : AppOpsService published
01-02 13:57:30.114 9727 9727 I SystemServiceManager: Starting com.android.server.power.PowerManagerService
01-02 13:57:30.116 9727 9727 D RKPowerHAL: rk3288: power hal version 4.0
01-02 13:57:30.116 9727 9727 I RKPowerHAL: cpu_clus0_freqs:126000 216000 408000 600000 696000 816000 1008000 1200000 1416000 1512000 1608000
01-02 13:57:30.116 9727 9727 I RKPowerHAL:
01-02 13:57:30.116 9727 9727 I RKPowerHAL: cpu_clust0 available freq[0]:126000
01-02 13:57:30.116 9727 9727 I RKPowerHAL: cpu_clust0 available freq[1]:216000
01-02 13:57:30.116 9727 9727 I RKPowerHAL: cpu_clust0 available freq[2]:408000
01-02 13:57:30.116 9727 9727 I RKPowerHAL: cpu_clust0 available freq[3]:600000
01-02 13:57:30.116 9727 9727 I RKPowerHAL: cpu_clust0 available freq[4]:696000
01-02 13:57:30.116 9727 9727 I RKPowerHAL: cpu_clust0 available freq[5]:816000
01-02 13:57:30.117 9727 9727 I RKPowerHAL: cpu_clust0 available freq[6]:1008000
01-02 13:57:30.117 9727 9727 I RKPowerHAL: cpu_clust0 available freq[7]:1200000
01-02 13:57:30.117 9727 9727 I RKPowerHAL: cpu_clust0 available freq[8]:1416000
01-02 13:57:30.117 9727 9727 I RKPowerHAL: cpu_clust0 available freq[9]:1512000
01-02 13:57:30.117 9727 9727 I RKPowerHAL: cpu_clust0 available freq[10]:1608000
01-02 13:57:30.117 9727 9727 I RKPowerHAL: cpu_clust0 available freq[11]:
01-02 13:57:30.117 9727 9727 I RKPowerHAL:
01-02 13:57:30.117 9727 9727 I RKPowerHAL: cpu_clust0_max_index:10
01-02 13:57:30.117 9727 9727 I RKPowerHAL: gpu_freqs:100000000 200000000 300000000 420000000 500000000
01-02 13:57:30.117 9727 9727 I RKPowerHAL:
01-02 13:57:30.117 9727 9727 I RKPowerHAL: gpu available freq[0]:100000000
01-02 13:57:30.117 9727 9727 I RKPowerHAL: gpu available freq[1]:200000000
01-02 13:57:30.117 9727 9727 I RKPowerHAL: gpu available freq[2]:300000000
01-02 13:57:30.117 9727 9727 I RKPowerHAL: gpu available freq[3]:420000000
01-02 13:57:30.117 9727 9727 I RKPowerHAL: gpu available freq[4]:500000000
01-02 13:57:30.117 9727 9727 I RKPowerHAL:
01-02 13:57:30.117 9727 9727 I RKPowerHAL: gpu_max_index:4
01-02 13:57:30.117 9727 9727 W libsuspend: Error writing 'on' to /sys/power/state: Invalid argument
01-02 13:57:30.117 9727 9727 I libsuspend: Selected wakeup count
01-02 13:57:30.117 9727 9727 D RKPowerHAL: power_set_interactive: 1
01-02 13:57:30.117 9727 9727 D RKPowerHAL: power_set_interactive: 1 done
01-02 13:57:30.120 9727 9727 I SystemServiceManager: Starting com.android.server.lights.LightsService
01-02 13:57:30.120 9727 9771 W ProcessCpuTracker: Skipping unknown process pid 9767
01-02 13:57:30.121 9727 9727 I Lights Hal: >>> Enter light_device_open:backlight
01-02 13:57:30.121 9727 9727 I Lights Hal: >>> Enter light_device_open:keyboard
01-02 13:57:30.121 9727 9727 I Lights Hal: >>> Enter light_device_open:buttons
01-02 13:57:30.121 9727 9727 I Lights Hal: >>> Enter light_device_open:battery
01-02 13:57:30.121 9727 9727 I Lights Hal: >>> Enter light_device_open:notifications
01-02 13:57:30.121 9727 9727 I Lights Hal: >>> Enter light_device_open:attention
01-02 13:57:30.121 9727 9727 I Lights Hal: >>> Enter light_device_open:bluetooth
01-02 13:57:30.121 9727 9727 I Lights Hal: >>> undefine light id
01-02 13:57:30.122 9727 9727 I Lights Hal: >>> Enter light_device_open:wifi
01-02 13:57:30.122 9727 9727 I Lights Hal: >>> undefine light id
01-02 13:57:30.122 9727 9727 I SystemServiceManager: Starting com.android.server.display.DisplayManagerService
01-02 13:57:30.122 9727 9751 E BluetoothAdapter: Bluetooth binder is null
01-02 13:57:30.124 9727 9727 I SystemServiceManager: Starting phase 100
01-02 13:57:30.126 9727 9751 E BatteryStatsService: no controller energy info supplied
01-02 13:57:30.129 9727 9770 I DisplayManagerService: Display device added: DisplayDeviceInfo{"Built-in Screen": uniqueId="local:0", 1366 x 768, modeId 1, defaultModeId 1, supportedModes [{id=1, width=1366, height=768, fps=59.0}], colorMode 0, supportedColorModes [0], HdrCapabilities android.view.Display$HdrCapabilities@a69d6308, density 160, 213.0 x 213.0 dpi, appVsyncOff 1000000, presDeadline 16949152, touch INTERNAL, rotation 0, type BUILT_IN, state UNKNOWN, FLAG_DEFAULT_DISPLAY, FLAG_ROTATES_WITH_CONTENT, FLAG_SECURE, FLAG_SUPPORTS_PROTECTED_BUFFERS}
01-02 13:57:30.130 203 203 D SurfaceFlinger: Set power mode=2, type=0 flinger=0xac1b2000
01-02 13:57:30.130 203 203 D SurfaceFlinger: Screen type=0 is already mode=2
01-02 13:57:30.131 9727 9770 I DisplayManagerService: Display device added: DisplayDeviceInfo{"HDMI Screen": uniqueId="local:1", 1024 x 768, modeId 2, defaultModeId 2, supportedModes [{id=2, width=1024, height=768, fps=60.000004}], colorMode 0, supportedColorModes [0], HdrCapabilities android.view.Display$HdrCapabilities@a69d6308, density 227, 227.0 x 227.0 dpi, appVsyncOff 1000000, presDeadline 16666666, touch EXTERNAL, rotation 0, type HDMI, state UNKNOWN, FLAG_SECURE, FLAG_SUPPORTS_PROTECTED_BUFFERS, FLAG_PRESENTATION}
01-02 13:57:30.131 203 203 D SurfaceFlinger: Set power mode=2, type=1 flinger=0xac1b2000
01-02 13:57:30.131 203 203 D SurfaceFlinger: Screen type=1 is already mode=2
01-02 13:57:30.132 9727 9770 I DisplayManagerService: Display device changed state: "Built-in Screen", ON
01-02 13:57:30.132 9727 9770 I DisplayManagerService: Display device changed state: "HDMI Screen", ON
01-02 13:57:30.133 9727 9727 I SystemServer: StartPackageManagerService
01-02 13:57:30.161 9558 9558 I ServiceManager: Waiting for service media.camera.proxy...
01-02 13:57:30.162 9727 9727 D SELinuxMMAC: Using policy file /system/etc/security/mac_permissions.xml
01-02 13:57:30.178 9727 9727 D PackageSettings: Read domain verification for package: com.google.android.youtube
01-02 13:57:30.181 9727 9727 D PackageSettings: Read domain verification for package: com.google.android.googlequicksearchbox
01-02 13:57:30.187 9727 9727 D PackageSettings: Read domain verification for package: com.android.vending
01-02 13:57:30.198 9727 9727 D PackageSettings: Read domain verification for package: com.google.android.apps.docs
01-02 13:57:30.202 9560 9560 V NatController: runCmd(/system/bin/iptables -w -F natctrl_FORWARD) res=0
01-02 13:57:30.209 9727 9727 D PackageSettings: Read domain verification for package: com.google.android.gms
01-02 13:57:30.211 9558 9558 I ServiceManager: Waiting for service media.camera.proxy...
01-02 13:57:30.212 9560 9560 V NatController: runCmd(/system/bin/ip6tables -w -F natctrl_FORWARD) res=0
01-02 13:57:30.221 9560 9560 V NatController: runCmd(/system/bin/iptables -w -A natctrl_FORWARD -j DROP) res=0
01-02 13:57:30.222 9727 9727 D PackageSettings: Read domain verification for package: com.teamviewer.quicksupport.market
01-02 13:57:30.230 9560 9560 V NatController: runCmd(/system/bin/iptables -w -t nat -F natctrl_nat_POSTROUTING) res=0
01-02 13:57:30.239 9560 9560 V NatController: runCmd(/system/bin/ip6tables -w -t raw -F natctrl_raw_PREROUTING) res=0
01-02 13:57:30.248 9560 9560 V NatController: runCmd(/system/bin/iptables -w -F natctrl_tether_counters) res=0
01-02 13:57:30.257 9560 9560 V NatController: runCmd(/system/bin/ip6tables -w -F natctrl_tether_counters) res=0
01-02 13:57:30.261 9558 9558 I ServiceManager: Waiting for service media.camera.proxy...
01-02 13:57:30.267 9560 9560 V NatController: runCmd(/system/bin/iptables -w -X natctrl_tether_counters) res=0
01-02 13:57:30.276 9560 9560 V NatController: runCmd(/system/bin/ip6tables -w -X natctrl_tether_counters) res=0
01-02 13:57:30.285 9560 9560 V NatController: runCmd(/system/bin/iptables -w -N natctrl_tether_counters) res=0
01-02 13:57:30.294 9560 9560 V NatController: runCmd(/system/bin/ip6tables -w -N natctrl_tether_counters) res=0
01-02 13:57:30.303 9560 9560 V NatController: runCmd(/system/bin/iptables -w -t mangle -A natctrl_mangle_FORWARD -p tcp --tcp-flags SYN SYN -j TCPMSS --clamp-mss-to-pmtu) res=0
01-02 13:57:30.312 9558 9558 I ServiceManager: Waiting for service media.camera.proxy...
01-02 13:57:30.353 9727 9727 E art : DexFile_getDexOptNeeded file '/system/framework/org.apache.http.legacy.jar' does not exist
01-02 13:57:30.354 9727 9727 W PackageManager: Library not found: /system/framework/org.apache.http.legacy.jar
01-02 13:57:30.355 9727 9727 D PackageManager: No files in app dir /vendor/overlay
01-02 13:57:30.358 9727 9727 W PackageManager: Failed to parse /system/framework/arm: Missing base APK in /system/framework/arm
01-02 13:57:30.362 9558 9558 I ServiceManager: Waiting for service media.camera.proxy...
01-02 13:57:30.394 9727 9727 W PackageManager: Failed to parse /system/framework/oat: Missing base APK in /system/framework/oat C:\Users\jjkim> C:\Users\jjkim>