01-02 13:56:36.442 8438 8438 I art : at void com.android.internal.os.ZygoteInit.main(java.lang.String[]) (ZygoteInit.java:804)
01-02 13:56:36.442 8438 8438 I art : Caused by: java.lang.ClassNotFoundException: Didn't find class "android.app.KeyguardManager$KeyguardDismissCallback" on path: DexPathList[[zip file "/data/app/com.google.android.googlequicksearchbox-2/base.apk"],nativeLibraryDirectories=[/data/app/com.google.android.googlequicksearchbox-2/lib/arm, /data/app/com.google.android.googlequicksearchbox-2/base.apk!/lib/armeabi-v7a, /system/lib, /vendor/lib]]
01-02 13:56:36.442 8438 8438 I art : at java.lang.Class dalvik.system.BaseDexClassLoader.findClass(java.lang.String) (BaseDexClassLoader.java:56)
01-02 13:56:36.442 8438 8438 I art : at java.lang.Class java.lang.ClassLoader.loadClass(java.lang.String, boolean) (ClassLoader.java:380)
01-02 13:56:36.442 8438 8438 I art : at java.lang.Class java.lang.ClassLoader.loadClass(java.lang.String) (ClassLoader.java:312)
01-02 13:56:36.442 8438 8438 I art : at void com.google.android.hotword.service.c.(android.content.Context) (PG:1)
01-02 13:56:36.442 8438 8438 I art : at void com.google.android.hotword.service.HotwordService.onCreate() (PG:3)
01-02 13:56:36.442 8438 8438 I art : at void android.app.ActivityThread.handleCreateService(android.app.ActivityThread$CreateServiceData) (ActivityThread.java:3196)
01-02 13:56:36.442 8438 8438 I art : at void android.app.ActivityThread.-wrap5(android.app.ActivityThread, android.app.ActivityThread$CreateServiceData) (ActivityThread.java:-1)
01-02 13:56:36.442 8438 8438 I art : at void android.app.ActivityThread$H.handleMessage(android.os.Message) (ActivityThread.java:1572)
01-02 13:56:36.442 8438 8438 I art : at void android.os.Handler.dispatchMessage(android.os.Message) (Handler.java:102)
01-02 13:56:36.442 8438 8438 I art : at void android.os.Looper.loop() (Looper.java:154)
01-02 13:56:36.442 8438 8438 I art : at void android.app.ActivityThread.main(java.lang.String[]) (ActivityThread.java:6140)
01-02 13:56:36.442 8438 8438 I art : at java.lang.Object java.lang.reflect.Method.invoke!(java.lang.Object, java.lang.Object[]) (Method.java:-2)
01-02 13:56:36.442 8438 8438 I art : at void com.android.internal.os.ZygoteInit$MethodAndArgsCaller.run() (ZygoteInit.java:914)
01-02 13:56:36.442 8438 8438 I art : at void com.android.internal.os.ZygoteInit.main(java.lang.String[]) (ZygoteInit.java:804)
01-02 13:56:36.442 8438 8438 I art :
01-02 13:56:36.454 7859 8117 I chatty : uid=10010(com.google.android.gms) lowpool[0] expire 4 lines
01-02 13:56:36.459 7859 8222 I chatty : uid=10010 com.google.android.gms.persistent expire 1 line
01-02 13:56:36.475 7739 7745 I art : Compiler allocated 9MB to compile void pfq.k(java.lang.Object, rif, pdo)
01-02 13:56:36.585 8146 8334 I chatty : uid=10010(com.google.android.gms) lowpool[2] expire 9 lines
01-02 13:56:36.595 7859 8401 I chatty : uid=10010 com.google.android.gms.persistent expire 1 line
01-02 13:56:36.683 7739 7960 I SP : Syncing emoticon_content_description (2022081613) with slices: [7a635888cb828dfa2fc744b7b9b50f04, 32d728000a7003a7c11d528d5f452107], metadata: false
01-02 13:56:36.754 8438 8438 I A : Building OnDeviceNameResolver: 4 endpoints.
01-02 13:56:36.768 8438 8570 I art : Rejecting re-init on previously-failed class java.lang.Class: java.lang.NoClassDefFoundError: Failed resolution of: Landroid/app/AppOpsManager$OnOpNotedCallback;
01-02 13:56:36.768 8438 8570 I art : at com.google.android.apps.gsa.search.core.i.c com.google.android.apps.gsa.staticplugins.co.a.b.a(android.content.Context, com.google.android.apps.gsa.shared.util.c.a.k, dagger.a) (PG:-1)
01-02 13:56:36.768 8438 8570 I art : at java.lang.Object com.google.android.apps.gsa.binaries.velvet.app.amq.a() (PG:-1)
01-02 13:56:36.768 8438 8570 I art : at java.lang.Object com.google.android.apps.gsa.binaries.velvet.app.amq.b() (PG:15)
01-02 13:56:36.768 8438 8570 I art : at java.lang.Object dagger.a.e.b() (PG:1)
01-02 13:56:36.768 8438 8570 I art : at java.lang.Object com.google.android.apps.gsa.binaries.velvet.app.amq.a() (PG:-1)
01-02 13:56:36.768 8438 8570 I art : at java.lang.Object com.google.android.apps.gsa.binaries.velvet.app.amq.b() (PG:15)
01-02 13:56:36.768 8438 8570 I art : at java.lang.Object dagger.a.e.b() (PG:1)
01-02 13:56:36.768 8438 8570 I art : at void com.google.android.apps.gsa.search.core.i.s.run() (PG:1)
01-02 13:56:36.768 8438 8570 I art : at void com.google.android.libraries.gsa.k.a.h.run() (PG:2)
01-02 13:56:36.768 8438 8570 I art : at void com.google.android.apps.gsa.shared.util.c.a.cf.b() (PG:1)
01-02 13:56:36.768 8438 8570 I art : at void com.google.android.apps.gsa.shared.util.c.a.ci.run() (PG:1)
01-02 13:56:36.768 8438 8570 I art : at void com.google.android.libraries.i.ae.run() (PG:1)
01-02 13:56:36.791 8438 8570 I art : at void com.google.android.libraries.i.am.run() (PG:23)
01-02 13:56:36.791 8438 8570 I art : at void com.google.android.libraries.i.k.run() (PG:2)
01-02 13:56:36.791 8438 8570 I art : at void com.google.android.libraries.i.p.run() (PG:4)
01-02 13:56:36.791 8438 8570 I art : at void java.lang.Thread.run() (Thread.java:761)
01-02 13:56:36.791 8438 8570 I art : Caused by: java.lang.ClassNotFoundException: Didn't find class "android.app.AppOpsManager$OnOpNotedCallback" on path: DexPathList[[zip file "/data/app/com.google.android.googlequicksearchbox-2/base.apk"],nativeLibraryDirectories=[/data/app/com.google.android.googlequicksearchbox-2/lib/arm, /data/app/com.google.android.googlequicksearchbox-2/base.apk!/lib/armeabi-v7a, /system/lib, /vendor/lib]]
01-02 13:56:36.791 8438 8570 I art : at java.lang.Class dalvik.system.BaseDexClassLoader.findClass(java.lang.String) (BaseDexClassLoader.java:56)
01-02 13:56:36.791 8438 8570 I art : at java.lang.Class java.lang.ClassLoader.loadClass(java.lang.String, boolean) (ClassLoader.java:380)
01-02 13:56:36.791 8438 8570 I art : at java.lang.Class java.lang.ClassLoader.loadClass(java.lang.String) (ClassLoader.java:312)
01-02 13:56:36.791 8438 8570 I art : at com.google.android.apps.gsa.search.core.i.c com.google.android.apps.gsa.staticplugins.co.a.b.a(android.content.Context, com.google.android.apps.gsa.shared.util.c.a.k, dagger.a) (PG:-1)
01-02 13:56:36.791 8438 8570 I art : at java.lang.Object com.google.android.apps.gsa.binaries.velvet.app.amq.a() (PG:-1)
01-02 13:56:36.791 8438 8570 I art : at java.lang.Object com.google.android.apps.gsa.binaries.velvet.app.amq.b() (PG:15)
01-02 13:56:36.791 8438 8570 I art : at java.lang.Object dagger.a.e.b() (PG:1)
01-02 13:56:36.791 8438 8570 I art : at java.lang.Object com.google.android.apps.gsa.binaries.velvet.app.amq.a() (PG:-1)
01-02 13:56:36.791 8438 8570 I art : at java.lang.Object com.google.android.apps.gsa.binaries.velvet.app.amq.b() (PG:15)
01-02 13:56:36.791 8438 8570 I art : at java.lang.Object dagger.a.e.b() (PG:1)
01-02 13:56:36.791 8438 8570 I art : at void com.google.android.apps.gsa.search.core.i.s.run() (PG:1)
01-02 13:56:36.791 8438 8570 I art : at void com.google.android.libraries.gsa.k.a.h.run() (PG:2)
01-02 13:56:36.791 8438 8570 I art : at void com.google.android.apps.gsa.shared.util.c.a.cf.b() (PG:1)
01-02 13:56:36.791 8438 8570 I art : at void com.google.android.apps.gsa.shared.util.c.a.ci.run() (PG:1)
01-02 13:56:36.791 8438 8570 I art : at void com.google.android.libraries.i.ae.run() (PG:1)
01-02 13:56:36.791 8438 8570 I art : at void com.google.android.libraries.i.am.run() (PG:23)
01-02 13:56:36.791 8438 8570 I art : at void com.google.android.libraries.i.k.run() (PG:2)
01-02 13:56:36.791 8438 8570 I art : at void com.google.android.libraries.i.p.run() (PG:4)
01-02 13:56:36.791 8438 8570 I art : at void java.lang.Thread.run() (Thread.java:761)
01-02 13:56:36.791 8438 8570 I art :
01-02 13:56:36.812 8366 8419 V MediaScanner: pruneDeadThumbnailFiles... android.content.ContentProviderClient$CursorWrapperInner@c0a1340
01-02 13:56:36.812 8366 8419 V MediaScanner: /pruneDeadThumbnailFiles... android.content.ContentProviderClient$CursorWrapperInner@c0a1340
01-02 13:56:36.825 8438 8438 W art : Before Android 4.1, method double java.util.concurrent.ThreadLocalRandom.internalNextDouble(double, double) would have incorrectly overridden the package-private method in java.util.Random
01-02 13:56:36.825 8438 8438 W art : Before Android 4.1, method int java.util.concurrent.ThreadLocalRandom.internalNextInt(int, int) would have incorrectly overridden the package-private method in java.util.Random
01-02 13:56:36.825 8438 8438 W art : Before Android 4.1, method long java.util.concurrent.ThreadLocalRandom.internalNextLong(long, long) would have incorrectly overridden the package-private method in java.util.Random
01-02 13:56:36.890 8438 8448 I art : Background sticky concurrent mark sweep GC freed 3616(227KB) AllocSpace objects, 1(20KB) LOS objects, 5% free, 7MB/7MB, paused 5.978ms total 42.699ms
01-02 13:56:36.940 7859 8225 I chatty : uid=10010(com.google.android.gms) lowpool[3] expire 1 line
01-02 13:56:37.019 7739 7960 I SP : GC for 'emoticon_content_description' (10) with ttl of 0 ms took 0 ms (0/0/0)
01-02 13:56:37.035 7739 7960 I AbstractSyncResultCallb: AbstractSyncResultCallback.onFailure():38 onFailure(): emoticon_content_description.sync cancelled; expected if new request supersedes pending one.
01-02 13:56:37.040 8438 8448 W art : Suspending all threads took: 5.548ms
01-02 13:56:37.042 8146 8151 I chatty : uid=10010(com.google.android.gms) Jit thread pool expire 1 line
01-02 13:56:37.046 8438 8448 I art : Background partial concurrent mark sweep GC freed 2546(294KB) AllocSpace objects, 2(120KB) LOS objects, 40% free, 7MB/12MB, paused 9.381ms total 80.134ms
01-02 13:56:37.050 8438 8443 I art : Do full code cache collection, code=70KB, data=114KB
01-02 13:56:37.051 8438 8443 I art : Starting a blocking GC JitCodeCache
01-02 13:56:37.051 8438 8443 I art : After code cache collection, code=63KB, data=64KB
01-02 13:56:37.054 8438 8443 I art : Compiler allocated 4MB to compile void com.google.protobuf.dv.h(java.lang.Object, com.google.protobuf.eh, com.google.protobuf.ba)
01-02 13:56:37.120 7859 8433 I chatty : uid=10010(com.google.android.gms) netscheduler-qu expire 3 lines
01-02 13:56:37.132 8438 8438 I Search.LoginHelperImpl: Getting accounts.
01-02 13:56:37.136 7859 8401 I chatty : uid=10010 com.google.android.gms.persistent expire 4 lines
01-02 13:56:37.152 7859 7865 I chatty : uid=10010(com.google.android.gms) Jit thread pool expire 1 line
01-02 13:56:37.208 7739 7960 I SP : Sync for emoticon_content_description succeeded in 992 ms: no changes
01-02 13:56:37.241 7739 7960 I SP : GC for 'emoticon_content_description' (10) with ttl of 0 ms took 0 ms (0/0/0)
01-02 13:56:37.333 8438 8451 I A : Util.isLowRamDevice: false, canUsePreemptibleAudioSource: true
01-02 13:56:37.367 8438 8451 I A : Using proto config with mendel
01-02 13:56:37.395 8438 8451 I A : Using proto config with mendel
01-02 13:56:37.421 8438 8585 I EventBusThread: Event Bus thread starting with TID 8585
01-02 13:56:37.457 8438 8438 I SearchServiceCore: We were killed and are starting back!
01-02 13:56:37.470 8438 8451 I A : New OK_HEY model config map hash: reinitializing config map.
01-02 13:56:37.539 7859 8222 I chatty : uid=10010 com.google.android.gms.persistent expire 5 lines
01-02 13:56:37.585 8438 8451 I A : Using proto config with mendel
01-02 13:56:37.596 8438 8451 I A : Merging legacy hotword config map with new proto.
01-02 13:56:37.599 8438 8451 I A : Adding from config to map. Locale: cmn-Hant-TW modelPrefix: x_google Location:4e7cae00daee30ec565c34e3aa67a51f isSpeakerIdSupported: true
01-02 13:56:37.612 8438 8451 I A : Adding from config to map. Locale: id-ID modelPrefix: x_google Location:cfffcc1a4c1c084c003c8eb27f73d770 isSpeakerIdSupported: true
01-02 13:56:37.639 7859 8117 I chatty : uid=10010(com.google.android.gms) lowpool[0] expire 2 lines
01-02 13:56:37.650 8438 8451 I A : Adding from config to map. Locale: ko-KR modelPrefix: x_google Location:0b132163a2eb2c1194b202067475724b isSpeakerIdSupported: true
01-02 13:56:37.661 8438 8451 I A : Skipping. Expected model: 2 Found: 1
01-02 13:56:37.661 8438 8451 I A : Adding from config to map. Locale: zh-TW modelPrefix: x_google Location:4e7cae00daee30ec565c34e3aa67a51f isSpeakerIdSupported: true
01-02 13:56:37.679 8438 8438 W art : Verification of void com.google.android.apps.gsa.shared.logger.b.ae.() took 176.460ms
01-02 13:56:37.703 8438 8451 I A : Using proto config with mendel
01-02 13:56:37.724 8438 8451 I A : Using proto config with mendel
01-02 13:56:37.797 8438 8438 I A : Util.isLowRamDevice: false, canUsePreemptibleAudioSource: true
01-02 13:56:37.804 8438 8451 I A : Using proto config with mendel
01-02 13:56:37.804 8438 8451 I A : Merging legacy hotword config map with new proto.
01-02 13:56:37.823 8438 8451 I A : Adding from config to map. Locale: cmn-Hant-TW modelPrefix: x_google Location:4e7cae00daee30ec565c34e3aa67a51f isSpeakerIdSupported: true
01-02 13:56:37.823 8438 8451 I A : Adding from config to map. Locale: id-ID modelPrefix: x_google Location:cfffcc1a4c1c084c003c8eb27f73d770 isSpeakerIdSupported: true
01-02 13:56:37.833 8438 8451 I A : Adding from config to map. Locale: ko-KR modelPrefix: x_google Location:0b132163a2eb2c1194b202067475724b isSpeakerIdSupported: true
01-02 13:56:37.834 8438 8451 I A : Skipping. Expected model: 2 Found: 1
01-02 13:56:37.834 7859 8222 I chatty : uid=10010 com.google.android.gms.persistent expire 1 line
01-02 13:56:37.834 8438 8451 I A : Adding from config to map. Locale: zh-TW modelPrefix: x_google Location:4e7cae00daee30ec565c34e3aa67a51f isSpeakerIdSupported: true
01-02 13:56:37.852 8438 8451 I A : hasHotwordEverywhere-true
01-02 13:56:37.855 8438 8451 I A : Using proto config with mendel
01-02 13:56:37.882 8438 8588 I A : Device Compliance Fetch time taken = 1602ms
01-02 13:56:37.886 8438 8451 I A : Using proto config with mendel
01-02 13:56:37.904 8438 8588 I A : Device is compliant!
01-02 13:56:37.905 8438 8588 I A : Invoking "compliant" action...
01-02 13:56:37.913 8438 8451 I A : Using proto config with mendel
01-02 13:56:37.913 8438 8451 I A : Merging legacy hotword config map with new proto.
01-02 13:56:37.914 8438 8451 I A : Adding from config to map. Locale: cmn-Hant-TW modelPrefix: x_google Location:4e7cae00daee30ec565c34e3aa67a51f isSpeakerIdSupported: true
01-02 13:56:37.915 8438 8451 I A : Adding from config to map. Locale: id-ID modelPrefix: x_google Location:cfffcc1a4c1c084c003c8eb27f73d770 isSpeakerIdSupported: true
01-02 13:56:37.915 8438 8451 I A : Adding from config to map. Locale: ko-KR modelPrefix: x_google Location:0b132163a2eb2c1194b202067475724b isSpeakerIdSupported: true
01-02 13:56:37.916 8438 8451 I A : Skipping. Expected model: 2 Found: 1
01-02 13:56:37.943 8438 8451 I A : Adding from config to map. Locale: zh-TW modelPrefix: x_google Location:4e7cae00daee30ec565c34e3aa67a51f isSpeakerIdSupported: true
01-02 13:56:37.969 8438 8451 I A : Using proto config with mendel
01-02 13:56:37.988 8438 8451 I A : Using proto config with mendel
01-02 13:56:38.055 8438 8570 W art : Verification of java.lang.Object com.google.apps.tiktok.inject.a.g.a(com.google.apps.tiktok.account.AccountId) took 151.807ms
01-02 13:56:38.056 7859 8247 I chatty : uid=10010(com.google.android.gms) Binder:7859_6 expire 3 lines
01-02 13:56:38.064 7859 8186 I chatty : uid=10010(com.google.android.gms) highpool[3] expire 1 line
01-02 13:56:38.097 7859 8247 I chatty : uid=10010(com.google.android.gms) Binder:7859_6 expire 3 lines
01-02 13:56:38.106 7859 8401 I chatty : uid=10010 com.google.android.gms.persistent expire 1 line
01-02 13:56:38.118 7859 7865 I chatty : uid=10010(com.google.android.gms) Jit thread pool expire 1 line
01-02 13:56:38.157 8438 8448 I art : Background sticky concurrent mark sweep GC freed 30443(2MB) AllocSpace objects, 5(96KB) LOS objects, 23% free, 9MB/12MB, paused 7.400ms total 69.549ms
01-02 13:56:38.237 7859 7868 I chatty : uid=10010(com.google.android.gms) FinalizerDaemon expire 11 lines
01-02 13:56:38.245 7859 7868 E System : java.lang.IllegalStateException: Lock wasn't released correctly
01-02 13:56:38.245 7859 7868 E System : at baos.finalize(:com.google.android.gms@233414015@23.34.14 (040300-560151436):12)
01-02 13:56:38.245 7859 7868 E System : at java.lang.Daemons$FinalizerDaemon.doFinalize(Daemons.java:222)
01-02 13:56:38.245 7859 7868 E System : at java.lang.Daemons$FinalizerDaemon.run(Daemons.java:209)
01-02 13:56:38.245 7859 7868 E System : at java.lang.Thread.run(Thread.java:761)
01-02 13:56:38.245 7859 7868 E System : Uncaught exception thrown by finalizer
01-02 13:56:38.245 7859 7868 E System : java.lang.IllegalStateException: Lock wasn't released correctly
01-02 13:56:38.245 7859 7868 E System : at baos.finalize(:com.google.android.gms@233414015@23.34.14 (040300-560151436):12)
01-02 13:56:38.245 7859 7868 E System : at java.lang.Daemons$FinalizerDaemon.doFinalize(Daemons.java:222)
01-02 13:56:38.245 7859 7868 E System : at java.lang.Daemons$FinalizerDaemon.run(Daemons.java:209)
01-02 13:56:38.245 7859 7868 E System : at java.lang.Thread.run(Thread.java:761)
01-02 13:56:38.250 7859 7868 E System : Uncaught exception thrown by finalizer
01-02 13:56:38.250 7859 7868 E System : java.lang.IllegalStateException: Lock wasn't released correctly
01-02 13:56:38.250 7859 7868 E System : at baos.finalize(:com.google.android.gms@233414015@23.34.14 (040300-560151436):12)
01-02 13:56:38.250 7859 7868 E System : at java.lang.Daemons$FinalizerDaemon.doFinalize(Daemons.java:222)
01-02 13:56:38.250 7859 7868 E System : at java.lang.Daemons$FinalizerDaemon.run(Daemons.java:209)
01-02 13:56:38.250 7859 7868 E System : at java.lang.Thread.run(Thread.java:761)
01-02 13:56:38.253 7859 8205 W GmsStrictMode: LEAKED_CLOSABLE [CONTEXT service_id=256 ]
01-02 13:56:38.253 7859 8205 W GmsStrictMode: agdv: LEAKED_CLOSABLE
01-02 13:56:38.253 7859 8205 W GmsStrictMode: at dalvik.system.VMStack.getThreadStackTrace(Native Method)
01-02 13:56:38.253 7859 8205 W GmsStrictMode: at java.lang.Thread.getStackTrace(Thread.java:1566)
01-02 13:56:38.253 7859 8205 W GmsStrictMode: at crow.containsKey(:com.google.android.gms@233414015@23.34.14 (040300-560151436):5)
01-02 13:56:38.253 7859 8205 W GmsStrictMode: at android.os.StrictMode.onVmPolicyViolation(StrictMode.java:1864)
01-02 13:56:38.253 7859 8205 W GmsStrictMode: at android.os.StrictMode.onVmPolicyViolation(StrictMode.java:1841)
01-02 13:56:38.253 7859 8205 W GmsStrictMode: at android.os.StrictMode$AndroidCloseGuardReporter.report(StrictMode.java:1587)
01-02 13:56:38.253 7859 8205 W GmsStrictMode: at dalvik.system.CloseGuard.warnIfOpen(CloseGuard.java:208)
01-02 13:56:38.253 7859 8205 W GmsStrictMode: at java.io.RandomAccessFile.finalize(RandomAccessFile.java:1158)
01-02 13:56:38.253 7859 8205 W GmsStrictMode: at java.lang.Daemons$FinalizerDaemon.doFinalize(Daemons.java:222)
01-02 13:56:38.253 7859 8205 W GmsStrictMode: at java.lang.Daemons$FinalizerDaemon.run(Daemons.java:209)
01-02 13:56:38.253 7859 8205 W GmsStrictMode: at java.lang.Thread.run(Thread.java:761)
01-02 13:56:38.360 8146 8273 I Icing : IndexChimeraService.getServiceInterface callingPackage=com.google.android.gms componentName=ContactsIndexer serviceId=33
01-02 13:56:38.403 8146 8306 I Icing : Storage manager: low false usage 2.86MB avail 8.34GB capacity 12.09GB
01-02 13:56:38.435 7549 7562 I ActivityManager: Start proc 8598:com.google.android.gms.unstable/u0a10 for service com.google.android.gms/.droidguard.DroidGuardService
01-02 13:56:38.446 7859 8401 I NetworkScheduler.Stats: (REDACTED) Task %s/%s started execution. cause:%s exec_start_elapsed_seconds: %s
01-02 13:56:38.446 7859 8433 E WakeLock: *gms_scheduler*:internal should be held!
01-02 13:56:38.447 7859 8433 E WakeLock: *gms_scheduler*/com.google.android.gms/.ads.jams.NegotiationService should be held!
01-02 13:56:38.481 8438 8585 I SearchWidgetFlow: GsaWidgetSessionController:handleGenericClientEvent
01-02 13:56:38.509 7859 8222 I NetworkScheduler.Stats: (REDACTED) Task %s/%s finished executing. cause:%s result: %s elapsed_millis: %s uptime_millis: %s exec_start_elapsed_seconds: %s
01-02 13:56:38.527 7549 7558 I art : Background partial concurrent mark sweep GC freed 14170(704KB) AllocSpace objects, 0(0B) LOS objects, 33% free, 12MB/18MB, paused 982us total 120.012ms
01-02 13:56:38.586 8438 8443 I art : Do partial code cache collection, code=111KB, data=124KB
01-02 13:56:38.605 8438 8443 I art : After code cache collection, code=88KB, data=106KB
01-02 13:56:38.605 8438 8443 I art : Increasing code cache capacity to 512KB
01-02 13:56:38.646 7739 7745 I art : Do full code cache collection, code=206KB, data=226KB
01-02 13:56:38.664 7739 7745 I art : Starting a blocking GC JitCodeCache
01-02 13:56:38.664 7739 7745 I art : After code cache collection, code=144KB, data=144KB
01-02 13:56:38.694 7859 8186 E brqr : Phenotype API error. Event # dwkw@fa54459e, EventCode: 5 [CONTEXT service_id=51 ]
01-02 13:56:38.694 7859 8186 E brqr : brph: 29501: Stale snapshot for com.google.android.apps.search.assistant.device#com.google.android.googlequicksearchbox(change count changed - expected 528 but was 527)
01-02 13:56:38.694 7859 8186 E brqr : at brqw.b(:com.google.android.gms@233414015@23.34.14 (040300-560151436):824)
01-02 13:56:38.694 7859 8186 E brqr : at brqu.g(:com.google.android.gms@233414015@23.34.14 (040300-560151436):3)
01-02 13:56:38.694 7859 8186 E brqr : at brqr.e(:com.google.android.gms@233414015@23.34.14 (040300-560151436):18)
01-02 13:56:38.694 7859 8186 E brqr : at brqr.f(:com.google.android.gms@233414015@23.34.14 (040300-560151436):11)
01-02 13:56:38.694 7859 8186 E brqr : at bavd.eV(:com.google.android.gms@233414015@23.34.14 (040300-560151436):1)
01-02 13:56:38.694 7859 8186 E brqr : at bavj.run(:com.google.android.gms@233414015@23.34.14 (040300-560151436):144)
01-02 13:56:38.694 7859 8186 E brqr : at cznf.run(:com.google.android.gms@233414015@23.34.14 (040300-560151436):13)
01-02 13:56:38.694 7859 8186 E brqr : at ahhy.c(:com.google.android.gms@233414015@23.34.14 (040300-560151436):50)
01-02 13:56:38.694 7859 8186 E brqr : at ahhy.run(:com.google.android.gms@233414015@23.34.14 (040300-560151436):76)
01-02 13:56:38.694 7859 8186 E brqr : at java.util.concurrent.ThreadPoolExecutor.runWorker(ThreadPoolExecutor.java:1133)
01-02 13:56:38.694 7859 8186 E brqr : at java.util.concurrent.ThreadPoolExecutor$Worker.run(ThreadPoolExecutor.java:607)
01-02 13:56:38.694 7859 8186 E brqr : at ahnh.run(:com.google.android.gms@233414015@23.34.14 (040300-560151436):8)
01-02 13:56:38.694 7859 8186 E brqr : at java.lang.Thread.run(Thread.java:761)
01-02 13:56:38.727 8598 8598 W ResourceType: ResTable_typeSpec entry count inconsistent: given 88, previously 90
01-02 13:56:38.728 8598 8598 W ResourceType: ResTable_typeSpec entry count inconsistent: given 168, previously 172
01-02 13:56:38.728 8598 8598 W ResourceType: ResTable_typeSpec entry count inconsistent: given 3481, previously 3501
01-02 13:56:38.734 8146 8146 D BoundBrokerSvc: onUnbind: Intent { act=com.google.android.gms.findmydevice.spot.service.locationreport.START dat=chimera-action: cmp=com.google.android.gms/.chimera.GmsApiService }
01-02 13:56:38.741 7859 8186 W AsyncOperation: operation=CommitToConfigurationOperationCall, opStatusCode=29501 [CONTEXT service_id=51 ]
01-02 13:56:38.741 7859 8186 W AsyncOperation: OperationException[Status{statusCode=Stale snapshot for com.google.android.apps.search.assistant.device#com.google.android.googlequicksearchbox(change count changed - expected 528 but was 527), resolution=null}]
01-02 13:56:38.741 7859 8186 W AsyncOperation: at brqr.e(:com.google.android.gms@233414015@23.34.14 (040300-560151436):55)
01-02 13:56:38.741 7859 8186 W AsyncOperation: at brqr.f(:com.google.android.gms@233414015@23.34.14 (040300-560151436):11)
01-02 13:56:38.741 7859 8186 W AsyncOperation: at bavd.eV(:com.google.android.gms@233414015@23.34.14 (040300-560151436):1)
01-02 13:56:38.741 7859 8186 W AsyncOperation: at bavj.run(:com.google.android.gms@233414015@23.34.14 (040300-560151436):144)
01-02 13:56:38.741 7859 8186 W AsyncOperation: at cznf.run(:com.google.android.gms@233414015@23.34.14 (040300-560151436):13)
01-02 13:56:38.741 7859 8186 W AsyncOperation: at ahhy.c(:com.google.android.gms@233414015@23.34.14 (040300-560151436):50)
01-02 13:56:38.741 7859 8186 W AsyncOperation: at ahhy.run(:com.google.android.gms@233414015@23.34.14 (040300-560151436):76)
01-02 13:56:38.741 7859 8186 W AsyncOperation: at java.util.concurrent.ThreadPoolExecutor.runWorker(ThreadPoolExecutor.java:1133)
01-02 13:56:38.741 7859 8186 W AsyncOperation: at java.util.concurrent.ThreadPoolExecutor$Worker.run(ThreadPoolExecutor.java:607)
01-02 13:56:38.741 7859 8186 W AsyncOperation: at ahnh.run(:com.google.android.gms@233414015@23.34.14 (040300-560151436):8)
01-02 13:56:38.741 7859 8186 W AsyncOperation: at java.lang.Thread.run(Thread.java:761)
01-02 13:56:38.754 8146 8146 D BoundBrokerSvc: onUnbind: Intent { act=com.google.android.gms.findmydevice.spot.service.management.START dat=chimera-action: cmp=com.google.android.gms/.chimera.GmsApiService }
01-02 13:56:38.757 7549 8567 D ConnectivityService: requestNetwork for uid/pid:10027/8438 NetworkRequest [ TRACK_DEFAULT id=7, [ Capabilities: INTERNET&NOT_RESTRICTED&TRUSTED&NOT_VPN] ]
01-02 13:56:38.758 7549 7661 D ConnectivityService: rematching NetworkAgentInfo [Ethernet () - 100]
01-02 13:56:38.758 7549 7661 D ConnectivityService: network has: [ Transports: ETHERNET Capabilities: INTERNET&NOT_RESTRICTED&TRUSTED&NOT_VPN&VALIDATED&FOREGROUND LinkUpBandwidth>=100000Kbps LinkDnBandwidth>=100000Kbps]
01-02 13:56:38.758 7549 7661 D ConnectivityService: Network NetworkAgentInfo [Ethernet () - 100] was already satisfying request 1. No change.
01-02 13:56:38.758 7549 7661 D ConnectivityService: checking if request is satisfied: NetworkRequest [ TRACK_DEFAULT id=7, [ Capabilities: INTERNET&NOT_RESTRICTED&TRUSTED&NOT_VPN] ]
01-02 13:56:38.758 7549 7661 D ConnectivityService: currentScore = 0, newScore = 70
01-02 13:56:38.758 7549 7661 D ConnectivityService: rematch for NetworkAgentInfo [Ethernet () - 100]
01-02 13:56:38.758 7549 7661 D ConnectivityService: accepting network in place of null
01-02 13:56:38.758 7549 7661 D ConnectivityService: sending new Min Network Score(70): NetworkRequest [ TRACK_DEFAULT id=7, [ Capabilities: INTERNET&NOT_RESTRICTED&TRUSTED&NOT_VPN] ]
01-02 13:56:38.759 7549 7661 D ConnectivityService: sending notification AVAILABLE for NetworkRequest [ TRACK_DEFAULT id=7, [ Capabilities: INTERNET&NOT_RESTRICTED&TRUSTED&NOT_VPN] ]
01-02 13:56:38.759 7549 7657 D WIFI_UT : got request NetworkRequest [ TRACK_DEFAULT id=7, [ Capabilities: INTERNET&NOT_RESTRICTED&TRUSTED&NOT_VPN] ] with score 70
01-02 13:56:38.759 7549 7657 D WIFI : got request NetworkRequest [ TRACK_DEFAULT id=7, [ Capabilities: INTERNET&NOT_RESTRICTED&TRUSTED&NOT_VPN] ] with score 70
01-02 13:56:38.759 7549 7683 D Ethernet: got request NetworkRequest [ TRACK_DEFAULT id=7, [ Capabilities: INTERNET&NOT_RESTRICTED&TRUSTED&NOT_VPN] ] with score 70
01-02 13:56:38.759 7687 7687 D PhoneSwitcherNetworkRequstListener: got request NetworkRequest [ TRACK_DEFAULT id=7, [ Capabilities: INTERNET&NOT_RESTRICTED&TRUSTED&NOT_VPN] ] with score 70
01-02 13:56:38.769 8438 8579 I A : ColdBootHelper constructor
01-02 13:56:38.883 8438 8585 I SearchWidgetFlow: SearchWidgetWorker:handleIntent(Intent { act=android.appwidget.action.APPWIDGET_ENABLED flg=0x10 cmp=com.google.android.googlequicksearchbox/.SearchWidgetProvider }) started
01-02 13:56:38.886 8438 8438 I SearchWidgetFlow: SearchWidget:handleIntent(Intent { act=android.appwidget.action.APPWIDGET_ENABLED flg=0x10 cmp=com.google.android.googlequicksearchbox/.SearchWidgetProvider })
01-02 13:56:38.887 8438 8438 I SearchWidgetFlow: SearchWidget:onEnabled
01-02 13:56:38.932 7859 8222 E WakeLock: *gms_scheduler*:internal should be held!
01-02 13:56:38.945 8598 8598 W ProviderHelper: Unknown dynamite feature providerinstaller.dynamite
01-02 13:56:38.947 8598 8598 I DynamiteModule: Considering local module com.google.android.gms.providerinstaller.dynamite:1 and remote module com.google.android.gms.providerinstaller.dynamite:0
01-02 13:56:38.947 8598 8598 I DynamiteModule: Selected local version of com.google.android.gms.providerinstaller.dynamite
01-02 13:56:38.952 8598 8598 V NativeCrypto: Registering com/google/android/gms/org/conscrypt/NativeCrypto's 302 native methods...
01-02 13:56:38.955 8146 8306 W native : W0000 00:00:1704178598.955785 8306 model-utils.cc:17] No CRC32, most likely an old model; skip CRC32 check
01-02 13:56:38.956 8146 8306 I native : I0000 00:00:1704178598.956437 8306 permission-checker.cc:81] Creating PermissionChecker based on ACL with config_version 1 having 12 permissions defined.
01-02 13:56:38.957 8146 8306 W native : W0000 00:00:1704178598.957286 8306 words-map.cc:34] INVALID_ARGUMENT: Empty URI
01-02 13:56:38.957 8146 8306 W native : W0000 00:00:1704178598.957355 8306 words-map.cc:38] WordsMap was not properly initialized
01-02 13:56:38.983 8438 8611 I BistoSettingsListener: listener created
01-02 13:56:38.995 8438 8585 W SearchServiceCore: Abort, client detached.
01-02 13:56:38.996 8438 8585 W SearchServiceCore: Abort, client detached.
01-02 13:56:39.020 8438 8448 W art : Suspending all threads took: 6.047ms
01-02 13:56:39.033 8598 8598 D NetworkSecurityConfig: Using Network Security Config from resource network_security_config debugBuild: false
01-02 13:56:39.039 8598 8598 I ProviderInstaller: Installed default security provider GmsCore_OpenSSL
01-02 13:56:39.059 8438 8596 I A : Loaded shared library: nativecrashreporter
01-02 13:56:39.062 8438 8448 I art : Background sticky concurrent mark sweep GC freed 18251(1360KB) AllocSpace objects, 1(20KB) LOS objects, 7% free, 11MB/12MB, paused 13.542ms total 224.959ms
01-02 13:56:39.123 8438 8585 I A : Using proto config with mendel
01-02 13:56:39.124 8438 8585 I A : Using proto config with mendel
01-02 13:56:39.130 8438 8585 I A : Using proto config with mendel
01-02 13:56:39.131 8438 8585 I A : Merging legacy hotword config map with new proto.
01-02 13:56:39.132 8438 8585 I A : Adding from config to map. Locale: cmn-Hant-TW modelPrefix: x_google Location:4e7cae00daee30ec565c34e3aa67a51f isSpeakerIdSupported: true
01-02 13:56:39.133 8438 8585 I A : Adding from config to map. Locale: id-ID modelPrefix: x_google Location:cfffcc1a4c1c084c003c8eb27f73d770 isSpeakerIdSupported: true
01-02 13:56:39.133 8438 8585 I A : Adding from config to map. Locale: ko-KR modelPrefix: x_google Location:0b132163a2eb2c1194b202067475724b isSpeakerIdSupported: true
01-02 13:56:39.134 8438 8585 I A : Skipping. Expected model: 2 Found: 1
01-02 13:56:39.134 8438 8585 I A : Adding from config to map. Locale: zh-TW modelPrefix: x_google Location:4e7cae00daee30ec565c34e3aa67a51f isSpeakerIdSupported: true
01-02 13:56:39.137 8438 8585 I A : Using proto config with mendel
01-02 13:56:39.152 8438 8585 I A : Using proto config with mendel
01-02 13:56:39.159 8438 8585 I A : Using proto config with mendel
01-02 13:56:39.164 8598 8608 W art : Suspending all threads took: 12.275ms
01-02 13:56:39.165 7859 8401 I NetworkScheduler.Stats: (REDACTED) Task %s/%s started execution. cause:%s exec_start_elapsed_seconds: %s
01-02 13:56:39.170 8598 8608 I art : Background sticky concurrent mark sweep GC freed 14217(1133KB) AllocSpace objects, 9(180KB) LOS objects, 39% free, 2MB/3MB, paused 15.168ms total 82.874ms
01-02 13:56:39.177 8438 8585 I A : Using proto config with mendel
01-02 13:56:39.179 8438 8585 I A : Using proto config with mendel
01-02 13:56:39.205 8598 8598 W coyf : Primes not initialized, returning default (no-op) Primes instance which will ignore all calls. Please call Primes.initialize(...) before using any Primes API.
01-02 13:56:39.205 8598 8598 W coyf : dccs: FULL
01-02 13:56:39.205 8598 8598 W coyf : at a.I(:com.google.android.gms@233414015@23.34.14 (040300-560151436):9)
01-02 13:56:39.205 8598 8598 W coyf : at coyf.a(:com.google.android.gms@233414015@23.34.14 (040300-560151436):32)
01-02 13:56:39.205 8598 8598 W coyf : at com.google.android.gms.common.app.GmsApplication.onCreate(:com.google.android.gms@233414015@23.34.14 (040300-560151436):421)
01-02 13:56:39.205 8598 8598 W coyf : at android.app.Instrumentation.callApplicationOnCreate(Instrumentation.java:1024)
01-02 13:56:39.205 8598 8598 W coyf : at android.app.ActivityThread.handleBindApplication(ActivityThread.java:5424)
01-02 13:56:39.205 8598 8598 W coyf : at android.app.ActivityThread.-wrap2(ActivityThread.java)
01-02 13:56:39.205 8598 8598 W coyf : at android.app.ActivityThread$H.handleMessage(ActivityThread.java:1550)
01-02 13:56:39.205 8598 8598 W coyf : at android.os.Handler.dispatchMessage(Handler.java:102)
01-02 13:56:39.205 8598 8598 W coyf : at android.os.Looper.loop(Looper.java:154)
01-02 13:56:39.205 8598 8598 W coyf : at android.app.ActivityThread.main(ActivityThread.java:6140)
01-02 13:56:39.205 8598 8598 W coyf : at java.lang.reflect.Method.invoke(Native Method)
01-02 13:56:39.205 8598 8598 W coyf : at com.android.internal.os.ZygoteInit$MethodAndArgsCaller.run(ZygoteInit.java:914)
01-02 13:56:39.205 8598 8598 W coyf : at com.android.internal.os.ZygoteInit.main(ZygoteInit.java:804)
01-02 13:56:39.228 8438 8585 I MicroDetectionWorker: Initializing MicroDataManager InitializeType-1, isForced-false, isActivePhoneEnrollment-false isActiveGoogleHomeEnrollment-false
01-02 13:56:39.231 8438 8585 I A : Using proto config with mendel
01-02 13:56:39.233 8438 8585 I A : Using proto config with mendel
01-02 13:56:39.255 7549 8066 D ConnectivityService: listenForNetwork for uid/pid:10027/8438 NetworkRequest [ LISTEN id=8, [ Capabilities: INTERNET&NOT_RESTRICTED&TRUSTED] ]
01-02 13:56:39.256 7549 7661 D ConnectivityService: rematching NetworkAgentInfo [Ethernet () - 100]
01-02 13:56:39.256 7549 7661 D ConnectivityService: network has: [ Transports: ETHERNET Capabilities: INTERNET&NOT_RESTRICTED&TRUSTED&NOT_VPN&VALIDATED&FOREGROUND LinkUpBandwidth>=100000Kbps LinkDnBandwidth>=100000Kbps]
01-02 13:56:39.256 7549 7661 D ConnectivityService: Network NetworkAgentInfo [Ethernet () - 100] was already satisfying request 1. No change.
01-02 13:56:39.256 7549 7661 D ConnectivityService: Network NetworkAgentInfo [Ethernet () - 100] was already satisfying request 7. No change.
01-02 13:56:39.256 7549 7661 D ConnectivityService: sending notification AVAILABLE for NetworkRequest [ LISTEN id=8, [ Capabilities: INTERNET&NOT_RESTRICTED&TRUSTED] ]
01-02 13:56:39.266 8438 8585 I MicroDetectionState: Should stop hotword detection immediately - true
01-02 13:56:39.317 7859 7859 D BoundBrokerSvc: onBind: Intent { act=com.google.android.gms.icing.LIGHTWEIGHT_INDEX_SERVICE dat=chimera-action: cmp=com.google.android.gms/.chimera.PersistentApiService }
01-02 13:56:39.317 7859 7859 D BoundBrokerSvc: Loading bound service for intent: Intent { act=com.google.android.gms.icing.LIGHTWEIGHT_INDEX_SERVICE dat=chimera-action: cmp=com.google.android.gms/.chimera.PersistentApiService }
01-02 13:56:39.367 7859 8433 E WakeLock: *gms_scheduler*:internal should be held!
01-02 13:56:39.376 8146 8146 D BoundBrokerSvc: onBind: Intent { act=com.google.android.gms.feedback.internal.IFeedbackService dat=chimera-action: cmp=com.google.android.gms/.chimera.GmsBoundBrokerService }
01-02 13:56:39.376 8146 8146 D BoundBrokerSvc: Loading bound service for intent: Intent { act=com.google.android.gms.feedback.internal.IFeedbackService dat=chimera-action: cmp=com.google.android.gms/.chimera.GmsBoundBrokerService }
01-02 13:56:39.394 8146 8156 W art : Suspending all threads took: 8.106ms
01-02 13:56:39.401 8146 8156 I art : Background sticky concurrent mark sweep GC freed 57260(1710KB) AllocSpace objects, 2(40KB) LOS objects, 23% free, 6MB/7MB, paused 9.053ms total 30.576ms
01-02 13:56:39.414 7859 7865 I art : Do full code cache collection, code=182KB, data=237KB
01-02 13:56:39.452 8598 8608 W art : Suspending all threads took: 13.056ms
01-02 13:56:39.461 8598 8610 I DynamiteModule: Considering local module com.google.android.gms.googlecertificates:7 and remote module com.google.android.gms.googlecertificates:7
01-02 13:56:39.461 8598 8610 I DynamiteModule: Selected local version of com.google.android.gms.googlecertificates
01-02 13:56:39.469 8598 8608 I art : Background partial concurrent mark sweep GC freed 37624(2MB) AllocSpace objects, 0(0B) LOS objects, 39% free, 2MB/4MB, paused 15.404ms total 151.916ms
01-02 13:56:39.528 7859 7865 I art : Starting a blocking GC JitCodeCache
01-02 13:56:39.528 7859 7865 I art : After code cache collection, code=132KB, data=133KB
01-02 13:56:39.620 7859 7865 I art : Compiler allocated 6MB to compile void afno.f(android.content.Context)
01-02 13:56:39.624 8438 8565 I cr_CronetLibraryLoader: Cronet version: 102.0.4973.2, arch: armv7l
01-02 13:56:39.719 8438 8448 W art : Suspending all threads took: 17.940ms
01-02 13:56:39.728 8438 8588 I A : Using proto config with mendel
01-02 13:56:39.737 8598 8603 I art : Do partial code cache collection, code=12KB, data=26KB
01-02 13:56:39.748 8438 8448 I art : Background partial concurrent mark sweep GC freed 15877(1089KB) AllocSpace objects, 0(0B) LOS objects, 40% free, 11MB/19MB, paused 24.342ms total 318.153ms
01-02 13:56:39.752 8598 8603 I art : After code cache collection, code=9KB, data=24KB
01-02 13:56:39.752 8598 8603 I art : Increasing code cache capacity to 128KB
01-02 13:56:39.760 8438 8588 I A : Merging legacy hotword config map with new proto.
01-02 13:56:39.761 8438 8588 I A : Adding from config to map. Locale: cmn-Hant-TW modelPrefix: x_google Location:4e7cae00daee30ec565c34e3aa67a51f isSpeakerIdSupported: true
01-02 13:56:39.762 8438 8588 I A : Adding from config to map. Locale: id-ID modelPrefix: x_google Location:cfffcc1a4c1c084c003c8eb27f73d770 isSpeakerIdSupported: true
01-02 13:56:39.770 8598 8608 W art : Suspending all threads took: 9.657ms
01-02 13:56:39.775 8598 8608 I art : Background sticky concurrent mark sweep GC freed 25895(1341KB) AllocSpace objects, 3(104KB) LOS objects, 39% free, 2MB/4MB, paused 11.342ms total 34.116ms
01-02 13:56:39.795 8598 8610 I DynamiteModule: Considering local module com.google.android.gms.cronet_dynamite:0 and remote module com.google.android.gms.cronet_dynamite:2411
01-02 13:56:39.795 8598 8610 I DynamiteModule: Selected remote version of com.google.android.gms.cronet_dynamite, version >= 2411
01-02 13:56:39.796 8598 8610 W System : ClassLoader referenced unknown path:
01-02 13:56:39.797 8438 8588 I A : Adding from config to map. Locale: ko-KR modelPrefix: x_google Location:0b132163a2eb2c1194b202067475724b isSpeakerIdSupported: true
01-02 13:56:39.797 8438 8588 I A : Skipping. Expected model: 2 Found: 1
01-02 13:56:39.798 8438 8588 I A : Adding from config to map. Locale: zh-TW modelPrefix: x_google Location:4e7cae00daee30ec565c34e3aa67a51f isSpeakerIdSupported: true
01-02 13:56:39.799 8438 8588 I MicroDataManager: Location for model with model type: 2 and locale: en-US, is : https://www.gstatic.com/android-search/hotword/x_google/975058821313279e27b2c3f04de0beef/hotword.data
01-02 13:56:39.807 8598 8610 D ApplicationLoaders: ignored Vulkan layer search path /data/app/com.google.android.gms-1/lib/arm:/data/app/com.google.android.gms-1/base.apk!/lib/armeabi-v7a:/data/app/com.google.android.gms-1/split_config.en.apk!/lib/armeabi-v7a:/data/app/com.google.android.gms-1/split_config.mdpi.apk!/lib/armeabi-v7a for namespace 0xaef630d0
01-02 13:56:39.813 8598 8610 W System : ClassLoader referenced unknown path: /data/user_de/0/com.google.android.gms/app_chimera/m/0000029b/n/armeabi
01-02 13:56:39.817 7859 8433 E WakeLock: *gms_scheduler*/com.google.android.gms/.gass.chimera.SchedulePeriodicTasksService should be held!
01-02 13:56:39.819 7859 8222 I NetworkScheduler.Stats: (REDACTED) Task %s/%s finished executing. cause:%s result: %s elapsed_millis: %s uptime_millis: %s exec_start_elapsed_seconds: %s
01-02 13:56:39.904 8146 8156 W art : Suspending all threads took: 9.370ms
01-02 13:56:39.923 8146 8156 I art : Background sticky concurrent mark sweep GC freed 53486(1521KB) AllocSpace objects, 0(0B) LOS objects, 19% free, 6MB/7MB, paused 11.831ms total 131.708ms
01-02 13:56:39.941 7859 8222 E WakeLock: *gms_scheduler*:internal should be held!
01-02 13:56:39.965 8438 8588 I MicroModelsUtil: #getHotwordModel [locale: en-US, modelType: 2]
01-02 13:56:40.003 8146 8230 I Icing : IndexChimeraService.getServiceInterface callingPackage=com.google.android.gms componentName=null serviceId=30
01-02 13:56:40.032 8598 8610 I cr_CronetLibraryLoader: Cronet version: 114.0.5735.33, arch: armv7l
01-02 13:56:40.061 7549 7562 D ConnectivityService: listenForNetwork for uid/pid:10010/8598 NetworkRequest [ LISTEN id=9, [ Capabilities: INTERNET&NOT_RESTRICTED&TRUSTED] ]
01-02 13:56:40.061 7549 7661 D ConnectivityService: rematching NetworkAgentInfo [Ethernet () - 100]
01-02 13:56:40.061 7549 7661 D ConnectivityService: network has: [ Transports: ETHERNET Capabilities: INTERNET&NOT_RESTRICTED&TRUSTED&NOT_VPN&VALIDATED&FOREGROUND LinkUpBandwidth>=100000Kbps LinkDnBandwidth>=100000Kbps]
01-02 13:56:40.061 7549 7661 D ConnectivityService: Network NetworkAgentInfo [Ethernet () - 100] was already satisfying request 1. No change.
01-02 13:56:40.061 7549 7661 D ConnectivityService: Network NetworkAgentInfo [Ethernet () - 100] was already satisfying request 7. No change.
01-02 13:56:40.062 7549 7661 D ConnectivityService: sending notification AVAILABLE for NetworkRequest [ LISTEN id=9, [ Capabilities: INTERNET&NOT_RESTRICTED&TRUSTED] ]
01-02 13:56:40.067 8598 8655 W ResourceType: ResTable_typeSpec entry count inconsistent: given 88, previously 90
01-02 13:56:40.067 8598 8655 W ResourceType: ResTable_typeSpec entry count inconsistent: given 168, previously 172
01-02 13:56:40.068 8598 8655 W ResourceType: ResTable_typeSpec entry count inconsistent: given 3481, previously 3501
01-02 13:56:40.089 7859 8205 I DynamiteModule: Considering local module com.google.android.gms.cronet_dynamite:0 and remote module com.google.android.gms.cronet_dynamite:2411
01-02 13:56:40.089 7859 8205 I DynamiteModule: Selected remote version of com.google.android.gms.cronet_dynamite, version >= 2411
01-02 13:56:40.102 7859 8205 W System : ClassLoader referenced unknown path:
01-02 13:56:40.103 7859 8205 D ApplicationLoaders: ignored Vulkan layer search path /data/app/com.google.android.gms-1/lib/arm:/data/app/com.google.android.gms-1/base.apk!/lib/armeabi-v7a:/data/app/com.google.android.gms-1/split_config.en.apk!/lib/armeabi-v7a:/data/app/com.google.android.gms-1/split_config.mdpi.apk!/lib/armeabi-v7a for namespace 0xaef63090
01-02 13:56:40.130 7859 8205 W System : ClassLoader referenced unknown path: /data/user_de/0/com.google.android.gms/app_chimera/m/0000029b/n/armeabi
01-02 13:56:40.160 8438 8565 I A : Setting isLegacySQLite mode to true.
01-02 13:56:40.190 8146 8306 I Icing : updateResources: need to parse avzd{com.google.android.gms}
01-02 13:56:40.232 8146 8199 I ModuleSetMgr: Download of container feature payse is disabled.
01-02 13:56:40.235 8146 8199 I ModuleSetMgr: Pending container module APKs: [[Fastpair.optional:233414040000], [Games.optional:233414000000], [MapsCoreDynamite.integ:233012100020300], [MlkitOcrCommon.optional:233414000300], [Pay.optional:233414040300], [VisionBarcode.optional:233414000300], [VisionOcr.optional:233414000000]]
01-02 13:56:40.235 8146 8199 I ModuleSetMgr: Pending non-container module APKs: [[TfliteDynamiteDynamite.integ:231810005000300], [AdsFdrDynamite.integ:233012802000000]]
01-02 13:56:40.242 7859 7870 W art : Suspending all threads took: 10.526ms
01-02 13:56:40.251 7859 8401 I NetworkScheduler.Stats: (REDACTED) Task %s/%s started execution. cause:%s exec_start_elapsed_seconds: %s
01-02 13:56:40.262 7859 7868 E System : Uncaught exception thrown by finalizer
01-02 13:56:40.262 7859 7868 E System : java.lang.IllegalStateException: Lock wasn't released correctly
01-02 13:56:40.262 7859 7868 E System : at baos.finalize(:com.google.android.gms@233414015@23.34.14 (040300-560151436):12)
01-02 13:56:40.262 7859 7868 E System : at java.lang.Daemons$FinalizerDaemon.doFinalize(Daemons.java:222)
01-02 13:56:40.262 7859 7868 E System : at java.lang.Daemons$FinalizerDaemon.run(Daemons.java:209)
01-02 13:56:40.262 7859 7868 E System : at java.lang.Thread.run(Thread.java:761)
01-02 13:56:40.263 7859 7868 E System : Uncaught exception thrown by finalizer
01-02 13:56:40.263 7859 7868 E System : java.lang.IllegalStateException: Lock wasn't released correctly
01-02 13:56:40.263 7859 7868 E System : at baos.finalize(:com.google.android.gms@233414015@23.34.14 (040300-560151436):12)
01-02 13:56:40.263 7859 7868 E System : at java.lang.Daemons$FinalizerDaemon.doFinalize(Daemons.java:222)
01-02 13:56:40.263 7859 7868 E System : at java.lang.Daemons$FinalizerDaemon.run(Daemons.java:209)
01-02 13:56:40.263 7859 7868 E System : at java.lang.Thread.run(Thread.java:761)
01-02 13:56:40.263 7859 7868 E System : Uncaught exception thrown by finalizer
01-02 13:56:40.263 7859 7868 E System : java.lang.IllegalStateException: Lock wasn't released correctly
01-02 13:56:40.263 7859 7868 E System : at baos.finalize(:com.google.android.gms@233414015@23.34.14 (040300-560151436):12)
01-02 13:56:40.263 7859 7868 E System : at java.lang.Daemons$FinalizerDaemon.doFinalize(Daemons.java:222)
01-02 13:56:40.263 7859 7868 E System : at java.lang.Daemons$FinalizerDaemon.run(Daemons.java:209)
01-02 13:56:40.263 7859 7868 E System : at java.lang.Thread.run(Thread.java:761)
01-02 13:56:40.264 7859 7870 I art : Background sticky concurrent mark sweep GC freed 33318(2MB) AllocSpace objects, 5(96KB) LOS objects, 18% free, 10MB/12MB, paused 14.145ms total 104.043ms
01-02 13:56:40.276 8438 8443 I art : Compiler allocated 4MB to compile void com.google.protobuf.dv.h(java.lang.Object, com.google.protobuf.eh, com.google.protobuf.ba)
01-02 13:56:40.362 7859 8433 E WakeLock: *gms_scheduler*:internal should be held!
01-02 13:56:40.363 7859 8433 E WakeLock: *gms_scheduler*/com.google.android.gms/.gass.chimera.SchedulePeriodicTasksService should be held!
01-02 13:56:40.365 7859 8222 I NetworkScheduler.Stats: (REDACTED) Task %s/%s finished executing. cause:%s result: %s elapsed_millis: %s uptime_millis: %s exec_start_elapsed_seconds: %s
01-02 13:56:40.453 7859 8222 E WakeLock: *gms_scheduler*:internal should be held!
01-02 13:56:40.505 8598 8634 I Watchcat: Started
01-02 13:56:40.517 8598 8634 I GMS_MM_Logger: (REDACTED) Start time: %s
01-02 13:56:40.517 8598 8634 I GMS_MM_Logger: Started.
01-02 13:56:40.527 8146 8151 I art : Do full code cache collection, code=248KB, data=250KB
01-02 13:56:40.550 8146 8151 I art : Starting a blocking GC JitCodeCache
01-02 13:56:40.550 8146 8151 I art : After code cache collection, code=222KB, data=204KB
01-02 13:56:40.637 7859 8401 I NetworkScheduler.Stats: (REDACTED) Task %s/%s started execution. cause:%s exec_start_elapsed_seconds: %s
01-02 13:56:40.639 8146 8199 W PackageParser: Unknown element under : queries at /data/user_de/0/com.google.android.gms/app_chimera/m/0000026c/dl-AdsFdrDynamite.integ_232400000000000.apk Binary XML file line #15
01-02 13:56:40.695 8146 8199 W PackageParser: Unknown element under : queries at /data/user_de/0/com.google.android.gms/app_chimera/m/0000029e/DynamiteModulesC.apk Binary XML file line #15
01-02 13:56:40.731 7549 7639 D ConnectivityService: listenForNetwork for uid/pid:10010/7859 NetworkRequest [ LISTEN id=10, [ Capabilities: INTERNET&NOT_RESTRICTED&TRUSTED] ]
01-02 13:56:40.731 7549 7661 D ConnectivityService: rematching NetworkAgentInfo [Ethernet () - 100]
01-02 13:56:40.731 7549 7661 D ConnectivityService: network has: [ Transports: ETHERNET Capabilities: INTERNET&NOT_RESTRICTED&TRUSTED&NOT_VPN&VALIDATED&FOREGROUND LinkUpBandwidth>=100000Kbps LinkDnBandwidth>=100000Kbps]
01-02 13:56:40.731 7549 7661 D ConnectivityService: Network NetworkAgentInfo [Ethernet () - 100] was already satisfying request 7. No change.
01-02 13:56:40.731 7549 7661 D ConnectivityService: Network NetworkAgentInfo [Ethernet () - 100] was already satisfying request 1. No change.
01-02 13:56:40.731 7549 7661 D ConnectivityService: sending notification AVAILABLE for NetworkRequest [ LISTEN id=10, [ Capabilities: INTERNET&NOT_RESTRICTED&TRUSTED] ]
01-02 13:56:40.748 7859 8205 I cr_CronetLibraryLoader: Cronet version: 114.0.5735.33, arch: armv7l
01-02 13:56:40.751 7859 8678 W ResourceType: ResTable_typeSpec entry count inconsistent: given 88, previously 90
01-02 13:56:40.751 7859 8678 W ResourceType: ResTable_typeSpec entry count inconsistent: given 168, previously 172
01-02 13:56:40.751 7859 8678 W ResourceType: ResTable_typeSpec entry count inconsistent: given 3481, previously 3501
01-02 13:56:40.784 8438 8451 I A : Using proto config with mendel
01-02 13:56:40.785 8438 8451 I A : Using proto config with mendel
01-02 13:56:40.787 7859 8433 E WakeLock: *gms_scheduler*:internal should be held!
01-02 13:56:40.816 8438 8451 I MicroModelsUtil: #getHotwordModelFromMobstore [mobstoreUri: android://com.google.android.googlequicksearchbox/files/datadownload/shared/public/datadownloadfile_1625907316418]
01-02 13:56:40.827 8146 8664 I Icing : IndexChimeraService.getServiceInterface callingPackage=com.google.android.gms componentName=AppsCorpus serviceId=36
01-02 13:56:40.830 8146 8306 I Icing : Internal init done: storage state 0
01-02 13:56:40.852 8438 8588 I MicroModelsUtil: #getHotwordModelFromMobstore [mobstoreUri: android://com.google.android.googlequicksearchbox/files/datadownload/shared/public/datadownloadfile_1625907316418]
01-02 13:56:40.891 8146 8199 W PackageParser: Unknown element under : queries at /data/user_de/0/com.google.android.gms/app_chimera/m/000002a2/dl-AdsFdrDynamite.integ_233012802000000.apk Binary XML file line #15
01-02 13:56:40.931 7859 8205 W GmsUrlRequestImpl: Content-Type header is overwritten.
