01-02 13:57:24.143 7549 7569 W ResourceType: No known package when getting value for resource number 0x7f13068a
01-02 13:57:24.143 7549 7569 W ResourceType: No known package when getting value for resource number 0x7f13068a
01-02 13:57:24.143 7549 7569 W ResourceType: No known package when getting value for resource number 0x7f080319
01-02 13:57:24.143 7549 7569 W ResourceType: No known package when getting value for resource number 0x7f13068b
01-02 13:57:24.143 7549 7569 W ResourceType: No known package when getting value for resource number 0x7f13068b
01-02 13:57:24.143 7549 7569 W ShortcutService: Invalid tag 'capability' found at depth 2
01-02 13:57:24.143 7549 7569 E ShortcutService: Ignoring excessive intent tag.
01-02 13:57:24.143 7549 7569 W ShortcutService: Invalid tag 'parameter' found at depth 4
01-02 13:57:24.143 7549 7569 W ShortcutService: Invalid tag 'capability' found at depth 2
01-02 13:57:24.143 7549 7569 W ShortcutService: Invalid tag 'slice' found at depth 3
01-02 13:57:24.143 7549 7569 W ShortcutService: Invalid tag 'url-template' found at depth 4
01-02 13:57:24.143 7549 7569 W ShortcutService: Invalid tag 'share-target' found at depth 2
01-02 13:57:24.144 7549 7569 W ShortcutService: Invalid tag 'data' found at depth 3
01-02 13:57:24.144 7549 7569 W ShortcutService: Invalid tag 'category' found at depth 3
01-02 13:57:24.168 7859 9381 I NearbyConnections: Runtime state initialization complete. Nearby connections setting is disabled
01-02 13:57:24.169 9115 9189 W art : Verification of qmr nov.a() took 1.048s
01-02 13:57:24.187 7859 8205 I NearbyMediums: BluetoothAdapter's name was not set by Nearby Connections, ignoring call to restore default scan mode.
01-02 13:57:24.189 8936 9048 W art : Verification of boolean evn.dispatchHoverEvent(android.view.MotionEvent) took 164.140ms
01-02 13:57:24.192 8936 9055 W art : Verification of java.lang.Object arcz.aiz(int, java.lang.Object) took 110.396ms
01-02 13:57:24.203 7859 8205 I NearbyMediums: BluetoothAdapter's name was not set by Nearby Connections, ignoring call to restore device name
01-02 13:57:24.222 8146 8664 I GmsModuleFndr: Beginning GMS chimera module scan
01-02 13:57:24.278 8936 9056 W art : Verification of java.lang.Object lzp.a(java.lang.Object, java.lang.Object) took 238.889ms
01-02 13:57:24.292 8146 9463 I Auth : [SupervisedAccountIntentOperation] onHandleIntent(): com.google.android.gms.chimera.container.CONTAINER_UPDATED
01-02 13:57:24.292 8146 9463 I Auth : [SupervisedAccountIntentOperation] onContainerUpdated
01-02 13:57:24.292 8146 9463 I Auth : [SupervisedAccountIntentOperation] Skipping token refresh
01-02 13:57:24.321 8146 8156 W art : Suspending all threads took: 23.640ms
01-02 13:57:24.342 8146 9382 W System : ClassLoader referenced unknown path: /data/user_de/0/com.google.android.gms/app_chimera/m/00000298/n/armeabi-v7a
01-02 13:57:24.342 8146 9382 W System : ClassLoader referenced unknown path: /data/user_de/0/com.google.android.gms/app_chimera/m/00000298/n/armeabi
01-02 13:57:24.345 8936 9048 I art : Rejecting re-init on previously-failed class java.lang.Class: java.lang.NoClassDefFoundError: Failed resolution of: Landroid/view/autofill/AutofillManager$AutofillCallback;
01-02 13:57:24.345 8936 9048 I art : at java.lang.Class java.lang.Class.classForName!(java.lang.String, boolean, java.lang.ClassLoader) (Class.java:-2)
01-02 13:57:24.345 8936 9048 I art : at java.lang.Class java.lang.Class.forName(java.lang.String, boolean, java.lang.ClassLoader) (Class.java:400)
01-02 13:57:24.345 8936 9048 I art : at java.lang.Class java.lang.Class.forName(java.lang.String) (Class.java:326)
01-02 13:57:24.345 8936 9048 I art : at void xuc.d() (PG:2888)
01-02 13:57:24.345 8936 9048 I art : at void xuc.a() (PG:19)
01-02 13:57:24.345 8936 9048 I art : at void jgg.run() (PG:95)
01-02 13:57:24.345 8936 9048 I art : at void java.util.concurrent.ThreadPoolExecutor.runWorker(java.util.concurrent.ThreadPoolExecutor$Worker) (ThreadPoolExecutor.java:1133)
01-02 13:57:24.345 8936 9048 I art : at void java.util.concurrent.ThreadPoolExecutor$Worker.run() (ThreadPoolExecutor.java:607)
01-02 13:57:24.345 8936 9048 I art : at void nox.run() (PG:135)
01-02 13:57:24.345 8936 9048 I art : at void java.lang.Thread.run() (Thread.java:761)
01-02 13:57:24.345 8936 9048 I art : Caused by: java.lang.ClassNotFoundException: Didn't find class "android.view.autofill.AutofillManager$AutofillCallback" on path: DexPathList[[zip file "/data/app/com.android.vending-1/base.apk", zip file "/data/app/com.android.vending-1/split_config.armeabi_v7a.apk", zip file "/data/app/com.android.vending-1/split_config.en.apk"],nativeLibraryDirectories=[/data/app/com.android.vending-1/lib/arm, /data/app/com.android.vending-1/base.apk!/lib/armeabi-v7a, /data/app/com.android.vending-1/split_config.armeabi_v7a.apk!/lib/armeabi-v7a, /data/app/com.android.vending-1/split_config.en.apk!/lib/armeabi-v7a, /system/lib, /vendor/lib]]
01-02 13:57:24.345 8936 9048 I art : at java.lang.Class dalvik.system.BaseDexClassLoader.findClass(java.lang.String) (BaseDexClassLoader.java:56)
01-02 13:57:24.345 8936 9048 I art : at java.lang.Class java.lang.ClassLoader.loadClass(java.lang.String, boolean) (ClassLoader.java:380)
01-02 13:57:24.345 8936 9048 I art : at java.lang.Class java.lang.ClassLoader.loadClass(java.lang.String) (ClassLoader.java:312)
01-02 13:57:24.345 8936 9048 I art : at java.lang.Class java.lang.Class.classForName!(java.lang.String, boolean, java.lang.ClassLoader) (Class.java:-2)
01-02 13:57:24.345 8936 9048 I art : at java.lang.Class java.lang.Class.forName(java.lang.String, boolean, java.lang.ClassLoader) (Class.java:400)
01-02 13:57:24.345 8936 9048 I art : at java.lang.Class java.lang.Class.forName(java.lang.String) (Class.java:326)
01-02 13:57:24.345 8936 9048 I art : at void xuc.d() (PG:2888)
01-02 13:57:24.345 8936 9048 I art : at void xuc.a() (PG:19)
01-02 13:57:24.345 8936 9048 I art : at void jgg.run() (PG:95)
01-02 13:57:24.345 8936 9048 I art : at void java.util.concurrent.ThreadPoolExecutor.runWorker(java.util.concurrent.ThreadPoolExecutor$Worker) (ThreadPoolExecutor.java:1133)
01-02 13:57:24.345 8936 9048 I art : at void java.util.concurrent.ThreadPoolExecutor$Worker.run() (ThreadPoolExecutor.java:607)
01-02 13:57:24.345 8936 9048 I art : at void nox.run() (PG:135)
01-02 13:57:24.345 8936 9048 I art : at void java.lang.Thread.run() (Thread.java:761)
01-02 13:57:24.345 8936 9048 I art :
01-02 13:57:24.357 8146 9422 I Blockstore: (REDACTED) [BlockstoreModuleInitIntentOperation] Container update. Module updated: %b
01-02 13:57:24.377 8146 8156 I art : Background partial concurrent mark sweep GC freed 23080(1480KB) AllocSpace objects, 6(120KB) LOS objects, 40% free, 8MB/14MB, paused 28.348ms total 416.712ms
01-02 13:57:24.427 8936 9048 I art : Rejecting re-init on previously-failed class java.lang.Class: java.lang.NoClassDefFoundError: Failed resolution of: Landroid/view/autofill/AutofillManager$AutofillCallback;
01-02 13:57:24.427 8936 9048 I art : at java.lang.Class java.lang.Class.classForName!(java.lang.String, boolean, java.lang.ClassLoader) (Class.java:-2)
01-02 13:57:24.427 8936 9048 I art : at java.lang.Class java.lang.Class.forName(java.lang.String, boolean, java.lang.ClassLoader) (Class.java:400)
01-02 13:57:24.427 8936 9048 I art : at java.lang.Class java.lang.Class.forName(java.lang.String) (Class.java:326)
01-02 13:57:24.427 8936 9048 I art : at void xuc.d() (PG:2888)
01-02 13:57:24.427 8936 9048 I art : at void xuc.a() (PG:19)
01-02 13:57:24.427 8936 9048 I art : at void jgg.run() (PG:95)
01-02 13:57:24.427 8936 9048 I art : at void java.util.concurrent.ThreadPoolExecutor.runWorker(java.util.concurrent.ThreadPoolExecutor$Worker) (ThreadPoolExecutor.java:1133)
01-02 13:57:24.427 8936 9048 I art : at void java.util.concurrent.ThreadPoolExecutor$Worker.run() (ThreadPoolExecutor.java:607)
01-02 13:57:24.427 8936 9048 I art : at void nox.run() (PG:135)
01-02 13:57:24.427 8936 9048 I art : at void java.lang.Thread.run() (Thread.java:761)
01-02 13:57:24.427 8936 9048 I art : Caused by: java.lang.ClassNotFoundException: Didn't find class "android.view.autofill.AutofillManager$AutofillCallback" on path: DexPathList[[zip file "/data/app/com.android.vending-1/base.apk", zip file "/data/app/com.android.vending-1/split_config.armeabi_v7a.apk", zip file "/data/app/com.android.vending-1/split_config.en.apk"],nativeLibraryDirectories=[/data/app/com.android.vending-1/lib/arm, /data/app/com.android.vending-1/base.apk!/lib/armeabi-v7a, /data/app/com.android.vending-1/split_config.armeabi_v7a.apk!/lib/armeabi-v7a, /data/app/com.android.vending-1/split_config.en.apk!/lib/armeabi-v7a, /system/lib, /vendor/lib]]
01-02 13:57:24.427 8936 9048 I art : at java.lang.Class dalvik.system.BaseDexClassLoader.findClass(java.lang.String) (BaseDexClassLoader.java:56)
01-02 13:57:24.427 8936 9048 I art : at java.lang.Class java.lang.ClassLoader.loadClass(java.lang.String, boolean) (ClassLoader.java:380)
01-02 13:57:24.427 8936 9048 I art : at java.lang.Class java.lang.ClassLoader.loadClass(java.lang.String) (ClassLoader.java:312)
01-02 13:57:24.427 8936 9048 I art : at java.lang.Class java.lang.Class.classForName!(java.lang.String, boolean, java.lang.ClassLoader) (Class.java:-2)
01-02 13:57:24.427 8936 9048 I art : at java.lang.Class java.lang.Class.forName(java.lang.String, boolean, java.lang.ClassLoader) (Class.java:400)
01-02 13:57:24.427 8936 9048 I art : at java.lang.Class java.lang.Class.forName(java.lang.String) (Class.java:326)
01-02 13:57:24.427 8936 9048 I art : at void xuc.d() (PG:2888)
01-02 13:57:24.427 8936 9048 I art : at void xuc.a() (PG:19)
01-02 13:57:24.427 8936 9048 I art : at void jgg.run() (PG:95)
01-02 13:57:24.427 8936 9048 I art : at void java.util.concurrent.ThreadPoolExecutor.runWorker(java.util.concurrent.ThreadPoolExecutor$Worker) (ThreadPoolExecutor.java:1133)
01-02 13:57:24.427 8936 9048 I art : at void java.util.concurrent.ThreadPoolExecutor$Worker.run() (ThreadPoolExecutor.java:607)
01-02 13:57:24.427 8936 9048 I art : at void nox.run() (PG:135)
01-02 13:57:24.427 8936 9048 I art : at void java.lang.Thread.run() (Thread.java:761)
01-02 13:57:24.427 8936 9048 I art :
01-02 13:57:24.452 7549 7569 W ResourceType: ResTable_typeSpec entry count inconsistent: given 88, previously 90
01-02 13:57:24.452 7549 7569 W ResourceType: ResTable_typeSpec entry count inconsistent: given 168, previously 172
01-02 13:57:24.504 7549 7569 W ResourceType: ResTable_typeSpec entry count inconsistent: given 3481, previously 3501
01-02 13:57:24.541 9199 9209 W art : Suspending all threads took: 9.612ms
01-02 13:57:24.602 8146 8199 I CryptauthV2: [EnrollKeyName] ClientName calling Cryptauth is AuthzenAccountRegistration
01-02 13:57:24.607 8936 9048 W art : Verification of java.lang.String fsa.toString() took 105.359ms
01-02 13:57:24.609 8794 8837 I MediaCodec: callingProcessName:com.ipos.controllerorder
01-02 13:57:24.609 7378 7729 I MediaPlayerService: MediaPlayerService::getOMX
01-02 13:57:24.612 8794 9471 I OMXClient: MuxOMX ctor
01-02 13:57:24.612 8794 9471 I ACodec : onAllocateComponent:6752 mSoftCodecPref:0 componentName:
01-02 13:57:24.620 8794 9471 I ACodec : onAllocateComponent:6783 mSoftCodecPref:0 componentName:OMX.google.vorbis.decoder
01-02 13:57:24.621 30005 30288 I OMXMaster: makeComponentInstance(OMX.google.vorbis.decoder) in mediacodec process
01-02 13:57:24.726 8146 8664 I ModuleSetMgr: Computing pending module set with APKs: [[AdsFdrDynamite.integ:232400000000000], [AdsFdrDynamite.integ:233012802000000], [Fastpair.optional:233414040000], [Fastpair.optional:233614040000], [Games.optional:233414000000], [Games.optional:233614000000], [MapsCoreDynamite.integ:233012100020300], [MapsCoreDynamite.integ:233012102020300], [MlkitOcrCommon.optional:233414000300], [MlkitOcrCommon.optional:233614000300], [Pay.optional:233414040300], [Pay.optional:233614040300], [TfliteDynamiteDynamite.integ:231810005000300], [VisionBarcode.optional:233414000300], [VisionBarcode.optional:233614000300], [VisionOcr.optional:233414000000], [VisionOcr.optional:233614000000], [Cronetdynamite:233414040300], [Dynamiteloader:233414040000], [Dynamitemodulesa:233414040000], [Dynamitemodulesc:233414040000], [Googlecertificates:233414040000], [Mapsdynamite:233414040000], [Measurementdynamite:233414040000]]
01-02 13:57:24.728 8146 9422 I Blockstore: [CloudSyncBackupTaskService] scheduling a periodic backup task. [CONTEXT service_id=258 ]
01-02 13:57:24.792 7549 7569 W ResourceType: ResTable_typeSpec entry count inconsistent: given 3017, previously 3020
01-02 13:57:24.816 8146 8334 I Blockstore: [BlockstoreModuleInitIntentOperation] scheduleOneOffTaskIfAlreadyScheduled finished [CONTEXT service_id=258 ]
01-02 13:57:24.851 9199 9199 W art : Before Android 4.1, method double java.util.concurrent.ThreadLocalRandom.internalNextDouble(double, double) would have incorrectly overridden the package-private method in java.util.Random
01-02 13:57:24.851 9199 9199 W art : Before Android 4.1, method int java.util.concurrent.ThreadLocalRandom.internalNextInt(int, int) would have incorrectly overridden the package-private method in java.util.Random
01-02 13:57:24.851 9199 9199 W art : Before Android 4.1, method long java.util.concurrent.ThreadLocalRandom.internalNextLong(long, long) would have incorrectly overridden the package-private method in java.util.Random
01-02 13:57:24.855 8936 9048 W art : Verification of void ewl.(evn) took 163.190ms
01-02 13:57:24.892 7549 7569 W ResourceType: ResTable_typeSpec entry count inconsistent: given 3143, previously 3147
01-02 13:57:24.905 9115 9230 W art : Verification of void com.google.android.libraries.drive.core.impl.cello.jni.SlimJni__Cello_CategoryUpdateCallback.call(byte[]) took 486.271ms
01-02 13:57:24.914 8936 9055 W art : Verification of java.lang.Object argb.aiz(int, java.lang.Object) took 121.609ms
01-02 13:57:24.915 7549 7558 I art : Background partial concurrent mark sweep GC freed 124399(4MB) AllocSpace objects, 7(236KB) LOS objects, 33% free, 16MB/25MB, paused 1.438ms total 502.469ms
01-02 13:57:24.920 8146 8211 I Blockstore: [BlockstoreModuleInitIntentOperation] cloudRestoreSourceId cleared [CONTEXT service_id=258 ]
01-02 13:57:24.956 8146 8664 I ModuleSetMgr: Download of container feature ambient_context is disabled.
01-02 13:57:24.965 8146 8664 I ModuleSetMgr: Download of container feature antifingerprinting is disabled.
01-02 13:57:24.965 8146 8664 I ModuleSetMgr: Download of container feature appsearch_dynamite_impl is disabled.
01-02 13:57:24.965 8146 8664 I ModuleSetMgr: Download of container feature brella_dynamite is disabled.
01-02 13:57:24.965 8146 8664 I ModuleSetMgr: Download of container feature cameraconnectivity_impl is disabled.
01-02 13:57:24.972 8146 8664 I ModuleSetMgr: Download of container feature easyunlock is disabled.
01-02 13:57:24.973 8146 8664 I ModuleSetMgr: Download of container feature fast_pair is disabled.
01-02 13:57:24.973 8146 8664 I ModuleSetMgr: Download of container feature games is disabled.
01-02 13:57:24.973 8146 8664 I ModuleSetMgr: Download of container feature tflite_dynamite is disabled.
01-02 13:57:24.973 8146 8664 I ModuleSetMgr: Download of container feature magictether is disabled.
01-02 13:57:24.973 8146 8664 I ModuleSetMgr: Download of container feature maps_core is disabled.
01-02 13:57:24.974 8146 8664 I ModuleSetMgr: Download of container feature pay is disabled.
01-02 13:57:24.983 8146 8664 I ModuleSetMgr: Download of container feature mlkit.docscan.crop is disabled.
01-02 13:57:24.983 8146 8664 I ModuleSetMgr: Download of container feature mlkit.docscan.enhance is disabled.
01-02 13:57:24.989 9199 9199 I Finsky:background: [1] jkz.h(312): This process start was not selected for Play memory metrics collection.
01-02 13:57:24.996 8146 8664 I ModuleSetMgr: Download of container feature mlkit.segmentation.subject is disabled.
01-02 13:57:24.996 8146 8664 I ModuleSetMgr: Download of container feature photopicker_activity is disabled.
01-02 13:57:24.996 8146 8664 I ModuleSetMgr: Download of container feature semanticlocation_debug is disabled.
01-02 13:57:24.996 8146 8664 I ModuleSetMgr: Download of container feature userstatus_impl is disabled.
01-02 13:57:25.001 8146 8664 I ModuleSetMgr: Download of container feature vision.face is disabled.
01-02 13:57:25.001 8146 8664 I ModuleSetMgr: Download of container feature vision.ica is disabled.
01-02 13:57:25.002 8146 9421 I Ads : Parental control value is stale. Refreshing.
01-02 13:57:25.005 8936 9064 I PlayCommon: [160] amec.j(28): Preparing logs for uploading
01-02 13:57:25.005 9199 9209 W art : Suspending all threads took: 12.779ms
01-02 13:57:25.024 8936 9056 W art : Verification of dst adqv.af(dst, atzr, aebn, ddr, int) took 100.847ms
01-02 13:57:25.028 8146 9421 I Ads : Initialized AdMob in container 23.34.14 (040300-560151436)
01-02 13:57:25.038 7859 7859 D BoundBrokerSvc: onBind: Intent { act=com.google.android.gms.chimera.container.BIND_FIND_BUFFER_SIZE dat=chimera-action: cmp=com.google.android.gms/.chimera.PersistentInternalBoundBrokerService }
01-02 13:57:25.038 7859 7859 D BoundBrokerSvc: Loading bound service for intent: Intent { act=com.google.android.gms.chimera.container.BIND_FIND_BUFFER_SIZE dat=chimera-action: cmp=com.google.android.gms/.chimera.PersistentInternalBoundBrokerService }
01-02 13:57:25.066 8936 9048 W art : Verification of void ewl.O(int, int, java.lang.Integer, java.util.List) took 112.606ms
01-02 13:57:25.120 8146 9422 I Backup : [CallLogFlagSetter] Whitelisted for call log backup; backup_enabled flag already enabled.
01-02 13:57:25.136 9115 9406 D ApplicationLoaders: ignored Vulkan layer search path /data/app/com.google.android.gms-1/lib/arm:/data/app/com.google.android.gms-1/base.apk!/lib/armeabi-v7a:/data/app/com.google.android.gms-1/split_config.en.apk!/lib/armeabi-v7a:/data/app/com.google.android.gms-1/split_config.mdpi.apk!/lib/armeabi-v7a for namespace 0xaed8c090
01-02 13:57:25.142 7549 7569 W ResourceType: ResTable_typeSpec entry count inconsistent: given 23, previously 37
01-02 13:57:25.143 7549 7569 W ResourceType: ResTable_typeSpec entry count inconsistent: given 817, previously 2120
01-02 13:57:25.143 7549 7569 W ResourceType: ResTable_typeSpec entry count inconsistent: given 1502, previously 1505
01-02 13:57:25.148 8146 9461 I ChimeraConfigurator: Starting update, reason: 4 urgentFeatures: fast_pair:-1, vision.ocr:-1, maps_core:-1, games:0, vision.ocr:-1, pay:-1, mlkit.ocr.common:1, games:0, tflite_dynamite:3, play_cloud_search:0, vision.barcode:-1
01-02 13:57:25.194 8936 9064 I PlayCommon: [160] amec.j(247): Connecting to server: https://play.googleapis.com/play/log?format=raw&proto_v2=true
01-02 13:57:25.216 8146 9424 I WakefulBroadcastRcvr: Processing wakeful broadcast: com.google.android.gms.checkin.CHECKIN_START_ACTION
01-02 13:57:25.235 8146 9422 I SyncIntentOperation: (REDACTED) Handling the intent: %s.
01-02 13:57:25.237 8146 9422 I SyncManager: Executing syncInBackground [CONTEXT service_id=80 ]
01-02 13:57:25.276 8146 9424 I Ads : Parental control value is stale. Refreshing.
01-02 13:57:25.278 8146 9424 I Ads : Initialized AdMob in container 23.34.14 (040300-560151436)
01-02 13:57:25.293 8146 8664 I ModuleSetMgr: Download of container feature kids_dashboard is disabled.
01-02 13:57:25.313 9115 9230 W art : Verification of void com.google.android.libraries.drive.core.impl.cello.jni.SlimJni__Cello_InsertAttachmentCallback.call(byte[]) took 181.442ms
01-02 13:57:25.318 8146 8664 I ModuleSetMgr: Download of container feature kids_get_parent_verification_intent is disabled.
01-02 13:57:25.318 8146 8664 I ModuleSetMgr: Download of container feature kids_screentime_restriction_callback is disabled.
01-02 13:57:25.318 8146 8664 I ModuleSetMgr: Download of container feature kids_transparency is disabled.
01-02 13:57:25.326 8936 9056 W art : Verification of void adqv.bY(afia, afia, aair, dst, ddr, int) took 132.597ms
01-02 13:57:25.328 9115 9406 W ResourceType: ResTable_typeSpec entry count inconsistent: given 88, previously 90
01-02 13:57:25.328 9115 9406 W ResourceType: ResTable_typeSpec entry count inconsistent: given 168, previously 172
01-02 13:57:25.344 9199 9482 I Finsky:background: [154] nld.i(6): getDownloads()
01-02 13:57:25.354 8936 9055 W art : Verification of java.lang.Object arjj.aiz(int, java.lang.Object) took 136.596ms
01-02 13:57:25.376 9115 9406 W ResourceType: ResTable_typeSpec entry count inconsistent: given 3481, previously 3501
01-02 13:57:25.381 8146 9380 I Auth : [WorkAccount] update authenticator enabled for boot or update
01-02 13:57:25.386 9199 9209 I art : Background partial concurrent mark sweep GC freed 1466(142KB) AllocSpace objects, 0(0B) LOS objects, 39% free, 4MB/8MB, paused 6.343ms total 133.070ms
01-02 13:57:25.404 7549 7569 W ResourceType: ResTable_typeSpec entry count inconsistent: given 88, previously 90
01-02 13:57:25.404 7549 7569 W ResourceType: ResTable_typeSpec entry count inconsistent: given 168, previously 172
01-02 13:57:25.422 8794 8837 I MediaCodec: callingProcessName:com.ipos.controllerorder
01-02 13:57:25.423 7378 7729 I MediaPlayerService: MediaPlayerService::getOMX
01-02 13:57:25.423 8794 9484 I OMXClient: MuxOMX ctor
01-02 13:57:25.423 8794 9484 I ACodec : onAllocateComponent:6752 mSoftCodecPref:0 componentName:
01-02 13:57:25.424 8794 9484 I ACodec : onAllocateComponent:6783 mSoftCodecPref:0 componentName:OMX.google.mp3.decoder
01-02 13:57:25.424 30005 30299 I OMXMaster: makeComponentInstance(OMX.google.mp3.decoder) in mediacodec process
01-02 13:57:25.440 7549 7569 W ResourceType: ResTable_typeSpec entry count inconsistent: given 3481, previously 3501
01-02 13:57:25.462 7859 8716 I Auth : [WorkAccountServiceImpl] init work authenticator
01-02 13:57:25.478 7549 7569 W ResourceType: ResTable_typeSpec entry count inconsistent: given 88, previously 90
01-02 13:57:25.478 7549 7569 W ResourceType: ResTable_typeSpec entry count inconsistent: given 168, previously 172
01-02 13:57:25.478 8936 9055 W art : Verification of java.lang.Object arli.aiz(int, java.lang.Object) took 122.174ms
01-02 13:57:25.478 7549 7569 W ResourceType: ResTable_typeSpec entry count inconsistent: given 3481, previously 3501
01-02 13:57:25.508 9115 9189 W art : Verification of java.lang.Object logs.proto.wireless.performance.mobile.MemoryMetric$MemoryUsageMetric.a(int, java.lang.Object) took 104.540ms
01-02 13:57:25.517 7549 7569 W ResourceType: ResTable_typeSpec entry count inconsistent: given 1, previously 9
01-02 13:57:25.517 7549 7569 W ResourceType: ResTable_typeSpec entry count inconsistent: given 1379, previously 1382
01-02 13:57:25.517 7549 7569 W ResourceType: ResTable_typeSpec entry count inconsistent: given 1149, previously 1163
01-02 13:57:25.538 7549 9445 E SchedPolicy: set_timerslack_ns prctl failed: Invalid argument
01-02 13:57:25.538 7549 9445 E SchedPolicy: set_timerslack_ns prctl failed: Invalid argument
01-02 13:57:25.539 7549 7562 E SchedPolicy: set_timerslack_ns prctl failed: Invalid argument
01-02 13:57:25.539 7549 7562 E SchedPolicy: set_timerslack_ns prctl failed: Invalid argument
01-02 13:57:25.539 7549 7562 E SchedPolicy: set_timerslack_ns prctl failed: Invalid argument
01-02 13:57:25.539 7549 7562 E SchedPolicy: set_timerslack_ns prctl failed: Invalid argument
01-02 13:57:25.539 7549 9445 E SchedPolicy: set_timerslack_ns prctl failed: Invalid argument
01-02 13:57:25.540 7549 9445 E SchedPolicy: set_timerslack_ns prctl failed: Invalid argument
01-02 13:57:25.541 8438 8579 E JavaBinder: !!! FAILED BINDER TRANSACTION !!! (parcel size = 4096)
01-02 13:57:25.541 7549 9445 E SchedPolicy: set_timerslack_ns prctl failed: Invalid argument
01-02 13:57:25.541 7549 9445 E SchedPolicy: set_timerslack_ns prctl failed: Invalid argument
01-02 13:57:25.542 7549 9445 E SchedPolicy: set_timerslack_ns prctl failed: Invalid argument
01-02 13:57:25.542 7549 9445 E SchedPolicy: set_timerslack_ns prctl failed: Invalid argument
01-02 13:57:25.543 7549 9445 E SchedPolicy: set_timerslack_ns prctl failed: Invalid argument
01-02 13:57:25.544 7549 9445 E SchedPolicy: set_timerslack_ns prctl failed: Invalid argument
01-02 13:57:25.544 8438 8579 E A : System crashed while updating appWidget (id=5300)
01-02 13:57:25.544 8438 8579 E A : DeadSystemException: The system died; earlier logs will point to the root cause
01-02 13:57:25.544 7549 9445 E SchedPolicy: set_timerslack_ns prctl failed: Invalid argument
01-02 13:57:25.545 7549 9445 E SchedPolicy: set_timerslack_ns prctl failed: Invalid argument
01-02 13:57:25.546 7549 9445 E SchedPolicy: set_timerslack_ns prctl failed: Invalid argument
01-02 13:57:25.547 7549 8553 E SchedPolicy: set_timerslack_ns prctl failed: Invalid argument
01-02 13:57:25.547 7549 8022 E SchedPolicy: set_timerslack_ns prctl failed: Invalid argument
01-02 13:57:25.547 7549 8022 E SchedPolicy: set_timerslack_ns prctl failed: Invalid argument
01-02 13:57:25.547 7549 8553 E SchedPolicy: set_timerslack_ns prctl failed: Invalid argument
01-02 13:57:25.548 7549 8553 E SchedPolicy: set_timerslack_ns prctl failed: Invalid argument
01-02 13:57:25.548 7549 7562 E SchedPolicy: set_timerslack_ns prctl failed: Invalid argument
01-02 13:57:25.548 7549 8553 E SchedPolicy: set_timerslack_ns prctl failed: Invalid argument
01-02 13:57:25.548 7549 7562 E SchedPolicy: set_timerslack_ns prctl failed: Invalid argument
01-02 13:57:25.548 7549 9445 E SchedPolicy: set_timerslack_ns prctl failed: Invalid argument
01-02 13:57:25.548 7549 7562 E SchedPolicy: set_timerslack_ns prctl failed: Invalid argument
01-02 13:57:25.548 7549 7562 E SchedPolicy: set_timerslack_ns prctl failed: Invalid argument
01-02 13:57:25.556 7549 7562 E SchedPolicy: set_timerslack_ns prctl failed: Invalid argument
01-02 13:57:25.556 7549 7562 E SchedPolicy: set_timerslack_ns prctl failed: Invalid argument
01-02 13:57:25.560 7549 7562 E SchedPolicy: set_timerslack_ns prctl failed: Invalid argument
01-02 13:57:25.560 7549 7562 E SchedPolicy: set_timerslack_ns prctl failed: Invalid argument
01-02 13:57:25.563 7549 7569 E SchedPolicy: set_timerslack_ns prctl failed: Invalid argument
01-02 13:57:25.564 7549 7562 E SchedPolicy: set_timerslack_ns prctl failed: Invalid argument
01-02 13:57:25.564 7549 7562 E SchedPolicy: set_timerslack_ns prctl failed: Invalid argument
01-02 13:57:25.565 9115 9406 V NativeCrypto: Registering com/google/android/gms/org/conscrypt/NativeCrypto's 302 native methods...
01-02 13:57:25.568 7549 7569 E SchedPolicy: set_timerslack_ns prctl failed: Invalid argument
01-02 13:57:25.571 7549 7569 E SchedPolicy: set_timerslack_ns prctl failed: Invalid argument
01-02 13:57:25.572 7549 7562 E SchedPolicy: set_timerslack_ns prctl failed: Invalid argument
01-02 13:57:25.572 8936 9048 W art : Verification of void ddx.A() took 118.443ms
01-02 13:57:25.574 7549 9445 E SchedPolicy: set_timerslack_ns prctl failed: Invalid argument
01-02 13:57:25.574 7549 9445 E SchedPolicy: set_timerslack_ns prctl failed: Invalid argument
01-02 13:57:25.575 7549 8553 E SchedPolicy: set_timerslack_ns prctl failed: Invalid argument
01-02 13:57:25.575 7549 8553 E SchedPolicy: set_timerslack_ns prctl failed: Invalid argument
01-02 13:57:25.576 7549 8553 E SchedPolicy: set_timerslack_ns prctl failed: Invalid argument
01-02 13:57:25.576 7549 9445 E SchedPolicy: set_timerslack_ns prctl failed: Invalid argument
01-02 13:57:25.576 7549 9445 E SchedPolicy: set_timerslack_ns prctl failed: Invalid argument
01-02 13:57:25.577 7549 9445 E SchedPolicy: set_timerslack_ns prctl failed: Invalid argument
01-02 13:57:25.577 7549 9445 E SchedPolicy: set_timerslack_ns prctl failed: Invalid argument
01-02 13:57:25.580 7549 9445 E SchedPolicy: set_timerslack_ns prctl failed: Invalid argument
01-02 13:57:25.588 7549 8567 E SchedPolicy: set_timerslack_ns prctl failed: Invalid argument
01-02 13:57:25.588 7549 8022 E SchedPolicy: set_timerslack_ns prctl failed: Invalid argument
01-02 13:57:25.588 7549 8022 E SchedPolicy: set_timerslack_ns prctl failed: Invalid argument
01-02 13:57:25.588 7549 7561 E SchedPolicy: set_timerslack_ns prctl failed: Invalid argument
01-02 13:57:25.588 7549 8022 E SchedPolicy: set_timerslack_ns prctl failed: Invalid argument
01-02 13:57:25.588 7549 8567 E SchedPolicy: set_timerslack_ns prctl failed: Invalid argument
01-02 13:57:25.589 7549 8567 E SchedPolicy: set_timerslack_ns prctl failed: Invalid argument
01-02 13:57:25.589 7549 8567 E SchedPolicy: set_timerslack_ns prctl failed: Invalid argument
01-02 13:57:25.590 7549 8567 E SchedPolicy: set_timerslack_ns prctl failed: Invalid argument
01-02 13:57:25.591 7549 8567 E SchedPolicy: set_timerslack_ns prctl failed: Invalid argument
01-02 13:57:25.593 7549 8022 E SchedPolicy: set_timerslack_ns prctl failed: Invalid argument
01-02 13:57:25.593 7549 8567 E SchedPolicy: set_timerslack_ns prctl failed: Invalid argument
01-02 13:57:25.593 7549 8567 E SchedPolicy: set_timerslack_ns prctl failed: Invalid argument
01-02 13:57:25.594 8146 9424 I Auth : [SupervisedAccountIntentOperation] onHandleIntent(): com.google.android.chimera.IntentOperation.NEW_MODULE
01-02 13:57:25.595 8146 9380 W Auth : [PubsubPeriodicSyncherRuntimeInit] Initializing periodic tasks, IntentAction=com.google.android.chimera.IntentOperation.NEW_MODULE, InitRuntimeState=4
01-02 13:57:25.596 7549 7569 W ActivityManager: Failed setting process group of 8071 to 1
01-02 13:57:25.596 7549 7569 W System.err: java.lang.RuntimeException: Unknown error
01-02 13:57:25.596 7549 8022 E SchedPolicy: set_timerslack_ns prctl failed: Invalid argument
01-02 13:57:25.596 7549 8022 E SchedPolicy: set_timerslack_ns prctl failed: Invalid argument
01-02 13:57:25.596 7549 8567 E SchedPolicy: set_timerslack_ns prctl failed: Invalid argument
01-02 13:57:25.598 7549 7569 W System.err: at android.os.Process.setProcessGroup(Native Method)
01-02 13:57:25.598 7549 8022 E SchedPolicy: set_timerslack_ns prctl failed: Invalid argument
01-02 13:57:25.598 7549 7569 W System.err: at com.android.server.am.ActivityManagerService.applyOomAdjLocked(ActivityManagerService.java:20740)
01-02 13:57:25.598 7549 7569 W System.err: at com.android.server.am.ActivityManagerService.updateOomAdjLocked(ActivityManagerService.java:21320)
01-02 13:57:25.598 7549 7569 W System.err: at com.android.server.am.ActiveServices.realStartServiceLocked(ActiveServices.java:1820)
01-02 13:57:25.598 7549 7569 W System.err: at com.android.server.am.ActiveServices.bringUpServiceLocked(ActiveServices.java:1740)
01-02 13:57:25.598 7549 7569 W System.err: at com.android.server.am.ActiveServices.bindServiceLocked(ActiveServices.java:1066)
01-02 13:57:25.598 7549 7569 W System.err: at com.android.server.am.ActivityManagerService.bindService(ActivityManagerService.java:17558)
01-02 13:57:25.599 7549 7569 W System.err: at android.app.ContextImpl.bindServiceCommon(ContextImpl.java:1463)
01-02 13:57:25.599 7549 7569 W System.err: at android.app.ContextImpl.bindServiceAsUser(ContextImpl.java:1430)
01-02 13:57:25.599 7549 7569 W System.err: at com.android.server.print.RemotePrintSpooler.bindLocked(RemotePrintSpooler.java:623)
01-02 13:57:25.599 7549 7569 W System.err: at com.android.server.print.RemotePrintSpooler.getRemoteInstanceLazy(RemotePrintSpooler.java:602)
01-02 13:57:25.599 7549 8022 E SchedPolicy: set_timerslack_ns prctl failed: Invalid argument
01-02 13:57:25.599 7549 7569 W System.err: at com.android.server.print.RemotePrintSpooler.pruneApprovedPrintServices(RemotePrintSpooler.java:515)
01-02 13:57:25.599 7549 7569 W System.err: at com.android.server.print.UserState.prunePrintServices(UserState.java:996)
01-02 13:57:25.599 7549 7569 W System.err: at com.android.server.print.PrintManagerService$PrintManagerImpl$2.onPackageModified(PrintManagerService.java:740)
01-02 13:57:25.599 7549 7569 W System.err: at com.android.internal.content.PackageMonitor.onReceive(PackageMonitor.java:370)
01-02 13:57:25.599 7549 7569 W System.err: at android.app.LoadedApk$ReceiverDispatcher$Args.run(LoadedApk.java:1122)
01-02 13:57:25.599 7549 7569 W System.err: at android.os.Handler.handleCallback(Handler.java:758)
01-02 13:57:25.599 7549 7569 W System.err: at android.os.Handler.dispatchMessage(Handler.java:95)
01-02 13:57:25.599 7549 7569 W System.err: at android.os.Looper.loop(Looper.java:154)
01-02 13:57:25.599 7549 7569 W System.err: at android.os.HandlerThread.run(HandlerThread.java:61)
01-02 13:57:25.599 7549 8022 E SchedPolicy: set_timerslack_ns prctl failed: Invalid argument
01-02 13:57:25.600 7549 8022 E SchedPolicy: set_timerslack_ns prctl failed: Invalid argument
01-02 13:57:25.600 7549 7569 E SchedPolicy: set_timerslack_ns prctl failed: Invalid argument
01-02 13:57:25.600 7549 8553 E SchedPolicy: set_timerslack_ns prctl failed: Invalid argument
01-02 13:57:25.600 7549 8553 E SchedPolicy: set_timerslack_ns prctl failed: Invalid argument
01-02 13:57:25.601 7549 7562 E SchedPolicy: set_timerslack_ns prctl failed: Invalid argument
01-02 13:57:25.601 7549 8553 E SchedPolicy: set_timerslack_ns prctl failed: Invalid argument
01-02 13:57:25.601 7549 8022 E SchedPolicy: set_timerslack_ns prctl failed: Invalid argument
01-02 13:57:25.601 7549 8022 E SchedPolicy: set_timerslack_ns prctl failed: Invalid argument
01-02 13:57:25.602 7549 7561 E SchedPolicy: set_timerslack_ns prctl failed: Invalid argument
01-02 13:57:25.605 8146 9461 I ModuleSetMgr: Download of container feature ambient_context is disabled.
01-02 13:57:25.605 8146 9461 I ModuleSetMgr: Download of container feature antifingerprinting is disabled.
01-02 13:57:25.605 8146 9461 I ModuleSetMgr: Download of container feature appsearch_dynamite_impl is disabled.
01-02 13:57:25.605 8146 9461 I ModuleSetMgr: Download of container feature brella_dynamite is disabled.
01-02 13:57:25.605 8146 9461 I ModuleSetMgr: Download of container feature cameraconnectivity_impl is disabled.
01-02 13:57:25.606 8146 9461 I ModuleSetMgr: Download of container feature easyunlock is disabled.
01-02 13:57:25.607 8146 9461 I ModuleSetMgr: Download of container feature home is disabled.
01-02 13:57:25.607 8146 9461 I ModuleSetMgr: Download of container feature idunderstanding is disabled.
01-02 13:57:25.607 8146 9461 I ModuleSetMgr: Download of container feature kids_dashboard is disabled.
01-02 13:57:25.607 8146 9461 I ModuleSetMgr: Download of container feature kids_get_parent_verification_intent is disabled.
01-02 13:57:25.607 8146 9461 I ModuleSetMgr: Download of container feature kids_screentime_restriction_callback is disabled.
01-02 13:57:25.607 8146 9461 I ModuleSetMgr: Download of container feature kids_transparency is disabled.
01-02 13:57:25.607 8146 9461 I ModuleSetMgr: Download of container feature magictether is disabled.
01-02 13:57:25.608 8146 9461 I ModuleSetMgr: Download of container feature mdocstore is disabled.
01-02 13:57:25.608 7549 8022 E SchedPolicy: set_timerslack_ns prctl failed: Invalid argument
01-02 13:57:25.608 7549 7561 E SchedPolicy: set_timerslack_ns prctl failed: Invalid argument
01-02 13:57:25.608 7549 8022 E SchedPolicy: set_timerslack_ns prctl failed: Invalid argument
01-02 13:57:25.608 8146 9461 I ModuleSetMgr: Download of container feature mlbenchmark is disabled.
01-02 13:57:25.608 7549 7561 E SchedPolicy: set_timerslack_ns prctl failed: Invalid argument
01-02 13:57:25.609 8146 9461 I ModuleSetMgr: Download of container feature mlkit.barcode.ui is disabled.
01-02 13:57:25.609 7549 9445 E SchedPolicy: set_timerslack_ns prctl failed: Invalid argument
01-02 13:57:25.609 8146 9461 I ModuleSetMgr: Download of container feature mlkit.docscan.crop is disabled.
01-02 13:57:25.609 8146 9461 I ModuleSetMgr: Download of container feature mlkit.docscan.detect is disabled.
01-02 13:57:25.609 8146 9461 I ModuleSetMgr: Download of container feature mlkit.docscan.enhance is disabled.
01-02 13:57:25.609 8146 9461 I ModuleSetMgr: Download of container feature mlkit.docscan.stain is disabled.
01-02 13:57:25.609 8146 9461 I ModuleSetMgr: Download of container feature mlkit.nlclassifier is disabled.
01-02 13:57:25.610 8146 9461 I ModuleSetMgr: Download of container feature mlkit.ocr.chinese is disabled.
01-02 13:57:25.610 8146 9461 I ModuleSetMgr: Download of container feature mlkit.ocr.devanagari is disabled.
01-02 13:57:25.610 8146 9461 I ModuleSetMgr: Download of container feature mlkit.ocr.japanese is disabled.
01-02 13:57:25.610 8146 9461 I ModuleSetMgr: Download of container feature mlkit.ocr.korean is disabled.
01-02 13:57:25.611 8146 9461 I ModuleSetMgr: Download of container feature vision.custom.ica is disabled.
01-02 13:57:25.611 8146 9461 I ModuleSetMgr: Download of container feature mlkit.segmentation.subject is disabled.
01-02 13:57:25.611 8146 9461 I ModuleSetMgr: Download of container feature payse is disabled.
01-02 13:57:25.611 8146 9461 I ModuleSetMgr: Download of container feature photopicker_activity is disabled.
01-02 13:57:25.611 8146 9461 I ModuleSetMgr: Download of container feature semanticlocation_debug is disabled.
01-02 13:57:25.612 8146 9461 I ModuleSetMgr: Download of container feature userstatus_impl is disabled.
01-02 13:57:25.612 8146 9461 I ModuleSetMgr: Download of container feature vision.face is disabled.
01-02 13:57:25.612 8146 9461 I ModuleSetMgr: Download of container feature vision.ica is disabled.
01-02 13:57:25.613 7549 7561 E SchedPolicy: set_timerslack_ns prctl failed: Invalid argument
01-02 13:57:25.614 7549 7561 E SchedPolicy: set_timerslack_ns prctl failed: Invalid argument
01-02 13:57:25.614 7549 7561 E SchedPolicy: set_timerslack_ns prctl failed: Invalid argument
01-02 13:57:25.614 7549 7561 E SchedPolicy: set_timerslack_ns prctl failed: Invalid argument
01-02 13:57:25.615 7549 7561 E SchedPolicy: set_timerslack_ns prctl failed: Invalid argument
01-02 13:57:25.615 7549 7561 E SchedPolicy: set_timerslack_ns prctl failed: Invalid argument
01-02 13:57:25.616 7549 7561 E SchedPolicy: set_timerslack_ns prctl failed: Invalid argument
01-02 13:57:25.616 7549 9445 E SchedPolicy: set_timerslack_ns prctl failed: Invalid argument
01-02 13:57:25.616 7549 8022 E SchedPolicy: set_timerslack_ns prctl failed: Invalid argument
01-02 13:57:25.617 7549 8553 E SchedPolicy: set_timerslack_ns prctl failed: Invalid argument
01-02 13:57:25.617 7549 8022 E SchedPolicy: set_timerslack_ns prctl failed: Invalid argument
01-02 13:57:25.617 7549 7561 E SchedPolicy: set_timerslack_ns prctl failed: Invalid argument
01-02 13:57:25.617 7549 9445 E SchedPolicy: set_timerslack_ns prctl failed: Invalid argument
01-02 13:57:25.618 7549 9445 E SchedPolicy: set_timerslack_ns prctl failed: Invalid argument
01-02 13:57:25.619 7549 8553 E SchedPolicy: set_timerslack_ns prctl failed: Invalid argument
01-02 13:57:25.619 7549 9445 E SchedPolicy: set_timerslack_ns prctl failed: Invalid argument
01-02 13:57:25.620 7549 9445 E SchedPolicy: set_timerslack_ns prctl failed: Invalid argument
01-02 13:57:25.621 7549 9445 E SchedPolicy: set_timerslack_ns prctl failed: Invalid argument
01-02 13:57:25.621 7549 8567 E SchedPolicy: set_timerslack_ns prctl failed: Invalid argument
01-02 13:57:25.622 7549 9445 E SchedPolicy: set_timerslack_ns prctl failed: Invalid argument
01-02 13:57:25.622 7549 9445 E SchedPolicy: set_timerslack_ns prctl failed: Invalid argument
01-02 13:57:25.623 7549 8567 E SchedPolicy: set_timerslack_ns prctl failed: Invalid argument
01-02 13:57:25.623 7549 9445 E SchedPolicy: set_timerslack_ns prctl failed: Invalid argument
01-02 13:57:25.623 7549 8567 E SchedPolicy: set_timerslack_ns prctl failed: Invalid argument
01-02 13:57:25.624 7549 9445 E SchedPolicy: set_timerslack_ns prctl failed: Invalid argument
01-02 13:57:25.624 7549 8567 E SchedPolicy: set_timerslack_ns prctl failed: Invalid argument
01-02 13:57:25.624 7549 8567 E SchedPolicy: set_timerslack_ns prctl failed: Invalid argument
01-02 13:57:25.624 7549 9445 E SchedPolicy: set_timerslack_ns prctl failed: Invalid argument
01-02 13:57:25.624 7549 8553 E SchedPolicy: set_timerslack_ns prctl failed: Invalid argument
01-02 13:57:25.625 7549 9445 E SchedPolicy: set_timerslack_ns prctl failed: Invalid argument
01-02 13:57:25.625 8438 8611 E JavaBinder: !!! FAILED BINDER TRANSACTION !!! (parcel size = 4096)
01-02 13:57:25.626 8438 8611 E A : System crashed while updating appWidget (id=5296)
01-02 13:57:25.626 8438 8611 E A : DeadSystemException: The system died; earlier logs will point to the root cause
01-02 13:57:25.626 7549 8553 E SchedPolicy: set_timerslack_ns prctl failed: Invalid argument
01-02 13:57:25.626 7549 8567 E SchedPolicy: set_timerslack_ns prctl failed: Invalid argument
01-02 13:57:25.627 7549 8553 E SchedPolicy: set_timerslack_ns prctl failed: Invalid argument
01-02 13:57:25.627 7549 8553 E SchedPolicy: set_timerslack_ns prctl failed: Invalid argument
01-02 13:57:25.627 7549 8567 E SchedPolicy: set_timerslack_ns prctl failed: Invalid argument
01-02 13:57:25.627 7549 8567 E SchedPolicy: set_timerslack_ns prctl failed: Invalid argument
01-02 13:57:25.628 7549 8553 E SchedPolicy: set_timerslack_ns prctl failed: Invalid argument
01-02 13:57:25.628 7549 8567 E SchedPolicy: set_timerslack_ns prctl failed: Invalid argument
01-02 13:57:25.628 7549 8553 E SchedPolicy: set_timerslack_ns prctl failed: Invalid argument
01-02 13:57:25.629 7549 8553 E SchedPolicy: set_timerslack_ns prctl failed: Invalid argument
01-02 13:57:25.630 7549 8553 E SchedPolicy: set_timerslack_ns prctl failed: Invalid argument
01-02 13:57:25.630 7549 8553 E SchedPolicy: set_timerslack_ns prctl failed: Invalid argument
01-02 13:57:25.630 7549 8553 E SchedPolicy: set_timerslack_ns prctl failed: Invalid argument
01-02 13:57:25.631 7549 8553 E SchedPolicy: set_timerslack_ns prctl failed: Invalid argument
01-02 13:57:25.631 7549 8553 E SchedPolicy: set_timerslack_ns prctl failed: Invalid argument
01-02 13:57:25.631 7549 8553 E SchedPolicy: set_timerslack_ns prctl failed: Invalid argument
01-02 13:57:25.632 7549 8553 E SchedPolicy: set_timerslack_ns prctl failed: Invalid argument
01-02 13:57:25.632 7549 8553 E SchedPolicy: set_timerslack_ns prctl failed: Invalid argument
01-02 13:57:25.633 7549 8553 E SchedPolicy: set_timerslack_ns prctl failed: Invalid argument
01-02 13:57:25.633 7549 8553 E SchedPolicy: set_timerslack_ns prctl failed: Invalid argument
01-02 13:57:25.633 7549 8553 E SchedPolicy: set_timerslack_ns prctl failed: Invalid argument
01-02 13:57:25.634 7549 8553 E SchedPolicy: set_timerslack_ns prctl failed: Invalid argument
01-02 13:57:25.634 7549 8553 E SchedPolicy: set_timerslack_ns prctl failed: Invalid argument
01-02 13:57:25.635 7549 8553 E SchedPolicy: set_timerslack_ns prctl failed: Invalid argument
01-02 13:57:25.635 7549 8553 E SchedPolicy: set_timerslack_ns prctl failed: Invalid argument
01-02 13:57:25.635 7549 8567 E SchedPolicy: set_timerslack_ns prctl failed: Invalid argument
01-02 13:57:25.637 8038 8088 W ResourceType: ResTable_typeSpec entry count inconsistent: given 23, previously 37
01-02 13:57:25.638 8038 8088 W ResourceType: ResTable_typeSpec entry count inconsistent: given 817, previously 2120
01-02 13:57:25.638 8038 8088 W ResourceType: ResTable_typeSpec entry count inconsistent: given 1502, previously 1505
01-02 13:57:25.638 7549 9445 E SchedPolicy: set_timerslack_ns prctl failed: Invalid argument
01-02 13:57:25.638 7549 9445 E SchedPolicy: set_timerslack_ns prctl failed: Invalid argument
01-02 13:57:25.642 7549 8553 E SchedPolicy: set_timerslack_ns prctl failed: Invalid argument
01-02 13:57:25.642 7549 8553 E SchedPolicy: set_timerslack_ns prctl failed: Invalid argument
01-02 13:57:25.644 7549 8567 E SchedPolicy: set_timerslack_ns prctl failed: Invalid argument
01-02 13:57:25.645 7549 8567 E SchedPolicy: set_timerslack_ns prctl failed: Invalid argument
01-02 13:57:25.645 7549 8567 E SchedPolicy: set_timerslack_ns prctl failed: Invalid argument
01-02 13:57:25.647 7549 8567 E SchedPolicy: set_timerslack_ns prctl failed: Invalid argument
01-02 13:57:25.648 7549 8567 E SchedPolicy: set_timerslack_ns prctl failed: Invalid argument
01-02 13:57:25.649 7549 8567 E SchedPolicy: set_timerslack_ns prctl failed: Invalid argument
01-02 13:57:25.649 7549 8567 E SchedPolicy: set_timerslack_ns prctl failed: Invalid argument
01-02 13:57:25.652 7549 8567 E SchedPolicy: set_timerslack_ns prctl failed: Invalid argument
01-02 13:57:25.652 7549 8567 E SchedPolicy: set_timerslack_ns prctl failed: Invalid argument
01-02 13:57:25.653 7549 8567 E SchedPolicy: set_timerslack_ns prctl failed: Invalid argument
01-02 13:57:25.654 7549 8567 E SchedPolicy: set_timerslack_ns prctl failed: Invalid argument
01-02 13:57:25.655 7549 8567 E SchedPolicy: set_timerslack_ns prctl failed: Invalid argument
01-02 13:57:25.655 7549 8567 E SchedPolicy: set_timerslack_ns prctl failed: Invalid argument
01-02 13:57:25.656 7549 8567 E SchedPolicy: set_timerslack_ns prctl failed: Invalid argument
01-02 13:57:25.656 7549 8567 E SchedPolicy: set_timerslack_ns prctl failed: Invalid argument
01-02 13:57:25.656 7549 8567 E SchedPolicy: set_timerslack_ns prctl failed: Invalid argument
01-02 13:57:25.657 7549 8567 E SchedPolicy: set_timerslack_ns prctl failed: Invalid argument
01-02 13:57:25.659 7549 8567 E SchedPolicy: set_timerslack_ns prctl failed: Invalid argument
01-02 13:57:25.659 7549 8567 E SchedPolicy: set_timerslack_ns prctl failed: Invalid argument
01-02 13:57:25.665 7549 8553 E SchedPolicy: set_timerslack_ns prctl failed: Invalid argument
01-02 13:57:25.666 7549 8553 E SchedPolicy: set_timerslack_ns prctl failed: Invalid argument
01-02 13:57:25.666 7549 8567 E SchedPolicy: set_timerslack_ns prctl failed: Invalid argument
01-02 13:57:25.666 7549 8567 E SchedPolicy: set_timerslack_ns prctl failed: Invalid argument
01-02 13:57:25.666 7549 8567 E SchedPolicy: set_timerslack_ns prctl failed: Invalid argument
01-02 13:57:25.666 7549 8567 E SchedPolicy: set_timerslack_ns prctl failed: Invalid argument
01-02 13:57:25.666 7549 8567 E SchedPolicy: set_timerslack_ns prctl failed: Invalid argument
01-02 13:57:25.666 7549 8553 E SchedPolicy: set_timerslack_ns prctl failed: Invalid argument
01-02 13:57:25.666 7549 8567 E SchedPolicy: set_timerslack_ns prctl failed: Invalid argument
01-02 13:57:25.667 7549 8567 E SchedPolicy: set_timerslack_ns prctl failed: Invalid argument
01-02 13:57:25.667 7549 8567 E SchedPolicy: set_timerslack_ns prctl failed: Invalid argument
01-02 13:57:25.667 7549 8553 E SchedPolicy: set_timerslack_ns prctl failed: Invalid argument
01-02 13:57:25.667 7549 8553 E SchedPolicy: set_timerslack_ns prctl failed: Invalid argument
01-02 13:57:25.667 7549 8567 E SchedPolicy: set_timerslack_ns prctl failed: Invalid argument
01-02 13:57:25.668 7549 8567 E SchedPolicy: set_timerslack_ns prctl failed: Invalid argument
01-02 13:57:25.668 7549 8553 E SchedPolicy: set_timerslack_ns prctl failed: Invalid argument
01-02 13:57:25.669 7549 8553 E SchedPolicy: set_timerslack_ns prctl failed: Invalid argument
01-02 13:57:25.669 7549 8553 E SchedPolicy: set_timerslack_ns prctl failed: Invalid argument
01-02 13:57:25.671 7549 8553 E SchedPolicy: set_timerslack_ns prctl failed: Invalid argument
01-02 13:57:25.672 7549 8567 E SchedPolicy: set_timerslack_ns prctl failed: Invalid argument
01-02 13:57:25.672 7549 8567 E SchedPolicy: set_timerslack_ns prctl failed: Invalid argument
01-02 13:57:25.672 7549 8553 E SchedPolicy: set_timerslack_ns prctl failed: Invalid argument
01-02 13:57:25.672 7549 8553 E SchedPolicy: set_timerslack_ns prctl failed: Invalid argument
01-02 13:57:25.672 7549 8553 E SchedPolicy: set_timerslack_ns prctl failed: Invalid argument
01-02 13:57:25.673 7549 8553 E SchedPolicy: set_timerslack_ns prctl failed: Invalid argument
01-02 13:57:25.673 7549 8553 E SchedPolicy: set_timerslack_ns prctl failed: Invalid argument
01-02 13:57:25.674 7549 8553 E SchedPolicy: set_timerslack_ns prctl failed: Invalid argument
01-02 13:57:25.674 7549 8553 E SchedPolicy: set_timerslack_ns prctl failed: Invalid argument
01-02 13:57:25.675 7549 8553 E SchedPolicy: set_timerslack_ns prctl failed: Invalid argument
01-02 13:57:25.675 7549 8553 E SchedPolicy: set_timerslack_ns prctl failed: Invalid argument
01-02 13:57:25.676 7549 8553 E SchedPolicy: set_timerslack_ns prctl failed: Invalid argument
01-02 13:57:25.677 7549 8553 E SchedPolicy: set_timerslack_ns prctl failed: Invalid argument
01-02 13:57:25.678 7549 8553 E SchedPolicy: set_timerslack_ns prctl failed: Invalid argument
01-02 13:57:25.678 7549 8567 E SchedPolicy: set_timerslack_ns prctl failed: Invalid argument
01-02 13:57:25.678 7549 8567 E SchedPolicy: set_timerslack_ns prctl failed: Invalid argument
01-02 13:57:25.678 7549 8553 E SchedPolicy: set_timerslack_ns prctl failed: Invalid argument
01-02 13:57:25.679 7549 8567 E SchedPolicy: set_timerslack_ns prctl failed: Invalid argument
01-02 13:57:25.679 7549 8567 E SchedPolicy: set_timerslack_ns prctl failed: Invalid argument
01-02 13:57:25.679 7549 8567 E SchedPolicy: set_timerslack_ns prctl failed: Invalid argument
01-02 13:57:25.679 7549 8567 E SchedPolicy: set_timerslack_ns prctl failed: Invalid argument
01-02 13:57:25.679 7549 8567 E SchedPolicy: set_timerslack_ns prctl failed: Invalid argument
01-02 13:57:25.679 7549 8567 E SchedPolicy: set_timerslack_ns prctl failed: Invalid argument
01-02 13:57:25.679 7549 8567 E SchedPolicy: set_timerslack_ns prctl failed: Invalid argument
01-02 13:57:25.679 7549 8567 E SchedPolicy: set_timerslack_ns prctl failed: Invalid argument
01-02 13:57:25.680 8936 8946 W art : Suspending all threads took: 67.656ms
01-02 13:57:25.680 7549 8553 E SchedPolicy: set_timerslack_ns prctl failed: Invalid argument
01-02 13:57:25.681 7549 8553 E SchedPolicy: set_timerslack_ns prctl failed: Invalid argument
01-02 13:57:25.681 7549 8553 E SchedPolicy: set_timerslack_ns prctl failed: Invalid argument
01-02 13:57:25.681 7549 8553 E SchedPolicy: set_timerslack_ns prctl failed: Invalid argument
01-02 13:57:25.682 7549 7569 W AppWidgetServiceImpl: Failed open state file for write: java.io.IOException: Couldn't create directory /data/system/users/0/appwidgets.xml
