01-02 13:56:16.181 7375 7375 I ServiceManager: Waiting for service media.camera.proxy...
01-02 13:56:16.231 7375 7375 I ServiceManager: Waiting for service media.camera.proxy...
01-02 13:56:16.282 7375 7375 I ServiceManager: Waiting for service media.camera.proxy...
01-02 13:56:16.332 7375 7375 I ServiceManager: Waiting for service media.camera.proxy...
01-02 13:56:16.382 7375 7375 I ServiceManager: Waiting for service media.camera.proxy...
01-02 13:56:16.433 7375 7375 I ServiceManager: Waiting for service media.camera.proxy...
01-02 13:56:16.484 7375 7375 I ServiceManager: Waiting for service media.camera.proxy...
01-02 13:56:16.534 7375 7375 I ServiceManager: Waiting for service media.camera.proxy...
01-02 13:56:16.584 7375 7375 I ServiceManager: Waiting for service media.camera.proxy...
01-02 13:56:16.635 7375 7375 I ServiceManager: Waiting for service media.camera.proxy...
01-02 13:56:16.685 7375 7375 I ServiceManager: Waiting for service media.camera.proxy...
01-02 13:56:16.736 7375 7375 I ServiceManager: Waiting for service media.camera.proxy...
01-02 13:56:16.786 7375 7375 I ServiceManager: Waiting for service media.camera.proxy...
01-02 13:56:16.838 7375 7375 I ServiceManager: Waiting for service media.camera.proxy...
01-02 13:56:16.888 7375 7375 I ServiceManager: Waiting for service media.camera.proxy...
01-02 13:56:16.940 7375 7375 I ServiceManager: Waiting for service media.camera.proxy...
01-02 13:56:16.991 7375 7375 I ServiceManager: Waiting for service media.camera.proxy...
01-02 13:56:17.042 7375 7375 I ServiceManager: Waiting for service media.camera.proxy...
01-02 13:56:17.092 7375 7375 I ServiceManager: Waiting for service media.camera.proxy...
01-02 13:56:17.143 7375 7375 I ServiceManager: Waiting for service media.camera.proxy...
01-02 13:56:17.193 7375 7375 I ServiceManager: Waiting for service media.camera.proxy...
01-02 13:56:17.243 7375 7375 I ServiceManager: Waiting for service media.camera.proxy...
01-02 13:56:17.294 7375 7375 I ServiceManager: Waiting for service media.camera.proxy...
01-02 13:56:17.344 7375 7375 I ServiceManager: Waiting for service media.camera.proxy...
01-02 13:56:17.395 7375 7375 I ServiceManager: Waiting for service media.camera.proxy...
01-02 13:56:17.445 7375 7375 I ServiceManager: Waiting for service media.camera.proxy...
01-02 13:56:17.495 7375 7375 I ServiceManager: Waiting for service media.camera.proxy...
01-02 13:56:17.546 7375 7375 I ServiceManager: Waiting for service media.camera.proxy...
01-02 13:56:17.596 7375 7375 I ServiceManager: Waiting for service media.camera.proxy...
01-02 13:56:17.646 7375 7375 I ServiceManager: Waiting for service media.camera.proxy...
01-02 13:56:17.697 7375 7375 I ServiceManager: Waiting for service media.camera.proxy...
01-02 13:56:17.747 7375 7375 I ServiceManager: Waiting for service media.camera.proxy...
01-02 13:56:17.797 7375 7375 I ServiceManager: Waiting for service media.camera.proxy...
01-02 13:56:17.848 7375 7375 I ServiceManager: Waiting for service media.camera.proxy...
01-02 13:56:17.898 7375 7375 I ServiceManager: Waiting for service media.camera.proxy...
01-02 13:56:17.948 7375 7375 I ServiceManager: Waiting for service media.camera.proxy...
01-02 13:56:17.998 7375 7375 I ServiceManager: Waiting for service media.camera.proxy...
01-02 13:56:18.049 7375 7375 I ServiceManager: Waiting for service media.camera.proxy...
01-02 13:56:18.073 7549 7549 W PackageParser: Unknown element under : attribution at /data/app/com.google.android.gms-1/base.apk Binary XML file line #420
01-02 13:56:18.073 7549 7549 W PackageParser: Unknown element under : attribution at /data/app/com.google.android.gms-1/base.apk Binary XML file line #423
01-02 13:56:18.073 7549 7549 W PackageParser: Unknown element under : attribution at /data/app/com.google.android.gms-1/base.apk Binary XML file line #426
01-02 13:56:18.073 7549 7549 W PackageParser: Unknown element under : attribution at /data/app/com.google.android.gms-1/base.apk Binary XML file line #429
01-02 13:56:18.073 7549 7549 W PackageParser: Unknown element under : attribution at /data/app/com.google.android.gms-1/base.apk Binary XML file line #432
01-02 13:56:18.073 7549 7549 W PackageParser: Unknown element under : attribution at /data/app/com.google.android.gms-1/base.apk Binary XML file line #435
01-02 13:56:18.073 7549 7549 W PackageParser: Unknown element under : attribution at /data/app/com.google.android.gms-1/base.apk Binary XML file line #438
01-02 13:56:18.073 7549 7549 W PackageParser: Unknown element under : attribution at /data/app/com.google.android.gms-1/base.apk Binary XML file line #441
01-02 13:56:18.073 7549 7549 W PackageParser: Unknown element under : attribution at /data/app/com.google.android.gms-1/base.apk Binary XML file line #444
01-02 13:56:18.073 7549 7549 W PackageParser: Unknown element under : attribution at /data/app/com.google.android.gms-1/base.apk Binary XML file line #447
01-02 13:56:18.073 7549 7549 W PackageParser: Unknown element under : attribution at /data/app/com.google.android.gms-1/base.apk Binary XML file line #450
01-02 13:56:18.073 7549 7549 W PackageParser: Unknown element under : attribution at /data/app/com.google.android.gms-1/base.apk Binary XML file line #453
01-02 13:56:18.073 7549 7549 W PackageParser: Unknown element under : attribution at /data/app/com.google.android.gms-1/base.apk Binary XML file line #456
01-02 13:56:18.073 7549 7549 W PackageParser: Unknown element under : attribution at /data/app/com.google.android.gms-1/base.apk Binary XML file line #459
01-02 13:56:18.073 7549 7549 W PackageParser: Unknown element under : attribution at /data/app/com.google.android.gms-1/base.apk Binary XML file line #462
01-02 13:56:18.073 7549 7549 W PackageParser: Unknown element under : attribution at /data/app/com.google.android.gms-1/base.apk Binary XML file line #465
01-02 13:56:18.073 7549 7549 W PackageParser: Unknown element under : attribution at /data/app/com.google.android.gms-1/base.apk Binary XML file line #468
01-02 13:56:18.073 7549 7549 W PackageParser: Unknown element under : attribution at /data/app/com.google.android.gms-1/base.apk Binary XML file line #471
01-02 13:56:18.073 7549 7549 W PackageParser: Unknown element under : attribution at /data/app/com.google.android.gms-1/base.apk Binary XML file line #474
01-02 13:56:18.073 7549 7549 W PackageParser: Unknown element under : attribution at /data/app/com.google.android.gms-1/base.apk Binary XML file line #477
01-02 13:56:18.073 7549 7549 W PackageParser: Unknown element under : attribution at /data/app/com.google.android.gms-1/base.apk Binary XML file line #480
01-02 13:56:18.073 7549 7549 W PackageParser: Unknown element under : attribution at /data/app/com.google.android.gms-1/base.apk Binary XML file line #483
01-02 13:56:18.073 7549 7549 W PackageParser: Unknown element under : attribution at /data/app/com.google.android.gms-1/base.apk Binary XML file line #486
01-02 13:56:18.073 7549 7549 W PackageParser: Unknown element under : attribution at /data/app/com.google.android.gms-1/base.apk Binary XML file line #489
01-02 13:56:18.074 7549 7549 W PackageParser: Unknown element under : attribution at /data/app/com.google.android.gms-1/base.apk Binary XML file line #492
01-02 13:56:18.074 7549 7549 W PackageParser: Unknown element under : attribution at /data/app/com.google.android.gms-1/base.apk Binary XML file line #495
01-02 13:56:18.074 7549 7549 W PackageParser: Unknown element under : attribution at /data/app/com.google.android.gms-1/base.apk Binary XML file line #498
01-02 13:56:18.074 7549 7549 W PackageParser: Unknown element under : attribution at /data/app/com.google.android.gms-1/base.apk Binary XML file line #501
01-02 13:56:18.074 7549 7549 W PackageParser: Unknown element under : attribution at /data/app/com.google.android.gms-1/base.apk Binary XML file line #504
01-02 13:56:18.074 7549 7549 W PackageParser: Unknown element under : attribution at /data/app/com.google.android.gms-1/base.apk Binary XML file line #507
01-02 13:56:18.074 7549 7549 W PackageParser: Unknown element under : attribution at /data/app/com.google.android.gms-1/base.apk Binary XML file line #510
01-02 13:56:18.074 7549 7549 W PackageParser: Unknown element under : attribution at /data/app/com.google.android.gms-1/base.apk Binary XML file line #513
01-02 13:56:18.074 7549 7549 W PackageParser: Unknown element under : attribution at /data/app/com.google.android.gms-1/base.apk Binary XML file line #516
01-02 13:56:18.074 7549 7549 W PackageParser: Unknown element under : attribution at /data/app/com.google.android.gms-1/base.apk Binary XML file line #519
01-02 13:56:18.074 7549 7549 W PackageParser: Unknown element under : attribution at /data/app/com.google.android.gms-1/base.apk Binary XML file line #522
01-02 13:56:18.074 7549 7549 W PackageParser: Unknown element under : attribution at /data/app/com.google.android.gms-1/base.apk Binary XML file line #525
01-02 13:56:18.074 7549 7549 W PackageParser: Unknown element under : attribution at /data/app/com.google.android.gms-1/base.apk Binary XML file line #528
01-02 13:56:18.074 7549 7549 W PackageParser: Unknown element under : attribution at /data/app/com.google.android.gms-1/base.apk Binary XML file line #531
01-02 13:56:18.074 7549 7549 W PackageParser: Unknown element under : attribution at /data/app/com.google.android.gms-1/base.apk Binary XML file line #534
01-02 13:56:18.074 7549 7549 W PackageParser: Unknown element under : attribution at /data/app/com.google.android.gms-1/base.apk Binary XML file line #537
01-02 13:56:18.074 7549 7549 W PackageParser: Unknown element under : attribution at /data/app/com.google.android.gms-1/base.apk Binary XML file line #540
01-02 13:56:18.074 7549 7549 W PackageParser: Unknown element under : attribution at /data/app/com.google.android.gms-1/base.apk Binary XML file line #543
01-02 13:56:18.074 7549 7549 W PackageParser: Unknown element under : attribution at /data/app/com.google.android.gms-1/base.apk Binary XML file line #546
01-02 13:56:18.074 7549 7549 W PackageParser: Unknown element under : attribution at /data/app/com.google.android.gms-1/base.apk Binary XML file line #549
01-02 13:56:18.074 7549 7549 W PackageParser: Unknown element under : attribution at /data/app/com.google.android.gms-1/base.apk Binary XML file line #552
01-02 13:56:18.074 7549 7549 W PackageParser: Unknown element under : attribution at /data/app/com.google.android.gms-1/base.apk Binary XML file line #555
01-02 13:56:18.074 7549 7549 W PackageParser: Unknown element under : attribution at /data/app/com.google.android.gms-1/base.apk Binary XML file line #558
01-02 13:56:18.074 7549 7549 W PackageParser: Unknown element under : attribution at /data/app/com.google.android.gms-1/base.apk Binary XML file line #561
01-02 13:56:18.074 7549 7549 W PackageParser: Unknown element under : attribution at /data/app/com.google.android.gms-1/base.apk Binary XML file line #564
01-02 13:56:18.074 7549 7549 W PackageParser: Unknown element under : attribution at /data/app/com.google.android.gms-1/base.apk Binary XML file line #567
01-02 13:56:18.074 7549 7549 W PackageParser: Unknown element under : attribution at /data/app/com.google.android.gms-1/base.apk Binary XML file line #570
01-02 13:56:18.074 7549 7549 W PackageParser: Unknown element under : attribution at /data/app/com.google.android.gms-1/base.apk Binary XML file line #573
01-02 13:56:18.074 7549 7549 W PackageParser: Unknown element under : attribution at /data/app/com.google.android.gms-1/base.apk Binary XML file line #576
01-02 13:56:18.074 7549 7549 W PackageParser: Unknown element under : attribution at /data/app/com.google.android.gms-1/base.apk Binary XML file line #579
01-02 13:56:18.074 7549 7549 W PackageParser: Unknown element under : attribution at /data/app/com.google.android.gms-1/base.apk Binary XML file line #582
01-02 13:56:18.074 7549 7549 W PackageParser: Unknown element under : attribution at /data/app/com.google.android.gms-1/base.apk Binary XML file line #585
01-02 13:56:18.074 7549 7549 W PackageParser: Unknown element under : attribution at /data/app/com.google.android.gms-1/base.apk Binary XML file line #588
01-02 13:56:18.074 7549 7549 W PackageParser: Unknown element under : attribution at /data/app/com.google.android.gms-1/base.apk Binary XML file line #591
01-02 13:56:18.074 7549 7549 W PackageParser: Unknown element under : attribution at /data/app/com.google.android.gms-1/base.apk Binary XML file line #594
01-02 13:56:18.074 7549 7549 W PackageParser: Unknown element under : attribution at /data/app/com.google.android.gms-1/base.apk Binary XML file line #597
01-02 13:56:18.074 7549 7549 W PackageParser: Unknown element under : attribution at /data/app/com.google.android.gms-1/base.apk Binary XML file line #600
01-02 13:56:18.074 7549 7549 W PackageParser: Unknown element under : attribution at /data/app/com.google.android.gms-1/base.apk Binary XML file line #603
01-02 13:56:18.074 7549 7549 W PackageParser: Unknown element under : attribution at /data/app/com.google.android.gms-1/base.apk Binary XML file line #606
01-02 13:56:18.074 7549 7549 W PackageParser: Unknown element under : attribution at /data/app/com.google.android.gms-1/base.apk Binary XML file line #609
01-02 13:56:18.074 7549 7549 W PackageParser: Unknown element under : attribution at /data/app/com.google.android.gms-1/base.apk Binary XML file line #612
01-02 13:56:18.074 7549 7549 W PackageParser: Unknown element under : attribution at /data/app/com.google.android.gms-1/base.apk Binary XML file line #615
01-02 13:56:18.074 7549 7549 W PackageParser: Unknown element under : attribution at /data/app/com.google.android.gms-1/base.apk Binary XML file line #618
01-02 13:56:18.074 7549 7549 W PackageParser: Unknown element under : attribution at /data/app/com.google.android.gms-1/base.apk Binary XML file line #621
01-02 13:56:18.074 7549 7549 W PackageParser: Unknown element under : attribution at /data/app/com.google.android.gms-1/base.apk Binary XML file line #624
01-02 13:56:18.074 7549 7549 W PackageParser: Unknown element under : attribution at /data/app/com.google.android.gms-1/base.apk Binary XML file line #627
01-02 13:56:18.074 7549 7549 W PackageParser: Unknown element under : attribution at /data/app/com.google.android.gms-1/base.apk Binary XML file line #630
01-02 13:56:18.075 7549 7549 W PackageParser: Unknown element under : attribution at /data/app/com.google.android.gms-1/base.apk Binary XML file line #633
01-02 13:56:18.075 7549 7549 W PackageParser: Unknown element under : attribution at /data/app/com.google.android.gms-1/base.apk Binary XML file line #636
01-02 13:56:18.075 7549 7549 W PackageParser: Unknown element under : attribution at /data/app/com.google.android.gms-1/base.apk Binary XML file line #639
01-02 13:56:18.075 7549 7549 W PackageParser: Unknown element under : attribution at /data/app/com.google.android.gms-1/base.apk Binary XML file line #642
01-02 13:56:18.075 7549 7549 W PackageParser: Unknown element under : attribution at /data/app/com.google.android.gms-1/base.apk Binary XML file line #645
01-02 13:56:18.075 7549 7549 W PackageParser: Unknown element under : attribution at /data/app/com.google.android.gms-1/base.apk Binary XML file line #648
01-02 13:56:18.075 7549 7549 W PackageParser: Unknown element under : attribution at /data/app/com.google.android.gms-1/base.apk Binary XML file line #651
01-02 13:56:18.075 7549 7549 W PackageParser: Unknown element under : attribution at /data/app/com.google.android.gms-1/base.apk Binary XML file line #654
01-02 13:56:18.075 7549 7549 W PackageParser: Unknown element under : attribution at /data/app/com.google.android.gms-1/base.apk Binary XML file line #657
01-02 13:56:18.075 7549 7549 W PackageParser: Unknown element under : attribution at /data/app/com.google.android.gms-1/base.apk Binary XML file line #660
01-02 13:56:18.075 7549 7549 W PackageParser: Unknown element under : attribution at /data/app/com.google.android.gms-1/base.apk Binary XML file line #663
01-02 13:56:18.075 7549 7549 W PackageParser: Unknown element under : attribution at /data/app/com.google.android.gms-1/base.apk Binary XML file line #666
01-02 13:56:18.075 7549 7549 W PackageParser: Unknown element under : attribution at /data/app/com.google.android.gms-1/base.apk Binary XML file line #669
01-02 13:56:18.075 7549 7549 W PackageParser: Unknown element under : attribution at /data/app/com.google.android.gms-1/base.apk Binary XML file line #672
01-02 13:56:18.075 7549 7549 W PackageParser: Unknown element under : attribution at /data/app/com.google.android.gms-1/base.apk Binary XML file line #675
01-02 13:56:18.075 7549 7549 W PackageParser: Unknown element under : attribution at /data/app/com.google.android.gms-1/base.apk Binary XML file line #678
01-02 13:56:18.075 7549 7549 W PackageParser: Unknown element under : attribution at /data/app/com.google.android.gms-1/base.apk Binary XML file line #681
01-02 13:56:18.075 7549 7549 W PackageParser: Unknown element under : attribution at /data/app/com.google.android.gms-1/base.apk Binary XML file line #684
01-02 13:56:18.075 7549 7549 W PackageParser: Unknown element under : attribution at /data/app/com.google.android.gms-1/base.apk Binary XML file line #687
01-02 13:56:18.075 7549 7549 W PackageParser: Unknown element under : attribution at /data/app/com.google.android.gms-1/base.apk Binary XML file line #690
01-02 13:56:18.075 7549 7549 W PackageParser: Unknown element under : attribution at /data/app/com.google.android.gms-1/base.apk Binary XML file line #693
01-02 13:56:18.075 7549 7549 W PackageParser: Unknown element under : attribution at /data/app/com.google.android.gms-1/base.apk Binary XML file line #696
01-02 13:56:18.075 7549 7549 W PackageParser: Unknown element under : attribution at /data/app/com.google.android.gms-1/base.apk Binary XML file line #699
01-02 13:56:18.075 7549 7549 W PackageParser: Unknown element under : attribution at /data/app/com.google.android.gms-1/base.apk Binary XML file line #702
01-02 13:56:18.075 7549 7549 W PackageParser: Unknown element under : attribution at /data/app/com.google.android.gms-1/base.apk Binary XML file line #705
01-02 13:56:18.075 7549 7549 W PackageParser: Unknown element under : attribution at /data/app/com.google.android.gms-1/base.apk Binary XML file line #708
01-02 13:56:18.075 7549 7549 W PackageParser: Unknown element under : attribution at /data/app/com.google.android.gms-1/base.apk Binary XML file line #711
01-02 13:56:18.075 7549 7549 W PackageParser: Unknown element under : attribution at /data/app/com.google.android.gms-1/base.apk Binary XML file line #714
01-02 13:56:18.075 7549 7549 W PackageParser: Unknown element under : attribution at /data/app/com.google.android.gms-1/base.apk Binary XML file line #717
01-02 13:56:18.075 7549 7549 W PackageParser: Unknown element under : attribution at /data/app/com.google.android.gms-1/base.apk Binary XML file line #720
01-02 13:56:18.075 7549 7549 W PackageParser: Unknown element under : attribution at /data/app/com.google.android.gms-1/base.apk Binary XML file line #723
01-02 13:56:18.075 7549 7549 W PackageParser: Unknown element under : attribution at /data/app/com.google.android.gms-1/base.apk Binary XML file line #726
01-02 13:56:18.075 7549 7549 W PackageParser: Unknown element under : attribution at /data/app/com.google.android.gms-1/base.apk Binary XML file line #729
01-02 13:56:18.075 7549 7549 W PackageParser: Unknown element under : attribution at /data/app/com.google.android.gms-1/base.apk Binary XML file line #732
01-02 13:56:18.075 7549 7549 W PackageParser: Unknown element under : attribution at /data/app/com.google.android.gms-1/base.apk Binary XML file line #735
01-02 13:56:18.075 7549 7549 W PackageParser: Unknown element under : attribution at /data/app/com.google.android.gms-1/base.apk Binary XML file line #738
01-02 13:56:18.075 7549 7549 W PackageParser: Unknown element under : attribution at /data/app/com.google.android.gms-1/base.apk Binary XML file line #741
01-02 13:56:18.075 7549 7549 W PackageParser: Unknown element under : attribution at /data/app/com.google.android.gms-1/base.apk Binary XML file line #744
01-02 13:56:18.075 7549 7549 W PackageParser: Unknown element under : attribution at /data/app/com.google.android.gms-1/base.apk Binary XML file line #747
01-02 13:56:18.075 7549 7549 W PackageParser: Unknown element under : attribution at /data/app/com.google.android.gms-1/base.apk Binary XML file line #750
01-02 13:56:18.075 7549 7549 W PackageParser: Unknown element under : attribution at /data/app/com.google.android.gms-1/base.apk Binary XML file line #753
01-02 13:56:18.075 7549 7549 W PackageParser: Unknown element under : attribution at /data/app/com.google.android.gms-1/base.apk Binary XML file line #756
01-02 13:56:18.075 7549 7549 W PackageParser: Unknown element under : attribution at /data/app/com.google.android.gms-1/base.apk Binary XML file line #759
01-02 13:56:18.083 7549 7549 W PackageParser: Unknown element under : queries at /data/app/com.google.android.gms-1/base.apk Binary XML file line #1510
01-02 13:56:18.099 7375 7375 I ServiceManager: Waiting for service media.camera.proxy...
01-02 13:56:18.149 7375 7375 I ServiceManager: Waiting for service media.camera.proxy...
01-02 13:56:18.173 7549 7549 W PackageManager: Package com.google.android.gms desires unavailable shared library android.ext.adservices; ignoring!
01-02 13:56:18.173 7549 7549 W PackageManager: Package com.google.android.gms desires unavailable shared library samsung.uwb; ignoring!
01-02 13:56:18.173 7549 7549 W PackageManager: Package com.google.android.gms desires unavailable shared library androidx.window.extensions; ignoring!
01-02 13:56:18.173 7549 7549 W PackageManager: Package com.google.android.gms desires unavailable shared library androidx.window.sidecar; ignoring!
01-02 13:56:18.173 7549 7549 W PackageManager: Package com.google.android.gms desires unavailable shared library com.google.android.wearable; ignoring!
01-02 13:56:18.199 7375 7375 I ServiceManager: Waiting for service media.camera.proxy...
01-02 13:56:18.227 7549 7549 W PackageParser: Unknown element under : attribution at /data/app/com.google.android.tts-1/base.apk Binary XML file line #32
01-02 13:56:18.227 7549 7549 W PackageParser: Unknown element under : queries at /data/app/com.google.android.tts-1/base.apk Binary XML file line #36
01-02 13:56:18.228 7549 7549 W PackageParser: Unknown element under : uses-native-library at /data/app/com.google.android.tts-1/base.apk Binary XML file line #185
01-02 13:56:18.228 7549 7549 W PackageParser: Unknown element under : uses-native-library at /data/app/com.google.android.tts-1/base.apk Binary XML file line #188
01-02 13:56:18.229 7549 7549 W PackageParser: Unknown element under : uses-native-library at /data/app/com.google.android.tts-1/base.apk Binary XML file line #252
01-02 13:56:18.229 7549 7549 W PackageParser: Unknown element under : uses-native-library at /data/app/com.google.android.tts-1/base.apk Binary XML file line #255
01-02 13:56:18.231 7549 7549 W PackageManager: Package com.google.android.tts desires unavailable shared library androidx.window.extensions; ignoring!
01-02 13:56:18.231 7549 7549 W PackageManager: Package com.google.android.tts desires unavailable shared library androidx.window.sidecar; ignoring!
01-02 13:56:18.233 7549 7549 W PackageManager: Non-privileged app; cap priority to 0; package: com.google.android.tts activity: com.google.android.apps.speech.tts.googletts.service.GoogleTTSActivity origPrio: 1
01-02 13:56:18.249 7549 7549 W PackageParser: Unknown element under : queries at /data/app/com.android.chrome-1/base.apk Binary XML file line #89
01-02 13:56:18.249 7375 7375 I ServiceManager: Waiting for service media.camera.proxy...
01-02 13:56:18.252 7549 7549 W PackageParser: Unknown element under : property at /data/app/com.android.chrome-1/base.apk Binary XML file line #213
01-02 13:56:18.255 7549 7549 W PackageParser: Unknown element under : uses-sdk at /data/app/com.android.chrome-1/split_auxiliary_search.apk Binary XML file line #3
01-02 13:56:18.255 7549 7549 W PackageParser: Unknown element under : module at /data/app/com.android.chrome-1/split_auxiliary_search.apk Binary XML file line #5
01-02 13:56:18.255 7549 7549 W PackageParser: Unknown element under : uses-split at /data/app/com.android.chrome-1/split_auxiliary_search.apk Binary XML file line #11
01-02 13:56:18.256 7549 7549 W PackageParser: Unknown element under : uses-sdk at /data/app/com.android.chrome-1/split_cablev2_authenticator.apk Binary XML file line #3
01-02 13:56:18.256 7549 7549 W PackageParser: Unknown element under : module at /data/app/com.android.chrome-1/split_cablev2_authenticator.apk Binary XML file line #5
01-02 13:56:18.256 7549 7549 W PackageParser: Unknown element under : uses-split at /data/app/com.android.chrome-1/split_cablev2_authenticator.apk Binary XML file line #11
01-02 13:56:18.258 7549 7549 W PackageParser: Unknown element under : uses-sdk at /data/app/com.android.chrome-1/split_chrome.apk Binary XML file line #3
01-02 13:56:18.258 7549 7549 W PackageParser: Unknown element under : module at /data/app/com.android.chrome-1/split_chrome.apk Binary XML file line #5
01-02 13:56:18.264 7549 7549 W PackageParser: Unknown element under : property at /data/app/com.android.chrome-1/split_chrome.apk Binary XML file line #637
01-02 13:56:18.264 7549 7549 W PackageParser: No actions in intent filter at /data/app/com.android.chrome-1/split_chrome.apk Binary XML file line #640
01-02 13:56:18.267 7549 7549 W PackageParser: Unknown element under : uses-sdk at /data/app/com.android.chrome-1/split_feedv2.apk Binary XML file line #3
01-02 13:56:18.267 7549 7549 W PackageParser: Unknown element under : module at /data/app/com.android.chrome-1/split_feedv2.apk Binary XML file line #5
01-02 13:56:18.268 7549 7549 W PackageParser: Unknown element under : uses-split at /data/app/com.android.chrome-1/split_feedv2.apk Binary XML file line #13
01-02 13:56:18.269 7549 7549 W PackageParser: Unknown element under : uses-sdk at /data/app/com.android.chrome-1/split_survey.apk Binary XML file line #3
01-02 13:56:18.269 7549 7549 W PackageParser: Unknown element under : module at /data/app/com.android.chrome-1/split_survey.apk Binary XML file line #5
01-02 13:56:18.269 7549 7549 W PackageParser: Unknown element under : uses-split at /data/app/com.android.chrome-1/split_survey.apk Binary XML file line #27
01-02 13:56:18.270 7549 7549 W PackageParser: Unknown element under : uses-sdk at /data/app/com.android.chrome-1/split_weblayer.apk Binary XML file line #3
01-02 13:56:18.270 7549 7549 W PackageParser: Unknown element under : uses-split at /data/app/com.android.chrome-1/split_weblayer.apk Binary XML file line #5
01-02 13:56:18.270 7549 7549 W PackageParser: Unknown element under : module at /data/app/com.android.chrome-1/split_weblayer.apk Binary XML file line #7
01-02 13:56:18.280 7549 7549 W PackageParser: Unknown element under : queries at /data/app/com.glgjing.captain-1/base.apk Binary XML file line #28
01-02 13:56:18.300 7375 7375 I ServiceManager: Waiting for service media.camera.proxy...
01-02 13:56:18.308 7549 7549 W PackageParser: Unknown element under : queries at /data/app/com.android.vending-1/base.apk Binary XML file line #438
01-02 13:56:18.310 7549 7549 W PackageParser: Unknown element under : profileable at /data/app/com.android.vending-1/base.apk Binary XML file line #534
01-02 13:56:18.318 7549 7549 W PackageParser: Unknown element under : property at /data/app/com.android.vending-1/base.apk Binary XML file line #1350
01-02 13:56:18.327 7549 7549 W PackageManager: Package com.android.vending desires unavailable shared library android.ext.adservices; ignoring!
01-02 13:56:18.327 7549 7549 W PackageManager: Package com.android.vending desires unavailable shared library androidx.window.extensions; ignoring!
01-02 13:56:18.327 7549 7549 W PackageManager: Package com.android.vending desires unavailable shared library androidx.window.sidecar; ignoring!
01-02 13:56:18.350 7375 7375 I ServiceManager: Waiting for service media.camera.proxy...
01-02 13:56:18.400 7375 7375 I ServiceManager: Waiting for service media.camera.proxy...
01-02 13:56:18.412 7549 7549 W PackageParser: Unknown element under : attribution at /data/app/com.google.android.googlequicksearchbox-2/base.apk Binary XML file line #409
01-02 13:56:18.412 7549 7549 W PackageParser: Unknown element under : attribution at /data/app/com.google.android.googlequicksearchbox-2/base.apk Binary XML file line #412
01-02 13:56:18.412 7549 7549 W PackageParser: Unknown element under : attribution at /data/app/com.google.android.googlequicksearchbox-2/base.apk Binary XML file line #417
01-02 13:56:18.412 7549 7549 W PackageParser: Unknown element under : attribution at /data/app/com.google.android.googlequicksearchbox-2/base.apk Binary XML file line #418
01-02 13:56:18.412 7549 7549 W PackageParser: Unknown element under : attribution at /data/app/com.google.android.googlequicksearchbox-2/base.apk Binary XML file line #419
01-02 13:56:18.412 7549 7549 W PackageParser: Unknown element under : attribution at /data/app/com.google.android.googlequicksearchbox-2/base.apk Binary XML file line #420
01-02 13:56:18.412 7549 7549 W PackageParser: Unknown element under : attribution at /data/app/com.google.android.googlequicksearchbox-2/base.apk Binary XML file line #421
01-02 13:56:18.412 7549 7549 W PackageParser: Unknown element under : attribution at /data/app/com.google.android.googlequicksearchbox-2/base.apk Binary XML file line #422
01-02 13:56:18.412 7549 7549 W PackageParser: Unknown element under : attribution at /data/app/com.google.android.googlequicksearchbox-2/base.apk Binary XML file line #423
01-02 13:56:18.412 7549 7549 W PackageParser: Unknown element under : attribution at /data/app/com.google.android.googlequicksearchbox-2/base.apk Binary XML file line #424
01-02 13:56:18.412 7549 7549 W PackageParser: Unknown element under : attribution at /data/app/com.google.android.googlequicksearchbox-2/base.apk Binary XML file line #425
01-02 13:56:18.412 7549 7549 W PackageParser: Unknown element under : attribution at /data/app/com.google.android.googlequicksearchbox-2/base.apk Binary XML file line #426
01-02 13:56:18.412 7549 7549 W PackageParser: Unknown element under : attribution at /data/app/com.google.android.googlequicksearchbox-2/base.apk Binary XML file line #427
01-02 13:56:18.412 7549 7549 W PackageParser: Unknown element under : attribution at /data/app/com.google.android.googlequicksearchbox-2/base.apk Binary XML file line #428
01-02 13:56:18.412 7549 7549 W PackageParser: Unknown element under : attribution at /data/app/com.google.android.googlequicksearchbox-2/base.apk Binary XML file line #429
01-02 13:56:18.412 7549 7549 W PackageParser: Unknown element under : attribution at /data/app/com.google.android.googlequicksearchbox-2/base.apk Binary XML file line #430
01-02 13:56:18.412 7549 7549 W PackageParser: Unknown element under : attribution at /data/app/com.google.android.googlequicksearchbox-2/base.apk Binary XML file line #431
01-02 13:56:18.412 7549 7549 W PackageParser: Unknown element under : attribution at /data/app/com.google.android.googlequicksearchbox-2/base.apk Binary XML file line #432
01-02 13:56:18.412 7549 7549 W PackageParser: Unknown element under : attribution at /data/app/com.google.android.googlequicksearchbox-2/base.apk Binary XML file line #433
01-02 13:56:18.412 7549 7549 W PackageParser: Unknown element under : attribution at /data/app/com.google.android.googlequicksearchbox-2/base.apk Binary XML file line #434
01-02 13:56:18.412 7549 7549 W PackageParser: Unknown element under : attribution at /data/app/com.google.android.googlequicksearchbox-2/base.apk Binary XML file line #435
01-02 13:56:18.412 7549 7549 W PackageParser: Unknown element under : attribution at /data/app/com.google.android.googlequicksearchbox-2/base.apk Binary XML file line #436
01-02 13:56:18.412 7549 7549 W PackageParser: Unknown element under : attribution at /data/app/com.google.android.googlequicksearchbox-2/base.apk Binary XML file line #437
01-02 13:56:18.412 7549 7549 W PackageParser: Unknown element under : attribution at /data/app/com.google.android.googlequicksearchbox-2/base.apk Binary XML file line #438
01-02 13:56:18.412 7549 7549 W PackageParser: Unknown element under : attribution at /data/app/com.google.android.googlequicksearchbox-2/base.apk Binary XML file line #439
01-02 13:56:18.412 7549 7549 W PackageParser: Unknown element under : attribution at /data/app/com.google.android.googlequicksearchbox-2/base.apk Binary XML file line #440
01-02 13:56:18.412 7549 7549 W PackageParser: Unknown element under : attribution at /data/app/com.google.android.googlequicksearchbox-2/base.apk Binary XML file line #441
01-02 13:56:18.412 7549 7549 W PackageParser: Unknown element under : attribution at /data/app/com.google.android.googlequicksearchbox-2/base.apk Binary XML file line #442
01-02 13:56:18.412 7549 7549 W PackageParser: Unknown element under : attribution at /data/app/com.google.android.googlequicksearchbox-2/base.apk Binary XML file line #443
01-02 13:56:18.413 7549 7549 W PackageParser: Unknown element under : attribution at /data/app/com.google.android.googlequicksearchbox-2/base.apk Binary XML file line #444
01-02 13:56:18.413 7549 7549 W PackageParser: Unknown element under : attribution at /data/app/com.google.android.googlequicksearchbox-2/base.apk Binary XML file line #445
01-02 13:56:18.413 7549 7549 W PackageParser: Unknown element under : attribution at /data/app/com.google.android.googlequicksearchbox-2/base.apk Binary XML file line #446
01-02 13:56:18.413 7549 7549 W PackageParser: Unknown element under : attribution at /data/app/com.google.android.googlequicksearchbox-2/base.apk Binary XML file line #447
01-02 13:56:18.413 7549 7549 W PackageParser: Unknown element under : attribution at /data/app/com.google.android.googlequicksearchbox-2/base.apk Binary XML file line #448
01-02 13:56:18.413 7549 7549 W PackageParser: Unknown element under : attribution at /data/app/com.google.android.googlequicksearchbox-2/base.apk Binary XML file line #449
01-02 13:56:18.413 7549 7549 W PackageParser: Unknown element under : attribution at /data/app/com.google.android.googlequicksearchbox-2/base.apk Binary XML file line #450
01-02 13:56:18.413 7549 7549 W PackageParser: Unknown element under : attribution at /data/app/com.google.android.googlequicksearchbox-2/base.apk Binary XML file line #451
01-02 13:56:18.413 7549 7549 W PackageParser: Unknown element under : attribution at /data/app/com.google.android.googlequicksearchbox-2/base.apk Binary XML file line #452
01-02 13:56:18.413 7549 7549 W PackageParser: Unknown element under : attribution at /data/app/com.google.android.googlequicksearchbox-2/base.apk Binary XML file line #453
01-02 13:56:18.413 7549 7549 W PackageParser: Unknown element under : attribution at /data/app/com.google.android.googlequicksearchbox-2/base.apk Binary XML file line #454
01-02 13:56:18.413 7549 7549 W PackageParser: Unknown element under : attribution at /data/app/com.google.android.googlequicksearchbox-2/base.apk Binary XML file line #455
01-02 13:56:18.413 7549 7549 W PackageParser: Unknown element under : attribution at /data/app/com.google.android.googlequicksearchbox-2/base.apk Binary XML file line #456
01-02 13:56:18.413 7549 7549 W PackageParser: Unknown element under : attribution at /data/app/com.google.android.googlequicksearchbox-2/base.apk Binary XML file line #457
01-02 13:56:18.413 7549 7549 W PackageParser: Unknown element under : attribution at /data/app/com.google.android.googlequicksearchbox-2/base.apk Binary XML file line #458
01-02 13:56:18.413 7549 7549 W PackageParser: Unknown element under : attribution at /data/app/com.google.android.googlequicksearchbox-2/base.apk Binary XML file line #459
01-02 13:56:18.413 7549 7549 W PackageParser: Unknown element under : attribution at /data/app/com.google.android.googlequicksearchbox-2/base.apk Binary XML file line #460
01-02 13:56:18.413 7549 7549 W PackageParser: Unknown element under : attribution at /data/app/com.google.android.googlequicksearchbox-2/base.apk Binary XML file line #461
01-02 13:56:18.413 7549 7549 W PackageParser: Unknown element under : attribution at /data/app/com.google.android.googlequicksearchbox-2/base.apk Binary XML file line #462
01-02 13:56:18.413 7549 7549 W PackageParser: Unknown element under : attribution at /data/app/com.google.android.googlequicksearchbox-2/base.apk Binary XML file line #463
01-02 13:56:18.413 7549 7549 W PackageParser: Unknown element under : attribution at /data/app/com.google.android.googlequicksearchbox-2/base.apk Binary XML file line #464
01-02 13:56:18.413 7549 7549 W PackageParser: Unknown element under : attribution at /data/app/com.google.android.googlequicksearchbox-2/base.apk Binary XML file line #465
01-02 13:56:18.413 7549 7549 W PackageParser: Unknown element under : attribution at /data/app/com.google.android.googlequicksearchbox-2/base.apk Binary XML file line #466
01-02 13:56:18.413 7549 7549 W PackageParser: Unknown element under : attribution at /data/app/com.google.android.googlequicksearchbox-2/base.apk Binary XML file line #467
01-02 13:56:18.413 7549 7549 W PackageParser: Unknown element under : attribution at /data/app/com.google.android.googlequicksearchbox-2/base.apk Binary XML file line #468
01-02 13:56:18.413 7549 7549 W PackageParser: Unknown element under : attribution at /data/app/com.google.android.googlequicksearchbox-2/base.apk Binary XML file line #469
01-02 13:56:18.413 7549 7549 W PackageParser: Unknown element under : attribution at /data/app/com.google.android.googlequicksearchbox-2/base.apk Binary XML file line #470
01-02 13:56:18.413 7549 7549 W PackageParser: Unknown element under : attribution at /data/app/com.google.android.googlequicksearchbox-2/base.apk Binary XML file line #471
01-02 13:56:18.413 7549 7549 W PackageParser: Unknown element under : attribution at /data/app/com.google.android.googlequicksearchbox-2/base.apk Binary XML file line #472
01-02 13:56:18.413 7549 7549 W PackageParser: Unknown element under : attribution at /data/app/com.google.android.googlequicksearchbox-2/base.apk Binary XML file line #473
01-02 13:56:18.413 7549 7549 W PackageParser: Unknown element under : attribution at /data/app/com.google.android.googlequicksearchbox-2/base.apk Binary XML file line #474
01-02 13:56:18.413 7549 7549 W PackageParser: Unknown element under : attribution at /data/app/com.google.android.googlequicksearchbox-2/base.apk Binary XML file line #475
01-02 13:56:18.413 7549 7549 W PackageParser: Unknown element under : attribution at /data/app/com.google.android.googlequicksearchbox-2/base.apk Binary XML file line #476
01-02 13:56:18.413 7549 7549 W PackageParser: Unknown element under : attribution at /data/app/com.google.android.googlequicksearchbox-2/base.apk Binary XML file line #477
01-02 13:56:18.413 7549 7549 W PackageParser: Unknown element under : attribution at /data/app/com.google.android.googlequicksearchbox-2/base.apk Binary XML file line #478
01-02 13:56:18.413 7549 7549 W PackageParser: Unknown element under : attribution at /data/app/com.google.android.googlequicksearchbox-2/base.apk Binary XML file line #479
01-02 13:56:18.413 7549 7549 W PackageParser: Unknown element under : attribution at /data/app/com.google.android.googlequicksearchbox-2/base.apk Binary XML file line #480
01-02 13:56:18.413 7549 7549 W PackageParser: Unknown element under : attribution at /data/app/com.google.android.googlequicksearchbox-2/base.apk Binary XML file line #481
01-02 13:56:18.413 7549 7549 W PackageParser: Unknown element under : attribution at /data/app/com.google.android.googlequicksearchbox-2/base.apk Binary XML file line #482
01-02 13:56:18.413 7549 7549 W PackageParser: Unknown element under : attribution at /data/app/com.google.android.googlequicksearchbox-2/base.apk Binary XML file line #483
01-02 13:56:18.413 7549 7549 W PackageParser: Unknown element under : attribution at /data/app/com.google.android.googlequicksearchbox-2/base.apk Binary XML file line #484
01-02 13:56:18.413 7549 7549 W PackageParser: Unknown element under : attribution at /data/app/com.google.android.googlequicksearchbox-2/base.apk Binary XML file line #485
01-02 13:56:18.413 7549 7549 W PackageParser: Unknown element under : attribution at /data/app/com.google.android.googlequicksearchbox-2/base.apk Binary XML file line #486
01-02 13:56:18.413 7549 7549 W PackageParser: Unknown element under : attribution at /data/app/com.google.android.googlequicksearchbox-2/base.apk Binary XML file line #487
01-02 13:56:18.413 7549 7549 W PackageParser: Unknown element under : attribution at /data/app/com.google.android.googlequicksearchbox-2/base.apk Binary XML file line #488
01-02 13:56:18.413 7549 7549 W PackageParser: Unknown element under : attribution at /data/app/com.google.android.googlequicksearchbox-2/base.apk Binary XML file line #489
01-02 13:56:18.413 7549 7549 W PackageParser: Unknown element under : attribution at /data/app/com.google.android.googlequicksearchbox-2/base.apk Binary XML file line #490
01-02 13:56:18.413 7549 7549 W PackageParser: Unknown element under : attribution at /data/app/com.google.android.googlequicksearchbox-2/base.apk Binary XML file line #491
01-02 13:56:18.413 7549 7549 W PackageParser: Unknown element under : attribution at /data/app/com.google.android.googlequicksearchbox-2/base.apk Binary XML file line #492
01-02 13:56:18.413 7549 7549 W PackageParser: Unknown element under : attribution at /data/app/com.google.android.googlequicksearchbox-2/base.apk Binary XML file line #493
01-02 13:56:18.414 7549 7549 W PackageParser: Unknown element under : attribution at /data/app/com.google.android.googlequicksearchbox-2/base.apk Binary XML file line #494
01-02 13:56:18.414 7549 7549 W PackageParser: Unknown element under : attribution at /data/app/com.google.android.googlequicksearchbox-2/base.apk Binary XML file line #495
01-02 13:56:18.414 7549 7549 W PackageParser: Unknown element under : attribution at /data/app/com.google.android.googlequicksearchbox-2/base.apk Binary XML file line #496
01-02 13:56:18.414 7549 7549 W PackageParser: Unknown element under : attribution at /data/app/com.google.android.googlequicksearchbox-2/base.apk Binary XML file line #497
01-02 13:56:18.414 7549 7549 W PackageParser: Unknown element under : attribution at /data/app/com.google.android.googlequicksearchbox-2/base.apk Binary XML file line #498
01-02 13:56:18.414 7549 7549 W PackageParser: Unknown element under : attribution at /data/app/com.google.android.googlequicksearchbox-2/base.apk Binary XML file line #499
01-02 13:56:18.414 7549 7549 W PackageParser: Unknown element under : attribution at /data/app/com.google.android.googlequicksearchbox-2/base.apk Binary XML file line #500
01-02 13:56:18.414 7549 7549 W PackageParser: Unknown element under : attribution at /data/app/com.google.android.googlequicksearchbox-2/base.apk Binary XML file line #501
01-02 13:56:18.423 7549 7549 W PackageParser: No actions in intent filter at /data/app/com.google.android.googlequicksearchbox-2/base.apk Binary XML file line #1216
01-02 13:56:18.450 7375 7375 I ServiceManager: Waiting for service media.camera.proxy...
01-02 13:56:18.457 7549 7549 W PackageManager: Package com.google.android.googlequicksearchbox desires unavailable shared library androidx.window.extensions; ignoring!
01-02 13:56:18.457 7549 7549 W PackageManager: Package com.google.android.googlequicksearchbox desires unavailable shared library androidx.window.sidecar; ignoring!
01-02 13:56:18.479 7549 7549 W PackageParser: Unknown element under : queries at /data/app/com.google.android.inputmethod.latin-1/base.apk Binary XML file line #61
01-02 13:56:18.480 7549 7549 W PackageParser: Unknown element under : property at /data/app/com.google.android.inputmethod.latin-1/base.apk Binary XML file line #100
01-02 13:56:18.480 7549 7549 W PackageParser: Unknown element under : profileable at /data/app/com.google.android.inputmethod.latin-1/base.apk Binary XML file line #104
01-02 13:56:18.480 7549 7549 W PackageParser: Unknown element under : uses-native-library at /data/app/com.google.android.inputmethod.latin-1/base.apk Binary XML file line #106
01-02 13:56:18.480 7549 7549 W PackageParser: Unknown element under : uses-native-library at /data/app/com.google.android.inputmethod.latin-1/base.apk Binary XML file line #109
01-02 13:56:18.485 7549 7549 W PackageParser: Unknown element under : uses-sdk at /data/app/com.google.android.inputmethod.latin-1/split_brella_feature_split.apk Binary XML file line #9
01-02 13:56:18.486 7549 7549 W PackageParser: Unknown element under : module at /data/app/com.google.android.inputmethod.latin-1/split_brella_feature_split.apk Binary XML file line #11
01-02 13:56:18.487 7549 7549 W PackageParser: Unknown element under : uses-sdk at /data/app/com.google.android.inputmethod.latin-1/split_tenoranimation_feature_split.apk Binary XML file line #9
01-02 13:56:18.487 7549 7549 W PackageParser: Unknown element under : module at /data/app/com.google.android.inputmethod.latin-1/split_tenoranimation_feature_split.apk Binary XML file line #11
01-02 13:56:18.488 7549 7549 W PackageManager: Package com.google.android.inputmethod.latin desires unavailable shared library androidx.window.extensions; ignoring!
01-02 13:56:18.488 7549 7549 W PackageManager: Package com.google.android.inputmethod.latin desires unavailable shared library androidx.window.sidecar; ignoring!
01-02 13:56:18.500 7375 7375 I ServiceManager: Waiting for service media.camera.proxy...
01-02 13:56:18.504 7549 7549 W PackageParser: Unknown element under : queries at /data/app/com.google.android.youtube-1/base.apk Binary XML file line #41
01-02 13:56:18.516 7549 7549 W PackageManager: Package com.google.android.youtube desires unavailable shared library androidx.window.extensions; ignoring!
01-02 13:56:18.516 7549 7549 W PackageManager: Package com.google.android.youtube desires unavailable shared library androidx.window.sidecar; ignoring!
01-02 13:56:18.551 7375 7375 I ServiceManager: Waiting for service media.camera.proxy...
01-02 13:56:18.601 7375 7375 I ServiceManager: Waiting for service media.camera.proxy...
01-02 13:56:18.651 7375 7375 I ServiceManager: Waiting for service media.camera.proxy...
01-02 13:56:18.659 7549 7549 W PackageParser: Unknown element under : queries at /data/app/com.google.android.apps.docs-1/base.apk Binary XML file line #101
01-02 13:56:18.674 7549 7549 W PackageManager: Package com.google.android.apps.docs desires unavailable shared library androidx.window.extensions; ignoring!
01-02 13:56:18.674 7549 7549 W PackageManager: Package com.google.android.apps.docs desires unavailable shared library androidx.window.sidecar; ignoring!
01-02 13:56:18.684 7549 7549 W PackageParser: Unknown element under : queries at /data/app/com.teamviewer.quicksupport.market-2/base.apk Binary XML file line #88
01-02 13:56:18.684 7549 7549 W PackageParser: Ignoring duplicate uses-permissions/uses-permissions-sdk-m: android.permission.FOREGROUND_SERVICE in package: com.teamviewer.quicksupport.market at: Binary XML file line #102
01-02 13:56:18.685 7549 7549 W PackageParser: Unknown element under : uses-native-library at /data/app/com.teamviewer.quicksupport.market-2/base.apk Binary XML file line #238
01-02 13:56:18.689 7549 7549 W PackageManager: Package com.teamviewer.quicksupport.market desires unavailable shared library com.sonymobile.enterprise.api_8; ignoring!
01-02 13:56:18.689 7549 7549 W PackageManager: Package com.teamviewer.quicksupport.market desires unavailable shared library com.sonymobile.enterprise.api_9; ignoring!
01-02 13:56:18.689 7549 7549 W PackageManager: Package com.teamviewer.quicksupport.market desires unavailable shared library com.sonymobile.enterprise.api_10; ignoring!
01-02 13:56:18.689 7549 7549 W PackageManager: Package com.teamviewer.quicksupport.market desires unavailable shared library com.sonymobile.enterprise.api_11; ignoring!
01-02 13:56:18.689 7549 7549 W PackageManager: Package com.teamviewer.quicksupport.market desires unavailable shared library com.sonymobile.enterprise.api_12; ignoring!
01-02 13:56:18.689 7549 7549 W PackageManager: Package com.teamviewer.quicksupport.market desires unavailable shared library androidx.window.extensions; ignoring!
01-02 13:56:18.689 7549 7549 W PackageManager: Package com.teamviewer.quicksupport.market desires unavailable shared library androidx.window.sidecar; ignoring!
01-02 13:56:18.701 7375 7375 I ServiceManager: Waiting for service media.camera.proxy...
01-02 13:56:18.752 7375 7375 I ServiceManager: Waiting for service media.camera.proxy...
01-02 13:56:18.789 7549 7549 W PackageManager: Protected action; cap priority to 0; package: com.android.cts.priv.ctsshim activity: com.android.cts.priv.ctsshim.InstallPriority origPrio: 100
01-02 13:56:18.789 7549 7549 W PackageManager: Protected action; cap priority to 0; package: com.android.cts.priv.ctsshim activity: com.android.cts.priv.ctsshim.InstallPriority origPrio: 100
01-02 13:56:18.789 7549 7549 W PackageManager: Protected action; cap priority to 0; package: com.android.cts.priv.ctsshim activity: com.android.cts.priv.ctsshim.InstallPriority origPrio: 100
01-02 13:56:18.789 7549 7549 W PackageManager: Protected action; cap priority to 0; package: com.android.cts.priv.ctsshim activity: com.android.cts.priv.ctsshim.InstallPriority origPrio: 100
